Aug 17 01:14:58.359095 np0000007442 nova-scheduler[93544]: DEBUG cotyledon.oslo_config_glue [-] oslo_messaging_rabbit.rabbit_quorum_max_memory_bytes = 0 {{(pid=93544) log_opt_values /opt/stack/data/venv/lib/python3.12/site-packages/oslo_config/cfg.py:3560}}
Aug 17 01:14:58.359095 np0000007442 nova-scheduler[93544]: DEBUG cotyledon.oslo_config_glue [-] oslo_messaging_rabbit.rabbit_quorum_max_memory_length = 0 {{(pid=93544) log_opt_values /opt/stack/data/venv/lib/python3.12/site-packages/oslo_config/cfg.py:3560}}
Aug 17 01:14:58.359095 np0000007442 nova-scheduler[93544]: DEBUG cotyledon.oslo_config_glue [-] oslo_messaging_rabbit.rabbit_quorum_queue = False {{(pid=93544) log_opt_values /opt/stack/data/venv/lib/python3.12/site-packages/oslo_config/cfg.py:3560}}
Aug 17 01:14:58.359248 np0000007442 nova-scheduler[93544]: DEBUG cotyledon.oslo_config_glue [-] oslo_messaging_rabbit.rabbit_retry_backoff = 2 {{(pid=93544) log_opt_values /opt/stack/data/venv/lib/python3.12/site-packages/oslo_config/cfg.py:3560}}
Aug 17 01:14:58.359248 np0000007442 nova-scheduler[93544]: DEBUG cotyledon.oslo_config_glue [-] oslo_messaging_rabbit.rabbit_retry_interval = 1 {{(pid=93544) log_opt_values /opt/stack/data/venv/lib/python3.12/site-packages/oslo_config/cfg.py:3560}}
Aug 17 01:14:58.359248 np0000007442 nova-scheduler[93544]: DEBUG cotyledon.oslo_config_glue [-] oslo_messaging_rabbit.rabbit_stream_fanout = False {{(pid=93544) log_opt_values /opt/stack/data/venv/lib/python3.12/site-packages/oslo_config/cfg.py:3560}}
Aug 17 01:14:58.359248 np0000007442 nova-scheduler[93544]: DEBUG cotyledon.oslo_config_glue [-] oslo_messaging_rabbit.rabbit_transient_queues_ttl = 1800 {{(pid=93544) log_opt_values /opt/stack/data/venv/lib/python3.12/site-packages/oslo_config/cfg.py:3560}}
Aug 17 01:14:58.359248 np0000007442 nova-scheduler[93544]: DEBUG cotyledon.oslo_config_glue [-] oslo_messaging_rabbit.rabbit_transient_quorum_queue = False {{(pid=93544) log_opt_values /opt/stack/data/venv/lib/python3.12/site-packages/oslo_config/cfg.py:3560}}
Aug 17 01:14:58.359248 np0000007442 nova-scheduler[93544]: DEBUG cotyledon.oslo_config_glue [-] oslo_messaging_rabbit.rpc_conn_pool_size = 30 {{(pid=93544) log_opt_values /opt/stack/data/venv/lib/python3.12/site-packages/oslo_config/cfg.py:3560}}
Aug 17 01:14:58.359248 np0000007442 nova-scheduler[93544]: DEBUG cotyledon.oslo_config_glue [-] oslo_messaging_rabbit.ssl = False {{(pid=93544) log_opt_values /opt/stack/data/venv/lib/python3.12/site-packages/oslo_config/cfg.py:3560}}
Aug 17 01:14:58.359248 np0000007442 nova-scheduler[93544]: DEBUG cotyledon.oslo_config_glue [-] oslo_messaging_rabbit.ssl_ca_file = {{(pid=93544) log_opt_values /opt/stack/data/venv/lib/python3.12/site-packages/oslo_config/cfg.py:3560}}
Aug 17 01:14:58.359248 np0000007442 nova-scheduler[93544]: DEBUG cotyledon.oslo_config_glue [-] oslo_messaging_rabbit.ssl_cert_file = {{(pid=93544) log_opt_values /opt/stack/data/venv/lib/python3.12/site-packages/oslo_config/cfg.py:3560}}
Aug 17 01:14:58.359475 np0000007442 nova-scheduler[93544]: DEBUG cotyledon.oslo_config_glue [-] oslo_messaging_rabbit.ssl_enforce_fips_mode = False {{(pid=93544) log_opt_values /opt/stack/data/venv/lib/python3.12/site-packages/oslo_config/cfg.py:3560}}
Aug 17 01:14:58.359475 np0000007442 nova-scheduler[93544]: DEBUG cotyledon.oslo_config_glue [-] oslo_messaging_rabbit.ssl_enforce_hostname_verification = True {{(pid=93544) log_opt_values /opt/stack/data/venv/lib/python3.12/site-packages/oslo_config/cfg.py:3560}}
Aug 17 01:14:58.359475 np0000007442 nova-scheduler[93544]: DEBUG cotyledon.oslo_config_glue [-] oslo_messaging_rabbit.ssl_key_file = {{(pid=93544) log_opt_values /opt/stack/data/venv/lib/python3.12/site-packages/oslo_config/cfg.py:3560}}
Aug 17 01:14:58.359475 np0000007442 nova-scheduler[93544]: DEBUG cotyledon.oslo_config_glue [-] oslo_messaging_rabbit.ssl_version = {{(pid=93544) log_opt_values /opt/stack/data/venv/lib/python3.12/site-packages/oslo_config/cfg.py:3560}}
Aug 17 01:14:58.359475 np0000007442 nova-scheduler[93544]: DEBUG cotyledon.oslo_config_glue [-] oslo_messaging_rabbit.use_queue_manager = False {{(pid=93544) log_opt_values /opt/stack/data/venv/lib/python3.12/site-packages/oslo_config/cfg.py:3560}}
Aug 17 01:14:58.359475 np0000007442 nova-scheduler[93544]: DEBUG cotyledon.oslo_config_glue [-] oslo_messaging_notifications.driver = ['messagingv2'] {{(pid=93544) log_opt_values /opt/stack/data/venv/lib/python3.12/site-packages/oslo_config/cfg.py:3560}}
Aug 17 01:14:58.359475 np0000007442 nova-scheduler[93544]: DEBUG cotyledon.oslo_config_glue [-] oslo_messaging_notifications.retry = -1 {{(pid=93544) log_opt_values /opt/stack/data/venv/lib/python3.12/site-packages/oslo_config/cfg.py:3560}}
Aug 17 01:14:58.359475 np0000007442 nova-scheduler[93544]: DEBUG cotyledon.oslo_config_glue [-] oslo_messaging_notifications.topics = ['notifications'] {{(pid=93544) log_opt_values /opt/stack/data/venv/lib/python3.12/site-packages/oslo_config/cfg.py:3560}}
Aug 17 01:14:58.359475 np0000007442 nova-scheduler[93544]: DEBUG cotyledon.oslo_config_glue [-] oslo_messaging_notifications.transport_url = **** {{(pid=93544) log_opt_values /opt/stack/data/venv/lib/python3.12/site-packages/oslo_config/cfg.py:3560}}
Aug 17 01:14:58.359657 np0000007442 nova-scheduler[93544]: DEBUG cotyledon.oslo_config_glue [-] oslo_limit.auth_section = None {{(pid=93544) log_opt_values /opt/stack/data/venv/lib/python3.12/site-packages/oslo_config/cfg.py:3560}}
Aug 17 01:14:58.359657 np0000007442 nova-scheduler[93544]: DEBUG cotyledon.oslo_config_glue [-] oslo_limit.auth_type = None {{(pid=93544) log_opt_values /opt/stack/data/venv/lib/python3.12/site-packages/oslo_config/cfg.py:3560}}
Aug 17 01:14:58.359657 np0000007442 nova-scheduler[93544]: DEBUG cotyledon.oslo_config_glue [-] oslo_limit.cafile = None {{(pid=93544) log_opt_values /opt/stack/data/venv/lib/python3.12/site-packages/oslo_config/cfg.py:3560}}
Aug 17 01:14:58.359657 np0000007442 nova-scheduler[93544]: DEBUG cotyledon.oslo_config_glue [-] oslo_limit.certfile = None {{(pid=93544) log_opt_values /opt/stack/data/venv/lib/python3.12/site-packages/oslo_config/cfg.py:3560}}
Aug 17 01:14:58.359657 np0000007442 nova-scheduler[93544]: DEBUG cotyledon.oslo_config_glue [-] oslo_limit.collect_timing = False {{(pid=93544) log_opt_values /opt/stack/data/venv/lib/python3.12/site-packages/oslo_config/cfg.py:3560}}
Aug 17 01:14:58.359657 np0000007442 nova-scheduler[93544]: DEBUG cotyledon.oslo_config_glue [-] oslo_limit.connect_retries = None {{(pid=93544) log_opt_values /opt/stack/data/venv/lib/python3.12/site-packages/oslo_config/cfg.py:3560}}
Aug 17 01:14:58.359657 np0000007442 nova-scheduler[93544]: DEBUG cotyledon.oslo_config_glue [-] oslo_limit.connect_retry_delay = None {{(pid=93544) log_opt_values /opt/stack/data/venv/lib/python3.12/site-packages/oslo_config/cfg.py:3560}}
Aug 17 01:14:58.359657 np0000007442 nova-scheduler[93544]: DEBUG cotyledon.oslo_config_glue [-] oslo_limit.endpoint_id = None {{(pid=93544) log_opt_values /opt/stack/data/venv/lib/python3.12/site-packages/oslo_config/cfg.py:3560}}
Aug 17 01:14:58.359657 np0000007442 nova-scheduler[93544]: DEBUG cotyledon.oslo_config_glue [-] oslo_limit.endpoint_interface = public {{(pid=93544) log_opt_values /opt/stack/data/venv/lib/python3.12/site-packages/oslo_config/cfg.py:3560}}
Aug 17 01:14:58.359805 np0000007442 nova-scheduler[93544]: DEBUG cotyledon.oslo_config_glue [-] oslo_limit.endpoint_override = None {{(pid=93544) log_opt_values /opt/stack/data/venv/lib/python3.12/site-packages/oslo_config/cfg.py:3560}}
Aug 17 01:14:58.359805 np0000007442 nova-scheduler[93544]: DEBUG cotyledon.oslo_config_glue [-] oslo_limit.endpoint_region_name = None {{(pid=93544) log_opt_values /opt/stack/data/venv/lib/python3.12/site-packages/oslo_config/cfg.py:3560}}
Aug 17 01:14:58.359805 np0000007442 nova-scheduler[93544]: DEBUG cotyledon.oslo_config_glue [-] oslo_limit.endpoint_service_name = None {{(pid=93544) log_opt_values /opt/stack/data/venv/lib/python3.12/site-packages/oslo_config/cfg.py:3560}}
Aug 17 01:14:58.359805 np0000007442 nova-scheduler[93544]: DEBUG cotyledon.oslo_config_glue [-] oslo_limit.endpoint_service_type = None {{(pid=93544) log_opt_values /opt/stack/data/venv/lib/python3.12/site-packages/oslo_config/cfg.py:3560}}
Aug 17 01:14:58.359805 np0000007442 nova-scheduler[93544]: DEBUG cotyledon.oslo_config_glue [-] oslo_limit.insecure = False {{(pid=93544) log_opt_values /opt/stack/data/venv/lib/python3.12/site-packages/oslo_config/cfg.py:3560}}
Aug 17 01:14:58.359805 np0000007442 nova-scheduler[93544]: DEBUG cotyledon.oslo_config_glue [-] oslo_limit.keyfile = None {{(pid=93544) log_opt_values /opt/stack/data/venv/lib/python3.12/site-packages/oslo_config/cfg.py:3560}}
Aug 17 01:14:58.359805 np0000007442 nova-scheduler[93544]: DEBUG cotyledon.oslo_config_glue [-] oslo_limit.max_version = None {{(pid=93544) log_opt_values /opt/stack/data/venv/lib/python3.12/site-packages/oslo_config/cfg.py:3560}}
Aug 17 01:14:58.359805 np0000007442 nova-scheduler[93544]: DEBUG cotyledon.oslo_config_glue [-] oslo_limit.min_version = None {{(pid=93544) log_opt_values /opt/stack/data/venv/lib/python3.12/site-packages/oslo_config/cfg.py:3560}}
Aug 17 01:14:58.359805 np0000007442 nova-scheduler[93544]: DEBUG cotyledon.oslo_config_glue [-] oslo_limit.region_name = None {{(pid=93544) log_opt_values /opt/stack/data/venv/lib/python3.12/site-packages/oslo_config/cfg.py:3560}}
Aug 17 01:14:58.359955 np0000007442 nova-scheduler[93544]: DEBUG cotyledon.oslo_config_glue [-] oslo_limit.retriable_status_codes = None {{(pid=93544) log_opt_values /opt/stack/data/venv/lib/python3.12/site-packages/oslo_config/cfg.py:3560}}
Aug 17 01:14:58.359955 np0000007442 nova-scheduler[93544]: DEBUG cotyledon.oslo_config_glue [-] oslo_limit.service_name = None {{(pid=93544) log_opt_values /opt/stack/data/venv/lib/python3.12/site-packages/oslo_config/cfg.py:3560}}
Aug 17 01:14:58.359955 np0000007442 nova-scheduler[93544]: DEBUG cotyledon.oslo_config_glue [-] oslo_limit.service_type = None {{(pid=93544) log_opt_values /opt/stack/data/venv/lib/python3.12/site-packages/oslo_config/cfg.py:3560}}
Aug 17 01:14:58.359955 np0000007442 nova-scheduler[93544]: DEBUG cotyledon.oslo_config_glue [-] oslo_limit.split_loggers = False {{(pid=93544) log_opt_values /opt/stack/data/venv/lib/python3.12/site-packages/oslo_config/cfg.py:3560}}
Aug 17 01:14:58.359955 np0000007442 nova-scheduler[93544]: DEBUG cotyledon.oslo_config_glue [-] oslo_limit.status_code_retries = None {{(pid=93544) log_opt_values /opt/stack/data/venv/lib/python3.12/site-packages/oslo_config/cfg.py:3560}}
Aug 17 01:14:58.359955 np0000007442 nova-scheduler[93544]: DEBUG cotyledon.oslo_config_glue [-] oslo_limit.status_code_retry_delay = None {{(pid=93544) log_opt_values /opt/stack/data/venv/lib/python3.12/site-packages/oslo_config/cfg.py:3560}}
Aug 17 01:14:58.359955 np0000007442 nova-scheduler[93544]: DEBUG cotyledon.oslo_config_glue [-] oslo_limit.timeout = None {{(pid=93544) log_opt_values /opt/stack/data/venv/lib/python3.12/site-packages/oslo_config/cfg.py:3560}}
Aug 17 01:14:58.359955 np0000007442 nova-scheduler[93544]: DEBUG cotyledon.oslo_config_glue [-] oslo_limit.valid_interfaces = None {{(pid=93544) log_opt_values /opt/stack/data/venv/lib/python3.12/site-packages/oslo_config/cfg.py:3560}}
Aug 17 01:14:58.359955 np0000007442 nova-scheduler[93544]: DEBUG cotyledon.oslo_config_glue [-] oslo_limit.version = None {{(pid=93544) log_opt_values /opt/stack/data/venv/lib/python3.12/site-packages/oslo_config/cfg.py:3560}}
Aug 17 01:14:58.360131 np0000007442 nova-scheduler[93544]: DEBUG cotyledon.oslo_config_glue [-] oslo_reports.file_event_handler = None {{(pid=93544) log_opt_values /opt/stack/data/venv/lib/python3.12/site-packages/oslo_config/cfg.py:3560}}
Aug 17 01:14:58.360131 np0000007442 nova-scheduler[93544]: DEBUG cotyledon.oslo_config_glue [-] oslo_reports.file_event_handler_interval = 1 {{(pid=93544) log_opt_values /opt/stack/data/venv/lib/python3.12/site-packages/oslo_config/cfg.py:3560}}
Aug 17 01:14:58.360131 np0000007442 nova-scheduler[93544]: DEBUG cotyledon.oslo_config_glue [-] oslo_reports.log_dir = None {{(pid=93544) log_opt_values /opt/stack/data/venv/lib/python3.12/site-packages/oslo_config/cfg.py:3560}}
Aug 17 01:14:58.360131 np0000007442 nova-scheduler[93544]: DEBUG cotyledon.oslo_config_glue [-] ******************************************************************************** {{(pid=93544) log_opt_values /opt/stack/data/venv/lib/python3.12/site-packages/oslo_config/cfg.py:3567}}
Aug 17 01:14:58.360131 np0000007442 nova-scheduler[93544]: DEBUG cotyledon._service_worker [-] Run service ServiceWrapper(2) [93544] {{(pid=93544) wait_forever /opt/stack/data/venv/lib/python3.12/site-packages/cotyledon/_service_worker.py:218}}
Aug 17 01:14:58.360131 np0000007442 nova-scheduler[93544]: INFO nova.service [-] Starting scheduler node (version 33.1.0)
Aug 17 01:14:58.360131 np0000007442 nova-scheduler[93544]: INFO dbcounter [None req-d2e3d5d7-4913-4f60-ad86-f12eb4cbb2b4 None None] Registered counter for database nova_cell0
Aug 17 01:14:58.369097 np0000007442 nova-scheduler[93540]: DEBUG oslo_db.sqlalchemy.engines [None req-5678093b-c1dd-43f6-96df-9dffac13885d None None] MySQL server mode set to STRICT_TRANS_TABLES,STRICT_ALL_TABLES,NO_ZERO_IN_DATE,NO_ZERO_DATE,ERROR_FOR_DIVISION_BY_ZERO,TRADITIONAL,NO_ENGINE_SUBSTITUTION {{(pid=93540) _check_effective_sql_mode /opt/stack/data/venv/lib/python3.12/site-packages/oslo_db/sqlalchemy/engines.py:325}}
Aug 17 01:14:58.371606 np0000007442 nova-scheduler[93542]: DEBUG oslo_db.sqlalchemy.engines [None req-3ce17c3f-3ed1-45e5-b87f-89a10c4fb93b None None] MySQL server mode set to STRICT_TRANS_TABLES,STRICT_ALL_TABLES,NO_ZERO_IN_DATE,NO_ZERO_DATE,ERROR_FOR_DIVISION_BY_ZERO,TRADITIONAL,NO_ENGINE_SUBSTITUTION {{(pid=93542) _check_effective_sql_mode /opt/stack/data/venv/lib/python3.12/site-packages/oslo_db/sqlalchemy/engines.py:325}}
Aug 17 01:14:58.378674 np0000007442 nova-scheduler[93540]: DEBUG dbcounter [-] [93540] Writer thread running {{(pid=93540) stat_writer /opt/stack/data/venv/lib/python3.12/site-packages/dbcounter.py:102}}
Aug 17 01:14:58.382047 np0000007442 nova-scheduler[93542]: DEBUG dbcounter [-] [93542] Writer thread running {{(pid=93542) stat_writer /opt/stack/data/venv/lib/python3.12/site-packages/dbcounter.py:102}}
Aug 17 01:14:58.386240 np0000007442 nova-scheduler[93544]: DEBUG oslo_db.sqlalchemy.engines [None req-d2e3d5d7-4913-4f60-ad86-f12eb4cbb2b4 None None] MySQL server mode set to STRICT_TRANS_TABLES,STRICT_ALL_TABLES,NO_ZERO_IN_DATE,NO_ZERO_DATE,ERROR_FOR_DIVISION_BY_ZERO,TRADITIONAL,NO_ENGINE_SUBSTITUTION {{(pid=93544) _check_effective_sql_mode /opt/stack/data/venv/lib/python3.12/site-packages/oslo_db/sqlalchemy/engines.py:325}}
Aug 17 01:14:58.393941 np0000007442 nova-scheduler[93540]: DEBUG nova.service [None req-5678093b-c1dd-43f6-96df-9dffac13885d None None] Creating RPC server for service: nova-scheduler on topic: scheduler {{(pid=93540) start /opt/stack/nova/nova/service.py:262}}
Aug 17 01:14:58.397891 np0000007442 nova-scheduler[93544]: DEBUG dbcounter [-] [93544] Writer thread running {{(pid=93544) stat_writer /opt/stack/data/venv/lib/python3.12/site-packages/dbcounter.py:102}}
Aug 17 01:14:58.398861 np0000007442 nova-scheduler[93542]: DEBUG nova.service [None req-3ce17c3f-3ed1-45e5-b87f-89a10c4fb93b None None] Creating RPC server for service: nova-scheduler on topic: scheduler {{(pid=93542) start /opt/stack/nova/nova/service.py:262}}
Aug 17 01:14:58.400764 np0000007442 nova-scheduler[93544]: DEBUG nova.service [None req-d2e3d5d7-4913-4f60-ad86-f12eb4cbb2b4 None None] Creating RPC server for service: nova-scheduler on topic: scheduler {{(pid=93544) start /opt/stack/nova/nova/service.py:262}}
Aug 17 01:14:58.420034 np0000007442 nova-scheduler[93544]: DEBUG nova.service [None req-d2e3d5d7-4913-4f60-ad86-f12eb4cbb2b4 None None] Join ServiceGroup membership for this service scheduler {{(pid=93544) start /opt/stack/nova/nova/service.py:288}}
Aug 17 01:14:58.420190 np0000007442 nova-scheduler[93542]: DEBUG nova.service [None req-3ce17c3f-3ed1-45e5-b87f-89a10c4fb93b None None] Join ServiceGroup membership for this service scheduler {{(pid=93542) start /opt/stack/nova/nova/service.py:288}}
Aug 17 01:14:58.420244 np0000007442 nova-scheduler[93544]: DEBUG nova.servicegroup.drivers.db [None req-d2e3d5d7-4913-4f60-ad86-f12eb4cbb2b4 None None] DB_Driver: join new ServiceGroup member np0000007442 to the scheduler group, service = {{(pid=93544) join /opt/stack/nova/nova/servicegroup/drivers/db.py:44}}
Aug 17 01:14:58.420397 np0000007442 nova-scheduler[93542]: DEBUG nova.servicegroup.drivers.db [None req-3ce17c3f-3ed1-45e5-b87f-89a10c4fb93b None None] DB_Driver: join new ServiceGroup member np0000007442 to the scheduler group, service = {{(pid=93542) join /opt/stack/nova/nova/servicegroup/drivers/db.py:44}}
Aug 17 01:14:58.427013 np0000007442 nova-scheduler[93540]: DEBUG nova.service [None req-5678093b-c1dd-43f6-96df-9dffac13885d None None] Join ServiceGroup membership for this service scheduler {{(pid=93540) start /opt/stack/nova/nova/service.py:288}}
Aug 17 01:14:58.427234 np0000007442 nova-scheduler[93540]: DEBUG nova.servicegroup.drivers.db [None req-5678093b-c1dd-43f6-96df-9dffac13885d None None] DB_Driver: join new ServiceGroup member np0000007442 to the scheduler group, service = {{(pid=93540) join /opt/stack/nova/nova/servicegroup/drivers/db.py:44}}
Aug 17 01:15:03.434265 np0000007442 nova-scheduler[93542]: DEBUG oslo.service.backend._threading.loopingcall [-] Fixed interval looping call 'nova.servicegroup.drivers.db.DbDriver._report_state' sleeping for 119.99 seconds {{(pid=93542) _run_loop /opt/stack/data/venv/lib/python3.12/site-packages/oslo_service/backend/_threading/loopingcall.py:125}}
Aug 17 01:15:03.436705 np0000007442 nova-scheduler[93544]: DEBUG oslo.service.backend._threading.loopingcall [-] Fixed interval looping call 'nova.servicegroup.drivers.db.DbDriver._report_state' sleeping for 119.99 seconds {{(pid=93544) _run_loop /opt/stack/data/venv/lib/python3.12/site-packages/oslo_service/backend/_threading/loopingcall.py:125}}
Aug 17 01:15:03.439282 np0000007442 nova-scheduler[93540]: DEBUG oslo.service.backend._threading.loopingcall [-] Fixed interval looping call 'nova.servicegroup.drivers.db.DbDriver._report_state' sleeping for 119.99 seconds {{(pid=93540) _run_loop /opt/stack/data/venv/lib/python3.12/site-packages/oslo_service/backend/_threading/loopingcall.py:125}}
Aug 17 01:15:07.009572 np0000007442 nova-scheduler[92338]: DEBUG dbcounter [-] [92338] Writing DB stats nova_api:SELECT=3 {{(pid=92338) stat_writer /opt/stack/data/venv/lib/python3.12/site-packages/dbcounter.py:115}}
Aug 17 01:15:07.144483 np0000007442 nova-scheduler[92338]: DEBUG dbcounter [-] [92338] Writing DB stats nova_cell1:SELECT=1 {{(pid=92338) stat_writer /opt/stack/data/venv/lib/python3.12/site-packages/dbcounter.py:115}}
Aug 17 01:15:07.150582 np0000007442 nova-scheduler[92338]: DEBUG dbcounter [-] [92338] Writing DB stats nova_cell0:SELECT=1 {{(pid=92338) stat_writer /opt/stack/data/venv/lib/python3.12/site-packages/dbcounter.py:115}}
Aug 17 01:15:08.422709 np0000007442 nova-scheduler[93544]: DEBUG oslo.service.backend._threading.loopingcall [None req-d40274b3-ad90-41f9-b7de-35d19d703e63 None None] Dynamic interval looping call 'nova.service.Service.periodic_tasks' sleeping for 60.00 seconds {{(pid=93544) _run_loop /opt/stack/data/venv/lib/python3.12/site-packages/oslo_service/backend/_threading/loopingcall.py:125}}
Aug 17 01:15:13.432785 np0000007442 nova-scheduler[93542]: DEBUG dbcounter [-] [93542] Writing DB stats nova_cell0:SELECT=5,nova_cell0:INSERT=1,nova_cell0:UPDATE=1 {{(pid=93542) stat_writer /opt/stack/data/venv/lib/python3.12/site-packages/dbcounter.py:115}}
Aug 17 01:15:13.433328 np0000007442 nova-scheduler[93544]: DEBUG dbcounter [-] [93544] Writing DB stats nova_cell0:SELECT=3,nova_cell0:UPDATE=1 {{(pid=93544) stat_writer /opt/stack/data/venv/lib/python3.12/site-packages/dbcounter.py:115}}
Aug 17 01:15:13.437664 np0000007442 nova-scheduler[93540]: DEBUG dbcounter [-] [93540] Writing DB stats nova_cell0:SELECT=4,nova_cell0:INSERT=1 {{(pid=93540) stat_writer /opt/stack/data/venv/lib/python3.12/site-packages/dbcounter.py:115}}
Aug 17 01:15:36.429311 np0000007442 nova-scheduler[93540]: DEBUG oslo.service.backend._threading.loopingcall [None req-18b52070-36df-4836-97f8-a20c13868da2 None None] Dynamic interval looping call 'nova.service.Service.periodic_tasks' sleeping for 60.00 seconds {{(pid=93540) _run_loop /opt/stack/data/venv/lib/python3.12/site-packages/oslo_service/backend/_threading/loopingcall.py:125}}
Aug 17 01:15:47.422436 np0000007442 nova-scheduler[93542]: DEBUG oslo.service.backend._threading.loopingcall [None req-6cbdc273-64a8-4aeb-a951-54ee11a49218 None None] Dynamic interval looping call 'nova.service.Service.periodic_tasks' sleeping for 60.00 seconds {{(pid=93542) _run_loop /opt/stack/data/venv/lib/python3.12/site-packages/oslo_service/backend/_threading/loopingcall.py:125}}
Aug 17 01:16:08.423153 np0000007442 nova-scheduler[93544]: DEBUG oslo.service.backend._threading.loopingcall [None req-d40274b3-ad90-41f9-b7de-35d19d703e63 None None] Dynamic interval looping call 'nova.service.Service.periodic_tasks' sleeping for 60.00 seconds {{(pid=93544) _run_loop /opt/stack/data/venv/lib/python3.12/site-packages/oslo_service/backend/_threading/loopingcall.py:125}}
Aug 17 01:16:36.429826 np0000007442 nova-scheduler[93540]: DEBUG oslo.service.backend._threading.loopingcall [None req-18b52070-36df-4836-97f8-a20c13868da2 None None] Dynamic interval looping call 'nova.service.Service.periodic_tasks' sleeping for 60.00 seconds {{(pid=93540) _run_loop /opt/stack/data/venv/lib/python3.12/site-packages/oslo_service/backend/_threading/loopingcall.py:125}}
Aug 17 01:16:47.422913 np0000007442 nova-scheduler[93542]: DEBUG oslo.service.backend._threading.loopingcall [None req-6cbdc273-64a8-4aeb-a951-54ee11a49218 None None] Dynamic interval looping call 'nova.service.Service.periodic_tasks' sleeping for 60.00 seconds {{(pid=93542) _run_loop /opt/stack/data/venv/lib/python3.12/site-packages/oslo_service/backend/_threading/loopingcall.py:125}}
Aug 17 01:17:03.432646 np0000007442 nova-scheduler[93542]: DEBUG oslo.service.backend._threading.loopingcall [-] Fixed interval looping call 'nova.servicegroup.drivers.db.DbDriver._report_state' sleeping for 119.99 seconds {{(pid=93542) _run_loop /opt/stack/data/venv/lib/python3.12/site-packages/oslo_service/backend/_threading/loopingcall.py:125}}
Aug 17 01:17:03.433472 np0000007442 nova-scheduler[93544]: DEBUG oslo.service.backend._threading.loopingcall [-] Fixed interval looping call 'nova.servicegroup.drivers.db.DbDriver._report_state' sleeping for 119.99 seconds {{(pid=93544) _run_loop /opt/stack/data/venv/lib/python3.12/site-packages/oslo_service/backend/_threading/loopingcall.py:125}}
Aug 17 01:17:03.435766 np0000007442 nova-scheduler[93540]: DEBUG oslo.service.backend._threading.loopingcall [-] Fixed interval looping call 'nova.servicegroup.drivers.db.DbDriver._report_state' sleeping for 119.99 seconds {{(pid=93540) _run_loop /opt/stack/data/venv/lib/python3.12/site-packages/oslo_service/backend/_threading/loopingcall.py:125}}
Aug 17 01:17:08.426099 np0000007442 nova-scheduler[93544]: DEBUG oslo.service.backend._threading.loopingcall [None req-d40274b3-ad90-41f9-b7de-35d19d703e63 None None] Dynamic interval looping call 'nova.service.Service.periodic_tasks' sleeping for 60.00 seconds {{(pid=93544) _run_loop /opt/stack/data/venv/lib/python3.12/site-packages/oslo_service/backend/_threading/loopingcall.py:125}}
Aug 17 01:17:13.427750 np0000007442 nova-scheduler[93542]: DEBUG dbcounter [-] [93542] Writing DB stats nova_cell0:SELECT=1,nova_cell0:UPDATE=1 {{(pid=93542) stat_writer /opt/stack/data/venv/lib/python3.12/site-packages/dbcounter.py:115}}
Aug 17 01:17:13.432566 np0000007442 nova-scheduler[93544]: DEBUG dbcounter [-] [93544] Writing DB stats nova_cell0:SELECT=1,nova_cell0:UPDATE=1 {{(pid=93544) stat_writer /opt/stack/data/venv/lib/python3.12/site-packages/dbcounter.py:115}}
Aug 17 01:17:13.434339 np0000007442 nova-scheduler[93540]: DEBUG dbcounter [-] [93540] Writing DB stats nova_cell0:SELECT=1 {{(pid=93540) stat_writer /opt/stack/data/venv/lib/python3.12/site-packages/dbcounter.py:115}}
Aug 17 01:17:33.344197 np0000007442 nova-scheduler[93544]: DEBUG nova.scheduler.manager [None req-ce117d33-3bf4-416b-a8dd-3251035a1a4b tempest-ServerRescueNegativeTestJSON-1464617998 tempest-ServerRescueNegativeTestJSON-1464617998-project-member] Starting to schedule for instances: ['4ec26f19-b31c-4c2e-89d1-e23ec59836f7'] {{(pid=93544) select_destinations /opt/stack/nova/nova/scheduler/manager.py:197}}
Aug 17 01:17:33.347752 np0000007442 nova-scheduler[93544]: DEBUG nova.scheduler.request_filter [None req-ce117d33-3bf4-416b-a8dd-3251035a1a4b tempest-ServerRescueNegativeTestJSON-1464617998 tempest-ServerRescueNegativeTestJSON-1464617998-project-member] compute_status_filter request filter added forbidden trait COMPUTE_STATUS_DISABLED {{(pid=93544) compute_status_filter /opt/stack/nova/nova/scheduler/request_filter.py:253}}
Aug 17 01:17:33.347752 np0000007442 nova-scheduler[93544]: DEBUG nova.scheduler.request_filter [None req-ce117d33-3bf4-416b-a8dd-3251035a1a4b tempest-ServerRescueNegativeTestJSON-1464617998 tempest-ServerRescueNegativeTestJSON-1464617998-project-member] Request filter 'compute_status_filter' took 0.0 seconds {{(pid=93544) wrapper /opt/stack/nova/nova/scheduler/request_filter.py:46}}
Aug 17 01:17:33.347752 np0000007442 nova-scheduler[93544]: DEBUG nova.scheduler.request_filter [None req-ce117d33-3bf4-416b-a8dd-3251035a1a4b tempest-ServerRescueNegativeTestJSON-1464617998 tempest-ServerRescueNegativeTestJSON-1464617998-project-member] Request filter 'accelerators_filter' took 0.0 seconds {{(pid=93544) wrapper /opt/stack/nova/nova/scheduler/request_filter.py:46}}
Aug 17 01:17:33.347752 np0000007442 nova-scheduler[93544]: DEBUG nova.scheduler.request_filter [None req-ce117d33-3bf4-416b-a8dd-3251035a1a4b tempest-ServerRescueNegativeTestJSON-1464617998 tempest-ServerRescueNegativeTestJSON-1464617998-project-member] Request filter 'packed_virtqueue_filter' took 0.0 seconds {{(pid=93544) wrapper /opt/stack/nova/nova/scheduler/request_filter.py:46}}
Aug 17 01:17:33.347752 np0000007442 nova-scheduler[93544]: DEBUG nova.scheduler.request_filter [None req-ce117d33-3bf4-416b-a8dd-3251035a1a4b tempest-ServerRescueNegativeTestJSON-1464617998 tempest-ServerRescueNegativeTestJSON-1464617998-project-member] Request filter 'remote_managed_ports_filter' took 0.0 seconds {{(pid=93544) wrapper /opt/stack/nova/nova/scheduler/request_filter.py:46}}
Aug 17 01:17:33.348099 np0000007442 nova-scheduler[93544]: DEBUG nova.scheduler.request_filter [None req-ce117d33-3bf4-416b-a8dd-3251035a1a4b tempest-ServerRescueNegativeTestJSON-1464617998 tempest-ServerRescueNegativeTestJSON-1464617998-project-member] ephemeral_encryption_filter skipped {{(pid=93544) ephemeral_encryption_filter /opt/stack/nova/nova/scheduler/request_filter.py:426}}
Aug 17 01:17:33.348099 np0000007442 nova-scheduler[93544]: DEBUG nova.scheduler.request_filter [None req-ce117d33-3bf4-416b-a8dd-3251035a1a4b tempest-ServerRescueNegativeTestJSON-1464617998 tempest-ServerRescueNegativeTestJSON-1464617998-project-member] virtio_sound_filter skipped {{(pid=93544) virtio_sound_filter /opt/stack/nova/nova/scheduler/request_filter.py:460}}
Aug 17 01:17:33.348099 np0000007442 nova-scheduler[93544]: DEBUG nova.scheduler.request_filter [None req-ce117d33-3bf4-416b-a8dd-3251035a1a4b tempest-ServerRescueNegativeTestJSON-1464617998 tempest-ServerRescueNegativeTestJSON-1464617998-project-member] tpm_secret_security_filter skipped {{(pid=93544) tpm_secret_security_filter /opt/stack/nova/nova/scheduler/request_filter.py:477}}
Aug 17 01:17:34.156871 np0000007442 nova-scheduler[93544]: INFO nova.utils [None req-ce117d33-3bf4-416b-a8dd-3251035a1a4b tempest-ServerRescueNegativeTestJSON-1464617998 tempest-ServerRescueNegativeTestJSON-1464617998-project-member] The cell worker thread pool ForkProcess-3.cell_worker is initialized
Aug 17 01:17:34.157786 np0000007442 nova-scheduler[93544]: DEBUG oslo_concurrency.lockutils [None req-ce117d33-3bf4-416b-a8dd-3251035a1a4b tempest-ServerRescueNegativeTestJSON-1464617998 tempest-ServerRescueNegativeTestJSON-1464617998-project-member] Acquiring lock "8fc5ffac-183c-41ca-9f34-4c986125323c" by "nova.context.set_target_cell..get_or_set_cached_cell_and_set_connections" {{(pid=93544) inner /opt/stack/data/venv/lib/python3.12/site-packages/oslo_concurrency/lockutils.py:512}}
Aug 17 01:17:34.157958 np0000007442 nova-scheduler[93544]: DEBUG oslo_concurrency.lockutils [None req-ce117d33-3bf4-416b-a8dd-3251035a1a4b tempest-ServerRescueNegativeTestJSON-1464617998 tempest-ServerRescueNegativeTestJSON-1464617998-project-member] Lock "8fc5ffac-183c-41ca-9f34-4c986125323c" acquired by "nova.context.set_target_cell..get_or_set_cached_cell_and_set_connections" :: waited 0.000s {{(pid=93544) inner /opt/stack/data/venv/lib/python3.12/site-packages/oslo_concurrency/lockutils.py:525}}
Aug 17 01:17:34.159806 np0000007442 nova-scheduler[93544]: DEBUG oslo_concurrency.lockutils [None req-ce117d33-3bf4-416b-a8dd-3251035a1a4b tempest-ServerRescueNegativeTestJSON-1464617998 tempest-ServerRescueNegativeTestJSON-1464617998-project-member] Lock "8fc5ffac-183c-41ca-9f34-4c986125323c" "released" by "nova.context.set_target_cell..get_or_set_cached_cell_and_set_connections" :: held 0.002s {{(pid=93544) inner /opt/stack/data/venv/lib/python3.12/site-packages/oslo_concurrency/lockutils.py:544}}
Aug 17 01:17:34.162100 np0000007442 nova-scheduler[93544]: INFO dbcounter [None req-ce117d33-3bf4-416b-a8dd-3251035a1a4b tempest-ServerRescueNegativeTestJSON-1464617998 tempest-ServerRescueNegativeTestJSON-1464617998-project-member] Registered counter for database nova_cell1
Aug 17 01:17:34.211393 np0000007442 nova-scheduler[93544]: DEBUG oslo_db.sqlalchemy.engines [None req-ce117d33-3bf4-416b-a8dd-3251035a1a4b tempest-ServerRescueNegativeTestJSON-1464617998 tempest-ServerRescueNegativeTestJSON-1464617998-project-member] MySQL server mode set to STRICT_TRANS_TABLES,STRICT_ALL_TABLES,NO_ZERO_IN_DATE,NO_ZERO_DATE,ERROR_FOR_DIVISION_BY_ZERO,TRADITIONAL,NO_ENGINE_SUBSTITUTION {{(pid=93544) _check_effective_sql_mode /opt/stack/data/venv/lib/python3.12/site-packages/oslo_db/sqlalchemy/engines.py:325}}
Aug 17 01:17:34.218917 np0000007442 nova-scheduler[93544]: DEBUG dbcounter [-] [93544] Writer thread running {{(pid=93544) stat_writer /opt/stack/data/venv/lib/python3.12/site-packages/dbcounter.py:102}}
Aug 17 01:17:34.231912 np0000007442 nova-scheduler[93544]: DEBUG oslo_db.sqlalchemy.engines [None req-ce117d33-3bf4-416b-a8dd-3251035a1a4b tempest-ServerRescueNegativeTestJSON-1464617998 tempest-ServerRescueNegativeTestJSON-1464617998-project-member] Parent process 92338 forked (93544) with an open database connection, which is being discarded and recreated. {{(pid=93544) checkout /opt/stack/data/venv/lib/python3.12/site-packages/oslo_db/sqlalchemy/engines.py:402}}
Aug 17 01:17:34.281675 np0000007442 nova-scheduler[93544]: DEBUG dbcounter [-] [93544] Writer thread running {{(pid=93544) stat_writer /opt/stack/data/venv/lib/python3.12/site-packages/dbcounter.py:102}}
Aug 17 01:17:34.286516 np0000007442 nova-scheduler[93544]: DEBUG oslo_concurrency.lockutils [None req-ce117d33-3bf4-416b-a8dd-3251035a1a4b tempest-ServerRescueNegativeTestJSON-1464617998 tempest-ServerRescueNegativeTestJSON-1464617998-project-member] Acquiring lock "8fc5ffac-183c-41ca-9f34-4c986125323c" by "nova.context.set_target_cell..get_or_set_cached_cell_and_set_connections" {{(pid=93544) inner /opt/stack/data/venv/lib/python3.12/site-packages/oslo_concurrency/lockutils.py:512}}
Aug 17 01:17:34.286722 np0000007442 nova-scheduler[93544]: DEBUG oslo_concurrency.lockutils [None req-ce117d33-3bf4-416b-a8dd-3251035a1a4b tempest-ServerRescueNegativeTestJSON-1464617998 tempest-ServerRescueNegativeTestJSON-1464617998-project-member] Lock "8fc5ffac-183c-41ca-9f34-4c986125323c" acquired by "nova.context.set_target_cell..get_or_set_cached_cell_and_set_connections" :: waited 0.000s {{(pid=93544) inner /opt/stack/data/venv/lib/python3.12/site-packages/oslo_concurrency/lockutils.py:525}}
Aug 17 01:17:34.287029 np0000007442 nova-scheduler[93544]: DEBUG oslo_concurrency.lockutils [None req-ce117d33-3bf4-416b-a8dd-3251035a1a4b tempest-ServerRescueNegativeTestJSON-1464617998 tempest-ServerRescueNegativeTestJSON-1464617998-project-member] Lock "8fc5ffac-183c-41ca-9f34-4c986125323c" "released" by "nova.context.set_target_cell..get_or_set_cached_cell_and_set_connections" :: held 0.000s {{(pid=93544) inner /opt/stack/data/venv/lib/python3.12/site-packages/oslo_concurrency/lockutils.py:544}}
Aug 17 01:17:34.291530 np0000007442 nova-scheduler[93544]: DEBUG oslo_concurrency.lockutils [None req-ce117d33-3bf4-416b-a8dd-3251035a1a4b tempest-ServerRescueNegativeTestJSON-1464617998 tempest-ServerRescueNegativeTestJSON-1464617998-project-member] Acquiring lock "np0000007442-np0000007442" by "nova.scheduler.host_manager.HostState.update.._locked_update" {{(pid=93544) inner /opt/stack/data/venv/lib/python3.12/site-packages/oslo_concurrency/lockutils.py:512}}
Aug 17 01:17:34.291720 np0000007442 nova-scheduler[93544]: DEBUG oslo_concurrency.lockutils [None req-ce117d33-3bf4-416b-a8dd-3251035a1a4b tempest-ServerRescueNegativeTestJSON-1464617998 tempest-ServerRescueNegativeTestJSON-1464617998-project-member] Lock "np0000007442-np0000007442" acquired by "nova.scheduler.host_manager.HostState.update.._locked_update" :: waited 0.000s {{(pid=93544) inner /opt/stack/data/venv/lib/python3.12/site-packages/oslo_concurrency/lockutils.py:525}}
Aug 17 01:17:34.292889 np0000007442 nova-scheduler[93544]: DEBUG nova.scheduler.host_manager [None req-ce117d33-3bf4-416b-a8dd-3251035a1a4b tempest-ServerRescueNegativeTestJSON-1464617998 tempest-ServerRescueNegativeTestJSON-1464617998-project-member] Update host state from compute node: ComputeNode(cpu_allocation_ratio=4.0,cpu_info='{"arch": "x86_64", "model": "EPYC-Milan", "vendor": "AMD", "topology": {"cells": 1, "sockets": 16, "cores": 1, "threads": 1}, "maxphysaddr": {"mode": "emulate", "bits": 40}, "features": ["movbe", "rdctl-no", "ssbd", "lahf_lm", "f16c", "pclmuldq", "tsc_adjust", "clzero", "cmp_legacy", "cmov", "mce", "xsavec", "de", "rdseed", "xsaveerptr", "msr", "popcnt", "hypervisor", "stibp", "mca", "vme", "abm", "fma", "null-sel-clr-base", "fxsr", "v-vmsave-vmload", "aes", "tsc", "pae", "nrip-save", "mmx", "sse", "3dnowprefetch", "lbrv", "sse4.2", "smap", "ssse3", "rdpid", "vaes", "arch-capabilities", "skip-l1dfl-vmentry", "perfctr_core", "lm", "no-nested-data-bp", "pse", "xsave", "xgetbv1", "osvw", "rdtscp", "arat", "bmi2", "fpu", "npt", "pni", "amd-ssbd", "invpcid", "ibrs", "bmi1", "wbnoinvd", "misalignsse", "pdpe1gb", "clflushopt", "svm", "topoext", "tsc-scale", "fsgsbase", "pse36", "umip", "gds-no", "apic", "vgif", "pat", "xsaveopt", "mds-no", "pge", "clflush", "avx2", "x2apic", "cx16", "smep", "spec-ctrl", "stibp-always-on", "sse2", "pause-filter", "pcid", "flushbyasid", "avx", "xsaves", "cr8legacy", "pfthreshold", "virt-ssbd", "tsc-deadline", "svme-addr-chk", "pku", "sep", "amd-psfd", "rdrand", "sse4a", "lfence-always-serializing", "fsrm", "sha-ni", "nx", "sse4.1", "mtrr", "vpclmulqdq", "pschange-mc-no", "clwb", "erms", "vmcb-clean", "fxsr_opt", "amd-stibp", "cx8", "mmxext", "ibpb", "adx", "syscall"]}',created_at=2026-08-17T01:15:20Z,current_workload=0,deleted=False,deleted_at=None,disk_allocation_ratio=1.0,disk_available_least=73,free_disk_gb=95,free_ram_mb=62765,host='np0000007442',host_ip=10.4.3.206,hypervisor_hostname='np0000007442',hypervisor_type='QEMU',hypervisor_version=8002002,id=1,local_gb=95,local_gb_used=0,mapped=1,memory_mb=63277,memory_mb_used=512,metrics='[]',numa_topology='{"nova_object.name": "NUMATopology", "nova_object.namespace": "nova", "nova_object.version": "1.2", "nova_object.data": {"cells": [{"nova_object.name": "NUMACell", "nova_object.namespace": "nova", "nova_object.version": "1.5", "nova_object.data": {"id": 0, "cpuset": [0, 1, 2, 3, 4, 5, 6, 7, 8, 9, 10, 11, 12, 13, 14, 15], "pcpuset": [0, 1, 2, 3, 4, 5, 6, 7, 8, 9, 10, 11, 12, 13, 14, 15], "memory": 63277, "cpu_usage": 0, "memory_usage": 0, "pinned_cpus": [], "siblings": [[6], [12], [2], [15], [5], [11], [8], [14], [4], [1], [7], [10], [0], [13], [3], [9]], "mempages": [{"nova_object.name": "NUMAPagesTopology", "nova_object.namespace": "nova", "nova_object.version": "1.1", "nova_object.data": {"size_kb": 4, "total": 16177929, "used": 0, "reserved": 0}, "nova_object.changes": ["size_kb", "used", "total", "reserved"]}, {"nova_object.name": "NUMAPagesTopology", "nova_object.namespace": "nova", "nova_object.version": "1.1", "nova_object.data": {"size_kb": 2048, "total": 41, "used": 0, "reserved": 0}, "nova_object.changes": ["size_kb", "used", "total", "reserved"]}, {"nova_object.name": "NUMAPagesTopology", "nova_object.namespace": "nova", "nova_object.version": "1.1", "nova_object.data": {"size_kb": 1048576, "total": 0, "used": 0, "reserved": 0}, "nova_object.changes": ["size_kb", "used", "total", "reserved"]}], "network_metadata": {"nova_object.name": "NetworkMetadata", "nova_object.namespace": "nova", "nova_object.version": "1.0", "nova_object.data": {"physnets": [], "tunneled": false}, "nova_object.changes": ["physnets", "tunneled"]}, "socket": null}, "nova_object.changes": ["cpuset", "id", "network_metadata", "siblings", "memory", "cpu_usage", "pinned_cpus", "pcpuset", "mempages", "memory_usage", "socket"]}]}, "nova_object.changes": ["cells"]}',pci_device_pools=PciDevicePoolList,ram_allocation_ratio=1.0,running_vms=0,service_id=3,stats={failed_builds='0',uptime=' 01:17:07 up 13 min, 2 users, load average: 1.89, 1.45, 0.82
Aug 17 01:17:34.292889 np0000007442 nova-scheduler[93544]: '},supported_hv_specs=[HVSpec,HVSpec,HVSpec,HVSpec,HVSpec,HVSpec,HVSpec,HVSpec,HVSpec,HVSpec,HVSpec,HVSpec,HVSpec,HVSpec,HVSpec,HVSpec,HVSpec,HVSpec,HVSpec,HVSpec,HVSpec,HVSpec,HVSpec,HVSpec,HVSpec],updated_at=2026-08-17T01:17:08Z,uuid=3755bf33-a6d6-493e-a0bd-c25778c45ab0,vcpus=16,vcpus_used=0) {{(pid=93544) _locked_update /opt/stack/nova/nova/scheduler/host_manager.py:168}}
Aug 17 01:17:34.294297 np0000007442 nova-scheduler[93544]: DEBUG nova.scheduler.host_manager [None req-ce117d33-3bf4-416b-a8dd-3251035a1a4b tempest-ServerRescueNegativeTestJSON-1464617998 tempest-ServerRescueNegativeTestJSON-1464617998-project-member] Update host state with aggregates: [] {{(pid=93544) _locked_update /opt/stack/nova/nova/scheduler/host_manager.py:171}}
Aug 17 01:17:34.294297 np0000007442 nova-scheduler[93544]: DEBUG nova.scheduler.host_manager [None req-ce117d33-3bf4-416b-a8dd-3251035a1a4b tempest-ServerRescueNegativeTestJSON-1464617998 tempest-ServerRescueNegativeTestJSON-1464617998-project-member] Update host state with service dict: {'id': 3, 'uuid': '668d9439-b452-4146-91e8-e656cdb1cf6c', 'host': 'np0000007442', 'binary': 'nova-compute', 'topic': 'compute', 'report_count': 2, 'disabled': False, 'disabled_reason': None, 'last_seen_up': datetime.datetime(2026, 8, 17, 1, 17, 27, tzinfo=datetime.timezone.utc), 'forced_down': False, 'version': 72, 'created_at': datetime.datetime(2026, 8, 17, 1, 15, 20, tzinfo=datetime.timezone.utc), 'updated_at': datetime.datetime(2026, 8, 17, 1, 17, 27, tzinfo=datetime.timezone.utc), 'deleted_at': None, 'deleted': False} {{(pid=93544) _locked_update /opt/stack/nova/nova/scheduler/host_manager.py:174}}
Aug 17 01:17:34.294297 np0000007442 nova-scheduler[93544]: DEBUG nova.scheduler.host_manager [None req-ce117d33-3bf4-416b-a8dd-3251035a1a4b tempest-ServerRescueNegativeTestJSON-1464617998 tempest-ServerRescueNegativeTestJSON-1464617998-project-member] Update host state with instances: [] {{(pid=93544) _locked_update /opt/stack/nova/nova/scheduler/host_manager.py:177}}
Aug 17 01:17:34.294585 np0000007442 nova-scheduler[93544]: DEBUG oslo_concurrency.lockutils [None req-ce117d33-3bf4-416b-a8dd-3251035a1a4b tempest-ServerRescueNegativeTestJSON-1464617998 tempest-ServerRescueNegativeTestJSON-1464617998-project-member] Lock "np0000007442-np0000007442" "released" by "nova.scheduler.host_manager.HostState.update.._locked_update" :: held 0.003s {{(pid=93544) inner /opt/stack/data/venv/lib/python3.12/site-packages/oslo_concurrency/lockutils.py:544}}
Aug 17 01:17:34.295587 np0000007442 nova-scheduler[93544]: DEBUG nova.filters [None req-ce117d33-3bf4-416b-a8dd-3251035a1a4b tempest-ServerRescueNegativeTestJSON-1464617998 tempest-ServerRescueNegativeTestJSON-1464617998-project-member] Starting with 1 host(s) {{(pid=93544) get_filtered_objects /opt/stack/nova/nova/filters.py:70}}
Aug 17 01:17:34.295587 np0000007442 nova-scheduler[93544]: DEBUG nova.filters [None req-ce117d33-3bf4-416b-a8dd-3251035a1a4b tempest-ServerRescueNegativeTestJSON-1464617998 tempest-ServerRescueNegativeTestJSON-1464617998-project-member] Filter ComputeFilter returned 1 host(s) {{(pid=93544) get_filtered_objects /opt/stack/nova/nova/filters.py:102}}
Aug 17 01:17:34.295587 np0000007442 nova-scheduler[93544]: DEBUG nova.filters [None req-ce117d33-3bf4-416b-a8dd-3251035a1a4b tempest-ServerRescueNegativeTestJSON-1464617998 tempest-ServerRescueNegativeTestJSON-1464617998-project-member] Filter ComputeCapabilitiesFilter returned 1 host(s) {{(pid=93544) get_filtered_objects /opt/stack/nova/nova/filters.py:102}}
Aug 17 01:17:34.296144 np0000007442 nova-scheduler[93544]: DEBUG nova.filters [None req-ce117d33-3bf4-416b-a8dd-3251035a1a4b tempest-ServerRescueNegativeTestJSON-1464617998 tempest-ServerRescueNegativeTestJSON-1464617998-project-member] Filter ImagePropertiesFilter returned 1 host(s) {{(pid=93544) get_filtered_objects /opt/stack/nova/nova/filters.py:102}}
Aug 17 01:17:34.296144 np0000007442 nova-scheduler[93544]: DEBUG nova.filters [None req-ce117d33-3bf4-416b-a8dd-3251035a1a4b tempest-ServerRescueNegativeTestJSON-1464617998 tempest-ServerRescueNegativeTestJSON-1464617998-project-member] Filter ServerGroupAntiAffinityFilter returned 1 host(s) {{(pid=93544) get_filtered_objects /opt/stack/nova/nova/filters.py:102}}
Aug 17 01:17:34.296144 np0000007442 nova-scheduler[93544]: DEBUG nova.filters [None req-ce117d33-3bf4-416b-a8dd-3251035a1a4b tempest-ServerRescueNegativeTestJSON-1464617998 tempest-ServerRescueNegativeTestJSON-1464617998-project-member] Filter ServerGroupAffinityFilter returned 1 host(s) {{(pid=93544) get_filtered_objects /opt/stack/nova/nova/filters.py:102}}
Aug 17 01:17:34.296144 np0000007442 nova-scheduler[93544]: DEBUG nova.filters [None req-ce117d33-3bf4-416b-a8dd-3251035a1a4b tempest-ServerRescueNegativeTestJSON-1464617998 tempest-ServerRescueNegativeTestJSON-1464617998-project-member] Filter SameHostFilter returned 1 host(s) {{(pid=93544) get_filtered_objects /opt/stack/nova/nova/filters.py:102}}
Aug 17 01:17:34.296144 np0000007442 nova-scheduler[93544]: DEBUG nova.filters [None req-ce117d33-3bf4-416b-a8dd-3251035a1a4b tempest-ServerRescueNegativeTestJSON-1464617998 tempest-ServerRescueNegativeTestJSON-1464617998-project-member] Filter DifferentHostFilter returned 1 host(s) {{(pid=93544) get_filtered_objects /opt/stack/nova/nova/filters.py:102}}
Aug 17 01:17:34.296318 np0000007442 nova-scheduler[93544]: DEBUG nova.scheduler.manager [None req-ce117d33-3bf4-416b-a8dd-3251035a1a4b tempest-ServerRescueNegativeTestJSON-1464617998 tempest-ServerRescueNegativeTestJSON-1464617998-project-member] Filtered [(np0000007442, np0000007442) ram: 62765MB disk: 74752MB io_ops: 0 instances: 0, allocation_candidates: 1] {{(pid=93544) _get_sorted_hosts /opt/stack/nova/nova/scheduler/manager.py:730}}
Aug 17 01:17:34.296584 np0000007442 nova-scheduler[93544]: DEBUG nova.scheduler.manager [None req-ce117d33-3bf4-416b-a8dd-3251035a1a4b tempest-ServerRescueNegativeTestJSON-1464617998 tempest-ServerRescueNegativeTestJSON-1464617998-project-member] Weighed [WeighedHost [host: (np0000007442, np0000007442) ram: 62765MB disk: 74752MB io_ops: 0 instances: 0, allocation_candidates: 1, weight: 0.0]] {{(pid=93544) _get_sorted_hosts /opt/stack/nova/nova/scheduler/manager.py:752}}
Aug 17 01:17:34.296838 np0000007442 nova-scheduler[93544]: DEBUG nova.scheduler.utils [None req-ce117d33-3bf4-416b-a8dd-3251035a1a4b tempest-ServerRescueNegativeTestJSON-1464617998 tempest-ServerRescueNegativeTestJSON-1464617998-project-member] Attempting to claim resources in the placement API for instance 4ec26f19-b31c-4c2e-89d1-e23ec59836f7 {{(pid=93544) claim_resources /opt/stack/nova/nova/scheduler/utils.py:1345}}
Aug 17 01:17:34.483898 np0000007442 nova-scheduler[93544]: DEBUG nova.scheduler.manager [None req-ce117d33-3bf4-416b-a8dd-3251035a1a4b tempest-ServerRescueNegativeTestJSON-1464617998 tempest-ServerRescueNegativeTestJSON-1464617998-project-member] [instance: 4ec26f19-b31c-4c2e-89d1-e23ec59836f7] Selected host: (np0000007442, np0000007442) ram: 62765MB disk: 74752MB io_ops: 0 instances: 0, allocation_candidates: 1 {{(pid=93544) _consume_selected_host /opt/stack/nova/nova/scheduler/manager.py:612}}
Aug 17 01:17:34.484862 np0000007442 nova-scheduler[93544]: DEBUG oslo_concurrency.lockutils [None req-ce117d33-3bf4-416b-a8dd-3251035a1a4b tempest-ServerRescueNegativeTestJSON-1464617998 tempest-ServerRescueNegativeTestJSON-1464617998-project-member] Acquiring lock "np0000007442-np0000007442" by "nova.scheduler.host_manager.HostState.consume_from_request.._locked" {{(pid=93544) inner /opt/stack/data/venv/lib/python3.12/site-packages/oslo_concurrency/lockutils.py:512}}
Aug 17 01:17:34.485055 np0000007442 nova-scheduler[93544]: DEBUG oslo_concurrency.lockutils [None req-ce117d33-3bf4-416b-a8dd-3251035a1a4b tempest-ServerRescueNegativeTestJSON-1464617998 tempest-ServerRescueNegativeTestJSON-1464617998-project-member] Lock "np0000007442-np0000007442" acquired by "nova.scheduler.host_manager.HostState.consume_from_request.._locked" :: waited 0.001s {{(pid=93544) inner /opt/stack/data/venv/lib/python3.12/site-packages/oslo_concurrency/lockutils.py:525}}
Aug 17 01:17:34.485265 np0000007442 nova-scheduler[93544]: DEBUG oslo_concurrency.lockutils [None req-ce117d33-3bf4-416b-a8dd-3251035a1a4b tempest-ServerRescueNegativeTestJSON-1464617998 tempest-ServerRescueNegativeTestJSON-1464617998-project-member] Lock "np0000007442-np0000007442" "released" by "nova.scheduler.host_manager.HostState.consume_from_request.._locked" :: held 0.000s {{(pid=93544) inner /opt/stack/data/venv/lib/python3.12/site-packages/oslo_concurrency/lockutils.py:544}}
Aug 17 01:17:36.430560 np0000007442 nova-scheduler[93540]: DEBUG oslo.service.backend._threading.loopingcall [None req-18b52070-36df-4836-97f8-a20c13868da2 None None] Dynamic interval looping call 'nova.service.Service.periodic_tasks' sleeping for 60.00 seconds {{(pid=93540) _run_loop /opt/stack/data/venv/lib/python3.12/site-packages/oslo_service/backend/_threading/loopingcall.py:125}}
Aug 17 01:17:42.036587 np0000007442 nova-scheduler[93542]: DEBUG nova.scheduler.manager [None req-3e26a488-66f5-4ed2-812f-c90b093df88a tempest-ServerRescueNegativeTestJSON-1464617998 tempest-ServerRescueNegativeTestJSON-1464617998-project-member] Starting to schedule for instances: ['3d4fafc4-1016-4301-9b1d-04bc3f47da94'] {{(pid=93542) select_destinations /opt/stack/nova/nova/scheduler/manager.py:197}}
Aug 17 01:17:42.037227 np0000007442 nova-scheduler[93542]: DEBUG nova.scheduler.request_filter [None req-3e26a488-66f5-4ed2-812f-c90b093df88a tempest-ServerRescueNegativeTestJSON-1464617998 tempest-ServerRescueNegativeTestJSON-1464617998-project-member] compute_status_filter request filter added forbidden trait COMPUTE_STATUS_DISABLED {{(pid=93542) compute_status_filter /opt/stack/nova/nova/scheduler/request_filter.py:253}}
Aug 17 01:17:42.037328 np0000007442 nova-scheduler[93542]: DEBUG nova.scheduler.request_filter [None req-3e26a488-66f5-4ed2-812f-c90b093df88a tempest-ServerRescueNegativeTestJSON-1464617998 tempest-ServerRescueNegativeTestJSON-1464617998-project-member] Request filter 'compute_status_filter' took 0.0 seconds {{(pid=93542) wrapper /opt/stack/nova/nova/scheduler/request_filter.py:46}}
Aug 17 01:17:42.037629 np0000007442 nova-scheduler[93542]: DEBUG nova.scheduler.request_filter [None req-3e26a488-66f5-4ed2-812f-c90b093df88a tempest-ServerRescueNegativeTestJSON-1464617998 tempest-ServerRescueNegativeTestJSON-1464617998-project-member] Request filter 'accelerators_filter' took 0.0 seconds {{(pid=93542) wrapper /opt/stack/nova/nova/scheduler/request_filter.py:46}}
Aug 17 01:17:42.038248 np0000007442 nova-scheduler[93542]: DEBUG nova.scheduler.request_filter [None req-3e26a488-66f5-4ed2-812f-c90b093df88a tempest-ServerRescueNegativeTestJSON-1464617998 tempest-ServerRescueNegativeTestJSON-1464617998-project-member] Request filter 'packed_virtqueue_filter' took 0.0 seconds {{(pid=93542) wrapper /opt/stack/nova/nova/scheduler/request_filter.py:46}}
Aug 17 01:17:42.038644 np0000007442 nova-scheduler[93542]: DEBUG nova.scheduler.request_filter [None req-3e26a488-66f5-4ed2-812f-c90b093df88a tempest-ServerRescueNegativeTestJSON-1464617998 tempest-ServerRescueNegativeTestJSON-1464617998-project-member] Request filter 'remote_managed_ports_filter' took 0.0 seconds {{(pid=93542) wrapper /opt/stack/nova/nova/scheduler/request_filter.py:46}}
Aug 17 01:17:42.038837 np0000007442 nova-scheduler[93542]: DEBUG nova.scheduler.request_filter [None req-3e26a488-66f5-4ed2-812f-c90b093df88a tempest-ServerRescueNegativeTestJSON-1464617998 tempest-ServerRescueNegativeTestJSON-1464617998-project-member] ephemeral_encryption_filter skipped {{(pid=93542) ephemeral_encryption_filter /opt/stack/nova/nova/scheduler/request_filter.py:426}}
