Jun 05 22:02:51.985236 np0000002234 devstack@neutron-api.service[89989]: DEBUG ovsdbapp.backend.ovs_idl.transaction [None req-ca2179a3-3ca6-4941-866d-b0193a21c5e2 None None] Running txn n=1 command(idx=0): DbSetCommand(_result=None, table=HA_Chassis_Group, record=neutron-1138b0da-d85a-4867-b2c5-dc7cf62c2472, col_values=(('external_ids', {'neutron:availability_zone_hints': '', 'neutron:network_id': '1138b0da-d85a-4867-b2c5-dc7cf62c2472', 'neutron:router_id': 'f8563fcf-de9f-4a1d-84a7-a0ac325eac42'}),), if_exists=True) {{(pid=89989) do_commit /opt/stack/data/venv/lib/python3.12/site-packages/ovsdbapp/backend/ovs_idl/transaction.py:89}}
Jun 05 22:02:51.985499 np0000002234 devstack@neutron-api.service[89989]: DEBUG ovsdbapp.backend.ovs_idl.transaction [None req-ca2179a3-3ca6-4941-866d-b0193a21c5e2 None None] Running txn n=1 command(idx=1): HAChassisGroupAddChassisCommand(_result=None, hcg=neutron-1138b0da-d85a-4867-b2c5-dc7cf62c2472, chassis=8fbe4056-f3bd-43b1-b810-113300b5db65, priority=1, columns={}) {{(pid=89989) do_commit /opt/stack/data/venv/lib/python3.12/site-packages/ovsdbapp/backend/ovs_idl/transaction.py:89}}
Jun 05 22:02:51.985735 np0000002234 devstack@neutron-api.service[89989]: DEBUG ovsdbapp.backend.ovs_idl.transaction [None req-ca2179a3-3ca6-4941-866d-b0193a21c5e2 None None] Transaction caused no change {{(pid=89989) do_commit /opt/stack/data/venv/lib/python3.12/site-packages/ovsdbapp/backend/ovs_idl/transaction.py:129}}
Jun 05 22:02:52.055339 np0000002234 devstack@neutron-api.service[89989]: DEBUG ovsdbapp.backend.ovs_idl.transaction [None req-ca2179a3-3ca6-4941-866d-b0193a21c5e2 None None] Running txn n=1 command(idx=0): CheckRevisionNumberCommand(_result=None, name=lrp-bfcf03bd-01c5-4249-8287-d5bb1ddab1f6, resource={'id': 'bfcf03bd-01c5-4249-8287-d5bb1ddab1f6', 'name': '', 'network_id': '1138b0da-d85a-4867-b2c5-dc7cf62c2472', 'project_id': 'd6558e3bb4ef4ca7a95b1fcd3c8dd127', 'mac_address': 'fa:16:3e:ac:49:1b', 'admin_state_up': True, 'status': 'ACTIVE', 'device_id': 'f8563fcf-de9f-4a1d-84a7-a0ac325eac42', 'device_owner': 'network:router_interface', 'standard_attr_id': 24, 'fixed_ips': [{'subnet_id': '8f0650bd-bea2-4f05-b064-d6d39c0148e9', 'ip_address': 'fd8c:2667:d268::1'}], 'allowed_address_pairs': [], 'extra_dhcp_opts': [], 'security_groups': [], 'description': '', 'binding:vnic_type': 'normal', 'binding:profile': {}, 'binding:host_id': '', 'binding:vif_type': 'unbound', 'binding:vif_details': {}, 'port_security_enabled': False, 'tags': [], 'created_at': '2026-06-05T22:02:43Z', 'updated_at': '2026-06-05T22:02:46Z', 'revision_number': 4, 'tenant_id': 'd6558e3bb4ef4ca7a95b1fcd3c8dd127'}, resource_type=router_ports, if_exists=True) {{(pid=89989) do_commit /opt/stack/data/venv/lib/python3.12/site-packages/ovsdbapp/backend/ovs_idl/transaction.py:89}}
Jun 05 22:02:52.056072 np0000002234 devstack@neutron-api.service[89989]: DEBUG ovsdbapp.backend.ovs_idl.transaction [None req-ca2179a3-3ca6-4941-866d-b0193a21c5e2 None None] Running txn n=1 command(idx=1): UpdateLRouterPortCommand(_result=None, name=lrp-bfcf03bd-01c5-4249-8287-d5bb1ddab1f6, columns={'external_ids': {'neutron:revision_number': '4', 'neutron:subnet_ids': '8f0650bd-bea2-4f05-b064-d6d39c0148e9', 'neutron:network_name': 'neutron-1138b0da-d85a-4867-b2c5-dc7cf62c2472', 'neutron:is_ext_gw': 'False', 'neutron:router_name': 'neutron-f8563fcf-de9f-4a1d-84a7-a0ac325eac42'}, 'options': {}, 'networks': ['fd8c:2667:d268::1/64'], 'ipv6_ra_configs': {'address_mode': 'slaac', 'send_periodic': 'true', 'mtu': '1372'}}, if_exists=False) {{(pid=89989) do_commit /opt/stack/data/venv/lib/python3.12/site-packages/ovsdbapp/backend/ovs_idl/transaction.py:89}}
Jun 05 22:02:52.056072 np0000002234 devstack@neutron-api.service[89989]: DEBUG ovsdbapp.backend.ovs_idl.transaction [None req-ca2179a3-3ca6-4941-866d-b0193a21c5e2 None None] Running txn n=1 command(idx=2): SetLRouterPortInLSwitchPortCommand(_result=None, lswitch_port=bfcf03bd-01c5-4249-8287-d5bb1ddab1f6, lrouter_port=lrp-bfcf03bd-01c5-4249-8287-d5bb1ddab1f6, is_gw_port=False, if_exists=True, lsp_address=router) {{(pid=89989) do_commit /opt/stack/data/venv/lib/python3.12/site-packages/ovsdbapp/backend/ovs_idl/transaction.py:89}}
Jun 05 22:02:52.056218 np0000002234 devstack@neutron-api.service[89989]: DEBUG ovsdbapp.backend.ovs_idl.transaction [None req-ca2179a3-3ca6-4941-866d-b0193a21c5e2 None None] Transaction caused no change {{(pid=89989) do_commit /opt/stack/data/venv/lib/python3.12/site-packages/ovsdbapp/backend/ovs_idl/transaction.py:129}}
Jun 05 22:02:52.123622 np0000002234 devstack@neutron-api.service[89989]: DEBUG ovsdbapp.backend.ovs_idl.transaction [None req-ca2179a3-3ca6-4941-866d-b0193a21c5e2 None None] Running txn n=1 command(idx=0): CheckRevisionNumberCommand(_result=None, name=lrp-bfcf03bd-01c5-4249-8287-d5bb1ddab1f6, resource={'id': 'bfcf03bd-01c5-4249-8287-d5bb1ddab1f6', 'name': '', 'network_id': '1138b0da-d85a-4867-b2c5-dc7cf62c2472', 'project_id': 'd6558e3bb4ef4ca7a95b1fcd3c8dd127', 'mac_address': 'fa:16:3e:ac:49:1b', 'admin_state_up': True, 'status': 'ACTIVE', 'device_id': 'f8563fcf-de9f-4a1d-84a7-a0ac325eac42', 'device_owner': 'network:router_interface', 'standard_attr_id': 24, 'fixed_ips': [{'subnet_id': '8f0650bd-bea2-4f05-b064-d6d39c0148e9', 'ip_address': 'fd8c:2667:d268::1'}], 'allowed_address_pairs': [], 'extra_dhcp_opts': [], 'security_groups': [], 'description': '', 'binding:vnic_type': 'normal', 'binding:profile': {}, 'binding:host_id': '', 'binding:vif_type': 'unbound', 'binding:vif_details': {}, 'port_security_enabled': False, 'tags': [], 'created_at': '2026-06-05T22:02:43Z', 'updated_at': '2026-06-05T22:02:46Z', 'revision_number': 4, 'tenant_id': 'd6558e3bb4ef4ca7a95b1fcd3c8dd127'}, resource_type=router_ports, if_exists=True) {{(pid=89989) do_commit /opt/stack/data/venv/lib/python3.12/site-packages/ovsdbapp/backend/ovs_idl/transaction.py:89}}
Jun 05 22:02:52.123622 np0000002234 devstack@neutron-api.service[89989]: DEBUG ovsdbapp.backend.ovs_idl.transaction [None req-ca2179a3-3ca6-4941-866d-b0193a21c5e2 None None] Running txn n=1 command(idx=1): UpdateLRouterPortCommand(_result=None, name=lrp-bfcf03bd-01c5-4249-8287-d5bb1ddab1f6, columns={'external_ids': {'neutron:revision_number': '4', 'neutron:subnet_ids': '8f0650bd-bea2-4f05-b064-d6d39c0148e9', 'neutron:network_name': 'neutron-1138b0da-d85a-4867-b2c5-dc7cf62c2472', 'neutron:is_ext_gw': 'False', 'neutron:router_name': 'neutron-f8563fcf-de9f-4a1d-84a7-a0ac325eac42'}, 'options': {}, 'networks': ['fd8c:2667:d268::1/64'], 'ipv6_ra_configs': {'address_mode': 'slaac', 'send_periodic': 'true', 'mtu': '1372'}}, if_exists=False) {{(pid=89989) do_commit /opt/stack/data/venv/lib/python3.12/site-packages/ovsdbapp/backend/ovs_idl/transaction.py:89}}
Jun 05 22:02:52.123999 np0000002234 devstack@neutron-api.service[89989]: DEBUG ovsdbapp.backend.ovs_idl.transaction [None req-ca2179a3-3ca6-4941-866d-b0193a21c5e2 None None] Running txn n=1 command(idx=2): SetLRouterPortInLSwitchPortCommand(_result=None, lswitch_port=bfcf03bd-01c5-4249-8287-d5bb1ddab1f6, lrouter_port=lrp-bfcf03bd-01c5-4249-8287-d5bb1ddab1f6, is_gw_port=False, if_exists=True, lsp_address=router) {{(pid=89989) do_commit /opt/stack/data/venv/lib/python3.12/site-packages/ovsdbapp/backend/ovs_idl/transaction.py:89}}
Jun 05 22:02:52.124410 np0000002234 devstack@neutron-api.service[89989]: DEBUG ovsdbapp.backend.ovs_idl.transaction [None req-ca2179a3-3ca6-4941-866d-b0193a21c5e2 None None] Transaction caused no change {{(pid=89989) do_commit /opt/stack/data/venv/lib/python3.12/site-packages/ovsdbapp/backend/ovs_idl/transaction.py:129}}
Jun 05 22:02:56.377407 np0000002234 devstack@neutron-api.service[89989]: DEBUG futurist.periodics [-] Submitting periodic callback 'neutron.plugins.ml2.drivers.ovn.mech_driver.ovsdb.maintenance.HashRingHealthCheckPeriodics.touch_hash_ring_node' {{(pid=89989) _process_scheduled /opt/stack/data/venv/lib/python3.12/site-packages/futurist/periodics.py:784}}
Jun 05 22:02:56.377934 np0000002234 devstack@neutron-api.service[89989]: DEBUG neutron.plugins.ml2.drivers.ovn.mech_driver.ovsdb.maintenance [-] Touching Hash Ring node "fb064c85cc3d58ea8f5c1d8aa5471b78" from periodic health check thread {{(pid=89989) touch_hash_ring_node /opt/stack/neutron/neutron/plugins/ml2/drivers/ovn/mech_driver/ovsdb/maintenance.py:1421}}
Jun 05 22:02:57.214917 np0000002234 devstack@neutron-api.service[89987]: DEBUG futurist.periodics [-] Submitting periodic callback 'neutron.plugins.ml2.drivers.ovn.mech_driver.ovsdb.maintenance.HashRingHealthCheckPeriodics.touch_hash_ring_node' {{(pid=89987) _process_scheduled /opt/stack/data/venv/lib/python3.12/site-packages/futurist/periodics.py:784}}
Jun 05 22:02:57.215384 np0000002234 devstack@neutron-api.service[89987]: DEBUG neutron.plugins.ml2.drivers.ovn.mech_driver.ovsdb.maintenance [-] Touching Hash Ring node "09201cb06f3e5a04a5452648a8cc8965" from periodic health check thread {{(pid=89987) touch_hash_ring_node /opt/stack/neutron/neutron/plugins/ml2/drivers/ovn/mech_driver/ovsdb/maintenance.py:1421}}
Jun 05 22:02:57.273949 np0000002234 devstack@neutron-api.service[89988]: DEBUG futurist.periodics [-] Submitting periodic callback 'neutron.plugins.ml2.drivers.ovn.mech_driver.ovsdb.maintenance.HashRingHealthCheckPeriodics.touch_hash_ring_node' {{(pid=89988) _process_scheduled /opt/stack/data/venv/lib/python3.12/site-packages/futurist/periodics.py:784}}
Jun 05 22:02:57.274329 np0000002234 devstack@neutron-api.service[89988]: DEBUG neutron.plugins.ml2.drivers.ovn.mech_driver.ovsdb.maintenance [-] Touching Hash Ring node "f5646fd99e485a21a227eb205409c489" from periodic health check thread {{(pid=89988) touch_hash_ring_node /opt/stack/neutron/neutron/plugins/ml2/drivers/ovn/mech_driver/ovsdb/maintenance.py:1421}}
Jun 05 22:03:06.387124 np0000002234 devstack@neutron-api.service[89989]: DEBUG dbcounter [-] [89989] Writing DB stats neutron:SELECT=3330,neutron:INSERT=729,neutron:DELETE=12,neutron:UPDATE=136 {{(pid=89989) stat_writer /opt/stack/data/venv/lib/python3.12/site-packages/dbcounter.py:115}}
Jun 05 22:03:07.224179 np0000002234 devstack@neutron-api.service[89987]: DEBUG dbcounter [-] [89987] Writing DB stats neutron:SELECT=704,neutron:INSERT=20,neutron:DELETE=6,neutron:UPDATE=27 {{(pid=89987) stat_writer /opt/stack/data/venv/lib/python3.12/site-packages/dbcounter.py:115}}
Jun 05 22:03:07.280379 np0000002234 devstack@neutron-api.service[89988]: DEBUG dbcounter [-] [89988] Writing DB stats neutron:SELECT=1966,neutron:INSERT=56,neutron:DELETE=10,neutron:UPDATE=65 {{(pid=89988) stat_writer /opt/stack/data/venv/lib/python3.12/site-packages/dbcounter.py:115}}
Jun 05 22:03:11.378318 np0000002234 devstack@neutron-api.service[89989]: DEBUG futurist.periodics [-] Submitting periodic callback 'neutron.plugins.ml2.drivers.ovn.mech_driver.ovsdb.maintenance.HashRingHealthCheckPeriodics.touch_hash_ring_node' {{(pid=89989) _process_scheduled /opt/stack/data/venv/lib/python3.12/site-packages/futurist/periodics.py:784}}
Jun 05 22:03:11.378847 np0000002234 devstack@neutron-api.service[89989]: DEBUG neutron.plugins.ml2.drivers.ovn.mech_driver.ovsdb.maintenance [-] Touching Hash Ring node "fb064c85cc3d58ea8f5c1d8aa5471b78" from periodic health check thread {{(pid=89989) touch_hash_ring_node /opt/stack/neutron/neutron/plugins/ml2/drivers/ovn/mech_driver/ovsdb/maintenance.py:1421}}
Jun 05 22:03:12.216857 np0000002234 devstack@neutron-api.service[89987]: DEBUG futurist.periodics [-] Submitting periodic callback 'neutron.plugins.ml2.drivers.ovn.mech_driver.ovsdb.maintenance.HashRingHealthCheckPeriodics.touch_hash_ring_node' {{(pid=89987) _process_scheduled /opt/stack/data/venv/lib/python3.12/site-packages/futurist/periodics.py:784}}
Jun 05 22:03:12.216857 np0000002234 devstack@neutron-api.service[89987]: DEBUG neutron.plugins.ml2.drivers.ovn.mech_driver.ovsdb.maintenance [-] Touching Hash Ring node "09201cb06f3e5a04a5452648a8cc8965" from periodic health check thread {{(pid=89987) touch_hash_ring_node /opt/stack/neutron/neutron/plugins/ml2/drivers/ovn/mech_driver/ovsdb/maintenance.py:1421}}
Jun 05 22:03:12.274449 np0000002234 devstack@neutron-api.service[89988]: DEBUG futurist.periodics [-] Submitting periodic callback 'neutron.plugins.ml2.drivers.ovn.mech_driver.ovsdb.maintenance.HashRingHealthCheckPeriodics.touch_hash_ring_node' {{(pid=89988) _process_scheduled /opt/stack/data/venv/lib/python3.12/site-packages/futurist/periodics.py:784}}
Jun 05 22:03:12.274858 np0000002234 devstack@neutron-api.service[89988]: DEBUG neutron.plugins.ml2.drivers.ovn.mech_driver.ovsdb.maintenance [-] Touching Hash Ring node "f5646fd99e485a21a227eb205409c489" from periodic health check thread {{(pid=89988) touch_hash_ring_node /opt/stack/neutron/neutron/plugins/ml2/drivers/ovn/mech_driver/ovsdb/maintenance.py:1421}}
Jun 05 22:03:21.385743 np0000002234 devstack@neutron-api.service[89989]: DEBUG dbcounter [-] [89989] Writing DB stats neutron:UPDATE=1,neutron:SELECT=1 {{(pid=89989) stat_writer /opt/stack/data/venv/lib/python3.12/site-packages/dbcounter.py:115}}
Jun 05 22:03:22.222862 np0000002234 devstack@neutron-api.service[89987]: DEBUG dbcounter [-] [89987] Writing DB stats neutron:UPDATE=1,neutron:SELECT=1 {{(pid=89987) stat_writer /opt/stack/data/venv/lib/python3.12/site-packages/dbcounter.py:115}}
Jun 05 22:03:22.281094 np0000002234 devstack@neutron-api.service[89988]: DEBUG dbcounter [-] [89988] Writing DB stats neutron:UPDATE=1,neutron:SELECT=1 {{(pid=89988) stat_writer /opt/stack/data/venv/lib/python3.12/site-packages/dbcounter.py:115}}
Jun 05 22:03:26.379028 np0000002234 devstack@neutron-api.service[89989]: DEBUG futurist.periodics [-] Submitting periodic callback 'neutron.plugins.ml2.drivers.ovn.mech_driver.ovsdb.maintenance.HashRingHealthCheckPeriodics.touch_hash_ring_node' {{(pid=89989) _process_scheduled /opt/stack/data/venv/lib/python3.12/site-packages/futurist/periodics.py:784}}
Jun 05 22:03:26.379466 np0000002234 devstack@neutron-api.service[89989]: DEBUG neutron.plugins.ml2.drivers.ovn.mech_driver.ovsdb.maintenance [-] Touching Hash Ring node "fb064c85cc3d58ea8f5c1d8aa5471b78" from periodic health check thread {{(pid=89989) touch_hash_ring_node /opt/stack/neutron/neutron/plugins/ml2/drivers/ovn/mech_driver/ovsdb/maintenance.py:1421}}
Jun 05 22:03:27.216097 np0000002234 devstack@neutron-api.service[89987]: DEBUG futurist.periodics [-] Submitting periodic callback 'neutron.plugins.ml2.drivers.ovn.mech_driver.ovsdb.maintenance.HashRingHealthCheckPeriodics.touch_hash_ring_node' {{(pid=89987) _process_scheduled /opt/stack/data/venv/lib/python3.12/site-packages/futurist/periodics.py:784}}
Jun 05 22:03:27.216622 np0000002234 devstack@neutron-api.service[89987]: DEBUG neutron.plugins.ml2.drivers.ovn.mech_driver.ovsdb.maintenance [-] Touching Hash Ring node "09201cb06f3e5a04a5452648a8cc8965" from periodic health check thread {{(pid=89987) touch_hash_ring_node /opt/stack/neutron/neutron/plugins/ml2/drivers/ovn/mech_driver/ovsdb/maintenance.py:1421}}
Jun 05 22:03:27.275086 np0000002234 devstack@neutron-api.service[89988]: DEBUG futurist.periodics [-] Submitting periodic callback 'neutron.plugins.ml2.drivers.ovn.mech_driver.ovsdb.maintenance.HashRingHealthCheckPeriodics.touch_hash_ring_node' {{(pid=89988) _process_scheduled /opt/stack/data/venv/lib/python3.12/site-packages/futurist/periodics.py:784}}
Jun 05 22:03:27.275471 np0000002234 devstack@neutron-api.service[89988]: DEBUG neutron.plugins.ml2.drivers.ovn.mech_driver.ovsdb.maintenance [-] Touching Hash Ring node "f5646fd99e485a21a227eb205409c489" from periodic health check thread {{(pid=89988) touch_hash_ring_node /opt/stack/neutron/neutron/plugins/ml2/drivers/ovn/mech_driver/ovsdb/maintenance.py:1421}}
Jun 05 22:03:36.385529 np0000002234 devstack@neutron-api.service[89989]: DEBUG dbcounter [-] [89989] Writing DB stats neutron:UPDATE=1,neutron:SELECT=1 {{(pid=89989) stat_writer /opt/stack/data/venv/lib/python3.12/site-packages/dbcounter.py:115}}
Jun 05 22:03:37.226328 np0000002234 devstack@neutron-api.service[89987]: DEBUG dbcounter [-] [89987] Writing DB stats neutron:UPDATE=1,neutron:SELECT=1 {{(pid=89987) stat_writer /opt/stack/data/venv/lib/python3.12/site-packages/dbcounter.py:115}}
Jun 05 22:03:37.282054 np0000002234 devstack@neutron-api.service[89988]: DEBUG dbcounter [-] [89988] Writing DB stats neutron:UPDATE=1,neutron:SELECT=1 {{(pid=89988) stat_writer /opt/stack/data/venv/lib/python3.12/site-packages/dbcounter.py:115}}
Jun 05 22:03:41.379594 np0000002234 devstack@neutron-api.service[89989]: DEBUG futurist.periodics [-] Submitting periodic callback 'neutron.plugins.ml2.drivers.ovn.mech_driver.ovsdb.maintenance.HashRingHealthCheckPeriodics.touch_hash_ring_node' {{(pid=89989) _process_scheduled /opt/stack/data/venv/lib/python3.12/site-packages/futurist/periodics.py:784}}
Jun 05 22:03:41.379997 np0000002234 devstack@neutron-api.service[89989]: DEBUG neutron.plugins.ml2.drivers.ovn.mech_driver.ovsdb.maintenance [-] Touching Hash Ring node "fb064c85cc3d58ea8f5c1d8aa5471b78" from periodic health check thread {{(pid=89989) touch_hash_ring_node /opt/stack/neutron/neutron/plugins/ml2/drivers/ovn/mech_driver/ovsdb/maintenance.py:1421}}
Jun 05 22:03:42.216639 np0000002234 devstack@neutron-api.service[89987]: DEBUG futurist.periodics [-] Submitting periodic callback 'neutron.plugins.ml2.drivers.ovn.mech_driver.ovsdb.maintenance.HashRingHealthCheckPeriodics.touch_hash_ring_node' {{(pid=89987) _process_scheduled /opt/stack/data/venv/lib/python3.12/site-packages/futurist/periodics.py:784}}
Jun 05 22:03:42.217156 np0000002234 devstack@neutron-api.service[89987]: DEBUG neutron.plugins.ml2.drivers.ovn.mech_driver.ovsdb.maintenance [-] Touching Hash Ring node "09201cb06f3e5a04a5452648a8cc8965" from periodic health check thread {{(pid=89987) touch_hash_ring_node /opt/stack/neutron/neutron/plugins/ml2/drivers/ovn/mech_driver/ovsdb/maintenance.py:1421}}
Jun 05 22:03:42.275606 np0000002234 devstack@neutron-api.service[89988]: DEBUG futurist.periodics [-] Submitting periodic callback 'neutron.plugins.ml2.drivers.ovn.mech_driver.ovsdb.maintenance.HashRingHealthCheckPeriodics.touch_hash_ring_node' {{(pid=89988) _process_scheduled /opt/stack/data/venv/lib/python3.12/site-packages/futurist/periodics.py:784}}
Jun 05 22:03:42.276093 np0000002234 devstack@neutron-api.service[89988]: DEBUG neutron.plugins.ml2.drivers.ovn.mech_driver.ovsdb.maintenance [-] Touching Hash Ring node "f5646fd99e485a21a227eb205409c489" from periodic health check thread {{(pid=89988) touch_hash_ring_node /opt/stack/neutron/neutron/plugins/ml2/drivers/ovn/mech_driver/ovsdb/maintenance.py:1421}}
Jun 05 22:03:47.588169 np0000002234 devstack@neutron-api.service[89988]: DEBUG neutron.api.wsgi [None req-bfef5a7b-877a-4901-ade0-c3db127465e2 admin admin] Missing Content-Type {{(pid=89988) get_content_type /opt/stack/neutron/neutron/api/wsgi.py:80}}
Jun 05 22:03:47.588611 np0000002234 devstack@neutron-api.service[89988]: DEBUG neutron.api.wsgi [None req-bfef5a7b-877a-4901-ade0-c3db127465e2 admin admin] https://10.4.3.99/networking/v2.0/extensions returned with HTTP 200 {{(pid=89988) __call__ /opt/stack/neutron/neutron/api/wsgi.py:540}}
Jun 05 22:03:47.588915 np0000002234 devstack@neutron-api.service[89988]: [pid: 89988|app: 0|req: 11/34] 10.4.3.99 () {64 vars in 1285 bytes} [Fri Jun 5 22:03:47 2026] GET /networking/v2.0/extensions => generated 15873 bytes in 3 msecs (HTTP/1.1 200) 4 headers in 159 bytes (1 switches on core 0)
Jun 05 22:03:47.845872 np0000002234 devstack@neutron-api.service[89989]: INFO neutron.pecan_wsgi.hooks.translation [None req-55312b56-dcca-43fd-a621-4ea077d5a5a8 admin admin] GET failed (client error): The resource could not be found.
Jun 05 22:03:47.846571 np0000002234 devstack@neutron-api.service[89989]: [pid: 89989|app: 0|req: 13/35] 10.4.3.99 () {64 vars in 1287 bytes} [Fri Jun 5 22:03:47 2026] GET /networking/v2.0/networks/public => generated 108 bytes in 8 msecs (HTTP/1.1 404) 4 headers in 164 bytes (1 switches on core 0)
Jun 05 22:03:47.888789 np0000002234 devstack@neutron-api.service[89987]: DEBUG neutron.pecan_wsgi.hooks.policy_enforcement [None req-da5ab0aa-000b-43c2-af73-192c25faa153 admin admin] Attributes excluded by policy engine: ['standard_attr_id'] {{(pid=89987) _exclude_attributes_by_policy /opt/stack/neutron/neutron/pecan_wsgi/hooks/policy_enforcement.py:256}}
Jun 05 22:03:47.889498 np0000002234 devstack@neutron-api.service[89987]: [pid: 89987|app: 0|req: 12/36] 10.4.3.99 () {64 vars in 1302 bytes} [Fri Jun 5 22:03:47 2026] GET /networking/v2.0/networks?name=public => generated 759 bytes in 37 msecs (HTTP/1.1 200) 4 headers in 157 bytes (1 switches on core 0)
Jun 05 22:03:48.078456 np0000002234 devstack@neutron-api.service[89988]: DEBUG neutron.api.v2.base [None req-5556e4a4-19b0-478f-a683-5c4b72a2d8e6 admin admin] Request body: {'network': {'name': 'shared', 'admin_state_up': True, 'shared': True}} {{(pid=89988) prepare_request_body /opt/stack/neutron/neutron/api/v2/base.py:727}}
Jun 05 22:03:48.092249 np0000002234 devstack@neutron-api.service[89988]: DEBUG neutron.pecan_wsgi.hooks.quota_enforcement [None req-5556e4a4-19b0-478f-a683-5c4b72a2d8e6 admin admin] Made reservation on behalf of d6558e3bb4ef4ca7a95b1fcd3c8dd127 for: {'network': 1} {{(pid=89988) before /opt/stack/neutron/neutron/pecan_wsgi/hooks/quota_enforcement.py:66}}
Jun 05 22:03:48.094838 np0000002234 devstack@neutron-api.service[89988]: DEBUG neutron_lib.callbacks.manager [None req-5556e4a4-19b0-478f-a683-5c4b72a2d8e6 admin admin] Publish callbacks ['neutron.plugins.ml2.plugin.SecurityGroupDbMixin._ensure_default_security_group_handler-193132'] for network (None), before_create {{(pid=89988) _notify_loop /opt/stack/data/venv/lib/python3.12/site-packages/neutron_lib/callbacks/manager.py:184}}
Jun 05 22:03:48.119960 np0000002234 devstack@neutron-api.service[89988]: WARNING neutron.services.revisions.revision_plugin [None req-5556e4a4-19b0-478f-a683-5c4b72a2d8e6 admin admin] Could not find related network for resource to bump revision.
Jun 05 22:03:48.145323 np0000002234 devstack@neutron-api.service[89988]: DEBUG neutron.plugins.ml2.drivers.helpers [None req-5556e4a4-19b0-478f-a683-5c4b72a2d8e6 admin admin] geneve segment allocate from pool success with {'geneve_vni': 22798} {{(pid=89988) allocate_partially_specified_segment /opt/stack/neutron/neutron/plugins/ml2/drivers/helpers.py:142}}
Jun 05 22:03:48.152012 np0000002234 devstack@neutron-api.service[89988]: DEBUG neutron_lib.callbacks.manager [None req-5556e4a4-19b0-478f-a683-5c4b72a2d8e6 admin admin] Publish callbacks ['neutron.plugins.ml2.plugin.Ml2Plugin._handle_segment_change-979350'] for segment (32613ef1-f635-46c6-a9f8-bbd25b8f1f37), precommit_create {{(pid=89988) _notify_loop /opt/stack/data/venv/lib/python3.12/site-packages/neutron_lib/callbacks/manager.py:184}}
Jun 05 22:03:48.152168 np0000002234 devstack@neutron-api.service[89988]: INFO neutron.db.segments_db [None req-5556e4a4-19b0-478f-a683-5c4b72a2d8e6 admin admin] Added segment 32613ef1-f635-46c6-a9f8-bbd25b8f1f37 of type geneve for network 0566c4d3-3349-448f-9995-f33290a9c38a
Jun 05 22:03:48.164613 np0000002234 devstack@neutron-api.service[89988]: DEBUG neutron_lib.callbacks.manager [None req-5556e4a4-19b0-478f-a683-5c4b72a2d8e6 admin admin] Publish callbacks ['neutron.services.auto_allocate.db._ensure_external_network_default_value_callback-8375072893562'] for network (0566c4d3-3349-448f-9995-f33290a9c38a), precommit_create {{(pid=89988) _notify_loop /opt/stack/data/venv/lib/python3.12/site-packages/neutron_lib/callbacks/manager.py:184}}
Jun 05 22:03:48.175884 np0000002234 devstack@neutron-api.service[89988]: DEBUG neutron.plugins.ml2.drivers.ovn.mech_driver.mech_driver [None req-5556e4a4-19b0-478f-a683-5c4b72a2d8e6 admin admin] Validating network segment with type geneve, segmentation ID 22798, physical network None {{(pid=89988) _validate_network_segments /opt/stack/neutron/neutron/plugins/ml2/drivers/ovn/mech_driver/mech_driver.py:643}}
Jun 05 22:03:48.176045 np0000002234 devstack@neutron-api.service[89988]: DEBUG neutron.db.ovn_revision_numbers_db [None req-5556e4a4-19b0-478f-a683-5c4b72a2d8e6 admin admin] create_initial_revision uuid=0566c4d3-3349-448f-9995-f33290a9c38a, type=networks, rev=-1 {{(pid=89988) create_initial_revision /opt/stack/neutron/neutron/db/ovn_revision_numbers_db.py:98}}
Jun 05 22:03:48.184468 np0000002234 devstack@neutron-api.service[89988]: DEBUG neutron_lib.callbacks.manager [None req-5556e4a4-19b0-478f-a683-5c4b72a2d8e6 admin admin] Publish callbacks ['neutron.plugins.ml2.ovo_rpc._ObjectChangeHandler.handle_event-6783084'] for network (0566c4d3-3349-448f-9995-f33290a9c38a), after_create {{(pid=89988) _notify_loop /opt/stack/data/venv/lib/python3.12/site-packages/neutron_lib/callbacks/manager.py:184}}
Jun 05 22:03:48.197350 np0000002234 devstack@neutron-api.service[89988]: DEBUG neutron.api.rpc.handlers.resources_rpc [None req-5556e4a4-19b0-478f-a683-5c4b72a2d8e6 admin admin] Pushing event updated for resources: {'Network': ['ID=0566c4d3-3349-448f-9995-f33290a9c38a,revision_number=1']} {{(pid=89988) push /opt/stack/neutron/neutron/api/rpc/handlers/resources_rpc.py:237}}
Jun 05 22:03:48.201031 np0000002234 devstack@neutron-api.service[89988]: DEBUG ovsdbapp.backend.ovs_idl.transaction [None req-d1fed2bf-3f01-4591-bed6-4d830b77b735 None None] Running txn n=1 command(idx=0): CheckLivenessCommand(_result=None) {{(pid=89988) do_commit /opt/stack/data/venv/lib/python3.12/site-packages/ovsdbapp/backend/ovs_idl/transaction.py:89}}
Jun 05 22:03:48.206466 np0000002234 devstack@neutron-api.service[89989]: DEBUG neutron.plugins.ml2.drivers.ovn.mech_driver.ovsdb.ovsdb_monitor [None req-7d1defe8-f083-4265-bc1a-277fae3a2430 None None] ChassisAgentWriteEvent : Matched Chassis_Private, update, None None {{(pid=89989) matches /opt/stack/neutron/neutron/plugins/ml2/drivers/ovn/mech_driver/ovsdb/ovsdb_monitor.py:64}}
Jun 05 22:03:48.207005 np0000002234 devstack@neutron-api.service[89987]: DEBUG neutron.plugins.ml2.drivers.ovn.mech_driver.ovsdb.ovsdb_monitor [None req-c8222376-4e14-4dbf-be3e-ac66453e1816 None None] ChassisAgentWriteEvent : Matched Chassis_Private, update, None None {{(pid=89987) matches /opt/stack/neutron/neutron/plugins/ml2/drivers/ovn/mech_driver/ovsdb/ovsdb_monitor.py:64}}
Jun 05 22:03:48.207141 np0000002234 devstack@neutron-api.service[89988]: DEBUG neutron.plugins.ml2.drivers.ovn.mech_driver.ovsdb.ovsdb_monitor [None req-0e6cf58e-fae9-4dd6-b2a4-7eff6f616a6c None None] ChassisAgentWriteEvent : Matched Chassis_Private, update, None None {{(pid=89988) matches /opt/stack/neutron/neutron/plugins/ml2/drivers/ovn/mech_driver/ovsdb/ovsdb_monitor.py:64}}
Jun 05 22:03:48.214817 np0000002234 devstack@neutron-api.service[89989]: DEBUG neutron.common.ovn.hash_ring_manager [None req-ca2179a3-3ca6-4941-866d-b0193a21c5e2 None None] Hash Ring loaded. 3 active nodes. 0 offline nodes {{(pid=89989) _load_hash_ring /opt/stack/neutron/neutron/common/ovn/hash_ring_manager.py:102}}
Jun 05 22:03:48.215200 np0000002234 devstack@neutron-api.service[89989]: DEBUG neutron.common.ovn.hash_ring_manager [None req-7d1defe8-f083-4265-bc1a-277fae3a2430 None None] Hash Ring loaded. 3 active nodes. 0 offline nodes {{(pid=89989) _load_hash_ring /opt/stack/neutron/neutron/common/ovn/hash_ring_manager.py:102}}
Jun 05 22:03:48.215830 np0000002234 devstack@neutron-api.service[89987]: DEBUG neutron.common.ovn.hash_ring_manager [None req-c8222376-4e14-4dbf-be3e-ac66453e1816 None None] Hash Ring loaded. 3 active nodes. 0 offline nodes {{(pid=89987) _load_hash_ring /opt/stack/neutron/neutron/common/ovn/hash_ring_manager.py:102}}
Jun 05 22:03:48.215971 np0000002234 devstack@neutron-api.service[89988]: DEBUG neutron.common.ovn.hash_ring_manager [None req-d1fed2bf-3f01-4591-bed6-4d830b77b735 None None] Hash Ring loaded. 3 active nodes. 0 offline nodes {{(pid=89988) _load_hash_ring /opt/stack/neutron/neutron/common/ovn/hash_ring_manager.py:102}}
Jun 05 22:03:48.216095 np0000002234 devstack@neutron-api.service[89987]: DEBUG neutron.plugins.ml2.drivers.ovn.mech_driver.ovsdb.ovsdb_monitor [None req-c8222376-4e14-4dbf-be3e-ac66453e1816 None None] Hash Ring: Node 09201cb06f3e5a04a5452648a8cc8965 (host: np0000002234) handling event "update" for row 0cafcc11-eb8c-4641-903d-03dd611c54b5 (table: Chassis_Private) {{(pid=89987) notify /opt/stack/neutron/neutron/plugins/ml2/drivers/ovn/mech_driver/ovsdb/ovsdb_monitor.py:1015}}
Jun 05 22:03:48.216238 np0000002234 devstack@neutron-api.service[89988]: DEBUG neutron.plugins.ml2.drivers.ovn.mech_driver.ovsdb.ovsdb_monitor [None req-d1fed2bf-3f01-4591-bed6-4d830b77b735 None None] Hash Ring: Node f5646fd99e485a21a227eb205409c489 (host: np0000002234) handling event "update" for row 402029af-cdf2-4d2e-a7b5-8589b3416e70 (table: NB_Global) {{(pid=89988) notify /opt/stack/neutron/neutron/plugins/ml2/drivers/ovn/mech_driver/ovsdb/ovsdb_monitor.py:1015}}
Jun 05 22:03:48.216587 np0000002234 devstack@neutron-api.service[89988]: DEBUG neutron.common.ovn.hash_ring_manager [None req-0e6cf58e-fae9-4dd6-b2a4-7eff6f616a6c None None] Hash Ring loaded. 3 active nodes. 0 offline nodes {{(pid=89988) _load_hash_ring /opt/stack/neutron/neutron/common/ovn/hash_ring_manager.py:102}}
Jun 05 22:03:48.216643 np0000002234 devstack@neutron-api.service[89987]: DEBUG neutron.common.ovn.hash_ring_manager [None req-2ccd62ab-3d15-4799-bf0d-654d4674ed38 None None] Hash Ring loaded. 3 active nodes. 0 offline nodes {{(pid=89987) _load_hash_ring /opt/stack/neutron/neutron/common/ovn/hash_ring_manager.py:102}}
Jun 05 22:03:48.217441 np0000002234 devstack@neutron-api.service[89988]: DEBUG neutron.plugins.ml2.drivers.ovn.mech_driver.ovsdb.ovsdb_monitor [None req-d1fed2bf-3f01-4591-bed6-4d830b77b735 None None] Hash Ring: Node f5646fd99e485a21a227eb205409c489 (host: np0000002234) handling event "update" for row 402029af-cdf2-4d2e-a7b5-8589b3416e70 (table: NB_Global) {{(pid=89988) notify /opt/stack/neutron/neutron/plugins/ml2/drivers/ovn/mech_driver/ovsdb/ovsdb_monitor.py:1015}}
Jun 05 22:03:48.217903 np0000002234 devstack@neutron-api.service[89988]: DEBUG neutron.plugins.ml2.drivers.ovn.mech_driver.ovsdb.ovsdb_monitor [None req-d1fed2bf-3f01-4591-bed6-4d830b77b735 None None] Hash Ring: Node f5646fd99e485a21a227eb205409c489 (host: np0000002234) handling event "update" for row 402029af-cdf2-4d2e-a7b5-8589b3416e70 (table: NB_Global) {{(pid=89988) notify /opt/stack/neutron/neutron/plugins/ml2/drivers/ovn/mech_driver/ovsdb/ovsdb_monitor.py:1015}}
Jun 05 22:03:48.218356 np0000002234 devstack@neutron-api.service[89988]: DEBUG neutron.plugins.ml2.drivers.ovn.mech_driver.ovsdb.ovsdb_monitor [None req-d1fed2bf-3f01-4591-bed6-4d830b77b735 None None] Hash Ring: Node f5646fd99e485a21a227eb205409c489 (host: np0000002234) handling event "update" for row 402029af-cdf2-4d2e-a7b5-8589b3416e70 (table: NB_Global) {{(pid=89988) notify /opt/stack/neutron/neutron/plugins/ml2/drivers/ovn/mech_driver/ovsdb/ovsdb_monitor.py:1015}}
Jun 05 22:03:48.229755 np0000002234 devstack@neutron-api.service[89988]: DEBUG ovsdbapp.backend.ovs_idl.transaction [None req-d1fed2bf-3f01-4591-bed6-4d830b77b735 None None] Running txn n=1 command(idx=0): AddNetworkCommand(_result=None, network_uuid=0566c4d3-3349-448f-9995-f33290a9c38a, may_exist=True, columns={'external_ids': {'neutron:network_name': 'shared', 'neutron:mtu': '1372', 'neutron:revision_number': '1', 'neutron:availability_zone_hints': '', 'neutron:provnet-network-type': 'geneve'}, 'other_config': {'mcast_snoop': 'false', 'mcast_flood_unregistered': 'false', 'vlan-passthru': 'false'}}) {{(pid=89988) do_commit /opt/stack/data/venv/lib/python3.12/site-packages/ovsdbapp/backend/ovs_idl/transaction.py:89}}
Jun 05 22:03:48.231834 np0000002234 devstack@neutron-api.service[89988]: DEBUG neutron.plugins.ml2.drivers.ovn.mech_driver.ovsdb.ovsdb_monitor [None req-d1fed2bf-3f01-4591-bed6-4d830b77b735 None None] Hash Ring: Node f5646fd99e485a21a227eb205409c489 (host: np0000002234) handling event "create" for row 0566c4d3-3349-448f-9995-f33290a9c38a (table: Logical_Switch) {{(pid=89988) notify /opt/stack/neutron/neutron/plugins/ml2/drivers/ovn/mech_driver/ovsdb/ovsdb_monitor.py:1015}}
Jun 05 22:03:48.240145 np0000002234 devstack@neutron-api.service[89988]: DEBUG neutron.plugins.ml2.drivers.ovn.mech_driver.ovsdb.ovsdb_monitor [None req-0e6cf58e-fae9-4dd6-b2a4-7eff6f616a6c None None] Hash Ring: Node f5646fd99e485a21a227eb205409c489 (host: np0000002234) handling event "create" for row d4950ccb-aa04-4dac-bccc-c9831789b497 (table: Datapath_Binding) {{(pid=89988) notify /opt/stack/neutron/neutron/plugins/ml2/drivers/ovn/mech_driver/ovsdb/ovsdb_monitor.py:1015}}
Jun 05 22:03:48.253597 np0000002234 devstack@neutron-api.service[89988]: INFO neutron.db.ovn_revision_numbers_db [None req-5556e4a4-19b0-478f-a683-5c4b72a2d8e6 admin admin] Successfully bumped revision number for resource 0566c4d3-3349-448f-9995-f33290a9c38a (type: networks) to 1
Jun 05 22:03:48.265140 np0000002234 devstack@neutron-api.service[89988]: DEBUG neutron_lib.callbacks.manager [None req-5556e4a4-19b0-478f-a683-5c4b72a2d8e6 admin admin] Publish callbacks ['neutron.plugins.ml2.plugin.SecurityGroupDbMixin._ensure_default_security_group_handler-193132'] for port (None), before_create {{(pid=89988) _notify_loop /opt/stack/data/venv/lib/python3.12/site-packages/neutron_lib/callbacks/manager.py:184}}
Jun 05 22:03:48.333016 np0000002234 devstack@neutron-api.service[89988]: DEBUG neutron_lib.callbacks.manager [None req-5556e4a4-19b0-478f-a683-5c4b72a2d8e6 admin admin] Publish callbacks ['neutron.plugins.ml2.drivers.ovn.mech_driver.mech_driver.OVNMechanismDriver._validate_allowed_address_pairs-3670869'] for allowed_address_pair (e665508f-180f-4ff7-97b1-76ba09426696), before_create {{(pid=89988) _notify_loop /opt/stack/data/venv/lib/python3.12/site-packages/neutron_lib/callbacks/manager.py:184}}
Jun 05 22:03:48.333639 np0000002234 devstack@neutron-api.service[89988]: DEBUG neutron_lib.callbacks.manager [None req-5556e4a4-19b0-478f-a683-5c4b72a2d8e6 admin admin] Publish callbacks [] for port (e665508f-180f-4ff7-97b1-76ba09426696), precommit_create {{(pid=89988) _notify_loop /opt/stack/data/venv/lib/python3.12/site-packages/neutron_lib/callbacks/manager.py:184}}
Jun 05 22:03:48.333815 np0000002234 devstack@neutron-api.service[89988]: DEBUG neutron.plugins.ml2.drivers.ovn.mech_driver.mech_driver [None req-5556e4a4-19b0-478f-a683-5c4b72a2d8e6 admin admin] No provisioning block for port e665508f-180f-4ff7-97b1-76ba09426696 since it does not have a host {{(pid=89988) _is_port_provisioning_required /opt/stack/neutron/neutron/plugins/ml2/drivers/ovn/mech_driver/mech_driver.py:896}}
Jun 05 22:03:48.334010 np0000002234 devstack@neutron-api.service[89988]: DEBUG neutron.db.ovn_revision_numbers_db [None req-5556e4a4-19b0-478f-a683-5c4b72a2d8e6 admin admin] create_initial_revision uuid=e665508f-180f-4ff7-97b1-76ba09426696, type=ports, rev=-1 {{(pid=89988) create_initial_revision /opt/stack/neutron/neutron/db/ovn_revision_numbers_db.py:98}}
Jun 05 22:03:48.377809 np0000002234 devstack@neutron-api.service[89988]: DEBUG neutron_lib.callbacks.manager [None req-5556e4a4-19b0-478f-a683-5c4b72a2d8e6 admin admin] Publish callbacks ['neutron.plugins.ml2.ovo_rpc._ObjectChangeHandler.handle_event-6783102'] for port (e665508f-180f-4ff7-97b1-76ba09426696), after_create {{(pid=89988) _notify_loop /opt/stack/data/venv/lib/python3.12/site-packages/neutron_lib/callbacks/manager.py:184}}
Jun 05 22:03:48.418116 np0000002234 devstack@neutron-api.service[89988]: DEBUG neutron.api.rpc.handlers.resources_rpc [None req-5556e4a4-19b0-478f-a683-5c4b72a2d8e6 admin admin] Pushing event updated for resources: {'Port': ['ID=e665508f-180f-4ff7-97b1-76ba09426696,revision_number=1']} {{(pid=89988) push /opt/stack/neutron/neutron/api/rpc/handlers/resources_rpc.py:237}}
Jun 05 22:03:48.425439 np0000002234 devstack@neutron-api.service[89988]: DEBUG ovsdbapp.backend.ovs_idl.transaction [None req-d1fed2bf-3f01-4591-bed6-4d830b77b735 None None] Running txn n=1 command(idx=0): AddLSwitchPortCommand(_result=None, lport=e665508f-180f-4ff7-97b1-76ba09426696, lswitch=neutron-0566c4d3-3349-448f-9995-f33290a9c38a, may_exist=True, network_uuid=0566c4d3-3349-448f-9995-f33290a9c38a, columns={'addresses': ['fa:16:3e:1c:5c:e7'], 'external_ids': {'neutron:port_name': '', 'neutron:device_id': 'ovnmeta-0566c4d3-3349-448f-9995-f33290a9c38a', 'neutron:project_id': 'd6558e3bb4ef4ca7a95b1fcd3c8dd127', 'neutron:cidrs': '', 'neutron:device_owner': 'network:distributed', 'neutron:subnet_pool_addr_scope4': '', 'neutron:subnet_pool_addr_scope6': '', 'neutron:network_name': 'neutron-0566c4d3-3349-448f-9995-f33290a9c38a', 'neutron:security_group_ids': '', 'neutron:revision_number': '1', 'neutron:vnic_type': 'normal', 'neutron:port_capabilities': '', 'neutron:mtu': '1372'}, 'parent_name': [], 'tag': [], 'enabled': True, 'options': {}, 'type': 'localport', 'port_security': [], 'dhcpv4_options': [], 'dhcpv6_options': []}) {{(pid=89988) do_commit /opt/stack/data/venv/lib/python3.12/site-packages/ovsdbapp/backend/ovs_idl/transaction.py:89}}
Jun 05 22:03:48.425949 np0000002234 devstack@neutron-api.service[89988]: DEBUG ovsdbapp.backend.ovs_idl.transaction [None req-d1fed2bf-3f01-4591-bed6-4d830b77b735 None None] Running txn n=1 command(idx=1): QoSDelCommand(_result=None, switch=neutron-0566c4d3-3349-448f-9995-f33290a9c38a, conditions=[('direction', '=', 'to-lport'), ('priority', '=', 2002), ('match', '=', 'outport == "e665508f-180f-4ff7-97b1-76ba09426696"')], if_exists=True) {{(pid=89988) do_commit /opt/stack/data/venv/lib/python3.12/site-packages/ovsdbapp/backend/ovs_idl/transaction.py:89}}
Jun 05 22:03:48.426169 np0000002234 devstack@neutron-api.service[89988]: DEBUG ovsdbapp.backend.ovs_idl.transaction [None req-d1fed2bf-3f01-4591-bed6-4d830b77b735 None None] Running txn n=1 command(idx=2): QoSDelCommand(_result=None, switch=neutron-0566c4d3-3349-448f-9995-f33290a9c38a, conditions=[('direction', '=', 'from-lport'), ('priority', '=', 2002), ('match', '=', 'inport == "e665508f-180f-4ff7-97b1-76ba09426696"')], if_exists=True) {{(pid=89988) do_commit /opt/stack/data/venv/lib/python3.12/site-packages/ovsdbapp/backend/ovs_idl/transaction.py:89}}
Jun 05 22:03:48.429071 np0000002234 devstack@neutron-api.service[89988]: DEBUG neutron.plugins.ml2.drivers.ovn.mech_driver.ovsdb.ovsdb_monitor [None req-d1fed2bf-3f01-4591-bed6-4d830b77b735 None None] Hash Ring: Node f5646fd99e485a21a227eb205409c489 (host: np0000002234) handling event "update" for row 0566c4d3-3349-448f-9995-f33290a9c38a (table: Logical_Switch) {{(pid=89988) notify /opt/stack/neutron/neutron/plugins/ml2/drivers/ovn/mech_driver/ovsdb/ovsdb_monitor.py:1015}}
Jun 05 22:03:48.430137 np0000002234 devstack@neutron-api.service[89987]: DEBUG neutron.plugins.ml2.drivers.ovn.mech_driver.ovsdb.ovsdb_monitor [None req-2ccd62ab-3d15-4799-bf0d-654d4674ed38 None None] Hash Ring: Node 09201cb06f3e5a04a5452648a8cc8965 (host: np0000002234) handling event "create" for row 4fad5ea7-ccf6-4180-a061-7f28687b314d (table: Logical_Switch_Port) {{(pid=89987) notify /opt/stack/neutron/neutron/plugins/ml2/drivers/ovn/mech_driver/ovsdb/ovsdb_monitor.py:1015}}
Jun 05 22:03:48.430848 np0000002234 devstack@neutron-api.service[89987]: DEBUG ovsdbapp.backend.ovs_idl.event [None req-2ccd62ab-3d15-4799-bf0d-654d4674ed38 None None] Matched CREATE: LogicalSwitchPortCreateEvent(events=('create',), table='Logical_Switch_Port', conditions=[], old_conditions=None), priority=20 to row=Logical_Switch_Port(uuid=4fad5ea7-ccf6-4180-a061-7f28687b314d, addresses=['fa:16:3e:1c:5c:e7'], dhcpv4_options=[], dhcpv6_options=[], dynamic_addresses=[], enabled=True, external_ids={'neutron:cidrs': '', 'neutron:device_id': 'ovnmeta-0566c4d3-3349-448f-9995-f33290a9c38a', 'neutron:device_owner': 'network:distributed', 'neutron:mtu': '1372', 'neutron:network_name': 'neutron-0566c4d3-3349-448f-9995-f33290a9c38a', 'neutron:port_capabilities': '', 'neutron:port_name': '', 'neutron:project_id': 'd6558e3bb4ef4ca7a95b1fcd3c8dd127', 'neutron:revision_number': '1', 'neutron:security_group_ids': '', 'neutron:subnet_pool_addr_scope4': '', 'neutron:subnet_pool_addr_scope6': '', 'neutron:vnic_type': 'normal'}, ha_chassis_group=[], mirror_rules=[], name='e665508f-180f-4ff7-97b1-76ba09426696', options={}, parent_name=[], port_security=[], tag=[], tag_request=[], type='localport', up=[]) old= {{(pid=89987) matches /opt/stack/data/venv/lib/python3.12/site-packages/ovsdbapp/backend/ovs_idl/event.py:55}}
Jun 05 22:03:48.431860 np0000002234 devstack@neutron-api.service[89987]: INFO neutron.plugins.ml2.drivers.ovn.mech_driver.mech_driver [None req-561481d1-a07c-4794-b9ce-af66f86eb674 None None] OVN reports status down for port: e665508f-180f-4ff7-97b1-76ba09426696
Jun 05 22:03:48.432872 np0000002234 devstack@neutron-api.service[89989]: DEBUG neutron.plugins.ml2.drivers.ovn.mech_driver.ovsdb.ovsdb_monitor [None req-7d1defe8-f083-4265-bc1a-277fae3a2430 None None] Hash Ring: Node fb064c85cc3d58ea8f5c1d8aa5471b78 (host: np0000002234) handling event "create" for row 0fc46207-f4ad-4a97-a1a8-c7f1f818c2f9 (table: Port_Binding) {{(pid=89989) notify /opt/stack/neutron/neutron/plugins/ml2/drivers/ovn/mech_driver/ovsdb/ovsdb_monitor.py:1015}}
Jun 05 22:03:48.433650 np0000002234 devstack@neutron-api.service[89987]: DEBUG neutron.plugins.ml2.drivers.ovn.mech_driver.ovsdb.ovsdb_monitor [None req-2ccd62ab-3d15-4799-bf0d-654d4674ed38 None None] Hash Ring: Node 09201cb06f3e5a04a5452648a8cc8965 (host: np0000002234) handling event "update" for row 4fad5ea7-ccf6-4180-a061-7f28687b314d (table: Logical_Switch_Port) {{(pid=89987) notify /opt/stack/neutron/neutron/plugins/ml2/drivers/ovn/mech_driver/ovsdb/ovsdb_monitor.py:1015}}
Jun 05 22:03:48.458347 np0000002234 devstack@neutron-api.service[89987]: DEBUG neutron.db.provisioning_blocks [None req-561481d1-a07c-4794-b9ce-af66f86eb674 None None] Transition to ACTIVE for port object e665508f-180f-4ff7-97b1-76ba09426696 will not be triggered until provisioned by entity L2. {{(pid=89987) add_provisioning_component /opt/stack/neutron/neutron/db/provisioning_blocks.py:74}}
Jun 05 22:03:48.462910 np0000002234 devstack@neutron-api.service[89988]: INFO neutron.db.ovn_revision_numbers_db [None req-5556e4a4-19b0-478f-a683-5c4b72a2d8e6 admin admin] Successfully bumped revision number for resource e665508f-180f-4ff7-97b1-76ba09426696 (type: ports) to 1
Jun 05 22:03:48.474135 np0000002234 devstack@neutron-api.service[89988]: DEBUG neutron.pecan_wsgi.hooks.policy_enforcement [None req-5556e4a4-19b0-478f-a683-5c4b72a2d8e6 admin admin] Attributes excluded by policy engine: ['standard_attr_id'] {{(pid=89988) _exclude_attributes_by_policy /opt/stack/neutron/neutron/pecan_wsgi/hooks/policy_enforcement.py:256}}
Jun 05 22:03:48.474422 np0000002234 devstack@neutron-api.service[89988]: DEBUG neutron_lib.callbacks.manager [None req-5556e4a4-19b0-478f-a683-5c4b72a2d8e6 admin admin] Publish callbacks [] for network (None), before_response {{(pid=89988) _notify_loop /opt/stack/data/venv/lib/python3.12/site-packages/neutron_lib/callbacks/manager.py:184}}
Jun 05 22:03:48.480859 np0000002234 devstack@neutron-api.service[89987]: DEBUG neutron.plugins.ml2.plugin [None req-561481d1-a07c-4794-b9ce-af66f86eb674 None None] Current status of the port e665508f-180f-4ff7-97b1-76ba09426696 is: DOWN; New status is: DOWN {{(pid=89987) _update_individual_port_db_status /opt/stack/neutron/neutron/plugins/ml2/plugin.py:2470}}
Jun 05 22:03:48.481847 np0000002234 devstack@neutron-api.service[89987]: DEBUG ovsdbapp.backend.ovs_idl.transaction [None req-2ccd62ab-3d15-4799-bf0d-654d4674ed38 None None] Running txn n=1 command(idx=0): DbRemoveCommand(_result=None, table=Logical_Switch_Port, record=e665508f-180f-4ff7-97b1-76ba09426696, column=external_ids, values=('neutron:host_id',), keyvalues={}, if_exists=True) {{(pid=89987) do_commit /opt/stack/data/venv/lib/python3.12/site-packages/ovsdbapp/backend/ovs_idl/transaction.py:89}}
Jun 05 22:03:48.486608 np0000002234 devstack@neutron-api.service[89988]: [pid: 89988|app: 0|req: 12/37] 10.4.3.99 () {68 vars in 1319 bytes} [Fri Jun 5 22:03:48 2026] POST /networking/v2.0/networks => generated 679 bytes in 410 msecs (HTTP/1.1 201) 4 headers in 162 bytes (1 switches on core 0)
Jun 05 22:03:48.703284 np0000002234 devstack@neutron-api.service[89989]: INFO neutron.pecan_wsgi.hooks.translation [None req-ee3d35e3-7400-4b41-93b4-d3eff9a5d0c3 admin admin] GET failed (client error): The resource could not be found.
Jun 05 22:03:48.703870 np0000002234 devstack@neutron-api.service[89989]: [pid: 89989|app: 0|req: 14/38] 10.4.3.99 () {64 vars in 1287 bytes} [Fri Jun 5 22:03:48 2026] GET /networking/v2.0/networks/shared => generated 108 bytes in 7 msecs (HTTP/1.1 404) 4 headers in 164 bytes (1 switches on core 0)
Jun 05 22:03:48.737955 np0000002234 devstack@neutron-api.service[89987]: DEBUG neutron.pecan_wsgi.hooks.policy_enforcement [None req-566d7012-41e7-4017-a59d-e79136da54e0 admin admin] Attributes excluded by policy engine: ['standard_attr_id'] {{(pid=89987) _exclude_attributes_by_policy /opt/stack/neutron/neutron/pecan_wsgi/hooks/policy_enforcement.py:256}}
Jun 05 22:03:48.738902 np0000002234 devstack@neutron-api.service[89987]: [pid: 89987|app: 0|req: 13/39] 10.4.3.99 () {64 vars in 1302 bytes} [Fri Jun 5 22:03:48 2026] GET /networking/v2.0/networks?name=shared => generated 663 bytes in 29 msecs (HTTP/1.1 200) 4 headers in 157 bytes (1 switches on core 0)
Jun 05 22:03:48.751112 np0000002234 devstack@neutron-api.service[89988]: DEBUG neutron.api.v2.base [None req-c69ef72e-72cd-4f31-9869-8f0ffbf9f092 admin admin] Request body: {'subnet': {'ip_version': 4, 'cidr': '192.168.233.0/24', 'name': 'shared-subnet', 'network_id': '0566c4d3-3349-448f-9995-f33290a9c38a', 'description': 'shared-subnet'}} {{(pid=89988) prepare_request_body /opt/stack/neutron/neutron/api/v2/base.py:727}}
Jun 05 22:03:48.764729 np0000002234 devstack@neutron-api.service[89988]: DEBUG neutron.pecan_wsgi.hooks.quota_enforcement [None req-c69ef72e-72cd-4f31-9869-8f0ffbf9f092 admin admin] Made reservation on behalf of d6558e3bb4ef4ca7a95b1fcd3c8dd127 for: {'subnet': 1} {{(pid=89988) before /opt/stack/neutron/neutron/pecan_wsgi/hooks/quota_enforcement.py:66}}
Jun 05 22:03:48.767348 np0000002234 devstack@neutron-api.service[89988]: DEBUG neutron_lib.callbacks.manager [None req-c69ef72e-72cd-4f31-9869-8f0ffbf9f092 admin admin] Publish callbacks [] for subnet (None), before_create {{(pid=89988) _notify_loop /opt/stack/data/venv/lib/python3.12/site-packages/neutron_lib/callbacks/manager.py:184}}
Jun 05 22:03:48.828468 np0000002234 devstack@neutron-api.service[89988]: DEBUG neutron.db.ovn_revision_numbers_db [None req-c69ef72e-72cd-4f31-9869-8f0ffbf9f092 admin admin] create_initial_revision uuid=9f21b448-e207-4f53-9059-f8067a0102b0, type=subnets, rev=-1 {{(pid=89988) create_initial_revision /opt/stack/neutron/neutron/db/ovn_revision_numbers_db.py:98}}
Jun 05 22:03:48.833058 np0000002234 devstack@neutron-api.service[89988]: DEBUG neutron_lib.callbacks.manager [None req-c69ef72e-72cd-4f31-9869-8f0ffbf9f092 admin admin] Publish callbacks ['neutron.plugins.ml2.ovo_rpc._ObjectChangeHandler.handle_event-6783088'] for subnet (9f21b448-e207-4f53-9059-f8067a0102b0), after_create {{(pid=89988) _notify_loop /opt/stack/data/venv/lib/python3.12/site-packages/neutron_lib/callbacks/manager.py:184}}
Jun 05 22:03:48.845530 np0000002234 devstack@neutron-api.service[89988]: DEBUG neutron.api.rpc.handlers.resources_rpc [None req-c69ef72e-72cd-4f31-9869-8f0ffbf9f092 admin admin] Pushing event updated for resources: {'Subnet': ['ID=9f21b448-e207-4f53-9059-f8067a0102b0,revision_number=0']} {{(pid=89988) push /opt/stack/neutron/neutron/api/rpc/handlers/resources_rpc.py:237}}
Jun 05 22:03:48.894721 np0000002234 devstack@neutron-api.service[89988]: DEBUG neutron_lib.callbacks.manager [None req-c69ef72e-72cd-4f31-9869-8f0ffbf9f092 admin admin] Publish callbacks ['neutron.plugins.ml2.plugin.SecurityGroupDbMixin._ensure_default_security_group_handler-193132', 'neutron.services.ovn_l3.plugin.OVNL3RouterPlugin._port_update-8375072947190', 'neutron.db.l3_db.L3_NAT_dbonly_mixin._prevent_internal_ip_change_for_fip-8375074474288'] for port (e665508f-180f-4ff7-97b1-76ba09426696), before_update {{(pid=89988) _notify_loop /opt/stack/data/venv/lib/python3.12/site-packages/neutron_lib/callbacks/manager.py:184}}
Jun 05 22:03:48.980485 np0000002234 devstack@neutron-api.service[89988]: DEBUG neutron.db.db_base_plugin_common [None req-c69ef72e-72cd-4f31-9869-8f0ffbf9f092 admin admin] Allocated IP 192.168.233.2 (0566c4d3-3349-448f-9995-f33290a9c38a/9f21b448-e207-4f53-9059-f8067a0102b0/e665508f-180f-4ff7-97b1-76ba09426696) {{(pid=89988) _store_ip_allocation /opt/stack/neutron/neutron/db/db_base_plugin_common.py:131}}
Jun 05 22:03:49.046095 np0000002234 devstack@neutron-api.service[89988]: DEBUG neutron_lib.callbacks.manager [None req-c69ef72e-72cd-4f31-9869-8f0ffbf9f092 admin admin] Publish callbacks [] for port (e665508f-180f-4ff7-97b1-76ba09426696), precommit_update {{(pid=89988) _notify_loop /opt/stack/data/venv/lib/python3.12/site-packages/neutron_lib/callbacks/manager.py:184}}
Jun 05 22:03:49.046201 np0000002234 devstack@neutron-api.service[89988]: DEBUG neutron.plugins.ml2.drivers.ovn.mech_driver.mech_driver [None req-c69ef72e-72cd-4f31-9869-8f0ffbf9f092 admin admin] No provisioning block for port e665508f-180f-4ff7-97b1-76ba09426696 since it does not have a host {{(pid=89988) _is_port_provisioning_required /opt/stack/neutron/neutron/plugins/ml2/drivers/ovn/mech_driver/mech_driver.py:896}}
