Jul 06 09:29:28.041177 np0000004634 nova-scheduler[96323]: DEBUG cotyledon.oslo_config_glue [-] profiler.es_scroll_time = 2m {{(pid=96323) log_opt_values /opt/stack/data/venv/lib/python3.12/site-packages/oslo_config/cfg.py:3253}}
Jul 06 09:29:28.041177 np0000004634 nova-scheduler[96323]: DEBUG cotyledon.oslo_config_glue [-] profiler.filter_error_trace = False {{(pid=96323) log_opt_values /opt/stack/data/venv/lib/python3.12/site-packages/oslo_config/cfg.py:3253}}
Jul 06 09:29:28.041177 np0000004634 nova-scheduler[96323]: DEBUG cotyledon.oslo_config_glue [-] profiler.hmac_keys = **** {{(pid=96323) log_opt_values /opt/stack/data/venv/lib/python3.12/site-packages/oslo_config/cfg.py:3253}}
Jul 06 09:29:28.041177 np0000004634 nova-scheduler[96323]: DEBUG cotyledon.oslo_config_glue [-] profiler.sentinel_service_name = mymaster {{(pid=96323) log_opt_values /opt/stack/data/venv/lib/python3.12/site-packages/oslo_config/cfg.py:3253}}
Jul 06 09:29:28.041177 np0000004634 nova-scheduler[96323]: DEBUG cotyledon.oslo_config_glue [-] profiler.socket_timeout = 0.1 {{(pid=96323) log_opt_values /opt/stack/data/venv/lib/python3.12/site-packages/oslo_config/cfg.py:3253}}
Jul 06 09:29:28.041389 np0000004634 nova-scheduler[96323]: DEBUG cotyledon.oslo_config_glue [-] profiler.trace_requests = False {{(pid=96323) log_opt_values /opt/stack/data/venv/lib/python3.12/site-packages/oslo_config/cfg.py:3253}}
Jul 06 09:29:28.041389 np0000004634 nova-scheduler[96323]: DEBUG cotyledon.oslo_config_glue [-] profiler.trace_sqlalchemy = False {{(pid=96323) log_opt_values /opt/stack/data/venv/lib/python3.12/site-packages/oslo_config/cfg.py:3253}}
Jul 06 09:29:28.041389 np0000004634 nova-scheduler[96323]: DEBUG cotyledon.oslo_config_glue [-] profiler_jaeger.process_tags = {} {{(pid=96323) log_opt_values /opt/stack/data/venv/lib/python3.12/site-packages/oslo_config/cfg.py:3253}}
Jul 06 09:29:28.041389 np0000004634 nova-scheduler[96323]: DEBUG cotyledon.oslo_config_glue [-] profiler_jaeger.service_name_prefix = None {{(pid=96323) log_opt_values /opt/stack/data/venv/lib/python3.12/site-packages/oslo_config/cfg.py:3253}}
Jul 06 09:29:28.041389 np0000004634 nova-scheduler[96323]: DEBUG cotyledon.oslo_config_glue [-] profiler_otlp.service_name_prefix = None {{(pid=96323) log_opt_values /opt/stack/data/venv/lib/python3.12/site-packages/oslo_config/cfg.py:3253}}
Jul 06 09:29:28.041487 np0000004634 nova-scheduler[96323]: DEBUG cotyledon.oslo_config_glue [-] oslo_messaging_rabbit.amqp_auto_delete = False {{(pid=96323) log_opt_values /opt/stack/data/venv/lib/python3.12/site-packages/oslo_config/cfg.py:3253}}
Jul 06 09:29:28.041569 np0000004634 nova-scheduler[96323]: DEBUG cotyledon.oslo_config_glue [-] oslo_messaging_rabbit.amqp_durable_queues = False {{(pid=96323) log_opt_values /opt/stack/data/venv/lib/python3.12/site-packages/oslo_config/cfg.py:3253}}
Jul 06 09:29:28.041652 np0000004634 nova-scheduler[96323]: DEBUG cotyledon.oslo_config_glue [-] oslo_messaging_rabbit.conn_pool_min_size = 2 {{(pid=96323) log_opt_values /opt/stack/data/venv/lib/python3.12/site-packages/oslo_config/cfg.py:3253}}
Jul 06 09:29:28.041752 np0000004634 nova-scheduler[96323]: DEBUG cotyledon.oslo_config_glue [-] oslo_messaging_rabbit.conn_pool_ttl = 1200 {{(pid=96323) log_opt_values /opt/stack/data/venv/lib/python3.12/site-packages/oslo_config/cfg.py:3253}}
Jul 06 09:29:28.041846 np0000004634 nova-scheduler[96323]: DEBUG cotyledon.oslo_config_glue [-] oslo_messaging_rabbit.direct_mandatory_flag = True {{(pid=96323) log_opt_values /opt/stack/data/venv/lib/python3.12/site-packages/oslo_config/cfg.py:3253}}
Jul 06 09:29:28.041908 np0000004634 nova-scheduler[96323]: DEBUG cotyledon.oslo_config_glue [-] oslo_messaging_rabbit.enable_cancel_on_failover = False {{(pid=96323) log_opt_values /opt/stack/data/venv/lib/python3.12/site-packages/oslo_config/cfg.py:3253}}
Jul 06 09:29:28.041967 np0000004634 nova-scheduler[96323]: DEBUG cotyledon.oslo_config_glue [-] oslo_messaging_rabbit.heartbeat_rate = 3 {{(pid=96323) log_opt_values /opt/stack/data/venv/lib/python3.12/site-packages/oslo_config/cfg.py:3253}}
Jul 06 09:29:28.042027 np0000004634 nova-scheduler[96323]: DEBUG cotyledon.oslo_config_glue [-] oslo_messaging_rabbit.heartbeat_timeout_threshold = 60 {{(pid=96323) log_opt_values /opt/stack/data/venv/lib/python3.12/site-packages/oslo_config/cfg.py:3253}}
Jul 06 09:29:28.042116 np0000004634 nova-scheduler[96323]: DEBUG cotyledon.oslo_config_glue [-] oslo_messaging_rabbit.hostname = np0000004634 {{(pid=96323) log_opt_values /opt/stack/data/venv/lib/python3.12/site-packages/oslo_config/cfg.py:3253}}
Jul 06 09:29:28.042197 np0000004634 nova-scheduler[96323]: DEBUG cotyledon.oslo_config_glue [-] oslo_messaging_rabbit.kombu_compression = None {{(pid=96323) log_opt_values /opt/stack/data/venv/lib/python3.12/site-packages/oslo_config/cfg.py:3253}}
Jul 06 09:29:28.042264 np0000004634 nova-scheduler[96323]: DEBUG cotyledon.oslo_config_glue [-] oslo_messaging_rabbit.kombu_failover_strategy = round-robin {{(pid=96323) log_opt_values /opt/stack/data/venv/lib/python3.12/site-packages/oslo_config/cfg.py:3253}}
Jul 06 09:29:28.042336 np0000004634 nova-scheduler[96323]: DEBUG cotyledon.oslo_config_glue [-] oslo_messaging_rabbit.kombu_missing_consumer_retry_timeout = 60 {{(pid=96323) log_opt_values /opt/stack/data/venv/lib/python3.12/site-packages/oslo_config/cfg.py:3253}}
Jul 06 09:29:28.042411 np0000004634 nova-scheduler[96323]: DEBUG cotyledon.oslo_config_glue [-] oslo_messaging_rabbit.kombu_reconnect_delay = 1.0 {{(pid=96323) log_opt_values /opt/stack/data/venv/lib/python3.12/site-packages/oslo_config/cfg.py:3253}}
Jul 06 09:29:28.042483 np0000004634 nova-scheduler[96323]: DEBUG cotyledon.oslo_config_glue [-] oslo_messaging_rabbit.kombu_reconnect_splay = 0.0 {{(pid=96323) log_opt_values /opt/stack/data/venv/lib/python3.12/site-packages/oslo_config/cfg.py:3253}}
Jul 06 09:29:28.042570 np0000004634 nova-scheduler[96323]: DEBUG cotyledon.oslo_config_glue [-] oslo_messaging_rabbit.processname = nova-scheduler {{(pid=96323) log_opt_values /opt/stack/data/venv/lib/python3.12/site-packages/oslo_config/cfg.py:3253}}
Jul 06 09:29:28.042639 np0000004634 nova-scheduler[96323]: DEBUG cotyledon.oslo_config_glue [-] oslo_messaging_rabbit.rabbit_ha_queues = False {{(pid=96323) log_opt_values /opt/stack/data/venv/lib/python3.12/site-packages/oslo_config/cfg.py:3253}}
Jul 06 09:29:28.042710 np0000004634 nova-scheduler[96323]: DEBUG cotyledon.oslo_config_glue [-] oslo_messaging_rabbit.rabbit_interval_max = 30 {{(pid=96323) log_opt_values /opt/stack/data/venv/lib/python3.12/site-packages/oslo_config/cfg.py:3253}}
Jul 06 09:29:28.042786 np0000004634 nova-scheduler[96323]: DEBUG cotyledon.oslo_config_glue [-] oslo_messaging_rabbit.rabbit_login_method = AMQPLAIN {{(pid=96323) log_opt_values /opt/stack/data/venv/lib/python3.12/site-packages/oslo_config/cfg.py:3253}}
Jul 06 09:29:28.042849 np0000004634 nova-scheduler[96323]: DEBUG cotyledon.oslo_config_glue [-] oslo_messaging_rabbit.rabbit_qos_prefetch_count = 0 {{(pid=96323) log_opt_values /opt/stack/data/venv/lib/python3.12/site-packages/oslo_config/cfg.py:3253}}
Jul 06 09:29:28.042913 np0000004634 nova-scheduler[96323]: DEBUG cotyledon.oslo_config_glue [-] oslo_messaging_rabbit.rabbit_quorum_delivery_limit = 0 {{(pid=96323) log_opt_values /opt/stack/data/venv/lib/python3.12/site-packages/oslo_config/cfg.py:3253}}
Jul 06 09:29:28.042975 np0000004634 nova-scheduler[96323]: DEBUG cotyledon.oslo_config_glue [-] oslo_messaging_rabbit.rabbit_quorum_max_memory_bytes = 0 {{(pid=96323) log_opt_values /opt/stack/data/venv/lib/python3.12/site-packages/oslo_config/cfg.py:3253}}
Jul 06 09:29:28.043043 np0000004634 nova-scheduler[96323]: DEBUG cotyledon.oslo_config_glue [-] oslo_messaging_rabbit.rabbit_quorum_max_memory_length = 0 {{(pid=96323) log_opt_values /opt/stack/data/venv/lib/python3.12/site-packages/oslo_config/cfg.py:3253}}
Jul 06 09:29:28.043120 np0000004634 nova-scheduler[96323]: DEBUG cotyledon.oslo_config_glue [-] oslo_messaging_rabbit.rabbit_quorum_queue = False {{(pid=96323) log_opt_values /opt/stack/data/venv/lib/python3.12/site-packages/oslo_config/cfg.py:3253}}
Jul 06 09:29:28.043186 np0000004634 nova-scheduler[96323]: DEBUG cotyledon.oslo_config_glue [-] oslo_messaging_rabbit.rabbit_retry_backoff = 2 {{(pid=96323) log_opt_values /opt/stack/data/venv/lib/python3.12/site-packages/oslo_config/cfg.py:3253}}
Jul 06 09:29:28.043252 np0000004634 nova-scheduler[96323]: DEBUG cotyledon.oslo_config_glue [-] oslo_messaging_rabbit.rabbit_retry_interval = 1 {{(pid=96323) log_opt_values /opt/stack/data/venv/lib/python3.12/site-packages/oslo_config/cfg.py:3253}}
Jul 06 09:29:28.043326 np0000004634 nova-scheduler[96323]: DEBUG cotyledon.oslo_config_glue [-] oslo_messaging_rabbit.rabbit_stream_fanout = False {{(pid=96323) log_opt_values /opt/stack/data/venv/lib/python3.12/site-packages/oslo_config/cfg.py:3253}}
Jul 06 09:29:28.043392 np0000004634 nova-scheduler[96323]: DEBUG cotyledon.oslo_config_glue [-] oslo_messaging_rabbit.rabbit_transient_queues_ttl = 1800 {{(pid=96323) log_opt_values /opt/stack/data/venv/lib/python3.12/site-packages/oslo_config/cfg.py:3253}}
Jul 06 09:29:28.045020 np0000004634 nova-scheduler[96323]: DEBUG cotyledon.oslo_config_glue [-] oslo_messaging_rabbit.rabbit_transient_quorum_queue = False {{(pid=96323) log_opt_values /opt/stack/data/venv/lib/python3.12/site-packages/oslo_config/cfg.py:3253}}
Jul 06 09:29:28.045020 np0000004634 nova-scheduler[96323]: DEBUG cotyledon.oslo_config_glue [-] oslo_messaging_rabbit.rpc_conn_pool_size = 30 {{(pid=96323) log_opt_values /opt/stack/data/venv/lib/python3.12/site-packages/oslo_config/cfg.py:3253}}
Jul 06 09:29:28.045020 np0000004634 nova-scheduler[96323]: DEBUG cotyledon.oslo_config_glue [-] oslo_messaging_rabbit.ssl = False {{(pid=96323) log_opt_values /opt/stack/data/venv/lib/python3.12/site-packages/oslo_config/cfg.py:3253}}
Jul 06 09:29:28.045020 np0000004634 nova-scheduler[96323]: DEBUG cotyledon.oslo_config_glue [-] oslo_messaging_rabbit.ssl_ca_file = {{(pid=96323) log_opt_values /opt/stack/data/venv/lib/python3.12/site-packages/oslo_config/cfg.py:3253}}
Jul 06 09:29:28.045020 np0000004634 nova-scheduler[96323]: DEBUG cotyledon.oslo_config_glue [-] oslo_messaging_rabbit.ssl_cert_file = {{(pid=96323) log_opt_values /opt/stack/data/venv/lib/python3.12/site-packages/oslo_config/cfg.py:3253}}
Jul 06 09:29:28.045020 np0000004634 nova-scheduler[96323]: DEBUG cotyledon.oslo_config_glue [-] oslo_messaging_rabbit.ssl_enforce_fips_mode = False {{(pid=96323) log_opt_values /opt/stack/data/venv/lib/python3.12/site-packages/oslo_config/cfg.py:3253}}
Jul 06 09:29:28.045020 np0000004634 nova-scheduler[96323]: DEBUG cotyledon.oslo_config_glue [-] oslo_messaging_rabbit.ssl_enforce_hostname_verification = True {{(pid=96323) log_opt_values /opt/stack/data/venv/lib/python3.12/site-packages/oslo_config/cfg.py:3253}}
Jul 06 09:29:28.045020 np0000004634 nova-scheduler[96323]: DEBUG cotyledon.oslo_config_glue [-] oslo_messaging_rabbit.ssl_key_file = {{(pid=96323) log_opt_values /opt/stack/data/venv/lib/python3.12/site-packages/oslo_config/cfg.py:3253}}
Jul 06 09:29:28.045020 np0000004634 nova-scheduler[96323]: DEBUG cotyledon.oslo_config_glue [-] oslo_messaging_rabbit.ssl_version = {{(pid=96323) log_opt_values /opt/stack/data/venv/lib/python3.12/site-packages/oslo_config/cfg.py:3253}}
Jul 06 09:29:28.045286 np0000004634 nova-scheduler[96323]: DEBUG cotyledon.oslo_config_glue [-] oslo_messaging_rabbit.use_queue_manager = False {{(pid=96323) log_opt_values /opt/stack/data/venv/lib/python3.12/site-packages/oslo_config/cfg.py:3253}}
Jul 06 09:29:28.045286 np0000004634 nova-scheduler[96323]: DEBUG cotyledon.oslo_config_glue [-] oslo_messaging_notifications.driver = ['messagingv2'] {{(pid=96323) log_opt_values /opt/stack/data/venv/lib/python3.12/site-packages/oslo_config/cfg.py:3253}}
Jul 06 09:29:28.045286 np0000004634 nova-scheduler[96323]: DEBUG cotyledon.oslo_config_glue [-] oslo_messaging_notifications.retry = -1 {{(pid=96323) log_opt_values /opt/stack/data/venv/lib/python3.12/site-packages/oslo_config/cfg.py:3253}}
Jul 06 09:29:28.045286 np0000004634 nova-scheduler[96323]: DEBUG cotyledon.oslo_config_glue [-] oslo_messaging_notifications.topics = ['notifications'] {{(pid=96323) log_opt_values /opt/stack/data/venv/lib/python3.12/site-packages/oslo_config/cfg.py:3253}}
Jul 06 09:29:28.045286 np0000004634 nova-scheduler[96323]: DEBUG cotyledon.oslo_config_glue [-] oslo_messaging_notifications.transport_url = **** {{(pid=96323) log_opt_values /opt/stack/data/venv/lib/python3.12/site-packages/oslo_config/cfg.py:3253}}
Jul 06 09:29:28.045286 np0000004634 nova-scheduler[96323]: DEBUG cotyledon.oslo_config_glue [-] oslo_limit.auth_section = None {{(pid=96323) log_opt_values /opt/stack/data/venv/lib/python3.12/site-packages/oslo_config/cfg.py:3253}}
Jul 06 09:29:28.045286 np0000004634 nova-scheduler[96323]: DEBUG cotyledon.oslo_config_glue [-] oslo_limit.auth_type = None {{(pid=96323) log_opt_values /opt/stack/data/venv/lib/python3.12/site-packages/oslo_config/cfg.py:3253}}
Jul 06 09:29:28.045286 np0000004634 nova-scheduler[96323]: DEBUG cotyledon.oslo_config_glue [-] oslo_limit.cafile = None {{(pid=96323) log_opt_values /opt/stack/data/venv/lib/python3.12/site-packages/oslo_config/cfg.py:3253}}
Jul 06 09:29:28.045286 np0000004634 nova-scheduler[96323]: DEBUG cotyledon.oslo_config_glue [-] oslo_limit.certfile = None {{(pid=96323) log_opt_values /opt/stack/data/venv/lib/python3.12/site-packages/oslo_config/cfg.py:3253}}
Jul 06 09:29:28.045502 np0000004634 nova-scheduler[96323]: DEBUG cotyledon.oslo_config_glue [-] oslo_limit.collect_timing = False {{(pid=96323) log_opt_values /opt/stack/data/venv/lib/python3.12/site-packages/oslo_config/cfg.py:3253}}
Jul 06 09:29:28.045502 np0000004634 nova-scheduler[96323]: DEBUG cotyledon.oslo_config_glue [-] oslo_limit.connect_retries = None {{(pid=96323) log_opt_values /opt/stack/data/venv/lib/python3.12/site-packages/oslo_config/cfg.py:3253}}
Jul 06 09:29:28.045502 np0000004634 nova-scheduler[96323]: DEBUG cotyledon.oslo_config_glue [-] oslo_limit.connect_retry_delay = None {{(pid=96323) log_opt_values /opt/stack/data/venv/lib/python3.12/site-packages/oslo_config/cfg.py:3253}}
Jul 06 09:29:28.045502 np0000004634 nova-scheduler[96323]: DEBUG cotyledon.oslo_config_glue [-] oslo_limit.endpoint_id = None {{(pid=96323) log_opt_values /opt/stack/data/venv/lib/python3.12/site-packages/oslo_config/cfg.py:3253}}
Jul 06 09:29:28.045502 np0000004634 nova-scheduler[96323]: DEBUG cotyledon.oslo_config_glue [-] oslo_limit.endpoint_interface = public {{(pid=96323) log_opt_values /opt/stack/data/venv/lib/python3.12/site-packages/oslo_config/cfg.py:3253}}
Jul 06 09:29:28.045502 np0000004634 nova-scheduler[96323]: DEBUG cotyledon.oslo_config_glue [-] oslo_limit.endpoint_override = None {{(pid=96323) log_opt_values /opt/stack/data/venv/lib/python3.12/site-packages/oslo_config/cfg.py:3253}}
Jul 06 09:29:28.045502 np0000004634 nova-scheduler[96323]: DEBUG cotyledon.oslo_config_glue [-] oslo_limit.endpoint_region_name = None {{(pid=96323) log_opt_values /opt/stack/data/venv/lib/python3.12/site-packages/oslo_config/cfg.py:3253}}
Jul 06 09:29:28.045502 np0000004634 nova-scheduler[96323]: DEBUG cotyledon.oslo_config_glue [-] oslo_limit.endpoint_service_name = None {{(pid=96323) log_opt_values /opt/stack/data/venv/lib/python3.12/site-packages/oslo_config/cfg.py:3253}}
Jul 06 09:29:28.045502 np0000004634 nova-scheduler[96323]: DEBUG cotyledon.oslo_config_glue [-] oslo_limit.endpoint_service_type = None {{(pid=96323) log_opt_values /opt/stack/data/venv/lib/python3.12/site-packages/oslo_config/cfg.py:3253}}
Jul 06 09:29:28.045708 np0000004634 nova-scheduler[96323]: DEBUG cotyledon.oslo_config_glue [-] oslo_limit.insecure = False {{(pid=96323) log_opt_values /opt/stack/data/venv/lib/python3.12/site-packages/oslo_config/cfg.py:3253}}
Jul 06 09:29:28.045708 np0000004634 nova-scheduler[96323]: DEBUG cotyledon.oslo_config_glue [-] oslo_limit.keyfile = None {{(pid=96323) log_opt_values /opt/stack/data/venv/lib/python3.12/site-packages/oslo_config/cfg.py:3253}}
Jul 06 09:29:28.045708 np0000004634 nova-scheduler[96323]: DEBUG cotyledon.oslo_config_glue [-] oslo_limit.max_version = None {{(pid=96323) log_opt_values /opt/stack/data/venv/lib/python3.12/site-packages/oslo_config/cfg.py:3253}}
Jul 06 09:29:28.045708 np0000004634 nova-scheduler[96323]: DEBUG cotyledon.oslo_config_glue [-] oslo_limit.min_version = None {{(pid=96323) log_opt_values /opt/stack/data/venv/lib/python3.12/site-packages/oslo_config/cfg.py:3253}}
Jul 06 09:29:28.045708 np0000004634 nova-scheduler[96323]: DEBUG cotyledon.oslo_config_glue [-] oslo_limit.region_name = None {{(pid=96323) log_opt_values /opt/stack/data/venv/lib/python3.12/site-packages/oslo_config/cfg.py:3253}}
Jul 06 09:29:28.045708 np0000004634 nova-scheduler[96323]: DEBUG cotyledon.oslo_config_glue [-] oslo_limit.retriable_status_codes = None {{(pid=96323) log_opt_values /opt/stack/data/venv/lib/python3.12/site-packages/oslo_config/cfg.py:3253}}
Jul 06 09:29:28.045708 np0000004634 nova-scheduler[96323]: DEBUG cotyledon.oslo_config_glue [-] oslo_limit.service_name = None {{(pid=96323) log_opt_values /opt/stack/data/venv/lib/python3.12/site-packages/oslo_config/cfg.py:3253}}
Jul 06 09:29:28.045708 np0000004634 nova-scheduler[96323]: DEBUG cotyledon.oslo_config_glue [-] oslo_limit.service_type = None {{(pid=96323) log_opt_values /opt/stack/data/venv/lib/python3.12/site-packages/oslo_config/cfg.py:3253}}
Jul 06 09:29:28.045876 np0000004634 nova-scheduler[96323]: DEBUG cotyledon.oslo_config_glue [-] oslo_limit.split_loggers = False {{(pid=96323) log_opt_values /opt/stack/data/venv/lib/python3.12/site-packages/oslo_config/cfg.py:3253}}
Jul 06 09:29:28.045876 np0000004634 nova-scheduler[96323]: DEBUG cotyledon.oslo_config_glue [-] oslo_limit.status_code_retries = None {{(pid=96323) log_opt_values /opt/stack/data/venv/lib/python3.12/site-packages/oslo_config/cfg.py:3253}}
Jul 06 09:29:28.045918 np0000004634 nova-scheduler[96323]: DEBUG cotyledon.oslo_config_glue [-] oslo_limit.status_code_retry_delay = None {{(pid=96323) log_opt_values /opt/stack/data/venv/lib/python3.12/site-packages/oslo_config/cfg.py:3253}}
Jul 06 09:29:28.045962 np0000004634 nova-scheduler[96323]: DEBUG cotyledon.oslo_config_glue [-] oslo_limit.timeout = None {{(pid=96323) log_opt_values /opt/stack/data/venv/lib/python3.12/site-packages/oslo_config/cfg.py:3253}}
Jul 06 09:29:28.046022 np0000004634 nova-scheduler[96323]: DEBUG cotyledon.oslo_config_glue [-] oslo_limit.valid_interfaces = None {{(pid=96323) log_opt_values /opt/stack/data/venv/lib/python3.12/site-packages/oslo_config/cfg.py:3253}}
Jul 06 09:29:28.046112 np0000004634 nova-scheduler[96323]: DEBUG cotyledon.oslo_config_glue [-] oslo_limit.version = None {{(pid=96323) log_opt_values /opt/stack/data/venv/lib/python3.12/site-packages/oslo_config/cfg.py:3253}}
Jul 06 09:29:28.046224 np0000004634 nova-scheduler[96323]: DEBUG cotyledon.oslo_config_glue [-] oslo_reports.file_event_handler = None {{(pid=96323) log_opt_values /opt/stack/data/venv/lib/python3.12/site-packages/oslo_config/cfg.py:3253}}
Jul 06 09:29:28.050072 np0000004634 nova-scheduler[96323]: DEBUG cotyledon.oslo_config_glue [-] oslo_reports.file_event_handler_interval = 1 {{(pid=96323) log_opt_values /opt/stack/data/venv/lib/python3.12/site-packages/oslo_config/cfg.py:3253}}
Jul 06 09:29:28.050072 np0000004634 nova-scheduler[96323]: DEBUG cotyledon.oslo_config_glue [-] oslo_reports.log_dir = None {{(pid=96323) log_opt_values /opt/stack/data/venv/lib/python3.12/site-packages/oslo_config/cfg.py:3253}}
Jul 06 09:29:28.050072 np0000004634 nova-scheduler[96323]: DEBUG cotyledon.oslo_config_glue [-] ******************************************************************************** {{(pid=96323) log_opt_values /opt/stack/data/venv/lib/python3.12/site-packages/oslo_config/cfg.py:3260}}
Jul 06 09:29:28.050072 np0000004634 nova-scheduler[96323]: DEBUG cotyledon._service_worker [-] Run service ServiceWrapper(3) [96323] {{(pid=96323) wait_forever /opt/stack/data/venv/lib/python3.12/site-packages/cotyledon/_service_worker.py:218}}
Jul 06 09:29:28.050072 np0000004634 nova-scheduler[96323]: INFO nova.service [-] Starting scheduler node (version 33.1.0)
Jul 06 09:29:28.053067 np0000004634 nova-scheduler[96323]: INFO dbcounter [None req-7c430d96-ed28-46e6-b799-510c00a55e63 None None] Registered counter for database nova_cell0
Jul 06 09:29:28.059160 np0000004634 nova-scheduler[96313]: DEBUG dbcounter [-] [96313] Writer thread running {{(pid=96313) stat_writer /opt/stack/data/venv/lib/python3.12/site-packages/dbcounter.py:102}}
Jul 06 09:29:28.073328 np0000004634 nova-scheduler[96315]: DEBUG oslo_db.sqlalchemy.engines [None req-ed1024d3-bd2c-43c9-8205-976e27fbb1b6 None None] MySQL server mode set to STRICT_TRANS_TABLES,STRICT_ALL_TABLES,NO_ZERO_IN_DATE,NO_ZERO_DATE,ERROR_FOR_DIVISION_BY_ZERO,TRADITIONAL,NO_ENGINE_SUBSTITUTION {{(pid=96315) _check_effective_sql_mode /opt/stack/data/venv/lib/python3.12/site-packages/oslo_db/sqlalchemy/engines.py:325}}
Jul 06 09:29:28.080104 np0000004634 nova-scheduler[96313]: DEBUG nova.service [None req-af22a8cf-ecf3-491b-a4e1-a64f0660b439 None None] Creating RPC server for service: nova-scheduler on topic: scheduler {{(pid=96313) start /opt/stack/nova/nova/service.py:196}}
Jul 06 09:29:28.085294 np0000004634 nova-scheduler[96315]: DEBUG dbcounter [-] [96315] Writer thread running {{(pid=96315) stat_writer /opt/stack/data/venv/lib/python3.12/site-packages/dbcounter.py:102}}
Jul 06 09:29:28.088810 np0000004634 nova-scheduler[96315]: DEBUG nova.service [None req-ed1024d3-bd2c-43c9-8205-976e27fbb1b6 None None] Creating RPC server for service: nova-scheduler on topic: scheduler {{(pid=96315) start /opt/stack/nova/nova/service.py:196}}
Jul 06 09:29:28.099069 np0000004634 nova-scheduler[96317]: DEBUG oslo_db.sqlalchemy.engines [None req-f533678d-f026-475f-a78b-31f5cde2c15a None None] MySQL server mode set to STRICT_TRANS_TABLES,STRICT_ALL_TABLES,NO_ZERO_IN_DATE,NO_ZERO_DATE,ERROR_FOR_DIVISION_BY_ZERO,TRADITIONAL,NO_ENGINE_SUBSTITUTION {{(pid=96317) _check_effective_sql_mode /opt/stack/data/venv/lib/python3.12/site-packages/oslo_db/sqlalchemy/engines.py:325}}
Jul 06 09:29:28.115812 np0000004634 nova-scheduler[96313]: DEBUG nova.service [None req-af22a8cf-ecf3-491b-a4e1-a64f0660b439 None None] Join ServiceGroup membership for this service scheduler {{(pid=96313) start /opt/stack/nova/nova/service.py:222}}
Jul 06 09:29:28.116529 np0000004634 nova-scheduler[96313]: DEBUG nova.servicegroup.drivers.db [None req-af22a8cf-ecf3-491b-a4e1-a64f0660b439 None None] DB_Driver: join new ServiceGroup member np0000004634 to the scheduler group, service = {{(pid=96313) join /opt/stack/nova/nova/servicegroup/drivers/db.py:44}}
Jul 06 09:29:28.116613 np0000004634 nova-scheduler[96317]: DEBUG dbcounter [-] [96317] Writer thread running {{(pid=96317) stat_writer /opt/stack/data/venv/lib/python3.12/site-packages/dbcounter.py:102}}
Jul 06 09:29:28.116664 np0000004634 nova-scheduler[96315]: DEBUG nova.service [None req-ed1024d3-bd2c-43c9-8205-976e27fbb1b6 None None] Join ServiceGroup membership for this service scheduler {{(pid=96315) start /opt/stack/nova/nova/service.py:222}}
Jul 06 09:29:28.117935 np0000004634 nova-scheduler[96315]: DEBUG nova.servicegroup.drivers.db [None req-ed1024d3-bd2c-43c9-8205-976e27fbb1b6 None None] DB_Driver: join new ServiceGroup member np0000004634 to the scheduler group, service = {{(pid=96315) join /opt/stack/nova/nova/servicegroup/drivers/db.py:44}}
Jul 06 09:29:28.118242 np0000004634 nova-scheduler[96323]: DEBUG oslo_db.sqlalchemy.engines [None req-7c430d96-ed28-46e6-b799-510c00a55e63 None None] MySQL server mode set to STRICT_TRANS_TABLES,STRICT_ALL_TABLES,NO_ZERO_IN_DATE,NO_ZERO_DATE,ERROR_FOR_DIVISION_BY_ZERO,TRADITIONAL,NO_ENGINE_SUBSTITUTION {{(pid=96323) _check_effective_sql_mode /opt/stack/data/venv/lib/python3.12/site-packages/oslo_db/sqlalchemy/engines.py:325}}
Jul 06 09:29:28.121358 np0000004634 nova-scheduler[96317]: DEBUG nova.service [None req-f533678d-f026-475f-a78b-31f5cde2c15a None None] Creating RPC server for service: nova-scheduler on topic: scheduler {{(pid=96317) start /opt/stack/nova/nova/service.py:196}}
Jul 06 09:29:28.131505 np0000004634 nova-scheduler[96323]: DEBUG dbcounter [-] [96323] Writer thread running {{(pid=96323) stat_writer /opt/stack/data/venv/lib/python3.12/site-packages/dbcounter.py:102}}
Jul 06 09:29:28.135364 np0000004634 nova-scheduler[96323]: DEBUG nova.service [None req-7c430d96-ed28-46e6-b799-510c00a55e63 None None] Creating RPC server for service: nova-scheduler on topic: scheduler {{(pid=96323) start /opt/stack/nova/nova/service.py:196}}
Jul 06 09:29:28.142511 np0000004634 nova-scheduler[96317]: DEBUG nova.service [None req-f533678d-f026-475f-a78b-31f5cde2c15a None None] Join ServiceGroup membership for this service scheduler {{(pid=96317) start /opt/stack/nova/nova/service.py:222}}
Jul 06 09:29:28.142787 np0000004634 nova-scheduler[96317]: DEBUG nova.servicegroup.drivers.db [None req-f533678d-f026-475f-a78b-31f5cde2c15a None None] DB_Driver: join new ServiceGroup member np0000004634 to the scheduler group, service = {{(pid=96317) join /opt/stack/nova/nova/servicegroup/drivers/db.py:44}}
Jul 06 09:29:28.158790 np0000004634 nova-scheduler[96323]: DEBUG nova.service [None req-7c430d96-ed28-46e6-b799-510c00a55e63 None None] Join ServiceGroup membership for this service scheduler {{(pid=96323) start /opt/stack/nova/nova/service.py:222}}
Jul 06 09:29:28.159055 np0000004634 nova-scheduler[96323]: DEBUG nova.servicegroup.drivers.db [None req-7c430d96-ed28-46e6-b799-510c00a55e63 None None] DB_Driver: join new ServiceGroup member np0000004634 to the scheduler group, service = {{(pid=96323) join /opt/stack/nova/nova/servicegroup/drivers/db.py:44}}
Jul 06 09:29:33.133062 np0000004634 nova-scheduler[96313]: DEBUG oslo.service.backend._threading.loopingcall [-] Fixed interval looping call 'nova.servicegroup.drivers.db.DbDriver._report_state' sleeping for 119.99 seconds {{(pid=96313) _run_loop /opt/stack/data/venv/lib/python3.12/site-packages/oslo_service/backend/_threading/loopingcall.py:125}}
Jul 06 09:29:33.133613 np0000004634 nova-scheduler[96315]: DEBUG oslo.service.backend._threading.loopingcall [-] Fixed interval looping call 'nova.servicegroup.drivers.db.DbDriver._report_state' sleeping for 119.99 seconds {{(pid=96315) _run_loop /opt/stack/data/venv/lib/python3.12/site-packages/oslo_service/backend/_threading/loopingcall.py:125}}
Jul 06 09:29:33.154228 np0000004634 nova-scheduler[96317]: DEBUG oslo.service.backend._threading.loopingcall [-] Fixed interval looping call 'nova.servicegroup.drivers.db.DbDriver._report_state' sleeping for 119.99 seconds {{(pid=96317) _run_loop /opt/stack/data/venv/lib/python3.12/site-packages/oslo_service/backend/_threading/loopingcall.py:125}}
Jul 06 09:29:33.172028 np0000004634 nova-scheduler[96323]: DEBUG oslo.service.backend._threading.loopingcall [-] Fixed interval looping call 'nova.servicegroup.drivers.db.DbDriver._report_state' sleeping for 119.99 seconds {{(pid=96323) _run_loop /opt/stack/data/venv/lib/python3.12/site-packages/oslo_service/backend/_threading/loopingcall.py:125}}
Jul 06 09:29:36.607682 np0000004634 nova-scheduler[95120]: DEBUG dbcounter [-] [95120] Writing DB stats nova_api:SELECT=3 {{(pid=95120) stat_writer /opt/stack/data/venv/lib/python3.12/site-packages/dbcounter.py:115}}
Jul 06 09:29:36.756727 np0000004634 nova-scheduler[95120]: DEBUG dbcounter [-] [95120] Writing DB stats nova_cell0:SELECT=1 {{(pid=95120) stat_writer /opt/stack/data/venv/lib/python3.12/site-packages/dbcounter.py:115}}
Jul 06 09:29:36.762731 np0000004634 nova-scheduler[95120]: DEBUG dbcounter [-] [95120] Writing DB stats nova_cell1:SELECT=1 {{(pid=95120) stat_writer /opt/stack/data/venv/lib/python3.12/site-packages/dbcounter.py:115}}
Jul 06 09:29:43.128086 np0000004634 nova-scheduler[96313]: DEBUG dbcounter [-] [96313] Writing DB stats nova_cell0:SELECT=4,nova_cell0:INSERT=1,nova_cell0:UPDATE=1 {{(pid=96313) stat_writer /opt/stack/data/venv/lib/python3.12/site-packages/dbcounter.py:115}}
Jul 06 09:29:43.130197 np0000004634 nova-scheduler[96315]: DEBUG dbcounter [-] [96315] Writing DB stats nova_cell0:SELECT=3,nova_cell0:UPDATE=1 {{(pid=96315) stat_writer /opt/stack/data/venv/lib/python3.12/site-packages/dbcounter.py:115}}
Jul 06 09:29:43.151744 np0000004634 nova-scheduler[96317]: DEBUG dbcounter [-] [96317] Writing DB stats nova_cell0:SELECT=3 {{(pid=96317) stat_writer /opt/stack/data/venv/lib/python3.12/site-packages/dbcounter.py:115}}
Jul 06 09:29:43.167609 np0000004634 nova-scheduler[96323]: DEBUG dbcounter [-] [96323] Writing DB stats nova_cell0:SELECT=3 {{(pid=96323) stat_writer /opt/stack/data/venv/lib/python3.12/site-packages/dbcounter.py:115}}
Jul 06 09:29:52.146502 np0000004634 nova-scheduler[96317]: DEBUG oslo.service.backend._threading.loopingcall [None req-cbc820b4-835e-4d10-852b-ac970a039540 None None] Dynamic interval looping call 'nova.service.Service.periodic_tasks' sleeping for 60.00 seconds {{(pid=96317) _run_loop /opt/stack/data/venv/lib/python3.12/site-packages/oslo_service/backend/_threading/loopingcall.py:125}}
Jul 06 09:29:53.161716 np0000004634 nova-scheduler[96323]: DEBUG oslo.service.backend._threading.loopingcall [None req-1a38900d-c85c-4713-8c57-3aff1ed9c91b None None] Dynamic interval looping call 'nova.service.Service.periodic_tasks' sleeping for 60.00 seconds {{(pid=96323) _run_loop /opt/stack/data/venv/lib/python3.12/site-packages/oslo_service/backend/_threading/loopingcall.py:125}}
Jul 06 09:29:57.120357 np0000004634 nova-scheduler[96315]: DEBUG oslo.service.backend._threading.loopingcall [None req-5e172c08-ff1b-4663-86ac-de1707a1ff9d None None] Dynamic interval looping call 'nova.service.Service.periodic_tasks' sleeping for 60.00 seconds {{(pid=96315) _run_loop /opt/stack/data/venv/lib/python3.12/site-packages/oslo_service/backend/_threading/loopingcall.py:125}}
Jul 06 09:30:26.119811 np0000004634 nova-scheduler[96313]: DEBUG oslo.service.backend._threading.loopingcall [None req-91831c68-cad5-44f6-8c0e-faf456473319 None None] Dynamic interval looping call 'nova.service.Service.periodic_tasks' sleeping for 60.00 seconds {{(pid=96313) _run_loop /opt/stack/data/venv/lib/python3.12/site-packages/oslo_service/backend/_threading/loopingcall.py:125}}
Jul 06 09:30:52.146981 np0000004634 nova-scheduler[96317]: DEBUG oslo.service.backend._threading.loopingcall [None req-cbc820b4-835e-4d10-852b-ac970a039540 None None] Dynamic interval looping call 'nova.service.Service.periodic_tasks' sleeping for 60.00 seconds {{(pid=96317) _run_loop /opt/stack/data/venv/lib/python3.12/site-packages/oslo_service/backend/_threading/loopingcall.py:125}}
Jul 06 09:30:53.162314 np0000004634 nova-scheduler[96323]: DEBUG oslo.service.backend._threading.loopingcall [None req-1a38900d-c85c-4713-8c57-3aff1ed9c91b None None] Dynamic interval looping call 'nova.service.Service.periodic_tasks' sleeping for 60.00 seconds {{(pid=96323) _run_loop /opt/stack/data/venv/lib/python3.12/site-packages/oslo_service/backend/_threading/loopingcall.py:125}}
Jul 06 09:30:57.121375 np0000004634 nova-scheduler[96315]: DEBUG oslo.service.backend._threading.loopingcall [None req-5e172c08-ff1b-4663-86ac-de1707a1ff9d None None] Dynamic interval looping call 'nova.service.Service.periodic_tasks' sleeping for 60.00 seconds {{(pid=96315) _run_loop /opt/stack/data/venv/lib/python3.12/site-packages/oslo_service/backend/_threading/loopingcall.py:125}}
Jul 06 09:31:26.120343 np0000004634 nova-scheduler[96313]: DEBUG oslo.service.backend._threading.loopingcall [None req-91831c68-cad5-44f6-8c0e-faf456473319 None None] Dynamic interval looping call 'nova.service.Service.periodic_tasks' sleeping for 60.00 seconds {{(pid=96313) _run_loop /opt/stack/data/venv/lib/python3.12/site-packages/oslo_service/backend/_threading/loopingcall.py:125}}
Jul 06 09:31:33.133642 np0000004634 nova-scheduler[96313]: DEBUG oslo.service.backend._threading.loopingcall [-] Fixed interval looping call 'nova.servicegroup.drivers.db.DbDriver._report_state' sleeping for 119.99 seconds {{(pid=96313) _run_loop /opt/stack/data/venv/lib/python3.12/site-packages/oslo_service/backend/_threading/loopingcall.py:125}}
Jul 06 09:31:33.135198 np0000004634 nova-scheduler[96315]: DEBUG oslo.service.backend._threading.loopingcall [-] Fixed interval looping call 'nova.servicegroup.drivers.db.DbDriver._report_state' sleeping for 119.99 seconds {{(pid=96315) _run_loop /opt/stack/data/venv/lib/python3.12/site-packages/oslo_service/backend/_threading/loopingcall.py:125}}
Jul 06 09:31:33.147534 np0000004634 nova-scheduler[96317]: DEBUG oslo.service.backend._threading.loopingcall [-] Fixed interval looping call 'nova.servicegroup.drivers.db.DbDriver._report_state' sleeping for 120.00 seconds {{(pid=96317) _run_loop /opt/stack/data/venv/lib/python3.12/site-packages/oslo_service/backend/_threading/loopingcall.py:125}}
Jul 06 09:31:33.165879 np0000004634 nova-scheduler[96323]: DEBUG oslo.service.backend._threading.loopingcall [-] Fixed interval looping call 'nova.servicegroup.drivers.db.DbDriver._report_state' sleeping for 120.00 seconds {{(pid=96323) _run_loop /opt/stack/data/venv/lib/python3.12/site-packages/oslo_service/backend/_threading/loopingcall.py:125}}
Jul 06 09:31:43.127989 np0000004634 nova-scheduler[96313]: DEBUG dbcounter [-] [96313] Writing DB stats nova_cell0:SELECT=1,nova_cell0:UPDATE=1 {{(pid=96313) stat_writer /opt/stack/data/venv/lib/python3.12/site-packages/dbcounter.py:115}}
Jul 06 09:31:43.128456 np0000004634 nova-scheduler[96315]: DEBUG dbcounter [-] [96315] Writing DB stats nova_cell0:SELECT=1,nova_cell0:UPDATE=1 {{(pid=96315) stat_writer /opt/stack/data/venv/lib/python3.12/site-packages/dbcounter.py:115}}
Jul 06 09:31:43.146120 np0000004634 nova-scheduler[96317]: DEBUG dbcounter [-] [96317] Writing DB stats nova_cell0:SELECT=1 {{(pid=96317) stat_writer /opt/stack/data/venv/lib/python3.12/site-packages/dbcounter.py:115}}
Jul 06 09:31:43.595925 np0000004634 nova-scheduler[96323]: DEBUG dbcounter [-] [96323] Writing DB stats nova_cell0:SELECT=1 {{(pid=96323) stat_writer /opt/stack/data/venv/lib/python3.12/site-packages/dbcounter.py:115}}
Jul 06 09:31:52.147491 np0000004634 nova-scheduler[96317]: DEBUG oslo.service.backend._threading.loopingcall [None req-cbc820b4-835e-4d10-852b-ac970a039540 None None] Dynamic interval looping call 'nova.service.Service.periodic_tasks' sleeping for 60.00 seconds {{(pid=96317) _run_loop /opt/stack/data/venv/lib/python3.12/site-packages/oslo_service/backend/_threading/loopingcall.py:125}}
Jul 06 09:31:53.163124 np0000004634 nova-scheduler[96323]: DEBUG oslo.service.backend._threading.loopingcall [None req-1a38900d-c85c-4713-8c57-3aff1ed9c91b None None] Dynamic interval looping call 'nova.service.Service.periodic_tasks' sleeping for 60.00 seconds {{(pid=96323) _run_loop /opt/stack/data/venv/lib/python3.12/site-packages/oslo_service/backend/_threading/loopingcall.py:125}}
Jul 06 09:31:55.785885 np0000004634 nova-scheduler[96313]: DEBUG nova.scheduler.manager [None req-67e423b0-f0e0-4ad6-8e3d-98df5e5744ab tempest-ServerActionsTestOtherA-495931793 tempest-ServerActionsTestOtherA-495931793-project-member] Starting to schedule for instances: ['07d161b6-e24f-45f5-806f-5dc1ab6ad0a4'] {{(pid=96313) select_destinations /opt/stack/nova/nova/scheduler/manager.py:209}}
Jul 06 09:31:55.786434 np0000004634 nova-scheduler[96313]: DEBUG nova.scheduler.request_filter [None req-67e423b0-f0e0-4ad6-8e3d-98df5e5744ab tempest-ServerActionsTestOtherA-495931793 tempest-ServerActionsTestOtherA-495931793-project-member] compute_status_filter request filter added forbidden trait COMPUTE_STATUS_DISABLED {{(pid=96313) compute_status_filter /opt/stack/nova/nova/scheduler/request_filter.py:253}}
Jul 06 09:31:55.786554 np0000004634 nova-scheduler[96313]: DEBUG nova.scheduler.request_filter [None req-67e423b0-f0e0-4ad6-8e3d-98df5e5744ab tempest-ServerActionsTestOtherA-495931793 tempest-ServerActionsTestOtherA-495931793-project-member] Request filter 'compute_status_filter' took 0.0 seconds {{(pid=96313) wrapper /opt/stack/nova/nova/scheduler/request_filter.py:46}}
Jul 06 09:31:55.786776 np0000004634 nova-scheduler[96313]: DEBUG nova.scheduler.request_filter [None req-67e423b0-f0e0-4ad6-8e3d-98df5e5744ab tempest-ServerActionsTestOtherA-495931793 tempest-ServerActionsTestOtherA-495931793-project-member] Request filter 'accelerators_filter' took 0.0 seconds {{(pid=96313) wrapper /opt/stack/nova/nova/scheduler/request_filter.py:46}}
Jul 06 09:31:55.787078 np0000004634 nova-scheduler[96313]: DEBUG nova.scheduler.request_filter [None req-67e423b0-f0e0-4ad6-8e3d-98df5e5744ab tempest-ServerActionsTestOtherA-495931793 tempest-ServerActionsTestOtherA-495931793-project-member] Request filter 'packed_virtqueue_filter' took 0.0 seconds {{(pid=96313) wrapper /opt/stack/nova/nova/scheduler/request_filter.py:46}}
Jul 06 09:31:55.787573 np0000004634 nova-scheduler[96313]: DEBUG nova.scheduler.request_filter [None req-67e423b0-f0e0-4ad6-8e3d-98df5e5744ab tempest-ServerActionsTestOtherA-495931793 tempest-ServerActionsTestOtherA-495931793-project-member] Request filter 'remote_managed_ports_filter' took 0.0 seconds {{(pid=96313) wrapper /opt/stack/nova/nova/scheduler/request_filter.py:46}}
Jul 06 09:31:55.787959 np0000004634 nova-scheduler[96313]: DEBUG nova.scheduler.request_filter [None req-67e423b0-f0e0-4ad6-8e3d-98df5e5744ab tempest-ServerActionsTestOtherA-495931793 tempest-ServerActionsTestOtherA-495931793-project-member] ephemeral_encryption_filter skipped {{(pid=96313) ephemeral_encryption_filter /opt/stack/nova/nova/scheduler/request_filter.py:426}}
Jul 06 09:31:55.788910 np0000004634 nova-scheduler[96313]: DEBUG nova.scheduler.request_filter [None req-67e423b0-f0e0-4ad6-8e3d-98df5e5744ab tempest-ServerActionsTestOtherA-495931793 tempest-ServerActionsTestOtherA-495931793-project-member] virtio_sound_filter skipped {{(pid=96313) virtio_sound_filter /opt/stack/nova/nova/scheduler/request_filter.py:460}}
Jul 06 09:31:55.788910 np0000004634 nova-scheduler[96313]: DEBUG nova.scheduler.request_filter [None req-67e423b0-f0e0-4ad6-8e3d-98df5e5744ab tempest-ServerActionsTestOtherA-495931793 tempest-ServerActionsTestOtherA-495931793-project-member] tpm_secret_security_filter skipped {{(pid=96313) tpm_secret_security_filter /opt/stack/nova/nova/scheduler/request_filter.py:477}}
Jul 06 09:31:55.911553 np0000004634 nova-scheduler[96315]: DEBUG nova.scheduler.manager [None req-c0793dc4-1f13-4f5b-8df8-75fcc06cf072 tempest-ServerStableDeviceRescueTest-1821634096 tempest-ServerStableDeviceRescueTest-1821634096-project-member] Starting to schedule for instances: ['baa8384e-9ba1-4fd3-980c-8dffa54092a6'] {{(pid=96315) select_destinations /opt/stack/nova/nova/scheduler/manager.py:209}}
Jul 06 09:31:55.911993 np0000004634 nova-scheduler[96315]: DEBUG nova.scheduler.request_filter [None req-c0793dc4-1f13-4f5b-8df8-75fcc06cf072 tempest-ServerStableDeviceRescueTest-1821634096 tempest-ServerStableDeviceRescueTest-1821634096-project-member] compute_status_filter request filter added forbidden trait COMPUTE_STATUS_DISABLED {{(pid=96315) compute_status_filter /opt/stack/nova/nova/scheduler/request_filter.py:253}}
Jul 06 09:31:55.911993 np0000004634 nova-scheduler[96315]: DEBUG nova.scheduler.request_filter [None req-c0793dc4-1f13-4f5b-8df8-75fcc06cf072 tempest-ServerStableDeviceRescueTest-1821634096 tempest-ServerStableDeviceRescueTest-1821634096-project-member] Request filter 'compute_status_filter' took 0.0 seconds {{(pid=96315) wrapper /opt/stack/nova/nova/scheduler/request_filter.py:46}}
Jul 06 09:31:55.911993 np0000004634 nova-scheduler[96315]: DEBUG nova.scheduler.request_filter [None req-c0793dc4-1f13-4f5b-8df8-75fcc06cf072 tempest-ServerStableDeviceRescueTest-1821634096 tempest-ServerStableDeviceRescueTest-1821634096-project-member] Request filter 'accelerators_filter' took 0.0 seconds {{(pid=96315) wrapper /opt/stack/nova/nova/scheduler/request_filter.py:46}}
Jul 06 09:31:55.912497 np0000004634 nova-scheduler[96315]: DEBUG nova.scheduler.request_filter [None req-c0793dc4-1f13-4f5b-8df8-75fcc06cf072 tempest-ServerStableDeviceRescueTest-1821634096 tempest-ServerStableDeviceRescueTest-1821634096-project-member] Request filter 'packed_virtqueue_filter' took 0.0 seconds {{(pid=96315) wrapper /opt/stack/nova/nova/scheduler/request_filter.py:46}}
Jul 06 09:31:55.912950 np0000004634 nova-scheduler[96315]: DEBUG nova.scheduler.request_filter [None req-c0793dc4-1f13-4f5b-8df8-75fcc06cf072 tempest-ServerStableDeviceRescueTest-1821634096 tempest-ServerStableDeviceRescueTest-1821634096-project-member] Request filter 'remote_managed_ports_filter' took 0.0 seconds {{(pid=96315) wrapper /opt/stack/nova/nova/scheduler/request_filter.py:46}}
Jul 06 09:31:55.912950 np0000004634 nova-scheduler[96315]: DEBUG nova.scheduler.request_filter [None req-c0793dc4-1f13-4f5b-8df8-75fcc06cf072 tempest-ServerStableDeviceRescueTest-1821634096 tempest-ServerStableDeviceRescueTest-1821634096-project-member] ephemeral_encryption_filter skipped {{(pid=96315) ephemeral_encryption_filter /opt/stack/nova/nova/scheduler/request_filter.py:426}}
Jul 06 09:31:55.912950 np0000004634 nova-scheduler[96315]: DEBUG nova.scheduler.request_filter [None req-c0793dc4-1f13-4f5b-8df8-75fcc06cf072 tempest-ServerStableDeviceRescueTest-1821634096 tempest-ServerStableDeviceRescueTest-1821634096-project-member] virtio_sound_filter skipped {{(pid=96315) virtio_sound_filter /opt/stack/nova/nova/scheduler/request_filter.py:460}}
Jul 06 09:31:55.913476 np0000004634 nova-scheduler[96315]: DEBUG nova.scheduler.request_filter [None req-c0793dc4-1f13-4f5b-8df8-75fcc06cf072 tempest-ServerStableDeviceRescueTest-1821634096 tempest-ServerStableDeviceRescueTest-1821634096-project-member] tpm_secret_security_filter skipped {{(pid=96315) tpm_secret_security_filter /opt/stack/nova/nova/scheduler/request_filter.py:477}}
Jul 06 09:31:56.358417 np0000004634 nova-scheduler[96315]: INFO nova.utils [None req-c0793dc4-1f13-4f5b-8df8-75fcc06cf072 tempest-ServerStableDeviceRescueTest-1821634096 tempest-ServerStableDeviceRescueTest-1821634096-project-member] The cell worker thread pool ForkProcess-2.cell_worker is initialized
Jul 06 09:31:56.358909 np0000004634 nova-scheduler[96315]: DEBUG oslo_concurrency.lockutils [None req-c0793dc4-1f13-4f5b-8df8-75fcc06cf072 tempest-ServerStableDeviceRescueTest-1821634096 tempest-ServerStableDeviceRescueTest-1821634096-project-member] Acquiring lock "d88bc5fe-7280-4226-b1c9-fefd4f899325" by "nova.context.set_target_cell..get_or_set_cached_cell_and_set_connections" {{(pid=96315) inner /opt/stack/data/venv/lib/python3.12/site-packages/oslo_concurrency/lockutils.py:511}}
Jul 06 09:31:56.359204 np0000004634 nova-scheduler[96315]: DEBUG oslo_concurrency.lockutils [None req-c0793dc4-1f13-4f5b-8df8-75fcc06cf072 tempest-ServerStableDeviceRescueTest-1821634096 tempest-ServerStableDeviceRescueTest-1821634096-project-member] Lock "d88bc5fe-7280-4226-b1c9-fefd4f899325" acquired by "nova.context.set_target_cell..get_or_set_cached_cell_and_set_connections" :: waited 0.000s {{(pid=96315) inner /opt/stack/data/venv/lib/python3.12/site-packages/oslo_concurrency/lockutils.py:524}}
Jul 06 09:31:56.365288 np0000004634 nova-scheduler[96315]: DEBUG oslo_concurrency.lockutils [None req-c0793dc4-1f13-4f5b-8df8-75fcc06cf072 tempest-ServerStableDeviceRescueTest-1821634096 tempest-ServerStableDeviceRescueTest-1821634096-project-member] Lock "d88bc5fe-7280-4226-b1c9-fefd4f899325" "released" by "nova.context.set_target_cell..get_or_set_cached_cell_and_set_connections" :: held 0.004s {{(pid=96315) inner /opt/stack/data/venv/lib/python3.12/site-packages/oslo_concurrency/lockutils.py:543}}
Jul 06 09:31:56.369644 np0000004634 nova-scheduler[96315]: INFO dbcounter [None req-c0793dc4-1f13-4f5b-8df8-75fcc06cf072 tempest-ServerStableDeviceRescueTest-1821634096 tempest-ServerStableDeviceRescueTest-1821634096-project-member] Registered counter for database nova_cell1
Jul 06 09:31:56.429649 np0000004634 nova-scheduler[96315]: DEBUG oslo_db.sqlalchemy.engines [None req-c0793dc4-1f13-4f5b-8df8-75fcc06cf072 tempest-ServerStableDeviceRescueTest-1821634096 tempest-ServerStableDeviceRescueTest-1821634096-project-member] MySQL server mode set to STRICT_TRANS_TABLES,STRICT_ALL_TABLES,NO_ZERO_IN_DATE,NO_ZERO_DATE,ERROR_FOR_DIVISION_BY_ZERO,TRADITIONAL,NO_ENGINE_SUBSTITUTION {{(pid=96315) _check_effective_sql_mode /opt/stack/data/venv/lib/python3.12/site-packages/oslo_db/sqlalchemy/engines.py:325}}
Jul 06 09:31:56.439393 np0000004634 nova-scheduler[96315]: DEBUG dbcounter [-] [96315] Writer thread running {{(pid=96315) stat_writer /opt/stack/data/venv/lib/python3.12/site-packages/dbcounter.py:102}}
Jul 06 09:31:56.450069 np0000004634 nova-scheduler[96313]: INFO nova.utils [None req-67e423b0-f0e0-4ad6-8e3d-98df5e5744ab tempest-ServerActionsTestOtherA-495931793 tempest-ServerActionsTestOtherA-495931793-project-member] The cell worker thread pool ForkProcess-1.cell_worker is initialized
Jul 06 09:31:56.450069 np0000004634 nova-scheduler[96313]: DEBUG oslo_concurrency.lockutils [None req-67e423b0-f0e0-4ad6-8e3d-98df5e5744ab tempest-ServerActionsTestOtherA-495931793 tempest-ServerActionsTestOtherA-495931793-project-member] Acquiring lock "d88bc5fe-7280-4226-b1c9-fefd4f899325" by "nova.context.set_target_cell..get_or_set_cached_cell_and_set_connections" {{(pid=96313) inner /opt/stack/data/venv/lib/python3.12/site-packages/oslo_concurrency/lockutils.py:511}}
Jul 06 09:31:56.450069 np0000004634 nova-scheduler[96313]: DEBUG oslo_concurrency.lockutils [None req-67e423b0-f0e0-4ad6-8e3d-98df5e5744ab tempest-ServerActionsTestOtherA-495931793 tempest-ServerActionsTestOtherA-495931793-project-member] Lock "d88bc5fe-7280-4226-b1c9-fefd4f899325" acquired by "nova.context.set_target_cell..get_or_set_cached_cell_and_set_connections" :: waited 0.000s {{(pid=96313) inner /opt/stack/data/venv/lib/python3.12/site-packages/oslo_concurrency/lockutils.py:524}}
Jul 06 09:31:56.450509 np0000004634 nova-scheduler[96313]: DEBUG oslo_concurrency.lockutils [None req-67e423b0-f0e0-4ad6-8e3d-98df5e5744ab tempest-ServerActionsTestOtherA-495931793 tempest-ServerActionsTestOtherA-495931793-project-member] Lock "d88bc5fe-7280-4226-b1c9-fefd4f899325" "released" by "nova.context.set_target_cell..get_or_set_cached_cell_and_set_connections" :: held 0.002s {{(pid=96313) inner /opt/stack/data/venv/lib/python3.12/site-packages/oslo_concurrency/lockutils.py:543}}
Jul 06 09:31:56.453839 np0000004634 nova-scheduler[96313]: INFO dbcounter [None req-67e423b0-f0e0-4ad6-8e3d-98df5e5744ab tempest-ServerActionsTestOtherA-495931793 tempest-ServerActionsTestOtherA-495931793-project-member] Registered counter for database nova_cell1
Jul 06 09:31:56.460654 np0000004634 nova-scheduler[96315]: DEBUG oslo_db.sqlalchemy.engines [None req-c0793dc4-1f13-4f5b-8df8-75fcc06cf072 tempest-ServerStableDeviceRescueTest-1821634096 tempest-ServerStableDeviceRescueTest-1821634096-project-member] Parent process 95120 forked (96315) with an open database connection, which is being discarded and recreated. {{(pid=96315) checkout /opt/stack/data/venv/lib/python3.12/site-packages/oslo_db/sqlalchemy/engines.py:402}}
Jul 06 09:31:56.500274 np0000004634 nova-scheduler[96313]: DEBUG oslo_db.sqlalchemy.engines [None req-67e423b0-f0e0-4ad6-8e3d-98df5e5744ab tempest-ServerActionsTestOtherA-495931793 tempest-ServerActionsTestOtherA-495931793-project-member] MySQL server mode set to STRICT_TRANS_TABLES,STRICT_ALL_TABLES,NO_ZERO_IN_DATE,NO_ZERO_DATE,ERROR_FOR_DIVISION_BY_ZERO,TRADITIONAL,NO_ENGINE_SUBSTITUTION {{(pid=96313) _check_effective_sql_mode /opt/stack/data/venv/lib/python3.12/site-packages/oslo_db/sqlalchemy/engines.py:325}}
Jul 06 09:31:56.511835 np0000004634 nova-scheduler[96313]: DEBUG dbcounter [-] [96313] Writer thread running {{(pid=96313) stat_writer /opt/stack/data/venv/lib/python3.12/site-packages/dbcounter.py:102}}
Jul 06 09:31:56.515888 np0000004634 nova-scheduler[96315]: DEBUG dbcounter [-] [96315] Writer thread running {{(pid=96315) stat_writer /opt/stack/data/venv/lib/python3.12/site-packages/dbcounter.py:102}}
Jul 06 09:31:56.520266 np0000004634 nova-scheduler[96315]: DEBUG oslo_concurrency.lockutils [None req-c0793dc4-1f13-4f5b-8df8-75fcc06cf072 tempest-ServerStableDeviceRescueTest-1821634096 tempest-ServerStableDeviceRescueTest-1821634096-project-member] Acquiring lock "d88bc5fe-7280-4226-b1c9-fefd4f899325" by "nova.context.set_target_cell..get_or_set_cached_cell_and_set_connections" {{(pid=96315) inner /opt/stack/data/venv/lib/python3.12/site-packages/oslo_concurrency/lockutils.py:511}}
Jul 06 09:31:56.520419 np0000004634 nova-scheduler[96315]: DEBUG oslo_concurrency.lockutils [None req-c0793dc4-1f13-4f5b-8df8-75fcc06cf072 tempest-ServerStableDeviceRescueTest-1821634096 tempest-ServerStableDeviceRescueTest-1821634096-project-member] Lock "d88bc5fe-7280-4226-b1c9-fefd4f899325" acquired by "nova.context.set_target_cell..get_or_set_cached_cell_and_set_connections" :: waited 0.000s {{(pid=96315) inner /opt/stack/data/venv/lib/python3.12/site-packages/oslo_concurrency/lockutils.py:524}}
Jul 06 09:31:56.520544 np0000004634 nova-scheduler[96315]: DEBUG oslo_concurrency.lockutils [None req-c0793dc4-1f13-4f5b-8df8-75fcc06cf072 tempest-ServerStableDeviceRescueTest-1821634096 tempest-ServerStableDeviceRescueTest-1821634096-project-member] Lock "d88bc5fe-7280-4226-b1c9-fefd4f899325" "released" by "nova.context.set_target_cell..get_or_set_cached_cell_and_set_connections" :: held 0.000s {{(pid=96315) inner /opt/stack/data/venv/lib/python3.12/site-packages/oslo_concurrency/lockutils.py:543}}
