Jul 06 09:29:33.682140 np0000004634 nova-conductor[98774]: DEBUG cotyledon.oslo_config_glue [-] profiler.es_scroll_time = 2m {{(pid=98774) log_opt_values /opt/stack/data/venv/lib/python3.12/site-packages/oslo_config/cfg.py:3253}}
Jul 06 09:29:33.682140 np0000004634 nova-conductor[98774]: DEBUG cotyledon.oslo_config_glue [-] profiler.filter_error_trace = False {{(pid=98774) log_opt_values /opt/stack/data/venv/lib/python3.12/site-packages/oslo_config/cfg.py:3253}}
Jul 06 09:29:33.682140 np0000004634 nova-conductor[98774]: DEBUG cotyledon.oslo_config_glue [-] profiler.hmac_keys = **** {{(pid=98774) log_opt_values /opt/stack/data/venv/lib/python3.12/site-packages/oslo_config/cfg.py:3253}}
Jul 06 09:29:33.682140 np0000004634 nova-conductor[98774]: DEBUG cotyledon.oslo_config_glue [-] profiler.sentinel_service_name = mymaster {{(pid=98774) log_opt_values /opt/stack/data/venv/lib/python3.12/site-packages/oslo_config/cfg.py:3253}}
Jul 06 09:29:33.682273 np0000004634 nova-conductor[98768]: DEBUG cotyledon._service_worker [-] Run service ServiceWrapper(2) [98768] {{(pid=98768) wait_forever /opt/stack/data/venv/lib/python3.12/site-packages/cotyledon/_service_worker.py:218}}
Jul 06 09:29:33.682320 np0000004634 nova-conductor[98774]: DEBUG cotyledon.oslo_config_glue [-] profiler.socket_timeout = 0.1 {{(pid=98774) log_opt_values /opt/stack/data/venv/lib/python3.12/site-packages/oslo_config/cfg.py:3253}}
Jul 06 09:29:33.682320 np0000004634 nova-conductor[98774]: DEBUG cotyledon.oslo_config_glue [-] profiler.trace_requests = False {{(pid=98774) log_opt_values /opt/stack/data/venv/lib/python3.12/site-packages/oslo_config/cfg.py:3253}}
Jul 06 09:29:33.682320 np0000004634 nova-conductor[98774]: DEBUG cotyledon.oslo_config_glue [-] profiler.trace_sqlalchemy = False {{(pid=98774) log_opt_values /opt/stack/data/venv/lib/python3.12/site-packages/oslo_config/cfg.py:3253}}
Jul 06 09:29:33.682320 np0000004634 nova-conductor[98774]: DEBUG cotyledon.oslo_config_glue [-] profiler_jaeger.process_tags = {} {{(pid=98774) log_opt_values /opt/stack/data/venv/lib/python3.12/site-packages/oslo_config/cfg.py:3253}}
Jul 06 09:29:33.682320 np0000004634 nova-conductor[98774]: DEBUG cotyledon.oslo_config_glue [-] profiler_jaeger.service_name_prefix = None {{(pid=98774) log_opt_values /opt/stack/data/venv/lib/python3.12/site-packages/oslo_config/cfg.py:3253}}
Jul 06 09:29:33.682320 np0000004634 nova-conductor[98774]: DEBUG cotyledon.oslo_config_glue [-] profiler_otlp.service_name_prefix = None {{(pid=98774) log_opt_values /opt/stack/data/venv/lib/python3.12/site-packages/oslo_config/cfg.py:3253}}
Jul 06 09:29:33.682320 np0000004634 nova-conductor[98774]: DEBUG cotyledon.oslo_config_glue [-] oslo_messaging_rabbit.amqp_auto_delete = False {{(pid=98774) log_opt_values /opt/stack/data/venv/lib/python3.12/site-packages/oslo_config/cfg.py:3253}}
Jul 06 09:29:33.682320 np0000004634 nova-conductor[98774]: DEBUG cotyledon.oslo_config_glue [-] oslo_messaging_rabbit.amqp_durable_queues = False {{(pid=98774) log_opt_values /opt/stack/data/venv/lib/python3.12/site-packages/oslo_config/cfg.py:3253}}
Jul 06 09:29:33.682320 np0000004634 nova-conductor[98774]: DEBUG cotyledon.oslo_config_glue [-] oslo_messaging_rabbit.conn_pool_min_size = 2 {{(pid=98774) log_opt_values /opt/stack/data/venv/lib/python3.12/site-packages/oslo_config/cfg.py:3253}}
Jul 06 09:29:33.682582 np0000004634 nova-conductor[98774]: DEBUG cotyledon.oslo_config_glue [-] oslo_messaging_rabbit.conn_pool_ttl = 1200 {{(pid=98774) log_opt_values /opt/stack/data/venv/lib/python3.12/site-packages/oslo_config/cfg.py:3253}}
Jul 06 09:29:33.682582 np0000004634 nova-conductor[98774]: DEBUG cotyledon.oslo_config_glue [-] oslo_messaging_rabbit.direct_mandatory_flag = True {{(pid=98774) log_opt_values /opt/stack/data/venv/lib/python3.12/site-packages/oslo_config/cfg.py:3253}}
Jul 06 09:29:33.682582 np0000004634 nova-conductor[98774]: DEBUG cotyledon.oslo_config_glue [-] oslo_messaging_rabbit.enable_cancel_on_failover = False {{(pid=98774) log_opt_values /opt/stack/data/venv/lib/python3.12/site-packages/oslo_config/cfg.py:3253}}
Jul 06 09:29:33.682582 np0000004634 nova-conductor[98774]: DEBUG cotyledon.oslo_config_glue [-] oslo_messaging_rabbit.heartbeat_rate = 3 {{(pid=98774) log_opt_values /opt/stack/data/venv/lib/python3.12/site-packages/oslo_config/cfg.py:3253}}
Jul 06 09:29:33.682582 np0000004634 nova-conductor[98774]: DEBUG cotyledon.oslo_config_glue [-] oslo_messaging_rabbit.heartbeat_timeout_threshold = 60 {{(pid=98774) log_opt_values /opt/stack/data/venv/lib/python3.12/site-packages/oslo_config/cfg.py:3253}}
Jul 06 09:29:33.682582 np0000004634 nova-conductor[98774]: DEBUG cotyledon.oslo_config_glue [-] oslo_messaging_rabbit.hostname = np0000004634 {{(pid=98774) log_opt_values /opt/stack/data/venv/lib/python3.12/site-packages/oslo_config/cfg.py:3253}}
Jul 06 09:29:33.682582 np0000004634 nova-conductor[98774]: DEBUG cotyledon.oslo_config_glue [-] oslo_messaging_rabbit.kombu_compression = None {{(pid=98774) log_opt_values /opt/stack/data/venv/lib/python3.12/site-packages/oslo_config/cfg.py:3253}}
Jul 06 09:29:33.682582 np0000004634 nova-conductor[98774]: DEBUG cotyledon.oslo_config_glue [-] oslo_messaging_rabbit.kombu_failover_strategy = round-robin {{(pid=98774) log_opt_values /opt/stack/data/venv/lib/python3.12/site-packages/oslo_config/cfg.py:3253}}
Jul 06 09:29:33.682582 np0000004634 nova-conductor[98774]: DEBUG cotyledon.oslo_config_glue [-] oslo_messaging_rabbit.kombu_missing_consumer_retry_timeout = 60 {{(pid=98774) log_opt_values /opt/stack/data/venv/lib/python3.12/site-packages/oslo_config/cfg.py:3253}}
Jul 06 09:29:33.682875 np0000004634 nova-conductor[98774]: DEBUG cotyledon.oslo_config_glue [-] oslo_messaging_rabbit.kombu_reconnect_delay = 1.0 {{(pid=98774) log_opt_values /opt/stack/data/venv/lib/python3.12/site-packages/oslo_config/cfg.py:3253}}
Jul 06 09:29:33.682875 np0000004634 nova-conductor[98774]: DEBUG cotyledon.oslo_config_glue [-] oslo_messaging_rabbit.kombu_reconnect_splay = 0.0 {{(pid=98774) log_opt_values /opt/stack/data/venv/lib/python3.12/site-packages/oslo_config/cfg.py:3253}}
Jul 06 09:29:33.682875 np0000004634 nova-conductor[98774]: DEBUG cotyledon.oslo_config_glue [-] oslo_messaging_rabbit.processname = nova-conductor {{(pid=98774) log_opt_values /opt/stack/data/venv/lib/python3.12/site-packages/oslo_config/cfg.py:3253}}
Jul 06 09:29:33.682875 np0000004634 nova-conductor[98774]: DEBUG cotyledon.oslo_config_glue [-] oslo_messaging_rabbit.rabbit_ha_queues = False {{(pid=98774) log_opt_values /opt/stack/data/venv/lib/python3.12/site-packages/oslo_config/cfg.py:3253}}
Jul 06 09:29:33.682875 np0000004634 nova-conductor[98774]: DEBUG cotyledon.oslo_config_glue [-] oslo_messaging_rabbit.rabbit_interval_max = 30 {{(pid=98774) log_opt_values /opt/stack/data/venv/lib/python3.12/site-packages/oslo_config/cfg.py:3253}}
Jul 06 09:29:33.682875 np0000004634 nova-conductor[98774]: DEBUG cotyledon.oslo_config_glue [-] oslo_messaging_rabbit.rabbit_login_method = AMQPLAIN {{(pid=98774) log_opt_values /opt/stack/data/venv/lib/python3.12/site-packages/oslo_config/cfg.py:3253}}
Jul 06 09:29:33.682875 np0000004634 nova-conductor[98774]: DEBUG cotyledon.oslo_config_glue [-] oslo_messaging_rabbit.rabbit_qos_prefetch_count = 0 {{(pid=98774) log_opt_values /opt/stack/data/venv/lib/python3.12/site-packages/oslo_config/cfg.py:3253}}
Jul 06 09:29:33.682875 np0000004634 nova-conductor[98774]: DEBUG cotyledon.oslo_config_glue [-] oslo_messaging_rabbit.rabbit_quorum_delivery_limit = 0 {{(pid=98774) log_opt_values /opt/stack/data/venv/lib/python3.12/site-packages/oslo_config/cfg.py:3253}}
Jul 06 09:29:33.682875 np0000004634 nova-conductor[98774]: DEBUG cotyledon.oslo_config_glue [-] oslo_messaging_rabbit.rabbit_quorum_max_memory_bytes = 0 {{(pid=98774) log_opt_values /opt/stack/data/venv/lib/python3.12/site-packages/oslo_config/cfg.py:3253}}
Jul 06 09:29:33.683190 np0000004634 nova-conductor[98774]: DEBUG cotyledon.oslo_config_glue [-] oslo_messaging_rabbit.rabbit_quorum_max_memory_length = 0 {{(pid=98774) log_opt_values /opt/stack/data/venv/lib/python3.12/site-packages/oslo_config/cfg.py:3253}}
Jul 06 09:29:33.683190 np0000004634 nova-conductor[98774]: DEBUG cotyledon.oslo_config_glue [-] oslo_messaging_rabbit.rabbit_quorum_queue = False {{(pid=98774) log_opt_values /opt/stack/data/venv/lib/python3.12/site-packages/oslo_config/cfg.py:3253}}
Jul 06 09:29:33.683266 np0000004634 nova-conductor[98768]: INFO nova.service [-] Starting conductor node (version 33.1.0)
Jul 06 09:29:33.683305 np0000004634 nova-conductor[98774]: DEBUG cotyledon.oslo_config_glue [-] oslo_messaging_rabbit.rabbit_retry_backoff = 2 {{(pid=98774) log_opt_values /opt/stack/data/venv/lib/python3.12/site-packages/oslo_config/cfg.py:3253}}
Jul 06 09:29:33.683305 np0000004634 nova-conductor[98774]: DEBUG cotyledon.oslo_config_glue [-] oslo_messaging_rabbit.rabbit_retry_interval = 1 {{(pid=98774) log_opt_values /opt/stack/data/venv/lib/python3.12/site-packages/oslo_config/cfg.py:3253}}
Jul 06 09:29:33.683305 np0000004634 nova-conductor[98774]: DEBUG cotyledon.oslo_config_glue [-] oslo_messaging_rabbit.rabbit_stream_fanout = False {{(pid=98774) log_opt_values /opt/stack/data/venv/lib/python3.12/site-packages/oslo_config/cfg.py:3253}}
Jul 06 09:29:33.683305 np0000004634 nova-conductor[98774]: DEBUG cotyledon.oslo_config_glue [-] oslo_messaging_rabbit.rabbit_transient_queues_ttl = 1800 {{(pid=98774) log_opt_values /opt/stack/data/venv/lib/python3.12/site-packages/oslo_config/cfg.py:3253}}
Jul 06 09:29:33.683305 np0000004634 nova-conductor[98774]: DEBUG cotyledon.oslo_config_glue [-] oslo_messaging_rabbit.rabbit_transient_quorum_queue = False {{(pid=98774) log_opt_values /opt/stack/data/venv/lib/python3.12/site-packages/oslo_config/cfg.py:3253}}
Jul 06 09:29:33.683305 np0000004634 nova-conductor[98774]: DEBUG cotyledon.oslo_config_glue [-] oslo_messaging_rabbit.rpc_conn_pool_size = 30 {{(pid=98774) log_opt_values /opt/stack/data/venv/lib/python3.12/site-packages/oslo_config/cfg.py:3253}}
Jul 06 09:29:33.683305 np0000004634 nova-conductor[98774]: DEBUG cotyledon.oslo_config_glue [-] oslo_messaging_rabbit.ssl = False {{(pid=98774) log_opt_values /opt/stack/data/venv/lib/python3.12/site-packages/oslo_config/cfg.py:3253}}
Jul 06 09:29:33.683305 np0000004634 nova-conductor[98774]: DEBUG cotyledon.oslo_config_glue [-] oslo_messaging_rabbit.ssl_ca_file = {{(pid=98774) log_opt_values /opt/stack/data/venv/lib/python3.12/site-packages/oslo_config/cfg.py:3253}}
Jul 06 09:29:33.683305 np0000004634 nova-conductor[98774]: DEBUG cotyledon.oslo_config_glue [-] oslo_messaging_rabbit.ssl_cert_file = {{(pid=98774) log_opt_values /opt/stack/data/venv/lib/python3.12/site-packages/oslo_config/cfg.py:3253}}
Jul 06 09:29:33.683570 np0000004634 nova-conductor[98774]: DEBUG cotyledon.oslo_config_glue [-] oslo_messaging_rabbit.ssl_enforce_fips_mode = False {{(pid=98774) log_opt_values /opt/stack/data/venv/lib/python3.12/site-packages/oslo_config/cfg.py:3253}}
Jul 06 09:29:33.683570 np0000004634 nova-conductor[98774]: DEBUG cotyledon.oslo_config_glue [-] oslo_messaging_rabbit.ssl_enforce_hostname_verification = True {{(pid=98774) log_opt_values /opt/stack/data/venv/lib/python3.12/site-packages/oslo_config/cfg.py:3253}}
Jul 06 09:29:33.683570 np0000004634 nova-conductor[98774]: DEBUG cotyledon.oslo_config_glue [-] oslo_messaging_rabbit.ssl_key_file = {{(pid=98774) log_opt_values /opt/stack/data/venv/lib/python3.12/site-packages/oslo_config/cfg.py:3253}}
Jul 06 09:29:33.683570 np0000004634 nova-conductor[98774]: DEBUG cotyledon.oslo_config_glue [-] oslo_messaging_rabbit.ssl_version = {{(pid=98774) log_opt_values /opt/stack/data/venv/lib/python3.12/site-packages/oslo_config/cfg.py:3253}}
Jul 06 09:29:33.683570 np0000004634 nova-conductor[98774]: DEBUG cotyledon.oslo_config_glue [-] oslo_messaging_rabbit.use_queue_manager = False {{(pid=98774) log_opt_values /opt/stack/data/venv/lib/python3.12/site-packages/oslo_config/cfg.py:3253}}
Jul 06 09:29:33.683570 np0000004634 nova-conductor[98774]: DEBUG cotyledon.oslo_config_glue [-] oslo_messaging_notifications.driver = ['messagingv2'] {{(pid=98774) log_opt_values /opt/stack/data/venv/lib/python3.12/site-packages/oslo_config/cfg.py:3253}}
Jul 06 09:29:33.683570 np0000004634 nova-conductor[98774]: DEBUG cotyledon.oslo_config_glue [-] oslo_messaging_notifications.retry = -1 {{(pid=98774) log_opt_values /opt/stack/data/venv/lib/python3.12/site-packages/oslo_config/cfg.py:3253}}
Jul 06 09:29:33.683570 np0000004634 nova-conductor[98774]: DEBUG cotyledon.oslo_config_glue [-] oslo_messaging_notifications.topics = ['notifications'] {{(pid=98774) log_opt_values /opt/stack/data/venv/lib/python3.12/site-packages/oslo_config/cfg.py:3253}}
Jul 06 09:29:33.683570 np0000004634 nova-conductor[98774]: DEBUG cotyledon.oslo_config_glue [-] oslo_messaging_notifications.transport_url = **** {{(pid=98774) log_opt_values /opt/stack/data/venv/lib/python3.12/site-packages/oslo_config/cfg.py:3253}}
Jul 06 09:29:33.683907 np0000004634 nova-conductor[98774]: DEBUG cotyledon.oslo_config_glue [-] oslo_limit.auth_section = None {{(pid=98774) log_opt_values /opt/stack/data/venv/lib/python3.12/site-packages/oslo_config/cfg.py:3253}}
Jul 06 09:29:33.683907 np0000004634 nova-conductor[98774]: DEBUG cotyledon.oslo_config_glue [-] oslo_limit.auth_type = None {{(pid=98774) log_opt_values /opt/stack/data/venv/lib/python3.12/site-packages/oslo_config/cfg.py:3253}}
Jul 06 09:29:33.683907 np0000004634 nova-conductor[98774]: DEBUG cotyledon.oslo_config_glue [-] oslo_limit.cafile = None {{(pid=98774) log_opt_values /opt/stack/data/venv/lib/python3.12/site-packages/oslo_config/cfg.py:3253}}
Jul 06 09:29:33.683907 np0000004634 nova-conductor[98774]: DEBUG cotyledon.oslo_config_glue [-] oslo_limit.certfile = None {{(pid=98774) log_opt_values /opt/stack/data/venv/lib/python3.12/site-packages/oslo_config/cfg.py:3253}}
Jul 06 09:29:33.683907 np0000004634 nova-conductor[98774]: DEBUG cotyledon.oslo_config_glue [-] oslo_limit.collect_timing = False {{(pid=98774) log_opt_values /opt/stack/data/venv/lib/python3.12/site-packages/oslo_config/cfg.py:3253}}
Jul 06 09:29:33.683907 np0000004634 nova-conductor[98774]: DEBUG cotyledon.oslo_config_glue [-] oslo_limit.connect_retries = None {{(pid=98774) log_opt_values /opt/stack/data/venv/lib/python3.12/site-packages/oslo_config/cfg.py:3253}}
Jul 06 09:29:33.683907 np0000004634 nova-conductor[98774]: DEBUG cotyledon.oslo_config_glue [-] oslo_limit.connect_retry_delay = None {{(pid=98774) log_opt_values /opt/stack/data/venv/lib/python3.12/site-packages/oslo_config/cfg.py:3253}}
Jul 06 09:29:33.683907 np0000004634 nova-conductor[98774]: DEBUG cotyledon.oslo_config_glue [-] oslo_limit.endpoint_id = None {{(pid=98774) log_opt_values /opt/stack/data/venv/lib/python3.12/site-packages/oslo_config/cfg.py:3253}}
Jul 06 09:29:33.683907 np0000004634 nova-conductor[98774]: DEBUG cotyledon.oslo_config_glue [-] oslo_limit.endpoint_interface = public {{(pid=98774) log_opt_values /opt/stack/data/venv/lib/python3.12/site-packages/oslo_config/cfg.py:3253}}
Jul 06 09:29:33.684258 np0000004634 nova-conductor[98774]: DEBUG cotyledon.oslo_config_glue [-] oslo_limit.endpoint_override = None {{(pid=98774) log_opt_values /opt/stack/data/venv/lib/python3.12/site-packages/oslo_config/cfg.py:3253}}
Jul 06 09:29:33.684258 np0000004634 nova-conductor[98774]: DEBUG cotyledon.oslo_config_glue [-] oslo_limit.endpoint_region_name = None {{(pid=98774) log_opt_values /opt/stack/data/venv/lib/python3.12/site-packages/oslo_config/cfg.py:3253}}
Jul 06 09:29:33.684258 np0000004634 nova-conductor[98774]: DEBUG cotyledon.oslo_config_glue [-] oslo_limit.endpoint_service_name = None {{(pid=98774) log_opt_values /opt/stack/data/venv/lib/python3.12/site-packages/oslo_config/cfg.py:3253}}
Jul 06 09:29:33.684258 np0000004634 nova-conductor[98774]: DEBUG cotyledon.oslo_config_glue [-] oslo_limit.endpoint_service_type = None {{(pid=98774) log_opt_values /opt/stack/data/venv/lib/python3.12/site-packages/oslo_config/cfg.py:3253}}
Jul 06 09:29:33.684258 np0000004634 nova-conductor[98774]: DEBUG cotyledon.oslo_config_glue [-] oslo_limit.insecure = False {{(pid=98774) log_opt_values /opt/stack/data/venv/lib/python3.12/site-packages/oslo_config/cfg.py:3253}}
Jul 06 09:29:33.684258 np0000004634 nova-conductor[98774]: DEBUG cotyledon.oslo_config_glue [-] oslo_limit.keyfile = None {{(pid=98774) log_opt_values /opt/stack/data/venv/lib/python3.12/site-packages/oslo_config/cfg.py:3253}}
Jul 06 09:29:33.684258 np0000004634 nova-conductor[98774]: DEBUG cotyledon.oslo_config_glue [-] oslo_limit.max_version = None {{(pid=98774) log_opt_values /opt/stack/data/venv/lib/python3.12/site-packages/oslo_config/cfg.py:3253}}
Jul 06 09:29:33.684258 np0000004634 nova-conductor[98774]: DEBUG cotyledon.oslo_config_glue [-] oslo_limit.min_version = None {{(pid=98774) log_opt_values /opt/stack/data/venv/lib/python3.12/site-packages/oslo_config/cfg.py:3253}}
Jul 06 09:29:33.684258 np0000004634 nova-conductor[98774]: DEBUG cotyledon.oslo_config_glue [-] oslo_limit.region_name = None {{(pid=98774) log_opt_values /opt/stack/data/venv/lib/python3.12/site-packages/oslo_config/cfg.py:3253}}
Jul 06 09:29:33.684557 np0000004634 nova-conductor[98774]: DEBUG cotyledon.oslo_config_glue [-] oslo_limit.retriable_status_codes = None {{(pid=98774) log_opt_values /opt/stack/data/venv/lib/python3.12/site-packages/oslo_config/cfg.py:3253}}
Jul 06 09:29:33.684557 np0000004634 nova-conductor[98774]: DEBUG cotyledon.oslo_config_glue [-] oslo_limit.service_name = None {{(pid=98774) log_opt_values /opt/stack/data/venv/lib/python3.12/site-packages/oslo_config/cfg.py:3253}}
Jul 06 09:29:33.684557 np0000004634 nova-conductor[98774]: DEBUG cotyledon.oslo_config_glue [-] oslo_limit.service_type = None {{(pid=98774) log_opt_values /opt/stack/data/venv/lib/python3.12/site-packages/oslo_config/cfg.py:3253}}
Jul 06 09:29:33.684557 np0000004634 nova-conductor[98774]: DEBUG cotyledon.oslo_config_glue [-] oslo_limit.split_loggers = False {{(pid=98774) log_opt_values /opt/stack/data/venv/lib/python3.12/site-packages/oslo_config/cfg.py:3253}}
Jul 06 09:29:33.684557 np0000004634 nova-conductor[98774]: DEBUG cotyledon.oslo_config_glue [-] oslo_limit.status_code_retries = None {{(pid=98774) log_opt_values /opt/stack/data/venv/lib/python3.12/site-packages/oslo_config/cfg.py:3253}}
Jul 06 09:29:33.684557 np0000004634 nova-conductor[98774]: DEBUG cotyledon.oslo_config_glue [-] oslo_limit.status_code_retry_delay = None {{(pid=98774) log_opt_values /opt/stack/data/venv/lib/python3.12/site-packages/oslo_config/cfg.py:3253}}
Jul 06 09:29:33.684557 np0000004634 nova-conductor[98774]: DEBUG cotyledon.oslo_config_glue [-] oslo_limit.timeout = None {{(pid=98774) log_opt_values /opt/stack/data/venv/lib/python3.12/site-packages/oslo_config/cfg.py:3253}}
Jul 06 09:29:33.684557 np0000004634 nova-conductor[98774]: DEBUG cotyledon.oslo_config_glue [-] oslo_limit.valid_interfaces = None {{(pid=98774) log_opt_values /opt/stack/data/venv/lib/python3.12/site-packages/oslo_config/cfg.py:3253}}
Jul 06 09:29:33.684557 np0000004634 nova-conductor[98774]: DEBUG cotyledon.oslo_config_glue [-] oslo_limit.version = None {{(pid=98774) log_opt_values /opt/stack/data/venv/lib/python3.12/site-packages/oslo_config/cfg.py:3253}}
Jul 06 09:29:33.684869 np0000004634 nova-conductor[98774]: DEBUG cotyledon.oslo_config_glue [-] oslo_reports.file_event_handler = None {{(pid=98774) log_opt_values /opt/stack/data/venv/lib/python3.12/site-packages/oslo_config/cfg.py:3253}}
Jul 06 09:29:33.684869 np0000004634 nova-conductor[98774]: DEBUG cotyledon.oslo_config_glue [-] oslo_reports.file_event_handler_interval = 1 {{(pid=98774) log_opt_values /opt/stack/data/venv/lib/python3.12/site-packages/oslo_config/cfg.py:3253}}
Jul 06 09:29:33.684869 np0000004634 nova-conductor[98774]: DEBUG cotyledon.oslo_config_glue [-] oslo_reports.log_dir = None {{(pid=98774) log_opt_values /opt/stack/data/venv/lib/python3.12/site-packages/oslo_config/cfg.py:3253}}
Jul 06 09:29:33.684869 np0000004634 nova-conductor[98774]: DEBUG cotyledon.oslo_config_glue [-] ******************************************************************************** {{(pid=98774) log_opt_values /opt/stack/data/venv/lib/python3.12/site-packages/oslo_config/cfg.py:3260}}
Jul 06 09:29:33.684869 np0000004634 nova-conductor[98774]: DEBUG cotyledon._service_worker [-] Run service ServiceWrapper(3) [98774] {{(pid=98774) wait_forever /opt/stack/data/venv/lib/python3.12/site-packages/cotyledon/_service_worker.py:218}}
Jul 06 09:29:33.684869 np0000004634 nova-conductor[98774]: INFO nova.service [-] Starting conductor node (version 33.1.0)
Jul 06 09:29:33.685123 np0000004634 nova-conductor[98768]: INFO dbcounter [None req-88ef1a14-6ff5-4f3f-a08d-ce2045ec8cee None None] Registered counter for database nova_cell0
Jul 06 09:29:33.685176 np0000004634 nova-conductor[98774]: INFO dbcounter [None req-dff8be54-c771-4e6c-bdfd-eaa30cef523f None None] Registered counter for database nova_cell0
Jul 06 09:29:33.685219 np0000004634 nova-conductor[98745]: DEBUG dbcounter [-] [98745] Writer thread running {{(pid=98745) stat_writer /opt/stack/data/venv/lib/python3.12/site-packages/dbcounter.py:102}}
Jul 06 09:29:33.685219 np0000004634 nova-conductor[98745]: DEBUG nova.service [None req-eb705465-8cdb-4506-adff-856715f3b699 None None] Creating RPC server for service: nova-conductor on topic: conductor {{(pid=98745) start /opt/stack/nova/nova/service.py:196}}
Jul 06 09:29:33.685306 np0000004634 nova-conductor[98768]: DEBUG oslo_db.sqlalchemy.engines [None req-88ef1a14-6ff5-4f3f-a08d-ce2045ec8cee None None] MySQL server mode set to STRICT_TRANS_TABLES,STRICT_ALL_TABLES,NO_ZERO_IN_DATE,NO_ZERO_DATE,ERROR_FOR_DIVISION_BY_ZERO,TRADITIONAL,NO_ENGINE_SUBSTITUTION {{(pid=98768) _check_effective_sql_mode /opt/stack/data/venv/lib/python3.12/site-packages/oslo_db/sqlalchemy/engines.py:325}}
Jul 06 09:29:33.687053 np0000004634 nova-conductor[98758]: DEBUG oslo_db.sqlalchemy.engines [None req-60130f10-b79b-4c83-bb94-d9605cc0b813 None None] MySQL server mode set to STRICT_TRANS_TABLES,STRICT_ALL_TABLES,NO_ZERO_IN_DATE,NO_ZERO_DATE,ERROR_FOR_DIVISION_BY_ZERO,TRADITIONAL,NO_ENGINE_SUBSTITUTION {{(pid=98758) _check_effective_sql_mode /opt/stack/data/venv/lib/python3.12/site-packages/oslo_db/sqlalchemy/engines.py:325}}
Jul 06 09:29:33.690211 np0000004634 nova-conductor[98774]: DEBUG oslo_db.sqlalchemy.engines [None req-dff8be54-c771-4e6c-bdfd-eaa30cef523f None None] MySQL server mode set to STRICT_TRANS_TABLES,STRICT_ALL_TABLES,NO_ZERO_IN_DATE,NO_ZERO_DATE,ERROR_FOR_DIVISION_BY_ZERO,TRADITIONAL,NO_ENGINE_SUBSTITUTION {{(pid=98774) _check_effective_sql_mode /opt/stack/data/venv/lib/python3.12/site-packages/oslo_db/sqlalchemy/engines.py:325}}
Jul 06 09:29:33.699065 np0000004634 nova-conductor[98758]: DEBUG dbcounter [-] [98758] Writer thread running {{(pid=98758) stat_writer /opt/stack/data/venv/lib/python3.12/site-packages/dbcounter.py:102}}
Jul 06 09:29:33.700644 np0000004634 nova-conductor[98768]: DEBUG dbcounter [-] [98768] Writer thread running {{(pid=98768) stat_writer /opt/stack/data/venv/lib/python3.12/site-packages/dbcounter.py:102}}
Jul 06 09:29:33.703116 np0000004634 nova-conductor[98758]: DEBUG nova.service [None req-60130f10-b79b-4c83-bb94-d9605cc0b813 None None] Creating RPC server for service: nova-conductor on topic: conductor {{(pid=98758) start /opt/stack/nova/nova/service.py:196}}
Jul 06 09:29:33.703653 np0000004634 nova-conductor[98768]: DEBUG nova.service [None req-88ef1a14-6ff5-4f3f-a08d-ce2045ec8cee None None] Creating RPC server for service: nova-conductor on topic: conductor {{(pid=98768) start /opt/stack/nova/nova/service.py:196}}
Jul 06 09:29:33.704195 np0000004634 nova-conductor[98774]: DEBUG dbcounter [-] [98774] Writer thread running {{(pid=98774) stat_writer /opt/stack/data/venv/lib/python3.12/site-packages/dbcounter.py:102}}
Jul 06 09:29:33.708135 np0000004634 nova-conductor[98774]: DEBUG nova.service [None req-dff8be54-c771-4e6c-bdfd-eaa30cef523f None None] Creating RPC server for service: nova-conductor on topic: conductor {{(pid=98774) start /opt/stack/nova/nova/service.py:196}}
Jul 06 09:29:33.713722 np0000004634 nova-conductor[98745]: DEBUG nova.service [None req-eb705465-8cdb-4506-adff-856715f3b699 None None] Join ServiceGroup membership for this service conductor {{(pid=98745) start /opt/stack/nova/nova/service.py:222}}
Jul 06 09:29:33.714209 np0000004634 nova-conductor[98745]: DEBUG nova.servicegroup.drivers.db [None req-eb705465-8cdb-4506-adff-856715f3b699 None None] DB_Driver: join new ServiceGroup member np0000004634 to the conductor group, service = {{(pid=98745) join /opt/stack/nova/nova/servicegroup/drivers/db.py:44}}
Jul 06 09:29:33.721768 np0000004634 nova-conductor[98768]: DEBUG nova.service [None req-88ef1a14-6ff5-4f3f-a08d-ce2045ec8cee None None] Join ServiceGroup membership for this service conductor {{(pid=98768) start /opt/stack/nova/nova/service.py:222}}
Jul 06 09:29:33.721915 np0000004634 nova-conductor[98758]: DEBUG nova.service [None req-60130f10-b79b-4c83-bb94-d9605cc0b813 None None] Join ServiceGroup membership for this service conductor {{(pid=98758) start /opt/stack/nova/nova/service.py:222}}
Jul 06 09:29:33.721969 np0000004634 nova-conductor[98768]: DEBUG nova.servicegroup.drivers.db [None req-88ef1a14-6ff5-4f3f-a08d-ce2045ec8cee None None] DB_Driver: join new ServiceGroup member np0000004634 to the conductor group, service = {{(pid=98768) join /opt/stack/nova/nova/servicegroup/drivers/db.py:44}}
Jul 06 09:29:33.722143 np0000004634 nova-conductor[98758]: DEBUG nova.servicegroup.drivers.db [None req-60130f10-b79b-4c83-bb94-d9605cc0b813 None None] DB_Driver: join new ServiceGroup member np0000004634 to the conductor group, service = {{(pid=98758) join /opt/stack/nova/nova/servicegroup/drivers/db.py:44}}
Jul 06 09:29:33.724080 np0000004634 nova-conductor[98774]: DEBUG nova.service [None req-dff8be54-c771-4e6c-bdfd-eaa30cef523f None None] Join ServiceGroup membership for this service conductor {{(pid=98774) start /opt/stack/nova/nova/service.py:222}}
Jul 06 09:29:33.724366 np0000004634 nova-conductor[98774]: DEBUG nova.servicegroup.drivers.db [None req-dff8be54-c771-4e6c-bdfd-eaa30cef523f None None] DB_Driver: join new ServiceGroup member np0000004634 to the conductor group, service = {{(pid=98774) join /opt/stack/nova/nova/servicegroup/drivers/db.py:44}}
Jul 06 09:29:35.716398 np0000004634 nova-conductor[98745]: DEBUG oslo.service.backend._threading.loopingcall [None req-39ed1f07-ee5e-4032-ae1d-045f42d4c8ff None None] Dynamic interval looping call 'nova.service.Service.periodic_tasks' sleeping for 60.00 seconds {{(pid=98745) _run_loop /opt/stack/data/venv/lib/python3.12/site-packages/oslo_service/backend/_threading/loopingcall.py:125}}
Jul 06 09:29:38.739907 np0000004634 nova-conductor[98745]: DEBUG oslo.service.backend._threading.loopingcall [-] Fixed interval looping call 'nova.servicegroup.drivers.db.DbDriver._report_state' sleeping for 119.98 seconds {{(pid=98745) _run_loop /opt/stack/data/venv/lib/python3.12/site-packages/oslo_service/backend/_threading/loopingcall.py:125}}
Jul 06 09:29:38.742997 np0000004634 nova-conductor[98758]: DEBUG oslo.service.backend._threading.loopingcall [-] Fixed interval looping call 'nova.servicegroup.drivers.db.DbDriver._report_state' sleeping for 119.98 seconds {{(pid=98758) _run_loop /opt/stack/data/venv/lib/python3.12/site-packages/oslo_service/backend/_threading/loopingcall.py:125}}
Jul 06 09:29:38.746251 np0000004634 nova-conductor[98774]: DEBUG oslo.service.backend._threading.loopingcall [-] Fixed interval looping call 'nova.servicegroup.drivers.db.DbDriver._report_state' sleeping for 119.98 seconds {{(pid=98774) _run_loop /opt/stack/data/venv/lib/python3.12/site-packages/oslo_service/backend/_threading/loopingcall.py:125}}
Jul 06 09:29:38.747702 np0000004634 nova-conductor[98768]: DEBUG oslo.service.backend._threading.loopingcall [-] Fixed interval looping call 'nova.servicegroup.drivers.db.DbDriver._report_state' sleeping for 119.98 seconds {{(pid=98768) _run_loop /opt/stack/data/venv/lib/python3.12/site-packages/oslo_service/backend/_threading/loopingcall.py:125}}
Jul 06 09:29:42.233237 np0000004634 nova-conductor[97272]: DEBUG dbcounter [-] [97272] Writing DB stats nova_api:SELECT=1 {{(pid=97272) stat_writer /opt/stack/data/venv/lib/python3.12/site-packages/dbcounter.py:115}}
Jul 06 09:29:42.387191 np0000004634 nova-conductor[97272]: DEBUG dbcounter [-] [97272] Writing DB stats nova_cell1:SELECT=1 {{(pid=97272) stat_writer /opt/stack/data/venv/lib/python3.12/site-packages/dbcounter.py:115}}
Jul 06 09:29:42.391306 np0000004634 nova-conductor[97272]: DEBUG dbcounter [-] [97272] Writing DB stats nova_cell0:SELECT=1 {{(pid=97272) stat_writer /opt/stack/data/venv/lib/python3.12/site-packages/dbcounter.py:115}}
Jul 06 09:29:46.724204 np0000004634 nova-conductor[98768]: DEBUG oslo.service.backend._threading.loopingcall [None req-da19deab-5fed-47f1-b14c-08405f55f406 None None] Dynamic interval looping call 'nova.service.Service.periodic_tasks' sleeping for 60.00 seconds {{(pid=98768) _run_loop /opt/stack/data/venv/lib/python3.12/site-packages/oslo_service/backend/_threading/loopingcall.py:125}}
Jul 06 09:29:48.734599 np0000004634 nova-conductor[98745]: DEBUG dbcounter [-] [98745] Writing DB stats nova_cell0:SELECT=4,nova_cell0:INSERT=1,nova_cell0:UPDATE=1 {{(pid=98745) stat_writer /opt/stack/data/venv/lib/python3.12/site-packages/dbcounter.py:115}}
Jul 06 09:29:48.741142 np0000004634 nova-conductor[98758]: DEBUG dbcounter [-] [98758] Writing DB stats nova_cell0:SELECT=3,nova_cell0:UPDATE=1 {{(pid=98758) stat_writer /opt/stack/data/venv/lib/python3.12/site-packages/dbcounter.py:115}}
Jul 06 09:29:48.741647 np0000004634 nova-conductor[98774]: DEBUG dbcounter [-] [98774] Writing DB stats nova_cell0:SELECT=3,nova_cell0:UPDATE=1 {{(pid=98774) stat_writer /opt/stack/data/venv/lib/python3.12/site-packages/dbcounter.py:115}}
Jul 06 09:29:48.743806 np0000004634 nova-conductor[98768]: DEBUG dbcounter [-] [98768] Writing DB stats nova_cell0:SELECT=3,nova_cell0:UPDATE=1 {{(pid=98768) stat_writer /opt/stack/data/venv/lib/python3.12/site-packages/dbcounter.py:115}}
Jul 06 09:29:52.724539 np0000004634 nova-conductor[98758]: DEBUG oslo.service.backend._threading.loopingcall [None req-799b22cb-563e-481b-a456-88522cd77954 None None] Dynamic interval looping call 'nova.service.Service.periodic_tasks' sleeping for 60.00 seconds {{(pid=98758) _run_loop /opt/stack/data/venv/lib/python3.12/site-packages/oslo_service/backend/_threading/loopingcall.py:125}}
Jul 06 09:30:16.726517 np0000004634 nova-conductor[98774]: DEBUG oslo.service.backend._threading.loopingcall [None req-38b672a3-747c-4c51-a9e4-82d521cc6fae None None] Dynamic interval looping call 'nova.service.Service.periodic_tasks' sleeping for 60.00 seconds {{(pid=98774) _run_loop /opt/stack/data/venv/lib/python3.12/site-packages/oslo_service/backend/_threading/loopingcall.py:125}}
Jul 06 09:30:35.716903 np0000004634 nova-conductor[98745]: DEBUG oslo.service.backend._threading.loopingcall [None req-39ed1f07-ee5e-4032-ae1d-045f42d4c8ff None None] Dynamic interval looping call 'nova.service.Service.periodic_tasks' sleeping for 60.00 seconds {{(pid=98745) _run_loop /opt/stack/data/venv/lib/python3.12/site-packages/oslo_service/backend/_threading/loopingcall.py:125}}
Jul 06 09:30:46.724779 np0000004634 nova-conductor[98768]: DEBUG oslo.service.backend._threading.loopingcall [None req-da19deab-5fed-47f1-b14c-08405f55f406 None None] Dynamic interval looping call 'nova.service.Service.periodic_tasks' sleeping for 60.00 seconds {{(pid=98768) _run_loop /opt/stack/data/venv/lib/python3.12/site-packages/oslo_service/backend/_threading/loopingcall.py:125}}
Jul 06 09:30:52.725084 np0000004634 nova-conductor[98758]: DEBUG oslo.service.backend._threading.loopingcall [None req-799b22cb-563e-481b-a456-88522cd77954 None None] Dynamic interval looping call 'nova.service.Service.periodic_tasks' sleeping for 60.00 seconds {{(pid=98758) _run_loop /opt/stack/data/venv/lib/python3.12/site-packages/oslo_service/backend/_threading/loopingcall.py:125}}
Jul 06 09:31:16.726992 np0000004634 nova-conductor[98774]: DEBUG oslo.service.backend._threading.loopingcall [None req-38b672a3-747c-4c51-a9e4-82d521cc6fae None None] Dynamic interval looping call 'nova.service.Service.periodic_tasks' sleeping for 60.00 seconds {{(pid=98774) _run_loop /opt/stack/data/venv/lib/python3.12/site-packages/oslo_service/backend/_threading/loopingcall.py:125}}
Jul 06 09:31:35.717566 np0000004634 nova-conductor[98745]: DEBUG oslo.service.backend._threading.loopingcall [None req-39ed1f07-ee5e-4032-ae1d-045f42d4c8ff None None] Dynamic interval looping call 'nova.service.Service.periodic_tasks' sleeping for 60.00 seconds {{(pid=98745) _run_loop /opt/stack/data/venv/lib/python3.12/site-packages/oslo_service/backend/_threading/loopingcall.py:125}}
Jul 06 09:31:38.728571 np0000004634 nova-conductor[98745]: DEBUG oslo.service.backend._threading.loopingcall [-] Fixed interval looping call 'nova.servicegroup.drivers.db.DbDriver._report_state' sleeping for 119.99 seconds {{(pid=98745) _run_loop /opt/stack/data/venv/lib/python3.12/site-packages/oslo_service/backend/_threading/loopingcall.py:125}}
Jul 06 09:31:38.729129 np0000004634 nova-conductor[98758]: DEBUG oslo.service.backend._threading.loopingcall [-] Fixed interval looping call 'nova.servicegroup.drivers.db.DbDriver._report_state' sleeping for 119.99 seconds {{(pid=98758) _run_loop /opt/stack/data/venv/lib/python3.12/site-packages/oslo_service/backend/_threading/loopingcall.py:125}}
Jul 06 09:31:38.730237 np0000004634 nova-conductor[98774]: DEBUG oslo.service.backend._threading.loopingcall [-] Fixed interval looping call 'nova.servicegroup.drivers.db.DbDriver._report_state' sleeping for 120.00 seconds {{(pid=98774) _run_loop /opt/stack/data/venv/lib/python3.12/site-packages/oslo_service/backend/_threading/loopingcall.py:125}}
Jul 06 09:31:38.731891 np0000004634 nova-conductor[98768]: DEBUG oslo.service.backend._threading.loopingcall [-] Fixed interval looping call 'nova.servicegroup.drivers.db.DbDriver._report_state' sleeping for 120.00 seconds {{(pid=98768) _run_loop /opt/stack/data/venv/lib/python3.12/site-packages/oslo_service/backend/_threading/loopingcall.py:125}}
Jul 06 09:31:46.725349 np0000004634 nova-conductor[98768]: DEBUG oslo.service.backend._threading.loopingcall [None req-da19deab-5fed-47f1-b14c-08405f55f406 None None] Dynamic interval looping call 'nova.service.Service.periodic_tasks' sleeping for 60.00 seconds {{(pid=98768) _run_loop /opt/stack/data/venv/lib/python3.12/site-packages/oslo_service/backend/_threading/loopingcall.py:125}}
Jul 06 09:31:48.724338 np0000004634 nova-conductor[98745]: DEBUG dbcounter [-] [98745] Writing DB stats nova_cell0:SELECT=1,nova_cell0:UPDATE=1 {{(pid=98745) stat_writer /opt/stack/data/venv/lib/python3.12/site-packages/dbcounter.py:115}}
Jul 06 09:31:48.727294 np0000004634 nova-conductor[98758]: DEBUG dbcounter [-] [98758] Writing DB stats nova_cell0:SELECT=1,nova_cell0:UPDATE=1 {{(pid=98758) stat_writer /opt/stack/data/venv/lib/python3.12/site-packages/dbcounter.py:115}}
Jul 06 09:31:48.728494 np0000004634 nova-conductor[98774]: DEBUG dbcounter [-] [98774] Writing DB stats nova_cell0:SELECT=1 {{(pid=98774) stat_writer /opt/stack/data/venv/lib/python3.12/site-packages/dbcounter.py:115}}
Jul 06 09:31:48.730126 np0000004634 nova-conductor[98768]: DEBUG dbcounter [-] [98768] Writing DB stats nova_cell0:SELECT=1 {{(pid=98768) stat_writer /opt/stack/data/venv/lib/python3.12/site-packages/dbcounter.py:115}}
Jul 06 09:31:52.725608 np0000004634 nova-conductor[98758]: DEBUG oslo.service.backend._threading.loopingcall [None req-799b22cb-563e-481b-a456-88522cd77954 None None] Dynamic interval looping call 'nova.service.Service.periodic_tasks' sleeping for 60.00 seconds {{(pid=98758) _run_loop /opt/stack/data/venv/lib/python3.12/site-packages/oslo_service/backend/_threading/loopingcall.py:125}}
Jul 06 09:31:55.698713 np0000004634 nova-conductor[98745]: DEBUG oslo_db.sqlalchemy.engines [None req-67e423b0-f0e0-4ad6-8e3d-98df5e5744ab tempest-ServerActionsTestOtherA-495931793 tempest-ServerActionsTestOtherA-495931793-project-member] Parent process 97272 forked (98745) with an open database connection, which is being discarded and recreated. {{(pid=98745) checkout /opt/stack/data/venv/lib/python3.12/site-packages/oslo_db/sqlalchemy/engines.py:402}}
Jul 06 09:31:55.751300 np0000004634 nova-conductor[98745]: DEBUG dbcounter [-] [98745] Writer thread running {{(pid=98745) stat_writer /opt/stack/data/venv/lib/python3.12/site-packages/dbcounter.py:102}}
Jul 06 09:31:55.873781 np0000004634 nova-conductor[98768]: DEBUG dbcounter [-] [98768] Writer thread running {{(pid=98768) stat_writer /opt/stack/data/venv/lib/python3.12/site-packages/dbcounter.py:102}}
Jul 06 09:31:56.906277 np0000004634 nova-conductor[98768]: DEBUG nova.conductor.manager [None req-c0793dc4-1f13-4f5b-8df8-75fcc06cf072 tempest-ServerStableDeviceRescueTest-1821634096 tempest-ServerStableDeviceRescueTest-1821634096-project-member] Took 1.03 seconds to select destinations for 1 instance(s). {{(pid=98768) _schedule_instances /opt/stack/nova/nova/conductor/manager.py:968}}
Jul 06 09:31:56.939763 np0000004634 nova-conductor[98768]: DEBUG oslo_concurrency.lockutils [None req-c0793dc4-1f13-4f5b-8df8-75fcc06cf072 tempest-ServerStableDeviceRescueTest-1821634096 tempest-ServerStableDeviceRescueTest-1821634096-project-member] Acquiring lock "d88bc5fe-7280-4226-b1c9-fefd4f899325" by "nova.context.set_target_cell..get_or_set_cached_cell_and_set_connections" {{(pid=98768) inner /opt/stack/data/venv/lib/python3.12/site-packages/oslo_concurrency/lockutils.py:511}}
Jul 06 09:31:56.939999 np0000004634 nova-conductor[98768]: DEBUG oslo_concurrency.lockutils [None req-c0793dc4-1f13-4f5b-8df8-75fcc06cf072 tempest-ServerStableDeviceRescueTest-1821634096 tempest-ServerStableDeviceRescueTest-1821634096-project-member] Lock "d88bc5fe-7280-4226-b1c9-fefd4f899325" acquired by "nova.context.set_target_cell..get_or_set_cached_cell_and_set_connections" :: waited 0.000s {{(pid=98768) inner /opt/stack/data/venv/lib/python3.12/site-packages/oslo_concurrency/lockutils.py:524}}
Jul 06 09:31:56.941752 np0000004634 nova-conductor[98768]: DEBUG oslo_concurrency.lockutils [None req-c0793dc4-1f13-4f5b-8df8-75fcc06cf072 tempest-ServerStableDeviceRescueTest-1821634096 tempest-ServerStableDeviceRescueTest-1821634096-project-member] Lock "d88bc5fe-7280-4226-b1c9-fefd4f899325" "released" by "nova.context.set_target_cell..get_or_set_cached_cell_and_set_connections" :: held 0.002s {{(pid=98768) inner /opt/stack/data/venv/lib/python3.12/site-packages/oslo_concurrency/lockutils.py:543}}
Jul 06 09:31:56.944667 np0000004634 nova-conductor[98768]: INFO dbcounter [None req-c0793dc4-1f13-4f5b-8df8-75fcc06cf072 tempest-ServerStableDeviceRescueTest-1821634096 tempest-ServerStableDeviceRescueTest-1821634096-project-member] Registered counter for database nova_cell1
Jul 06 09:31:56.996341 np0000004634 nova-conductor[98768]: DEBUG oslo_db.sqlalchemy.engines [None req-c0793dc4-1f13-4f5b-8df8-75fcc06cf072 tempest-ServerStableDeviceRescueTest-1821634096 tempest-ServerStableDeviceRescueTest-1821634096-project-member] MySQL server mode set to STRICT_TRANS_TABLES,STRICT_ALL_TABLES,NO_ZERO_IN_DATE,NO_ZERO_DATE,ERROR_FOR_DIVISION_BY_ZERO,TRADITIONAL,NO_ENGINE_SUBSTITUTION {{(pid=98768) _check_effective_sql_mode /opt/stack/data/venv/lib/python3.12/site-packages/oslo_db/sqlalchemy/engines.py:325}}
Jul 06 09:31:57.003070 np0000004634 nova-conductor[98768]: DEBUG dbcounter [-] [98768] Writer thread running {{(pid=98768) stat_writer /opt/stack/data/venv/lib/python3.12/site-packages/dbcounter.py:102}}
Jul 06 09:31:57.088647 np0000004634 nova-conductor[98768]: INFO nova.utils [None req-c0793dc4-1f13-4f5b-8df8-75fcc06cf072 tempest-ServerStableDeviceRescueTest-1821634096 tempest-ServerStableDeviceRescueTest-1821634096-project-member] The cell worker thread pool ForkProcess-3.cell_worker is initialized
Jul 06 09:31:57.090024 np0000004634 nova-conductor[98768]: DEBUG oslo_concurrency.lockutils [None req-c0793dc4-1f13-4f5b-8df8-75fcc06cf072 tempest-ServerStableDeviceRescueTest-1821634096 tempest-ServerStableDeviceRescueTest-1821634096-project-member] Acquiring lock "00000000-0000-0000-0000-000000000000" by "nova.context.set_target_cell..get_or_set_cached_cell_and_set_connections" {{(pid=98768) inner /opt/stack/data/venv/lib/python3.12/site-packages/oslo_concurrency/lockutils.py:511}}
Jul 06 09:31:57.090024 np0000004634 nova-conductor[98768]: DEBUG oslo_concurrency.lockutils [None req-c0793dc4-1f13-4f5b-8df8-75fcc06cf072 tempest-ServerStableDeviceRescueTest-1821634096 tempest-ServerStableDeviceRescueTest-1821634096-project-member] Lock "00000000-0000-0000-0000-000000000000" acquired by "nova.context.set_target_cell..get_or_set_cached_cell_and_set_connections" :: waited 0.000s {{(pid=98768) inner /opt/stack/data/venv/lib/python3.12/site-packages/oslo_concurrency/lockutils.py:524}}
Jul 06 09:31:57.090024 np0000004634 nova-conductor[98768]: DEBUG oslo_concurrency.lockutils [None req-c0793dc4-1f13-4f5b-8df8-75fcc06cf072 tempest-ServerStableDeviceRescueTest-1821634096 tempest-ServerStableDeviceRescueTest-1821634096-project-member] Lock "00000000-0000-0000-0000-000000000000" "released" by "nova.context.set_target_cell..get_or_set_cached_cell_and_set_connections" :: held 0.000s {{(pid=98768) inner /opt/stack/data/venv/lib/python3.12/site-packages/oslo_concurrency/lockutils.py:543}}
Jul 06 09:31:57.090239 np0000004634 nova-conductor[98768]: DEBUG oslo_concurrency.lockutils [None req-c0793dc4-1f13-4f5b-8df8-75fcc06cf072 tempest-ServerStableDeviceRescueTest-1821634096 tempest-ServerStableDeviceRescueTest-1821634096-project-member] Acquiring lock "d88bc5fe-7280-4226-b1c9-fefd4f899325" by "nova.context.set_target_cell..get_or_set_cached_cell_and_set_connections" {{(pid=98768) inner /opt/stack/data/venv/lib/python3.12/site-packages/oslo_concurrency/lockutils.py:511}}
Jul 06 09:31:57.090349 np0000004634 nova-conductor[98768]: DEBUG oslo_concurrency.lockutils [None req-c0793dc4-1f13-4f5b-8df8-75fcc06cf072 tempest-ServerStableDeviceRescueTest-1821634096 tempest-ServerStableDeviceRescueTest-1821634096-project-member] Lock "d88bc5fe-7280-4226-b1c9-fefd4f899325" acquired by "nova.context.set_target_cell..get_or_set_cached_cell_and_set_connections" :: waited 0.000s {{(pid=98768) inner /opt/stack/data/venv/lib/python3.12/site-packages/oslo_concurrency/lockutils.py:524}}
Jul 06 09:31:57.090479 np0000004634 nova-conductor[98768]: DEBUG oslo_concurrency.lockutils [None req-c0793dc4-1f13-4f5b-8df8-75fcc06cf072 tempest-ServerStableDeviceRescueTest-1821634096 tempest-ServerStableDeviceRescueTest-1821634096-project-member] Lock "d88bc5fe-7280-4226-b1c9-fefd4f899325" "released" by "nova.context.set_target_cell..get_or_set_cached_cell_and_set_connections" :: held 0.000s {{(pid=98768) inner /opt/stack/data/venv/lib/python3.12/site-packages/oslo_concurrency/lockutils.py:543}}
Jul 06 09:31:57.091777 np0000004634 nova-conductor[98768]: INFO dbcounter [None req-c0793dc4-1f13-4f5b-8df8-75fcc06cf072 tempest-ServerStableDeviceRescueTest-1821634096 tempest-ServerStableDeviceRescueTest-1821634096-project-member] Registered counter for database nova_cell0
Jul 06 09:31:57.136312 np0000004634 nova-conductor[98768]: DEBUG oslo_db.sqlalchemy.engines [None req-c0793dc4-1f13-4f5b-8df8-75fcc06cf072 tempest-ServerStableDeviceRescueTest-1821634096 tempest-ServerStableDeviceRescueTest-1821634096-project-member] MySQL server mode set to STRICT_TRANS_TABLES,STRICT_ALL_TABLES,NO_ZERO_IN_DATE,NO_ZERO_DATE,ERROR_FOR_DIVISION_BY_ZERO,TRADITIONAL,NO_ENGINE_SUBSTITUTION {{(pid=98768) _check_effective_sql_mode /opt/stack/data/venv/lib/python3.12/site-packages/oslo_db/sqlalchemy/engines.py:325}}
Jul 06 09:31:57.142087 np0000004634 nova-conductor[98768]: DEBUG dbcounter [-] [98768] Writer thread running {{(pid=98768) stat_writer /opt/stack/data/venv/lib/python3.12/site-packages/dbcounter.py:102}}
Jul 06 09:31:57.151821 np0000004634 nova-conductor[98768]: DEBUG nova.quota [None req-c0793dc4-1f13-4f5b-8df8-75fcc06cf072 tempest-ServerStableDeviceRescueTest-1821634096 tempest-ServerStableDeviceRescueTest-1821634096-project-member] Getting quotas for project b122373b24274b288c973cf2ace5066e. Resources: {'cores', 'instances', 'ram'} {{(pid=98768) _get_quotas /opt/stack/nova/nova/quota.py:389}}
Jul 06 09:31:57.155386 np0000004634 nova-conductor[98768]: DEBUG nova.quota [None req-c0793dc4-1f13-4f5b-8df8-75fcc06cf072 tempest-ServerStableDeviceRescueTest-1821634096 tempest-ServerStableDeviceRescueTest-1821634096-project-member] Getting quotas for user 74c98a2987af430e9658df11ad3b8385 and project b122373b24274b288c973cf2ace5066e. Resources: {'cores', 'instances', 'ram'} {{(pid=98768) _get_quotas /opt/stack/nova/nova/quota.py:379}}
Jul 06 09:31:57.163396 np0000004634 nova-conductor[98768]: DEBUG nova.conductor.manager [None req-c0793dc4-1f13-4f5b-8df8-75fcc06cf072 tempest-ServerStableDeviceRescueTest-1821634096 tempest-ServerStableDeviceRescueTest-1821634096-project-member] [instance: baa8384e-9ba1-4fd3-980c-8dffa54092a6] Selected host: np0000004634; Selected node: np0000004634; Alternates: [] {{(pid=98768) schedule_and_build_instances /opt/stack/nova/nova/conductor/manager.py:1784}}
Jul 06 09:31:57.163924 np0000004634 nova-conductor[98768]: DEBUG oslo_concurrency.lockutils [None req-c0793dc4-1f13-4f5b-8df8-75fcc06cf072 tempest-ServerStableDeviceRescueTest-1821634096 tempest-ServerStableDeviceRescueTest-1821634096-project-member] Acquiring lock "d88bc5fe-7280-4226-b1c9-fefd4f899325" by "nova.context.set_target_cell..get_or_set_cached_cell_and_set_connections" {{(pid=98768) inner /opt/stack/data/venv/lib/python3.12/site-packages/oslo_concurrency/lockutils.py:511}}
Jul 06 09:31:57.164122 np0000004634 nova-conductor[98768]: DEBUG oslo_concurrency.lockutils [None req-c0793dc4-1f13-4f5b-8df8-75fcc06cf072 tempest-ServerStableDeviceRescueTest-1821634096 tempest-ServerStableDeviceRescueTest-1821634096-project-member] Lock "d88bc5fe-7280-4226-b1c9-fefd4f899325" acquired by "nova.context.set_target_cell..get_or_set_cached_cell_and_set_connections" :: waited 0.000s {{(pid=98768) inner /opt/stack/data/venv/lib/python3.12/site-packages/oslo_concurrency/lockutils.py:524}}
Jul 06 09:31:57.164254 np0000004634 nova-conductor[98768]: DEBUG oslo_concurrency.lockutils [None req-c0793dc4-1f13-4f5b-8df8-75fcc06cf072 tempest-ServerStableDeviceRescueTest-1821634096 tempest-ServerStableDeviceRescueTest-1821634096-project-member] Lock "d88bc5fe-7280-4226-b1c9-fefd4f899325" "released" by "nova.context.set_target_cell..get_or_set_cached_cell_and_set_connections" :: held 0.000s {{(pid=98768) inner /opt/stack/data/venv/lib/python3.12/site-packages/oslo_concurrency/lockutils.py:543}}
Jul 06 09:31:57.175882 np0000004634 nova-conductor[98768]: DEBUG nova.conductor.manager [None req-c0793dc4-1f13-4f5b-8df8-75fcc06cf072 tempest-ServerStableDeviceRescueTest-1821634096 tempest-ServerStableDeviceRescueTest-1821634096-project-member] [instance: baa8384e-9ba1-4fd3-980c-8dffa54092a6] block_device_mapping [BlockDeviceMapping(attachment_id=,boot_index=0,connection_info=None,created_at=,delete_on_termination=True,deleted=,deleted_at=,destination_type='local',device_name=None,device_type='disk',disk_bus=None,encrypted=False,encryption_format=None,encryption_options=None,encryption_secret_uuid=None,guest_format=None,id=,image_id='81b1a049-81e1-41d6-a83d-b2f4d015fa4b',instance=,instance_uuid=,no_device=False,snapshot_id=None,source_type='image',tag=None,updated_at=,uuid=,volume_id=None,volume_size=None,volume_type=None)] {{(pid=98768) _create_block_device_mapping /opt/stack/nova/nova/conductor/manager.py:1529}}
Jul 06 09:31:57.177619 np0000004634 nova-conductor[98768]: DEBUG oslo_concurrency.lockutils [None req-c0793dc4-1f13-4f5b-8df8-75fcc06cf072 tempest-ServerStableDeviceRescueTest-1821634096 tempest-ServerStableDeviceRescueTest-1821634096-project-member] Acquiring lock "d88bc5fe-7280-4226-b1c9-fefd4f899325" by "nova.context.set_target_cell..get_or_set_cached_cell_and_set_connections" {{(pid=98768) inner /opt/stack/data/venv/lib/python3.12/site-packages/oslo_concurrency/lockutils.py:511}}
Jul 06 09:31:57.177967 np0000004634 nova-conductor[98768]: DEBUG oslo_concurrency.lockutils [None req-c0793dc4-1f13-4f5b-8df8-75fcc06cf072 tempest-ServerStableDeviceRescueTest-1821634096 tempest-ServerStableDeviceRescueTest-1821634096-project-member] Lock "d88bc5fe-7280-4226-b1c9-fefd4f899325" acquired by "nova.context.set_target_cell..get_or_set_cached_cell_and_set_connections" :: waited 0.000s {{(pid=98768) inner /opt/stack/data/venv/lib/python3.12/site-packages/oslo_concurrency/lockutils.py:524}}
Jul 06 09:31:57.178398 np0000004634 nova-conductor[98768]: DEBUG oslo_concurrency.lockutils [None req-c0793dc4-1f13-4f5b-8df8-75fcc06cf072 tempest-ServerStableDeviceRescueTest-1821634096 tempest-ServerStableDeviceRescueTest-1821634096-project-member] Lock "d88bc5fe-7280-4226-b1c9-fefd4f899325" "released" by "nova.context.set_target_cell..get_or_set_cached_cell_and_set_connections" :: held 0.000s {{(pid=98768) inner /opt/stack/data/venv/lib/python3.12/site-packages/oslo_concurrency/lockutils.py:543}}
Jul 06 09:31:57.220815 np0000004634 nova-conductor[98768]: DEBUG oslo_concurrency.lockutils [None req-c0793dc4-1f13-4f5b-8df8-75fcc06cf072 tempest-ServerStableDeviceRescueTest-1821634096 tempest-ServerStableDeviceRescueTest-1821634096-project-member] Acquiring lock "d88bc5fe-7280-4226-b1c9-fefd4f899325" by "nova.context.set_target_cell..get_or_set_cached_cell_and_set_connections" {{(pid=98768) inner /opt/stack/data/venv/lib/python3.12/site-packages/oslo_concurrency/lockutils.py:511}}
