Jun 26 18:14:54.365614 np0000003776 devstack@placement-api.service[93100]: [pid: 93100|app: 0|req: 104/415] 10.4.3.109 () {68 vars in 1499 bytes} [Fri Jun 26 18:14:54 2026] GET /placement/allocations/86f5772a-1e41-4dd4-9100-178769adfc15 => generated 258 bytes in 14 msecs (HTTP/1.1 200) 8 headers in 296 bytes (1 switches on core 0)
Jun 26 18:14:54.464325 np0000003776 devstack@placement-api.service[93102]: DEBUG placement.requestlog [req-70e4387c-d2dd-4f78-a5a4-1625cd473d1b req-0a181d9e-a03f-466a-839c-a93f787eb9b7 None None] Starting request: 10.4.3.109 "GET /placement/allocations/4c02cb8f-2371-4535-95ea-fc192faa3a41" {{(pid=93102) __call__ /opt/stack/placement/placement/requestlog.py:55}}
Jun 26 18:14:54.472798 np0000003776 devstack@placement-api.service[93102]: INFO placement.requestlog [req-70e4387c-d2dd-4f78-a5a4-1625cd473d1b req-0a181d9e-a03f-466a-839c-a93f787eb9b7 service nova] 10.4.3.109 "GET /placement/allocations/4c02cb8f-2371-4535-95ea-fc192faa3a41" status: 200 len: 244 microversion: 1.28
Jun 26 18:14:54.473098 np0000003776 devstack@placement-api.service[93102]: [pid: 93102|app: 0|req: 105/416] 10.4.3.109 () {68 vars in 1499 bytes} [Fri Jun 26 18:14:54 2026] GET /placement/allocations/4c02cb8f-2371-4535-95ea-fc192faa3a41 => generated 244 bytes in 9 msecs (HTTP/1.1 200) 8 headers in 296 bytes (1 switches on core 0)
Jun 26 18:14:54.546537 np0000003776 devstack@placement-api.service[93103]: DEBUG placement.requestlog [req-70e4387c-d2dd-4f78-a5a4-1625cd473d1b req-d2b8fe01-84e5-434e-899a-025190c2f239 None None] Starting request: 10.4.3.109 "GET /placement/allocations/e0ff1c8b-371d-4c3f-bbf7-2878a2f85931" {{(pid=93103) __call__ /opt/stack/placement/placement/requestlog.py:55}}
Jun 26 18:14:54.561436 np0000003776 devstack@placement-api.service[93103]: INFO placement.requestlog [req-70e4387c-d2dd-4f78-a5a4-1625cd473d1b req-d2b8fe01-84e5-434e-899a-025190c2f239 service nova] 10.4.3.109 "GET /placement/allocations/e0ff1c8b-371d-4c3f-bbf7-2878a2f85931" status: 200 len: 258 microversion: 1.28
Jun 26 18:14:54.561811 np0000003776 devstack@placement-api.service[93103]: [pid: 93103|app: 0|req: 105/417] 10.4.3.109 () {68 vars in 1499 bytes} [Fri Jun 26 18:14:54 2026] GET /placement/allocations/e0ff1c8b-371d-4c3f-bbf7-2878a2f85931 => generated 258 bytes in 15 msecs (HTTP/1.1 200) 8 headers in 296 bytes (1 switches on core 0)
Jun 26 18:14:54.600671 np0000003776 devstack@placement-api.service[93101]: DEBUG placement.requestlog [req-70e4387c-d2dd-4f78-a5a4-1625cd473d1b req-b5fc64cd-8c64-42c0-9307-dd540d3674b7 None None] Starting request: 10.4.3.109 "GET /placement/allocations/f7ccd740-7b5e-4c94-831a-559476e021fd" {{(pid=93101) __call__ /opt/stack/placement/placement/requestlog.py:55}}
Jun 26 18:14:54.610055 np0000003776 devstack@placement-api.service[93101]: INFO placement.requestlog [req-70e4387c-d2dd-4f78-a5a4-1625cd473d1b req-b5fc64cd-8c64-42c0-9307-dd540d3674b7 service nova] 10.4.3.109 "GET /placement/allocations/f7ccd740-7b5e-4c94-831a-559476e021fd" status: 200 len: 258 microversion: 1.28
Jun 26 18:14:54.610343 np0000003776 devstack@placement-api.service[93101]: [pid: 93101|app: 0|req: 104/418] 10.4.3.109 () {68 vars in 1499 bytes} [Fri Jun 26 18:14:54 2026] GET /placement/allocations/f7ccd740-7b5e-4c94-831a-559476e021fd => generated 258 bytes in 10 msecs (HTTP/1.1 200) 8 headers in 296 bytes (1 switches on core 0)
Jun 26 18:14:55.721377 np0000003776 devstack@placement-api.service[93100]: DEBUG placement.requestlog [req-70e4387c-d2dd-4f78-a5a4-1625cd473d1b req-ef3aa898-877f-4ad7-adbf-b863b736118b None None] Starting request: 10.4.3.109 "DELETE /placement/allocations/820c1b43-ba4f-4348-af3b-39670bd43d31" {{(pid=93100) __call__ /opt/stack/placement/placement/requestlog.py:55}}
Jun 26 18:14:55.742065 np0000003776 devstack@placement-api.service[93100]: DEBUG placement.handlers.allocation [req-70e4387c-d2dd-4f78-a5a4-1625cd473d1b req-ef3aa898-877f-4ad7-adbf-b863b736118b service nova] Successfully deleted allocations [, , ] {{(pid=93100) delete_allocations /opt/stack/placement/placement/handlers/allocation.py:627}}
Jun 26 18:14:55.742399 np0000003776 devstack@placement-api.service[93100]: INFO placement.requestlog [req-70e4387c-d2dd-4f78-a5a4-1625cd473d1b req-ef3aa898-877f-4ad7-adbf-b863b736118b service nova] 10.4.3.109 "DELETE /placement/allocations/820c1b43-ba4f-4348-af3b-39670bd43d31" status: 204 len: 0 microversion: 1.0
Jun 26 18:14:55.742794 np0000003776 devstack@placement-api.service[93100]: [pid: 93100|app: 0|req: 105/419] 10.4.3.109 () {68 vars in 1477 bytes} [Fri Jun 26 18:14:55 2026] DELETE /placement/allocations/820c1b43-ba4f-4348-af3b-39670bd43d31 => generated 0 bytes in 21 msecs (HTTP/1.1 204) 5 headers in 198 bytes (1 switches on core 0)
Jun 26 18:14:56.747151 np0000003776 devstack@placement-api.service[93102]: DEBUG placement.requestlog [req-162a0445-a9d0-486e-9414-a7dbc652b1d3 req-0e5afaf4-d0f4-49cc-b982-4db669134654 None None] Starting request: 10.4.3.109 "GET /placement/resource_providers/fcab7b0c-4eb4-486a-a91b-7b9e36d3704f/allocations" {{(pid=93102) __call__ /opt/stack/placement/placement/requestlog.py:55}}
Jun 26 18:14:56.762040 np0000003776 devstack@placement-api.service[93102]: INFO placement.requestlog [req-162a0445-a9d0-486e-9414-a7dbc652b1d3 req-0e5afaf4-d0f4-49cc-b982-4db669134654 service nova] 10.4.3.109 "GET /placement/resource_providers/fcab7b0c-4eb4-486a-a91b-7b9e36d3704f/allocations" status: 200 len: 739 microversion: 1.0
Jun 26 18:14:56.762950 np0000003776 devstack@placement-api.service[93102]: [pid: 93102|app: 0|req: 106/420] 10.4.3.109 () {66 vars in 1512 bytes} [Fri Jun 26 18:14:56 2026] GET /placement/resource_providers/fcab7b0c-4eb4-486a-a91b-7b9e36d3704f/allocations => generated 739 bytes in 15 msecs (HTTP/1.1 200) 6 headers in 224 bytes (1 switches on core 0)
Jun 26 18:14:56.822792 np0000003776 devstack@placement-api.service[93103]: DEBUG placement.requestlog [req-162a0445-a9d0-486e-9414-a7dbc652b1d3 req-5fa739ae-f975-483d-9b76-fa8e0f4aad92 None None] Starting request: 10.4.3.109 "GET /placement/resource_providers/fcab7b0c-4eb4-486a-a91b-7b9e36d3704f/allocations" {{(pid=93103) __call__ /opt/stack/placement/placement/requestlog.py:55}}
Jun 26 18:14:56.864022 np0000003776 devstack@placement-api.service[93103]: INFO placement.requestlog [req-162a0445-a9d0-486e-9414-a7dbc652b1d3 req-5fa739ae-f975-483d-9b76-fa8e0f4aad92 service nova] 10.4.3.109 "GET /placement/resource_providers/fcab7b0c-4eb4-486a-a91b-7b9e36d3704f/allocations" status: 200 len: 739 microversion: 1.0
Jun 26 18:14:56.864409 np0000003776 devstack@placement-api.service[93103]: [pid: 93103|app: 0|req: 106/421] 10.4.3.109 () {66 vars in 1512 bytes} [Fri Jun 26 18:14:56 2026] GET /placement/resource_providers/fcab7b0c-4eb4-486a-a91b-7b9e36d3704f/allocations => generated 739 bytes in 42 msecs (HTTP/1.1 200) 6 headers in 224 bytes (1 switches on core 0)
Jun 26 18:14:56.910013 np0000003776 devstack@placement-api.service[93101]: DEBUG placement.requestlog [req-162a0445-a9d0-486e-9414-a7dbc652b1d3 req-1884af05-e951-480d-8b61-3e0918587bc4 None None] Starting request: 10.4.3.109 "GET /placement/allocations/f632035f-6e21-4097-93bc-e6fbe5a79f36" {{(pid=93101) __call__ /opt/stack/placement/placement/requestlog.py:55}}
Jun 26 18:14:56.921970 np0000003776 devstack@placement-api.service[93101]: INFO placement.requestlog [req-162a0445-a9d0-486e-9414-a7dbc652b1d3 req-1884af05-e951-480d-8b61-3e0918587bc4 service nova] 10.4.3.109 "GET /placement/allocations/f632035f-6e21-4097-93bc-e6fbe5a79f36" status: 200 len: 258 microversion: 1.28
Jun 26 18:14:56.921970 np0000003776 devstack@placement-api.service[93101]: [pid: 93101|app: 0|req: 105/422] 10.4.3.109 () {68 vars in 1499 bytes} [Fri Jun 26 18:14:56 2026] GET /placement/allocations/f632035f-6e21-4097-93bc-e6fbe5a79f36 => generated 258 bytes in 12 msecs (HTTP/1.1 200) 8 headers in 296 bytes (1 switches on core 0)
Jun 26 18:14:56.954171 np0000003776 devstack@placement-api.service[93100]: DEBUG placement.requestlog [req-162a0445-a9d0-486e-9414-a7dbc652b1d3 req-d88bdb13-9977-4002-9f42-2c6feb73ac81 None None] Starting request: 10.4.3.109 "GET /placement/allocations/4cf4ffac-559f-4fcc-8dbd-cb43a7a81fb8" {{(pid=93100) __call__ /opt/stack/placement/placement/requestlog.py:55}}
Jun 26 18:14:56.966114 np0000003776 devstack@placement-api.service[93100]: INFO placement.requestlog [req-162a0445-a9d0-486e-9414-a7dbc652b1d3 req-d88bdb13-9977-4002-9f42-2c6feb73ac81 service nova] 10.4.3.109 "GET /placement/allocations/4cf4ffac-559f-4fcc-8dbd-cb43a7a81fb8" status: 200 len: 258 microversion: 1.28
Jun 26 18:14:56.966473 np0000003776 devstack@placement-api.service[93100]: [pid: 93100|app: 0|req: 106/423] 10.4.3.109 () {68 vars in 1499 bytes} [Fri Jun 26 18:14:56 2026] GET /placement/allocations/4cf4ffac-559f-4fcc-8dbd-cb43a7a81fb8 => generated 258 bytes in 12 msecs (HTTP/1.1 200) 8 headers in 296 bytes (1 switches on core 0)
Jun 26 18:14:57.004669 np0000003776 devstack@placement-api.service[93102]: DEBUG placement.requestlog [req-162a0445-a9d0-486e-9414-a7dbc652b1d3 req-ba1bd090-54c8-4ca0-8902-2f3b207d9c45 None None] Starting request: 10.4.3.109 "GET /placement/allocations/86f5772a-1e41-4dd4-9100-178769adfc15" {{(pid=93102) __call__ /opt/stack/placement/placement/requestlog.py:55}}
Jun 26 18:14:57.012403 np0000003776 devstack@placement-api.service[93102]: INFO placement.requestlog [req-162a0445-a9d0-486e-9414-a7dbc652b1d3 req-ba1bd090-54c8-4ca0-8902-2f3b207d9c45 service nova] 10.4.3.109 "GET /placement/allocations/86f5772a-1e41-4dd4-9100-178769adfc15" status: 200 len: 258 microversion: 1.28
Jun 26 18:14:57.012672 np0000003776 devstack@placement-api.service[93102]: [pid: 93102|app: 0|req: 107/424] 10.4.3.109 () {68 vars in 1499 bytes} [Fri Jun 26 18:14:57 2026] GET /placement/allocations/86f5772a-1e41-4dd4-9100-178769adfc15 => generated 258 bytes in 11 msecs (HTTP/1.1 200) 8 headers in 296 bytes (1 switches on core 0)
Jun 26 18:14:57.064160 np0000003776 devstack@placement-api.service[93103]: DEBUG placement.requestlog [req-162a0445-a9d0-486e-9414-a7dbc652b1d3 req-15a3de8d-fa81-4a3a-bf1c-5e94a0f27fdb None None] Starting request: 10.4.3.109 "GET /placement/allocations/3ce40c8d-3577-460c-a5cb-b7aba8971c82" {{(pid=93103) __call__ /opt/stack/placement/placement/requestlog.py:55}}
Jun 26 18:14:57.073674 np0000003776 devstack@placement-api.service[93103]: INFO placement.requestlog [req-162a0445-a9d0-486e-9414-a7dbc652b1d3 req-15a3de8d-fa81-4a3a-bf1c-5e94a0f27fdb service nova] 10.4.3.109 "GET /placement/allocations/3ce40c8d-3577-460c-a5cb-b7aba8971c82" status: 200 len: 258 microversion: 1.28
Jun 26 18:14:57.073889 np0000003776 devstack@placement-api.service[93103]: [pid: 93103|app: 0|req: 107/425] 10.4.3.109 () {68 vars in 1499 bytes} [Fri Jun 26 18:14:57 2026] GET /placement/allocations/3ce40c8d-3577-460c-a5cb-b7aba8971c82 => generated 258 bytes in 11 msecs (HTTP/1.1 200) 8 headers in 296 bytes (1 switches on core 0)
Jun 26 18:14:57.135663 np0000003776 devstack@placement-api.service[93101]: DEBUG placement.requestlog [req-162a0445-a9d0-486e-9414-a7dbc652b1d3 req-d4fbf22f-5c74-452e-bff1-b12eabf09eef None None] Starting request: 10.4.3.109 "GET /placement/allocations/4c02cb8f-2371-4535-95ea-fc192faa3a41" {{(pid=93101) __call__ /opt/stack/placement/placement/requestlog.py:55}}
Jun 26 18:14:57.144399 np0000003776 devstack@placement-api.service[93101]: INFO placement.requestlog [req-162a0445-a9d0-486e-9414-a7dbc652b1d3 req-d4fbf22f-5c74-452e-bff1-b12eabf09eef service nova] 10.4.3.109 "GET /placement/allocations/4c02cb8f-2371-4535-95ea-fc192faa3a41" status: 200 len: 244 microversion: 1.28
Jun 26 18:14:57.144674 np0000003776 devstack@placement-api.service[93101]: [pid: 93101|app: 0|req: 106/426] 10.4.3.109 () {68 vars in 1499 bytes} [Fri Jun 26 18:14:57 2026] GET /placement/allocations/4c02cb8f-2371-4535-95ea-fc192faa3a41 => generated 244 bytes in 9 msecs (HTTP/1.1 200) 8 headers in 296 bytes (1 switches on core 0)
Jun 26 18:14:57.199954 np0000003776 devstack@placement-api.service[93100]: DEBUG placement.requestlog [req-162a0445-a9d0-486e-9414-a7dbc652b1d3 req-a77595b7-637f-4376-9634-f23cf78e22c6 None None] Starting request: 10.4.3.109 "GET /placement/allocations/e0ff1c8b-371d-4c3f-bbf7-2878a2f85931" {{(pid=93100) __call__ /opt/stack/placement/placement/requestlog.py:55}}
Jun 26 18:14:57.212174 np0000003776 devstack@placement-api.service[93100]: INFO placement.requestlog [req-162a0445-a9d0-486e-9414-a7dbc652b1d3 req-a77595b7-637f-4376-9634-f23cf78e22c6 service nova] 10.4.3.109 "GET /placement/allocations/e0ff1c8b-371d-4c3f-bbf7-2878a2f85931" status: 200 len: 258 microversion: 1.28
Jun 26 18:14:57.212457 np0000003776 devstack@placement-api.service[93100]: [pid: 93100|app: 0|req: 107/427] 10.4.3.109 () {68 vars in 1499 bytes} [Fri Jun 26 18:14:57 2026] GET /placement/allocations/e0ff1c8b-371d-4c3f-bbf7-2878a2f85931 => generated 258 bytes in 12 msecs (HTTP/1.1 200) 8 headers in 296 bytes (1 switches on core 0)
Jun 26 18:14:57.252117 np0000003776 devstack@placement-api.service[93102]: DEBUG placement.requestlog [req-162a0445-a9d0-486e-9414-a7dbc652b1d3 req-1d503c3b-cdf7-427f-ab3f-c78d707c09d8 None None] Starting request: 10.4.3.109 "GET /placement/allocations/f7ccd740-7b5e-4c94-831a-559476e021fd" {{(pid=93102) __call__ /opt/stack/placement/placement/requestlog.py:55}}
Jun 26 18:14:57.272839 np0000003776 devstack@placement-api.service[93102]: INFO placement.requestlog [req-162a0445-a9d0-486e-9414-a7dbc652b1d3 req-1d503c3b-cdf7-427f-ab3f-c78d707c09d8 service nova] 10.4.3.109 "GET /placement/allocations/f7ccd740-7b5e-4c94-831a-559476e021fd" status: 200 len: 258 microversion: 1.28
Jun 26 18:14:57.273692 np0000003776 devstack@placement-api.service[93102]: [pid: 93102|app: 0|req: 108/428] 10.4.3.109 () {68 vars in 1499 bytes} [Fri Jun 26 18:14:57 2026] GET /placement/allocations/f7ccd740-7b5e-4c94-831a-559476e021fd => generated 258 bytes in 22 msecs (HTTP/1.1 200) 8 headers in 296 bytes (1 switches on core 0)
Jun 26 18:15:01.805941 np0000003776 devstack@placement-api.service[93103]: DEBUG placement.requestlog [None req-886fd84c-e51c-44d9-a9c6-b98316877a2d None None] Starting request: 10.4.3.109 "GET /placement/resource_providers/8d288ef3-911b-494e-90d1-909c7e05d394/aggregates" {{(pid=93103) __call__ /opt/stack/placement/placement/requestlog.py:55}}
Jun 26 18:15:01.817337 np0000003776 devstack@placement-api.service[93103]: INFO placement.requestlog [None req-886fd84c-e51c-44d9-a9c6-b98316877a2d service placement] 10.4.3.109 "GET /placement/resource_providers/8d288ef3-911b-494e-90d1-909c7e05d394/aggregates" status: 404 len: 235 microversion: 1.1
Jun 26 18:15:01.817551 np0000003776 devstack@placement-api.service[93103]: [pid: 93103|app: 0|req: 108/429] 10.4.3.109 () {66 vars in 1474 bytes} [Fri Jun 26 18:15:01 2026] GET /placement/resource_providers/8d288ef3-911b-494e-90d1-909c7e05d394/aggregates => generated 235 bytes in 22 msecs (HTTP/1.1 404) 5 headers in 202 bytes (1 switches on core 0)
Jun 26 18:15:01.883208 np0000003776 devstack@placement-api.service[93101]: DEBUG placement.requestlog [None req-5fc07231-6ac4-42a8-ae96-9e2c930e237e None None] Starting request: 10.4.3.109 "DELETE /placement/resource_providers/8d288ef3-911b-494e-90d1-909c7e05d394" {{(pid=93101) __call__ /opt/stack/placement/placement/requestlog.py:55}}
Jun 26 18:15:01.906394 np0000003776 devstack@placement-api.service[93101]: DEBUG placement.wsgi_wrapper [None req-5fc07231-6ac4-42a8-ae96-9e2c930e237e service placement] Placement API returning an error response: No resource provider with uuid 8d288ef3-911b-494e-90d1-909c7e05d394 found for delete {{(pid=93101) call_func /opt/stack/placement/placement/wsgi_wrapper.py:31}}
Jun 26 18:15:01.907222 np0000003776 devstack@placement-api.service[93101]: INFO placement.requestlog [None req-5fc07231-6ac4-42a8-ae96-9e2c930e237e service placement] 10.4.3.109 "DELETE /placement/resource_providers/8d288ef3-911b-494e-90d1-909c7e05d394" status: 404 len: 246 microversion: 1.1
Jun 26 18:15:01.907222 np0000003776 devstack@placement-api.service[93101]: [pid: 93101|app: 0|req: 107/430] 10.4.3.109 () {68 vars in 1463 bytes} [Fri Jun 26 18:15:01 2026] DELETE /placement/resource_providers/8d288ef3-911b-494e-90d1-909c7e05d394 => generated 246 bytes in 26 msecs (HTTP/1.1 404) 6 headers in 231 bytes (1 switches on core 0)
Jun 26 18:15:04.684339 np0000003776 devstack@placement-api.service[93100]: DEBUG placement.requestlog [req-75451a88-56fe-4d51-9a82-c83582c77118 req-9f94c722-0473-4568-a5e7-f1574658edd0 None None] Starting request: 10.4.3.109 "GET /placement/allocation_candidates?limit=1000&resources=MEMORY_MB%3A192%2CVCPU%3A1&root_required=%21COMPUTE_STATUS_DISABLED" {{(pid=93100) __call__ /opt/stack/placement/placement/requestlog.py:55}}
Jun 26 18:15:04.725033 np0000003776 devstack@placement-api.service[93102]: DEBUG placement.requestlog [req-6a576749-5db9-45e2-9d01-824e34ca26a5 req-5cd4a75a-89f1-4e80-8e84-92496aac0933 None None] Starting request: 10.4.3.109 "GET /placement/allocation_candidates?limit=1000&resources=MEMORY_MB%3A192%2CVCPU%3A1&root_required=%21COMPUTE_STATUS_DISABLED" {{(pid=93102) __call__ /opt/stack/placement/placement/requestlog.py:55}}
Jun 26 18:15:04.797130 np0000003776 devstack@placement-api.service[93102]: DEBUG placement.objects.research_context [req-6a576749-5db9-45e2-9d01-824e34ca26a5 req-5cd4a75a-89f1-4e80-8e84-92496aac0933 service nova] getting providers with 192 MEMORY_MB {{(pid=93102) __init__ /opt/stack/placement/placement/objects/research_context.py:137}}
Jun 26 18:15:04.798271 np0000003776 devstack@placement-api.service[93100]: DEBUG placement.objects.research_context [req-75451a88-56fe-4d51-9a82-c83582c77118 req-9f94c722-0473-4568-a5e7-f1574658edd0 service nova] getting providers with 192 MEMORY_MB {{(pid=93100) __init__ /opt/stack/placement/placement/objects/research_context.py:137}}
Jun 26 18:15:04.847154 np0000003776 devstack@placement-api.service[93102]: DEBUG placement.objects.research_context [req-6a576749-5db9-45e2-9d01-824e34ca26a5 req-5cd4a75a-89f1-4e80-8e84-92496aac0933 service nova] getting providers with 1 VCPU {{(pid=93102) __init__ /opt/stack/placement/placement/objects/research_context.py:137}}
Jun 26 18:15:04.847444 np0000003776 devstack@placement-api.service[93100]: DEBUG placement.objects.research_context [req-75451a88-56fe-4d51-9a82-c83582c77118 req-9f94c722-0473-4568-a5e7-f1574658edd0 service nova] getting providers with 1 VCPU {{(pid=93100) __init__ /opt/stack/placement/placement/objects/research_context.py:137}}
Jun 26 18:15:04.849212 np0000003776 devstack@placement-api.service[93102]: DEBUG placement.objects.research_context [req-6a576749-5db9-45e2-9d01-824e34ca26a5 req-5cd4a75a-89f1-4e80-8e84-92496aac0933 service nova] found 1 providers with available 192 MEMORY_MB {{(pid=93102) get_provider_ids_matching /opt/stack/placement/placement/objects/research_context.py:563}}
Jun 26 18:15:04.849466 np0000003776 devstack@placement-api.service[93102]: DEBUG placement.objects.research_context [req-6a576749-5db9-45e2-9d01-824e34ca26a5 req-5cd4a75a-89f1-4e80-8e84-92496aac0933 service nova] found 1 providers with available 1 VCPU {{(pid=93102) get_provider_ids_matching /opt/stack/placement/placement/objects/research_context.py:563}}
Jun 26 18:15:04.849556 np0000003776 devstack@placement-api.service[93102]: DEBUG placement.objects.research_context [req-6a576749-5db9-45e2-9d01-824e34ca26a5 req-5cd4a75a-89f1-4e80-8e84-92496aac0933 service nova] found 1 providers after filtering by previous result {{(pid=93102) get_provider_ids_matching /opt/stack/placement/placement/objects/research_context.py:594}}
Jun 26 18:15:04.850482 np0000003776 devstack@placement-api.service[93100]: DEBUG placement.objects.research_context [req-75451a88-56fe-4d51-9a82-c83582c77118 req-9f94c722-0473-4568-a5e7-f1574658edd0 service nova] found 1 providers with available 192 MEMORY_MB {{(pid=93100) get_provider_ids_matching /opt/stack/placement/placement/objects/research_context.py:563}}
Jun 26 18:15:04.850827 np0000003776 devstack@placement-api.service[93100]: DEBUG placement.objects.research_context [req-75451a88-56fe-4d51-9a82-c83582c77118 req-9f94c722-0473-4568-a5e7-f1574658edd0 service nova] found 1 providers with available 1 VCPU {{(pid=93100) get_provider_ids_matching /opt/stack/placement/placement/objects/research_context.py:563}}
Jun 26 18:15:04.851042 np0000003776 devstack@placement-api.service[93100]: DEBUG placement.objects.research_context [req-75451a88-56fe-4d51-9a82-c83582c77118 req-9f94c722-0473-4568-a5e7-f1574658edd0 service nova] found 1 providers after filtering by previous result {{(pid=93100) get_provider_ids_matching /opt/stack/placement/placement/objects/research_context.py:594}}
Jun 26 18:15:04.888293 np0000003776 devstack@placement-api.service[93100]: DEBUG placement.objects.allocation_candidate [req-75451a88-56fe-4d51-9a82-c83582c77118 req-9f94c722-0473-4568-a5e7-f1574658edd0 service nova] RequestGroup(use_same_provider=False, resources={MEMORY_MB:192, VCPU:1}, traits=(), aggregates=[]) (suffix '') returned 1 matches {{(pid=93100) _get_by_requests /opt/stack/placement/placement/objects/allocation_candidate.py:158}}
Jun 26 18:15:04.888293 np0000003776 devstack@placement-api.service[93100]: DEBUG placement.objects.allocation_candidate [req-75451a88-56fe-4d51-9a82-c83582c77118 req-9f94c722-0473-4568-a5e7-f1574658edd0 service nova] Merging candidates yields 1 allocation requests and 1 provider summaries {{(pid=93100) _merge_candidates /opt/stack/placement/placement/objects/allocation_candidate.py:908}}
Jun 26 18:15:04.890127 np0000003776 devstack@placement-api.service[93102]: DEBUG placement.objects.allocation_candidate [req-6a576749-5db9-45e2-9d01-824e34ca26a5 req-5cd4a75a-89f1-4e80-8e84-92496aac0933 service nova] RequestGroup(use_same_provider=False, resources={MEMORY_MB:192, VCPU:1}, traits=(), aggregates=[]) (suffix '') returned 1 matches {{(pid=93102) _get_by_requests /opt/stack/placement/placement/objects/allocation_candidate.py:158}}
Jun 26 18:15:04.890289 np0000003776 devstack@placement-api.service[93100]: INFO placement.requestlog [req-75451a88-56fe-4d51-9a82-c83582c77118 req-9f94c722-0473-4568-a5e7-f1574658edd0 service nova] 10.4.3.109 "GET /placement/allocation_candidates?limit=1000&resources=MEMORY_MB%3A192%2CVCPU%3A1&root_required=%21COMPUTE_STATUS_DISABLED" status: 200 len: 2479 microversion: 1.36
Jun 26 18:15:04.890403 np0000003776 devstack@placement-api.service[93102]: DEBUG placement.objects.allocation_candidate [req-6a576749-5db9-45e2-9d01-824e34ca26a5 req-5cd4a75a-89f1-4e80-8e84-92496aac0933 service nova] Merging candidates yields 1 allocation requests and 1 provider summaries {{(pid=93102) _merge_candidates /opt/stack/placement/placement/objects/allocation_candidate.py:908}}
Jun 26 18:15:04.891069 np0000003776 devstack@placement-api.service[93100]: [pid: 93100|app: 0|req: 108/431] 10.4.3.109 () {68 vars in 1597 bytes} [Fri Jun 26 18:15:04 2026] GET /placement/allocation_candidates?limit=1000&resources=MEMORY_MB%3A192%2CVCPU%3A1&root_required=%21COMPUTE_STATUS_DISABLED => generated 2479 bytes in 207 msecs (HTTP/1.1 200) 8 headers in 297 bytes (1 switches on core 0)
Jun 26 18:15:04.891684 np0000003776 devstack@placement-api.service[93102]: INFO placement.requestlog [req-6a576749-5db9-45e2-9d01-824e34ca26a5 req-5cd4a75a-89f1-4e80-8e84-92496aac0933 service nova] 10.4.3.109 "GET /placement/allocation_candidates?limit=1000&resources=MEMORY_MB%3A192%2CVCPU%3A1&root_required=%21COMPUTE_STATUS_DISABLED" status: 200 len: 2479 microversion: 1.36
Jun 26 18:15:04.893061 np0000003776 devstack@placement-api.service[93102]: [pid: 93102|app: 0|req: 109/432] 10.4.3.109 () {68 vars in 1597 bytes} [Fri Jun 26 18:15:04 2026] GET /placement/allocation_candidates?limit=1000&resources=MEMORY_MB%3A192%2CVCPU%3A1&root_required=%21COMPUTE_STATUS_DISABLED => generated 2479 bytes in 167 msecs (HTTP/1.1 200) 8 headers in 297 bytes (1 switches on core 0)
Jun 26 18:15:05.041813 np0000003776 devstack@placement-api.service[93103]: DEBUG placement.requestlog [req-75451a88-56fe-4d51-9a82-c83582c77118 req-00af4389-b966-4ec0-8540-edabbf0f133d None None] Starting request: 10.4.3.109 "GET /placement/allocations/78404fef-a69d-48ee-9a30-21d3e87007b6" {{(pid=93103) __call__ /opt/stack/placement/placement/requestlog.py:55}}
Jun 26 18:15:05.048740 np0000003776 devstack@placement-api.service[93101]: DEBUG placement.requestlog [req-6a576749-5db9-45e2-9d01-824e34ca26a5 req-dbced056-faeb-4e68-8ff6-e9f4dcf1a68f None None] Starting request: 10.4.3.109 "GET /placement/allocations/1eba43f9-2bae-4d43-877b-0c4575de5f3b" {{(pid=93101) __call__ /opt/stack/placement/placement/requestlog.py:55}}
Jun 26 18:15:05.061995 np0000003776 devstack@placement-api.service[93103]: INFO placement.requestlog [req-75451a88-56fe-4d51-9a82-c83582c77118 req-00af4389-b966-4ec0-8540-edabbf0f133d service nova] 10.4.3.109 "GET /placement/allocations/78404fef-a69d-48ee-9a30-21d3e87007b6" status: 200 len: 19 microversion: 1.28
Jun 26 18:15:05.062528 np0000003776 devstack@placement-api.service[93103]: [pid: 93103|app: 0|req: 109/433] 10.4.3.109 () {68 vars in 1501 bytes} [Fri Jun 26 18:15:05 2026] GET /placement/allocations/78404fef-a69d-48ee-9a30-21d3e87007b6 => generated 19 bytes in 20 msecs (HTTP/1.1 200) 8 headers in 295 bytes (1 switches on core 0)
Jun 26 18:15:05.062779 np0000003776 devstack@placement-api.service[93101]: INFO placement.requestlog [req-6a576749-5db9-45e2-9d01-824e34ca26a5 req-dbced056-faeb-4e68-8ff6-e9f4dcf1a68f service nova] 10.4.3.109 "GET /placement/allocations/1eba43f9-2bae-4d43-877b-0c4575de5f3b" status: 200 len: 19 microversion: 1.28
Jun 26 18:15:05.062779 np0000003776 devstack@placement-api.service[93101]: [pid: 93101|app: 0|req: 108/434] 10.4.3.109 () {68 vars in 1501 bytes} [Fri Jun 26 18:15:05 2026] GET /placement/allocations/1eba43f9-2bae-4d43-877b-0c4575de5f3b => generated 19 bytes in 14 msecs (HTTP/1.1 200) 8 headers in 295 bytes (1 switches on core 0)
Jun 26 18:15:05.111472 np0000003776 devstack@placement-api.service[93100]: DEBUG placement.requestlog [req-6a576749-5db9-45e2-9d01-824e34ca26a5 req-e4abbe62-2d9f-46fa-8bea-4faef56a0869 None None] Starting request: 10.4.3.109 "PUT /placement/allocations/1eba43f9-2bae-4d43-877b-0c4575de5f3b" {{(pid=93100) __call__ /opt/stack/placement/placement/requestlog.py:55}}
Jun 26 18:15:05.120829 np0000003776 devstack@placement-api.service[93102]: DEBUG placement.requestlog [req-75451a88-56fe-4d51-9a82-c83582c77118 req-5719f86b-4875-4ab2-a176-8f9f76189727 None None] Starting request: 10.4.3.109 "PUT /placement/allocations/78404fef-a69d-48ee-9a30-21d3e87007b6" {{(pid=93102) __call__ /opt/stack/placement/placement/requestlog.py:55}}
Jun 26 18:15:05.268467 np0000003776 devstack@placement-api.service[93102]: DEBUG placement.handlers.allocation [req-75451a88-56fe-4d51-9a82-c83582c77118 req-5719f86b-4875-4ab2-a176-8f9f76189727 service nova] Successfully wrote allocations [, ] {{(pid=93102) _update_consumers_and_create_allocations /opt/stack/placement/placement/handlers/allocation.py:462}}
Jun 26 18:15:05.284207 np0000003776 devstack@placement-api.service[93100]: DEBUG placement.objects.allocation [req-6a576749-5db9-45e2-9d01-824e34ca26a5 req-e4abbe62-2d9f-46fa-8bea-4faef56a0869 service nova] Retrying allocations write on resource provider generation conflict {{(pid=93100) replace_all /opt/stack/placement/placement/objects/allocation.py:566}}
Jun 26 18:15:05.286128 np0000003776 devstack@placement-api.service[93102]: INFO placement.requestlog [req-75451a88-56fe-4d51-9a82-c83582c77118 req-5719f86b-4875-4ab2-a176-8f9f76189727 service nova] 10.4.3.109 "PUT /placement/allocations/78404fef-a69d-48ee-9a30-21d3e87007b6" status: 204 len: 0 microversion: 1.36
Jun 26 18:15:05.286615 np0000003776 devstack@placement-api.service[93102]: [pid: 93102|app: 0|req: 110/435] 10.4.3.109 () {72 vars in 1554 bytes} [Fri Jun 26 18:15:05 2026] PUT /placement/allocations/78404fef-a69d-48ee-9a30-21d3e87007b6 => generated 0 bytes in 166 msecs (HTTP/1.1 204) 5 headers in 199 bytes (1 switches on core 0)
Jun 26 18:15:05.364198 np0000003776 devstack@placement-api.service[93100]: DEBUG placement.handlers.allocation [req-6a576749-5db9-45e2-9d01-824e34ca26a5 req-e4abbe62-2d9f-46fa-8bea-4faef56a0869 service nova] Successfully wrote allocations [, ] {{(pid=93100) _update_consumers_and_create_allocations /opt/stack/placement/placement/handlers/allocation.py:462}}
Jun 26 18:15:05.374090 np0000003776 devstack@placement-api.service[93100]: INFO placement.requestlog [req-6a576749-5db9-45e2-9d01-824e34ca26a5 req-e4abbe62-2d9f-46fa-8bea-4faef56a0869 service nova] 10.4.3.109 "PUT /placement/allocations/1eba43f9-2bae-4d43-877b-0c4575de5f3b" status: 204 len: 0 microversion: 1.36
Jun 26 18:15:05.374422 np0000003776 devstack@placement-api.service[93100]: [pid: 93100|app: 0|req: 109/436] 10.4.3.109 () {72 vars in 1554 bytes} [Fri Jun 26 18:15:05 2026] PUT /placement/allocations/1eba43f9-2bae-4d43-877b-0c4575de5f3b => generated 0 bytes in 264 msecs (HTTP/1.1 204) 5 headers in 199 bytes (1 switches on core 0)
Jun 26 18:15:06.703535 np0000003776 devstack@placement-api.service[93103]: DEBUG placement.requestlog [req-596f5391-eadc-415b-b70f-c4e019d41a4a req-de78da6c-fb04-401c-9657-72adf3ad7f32 None None] Starting request: 10.4.3.109 "GET /placement/allocations/4cf4ffac-559f-4fcc-8dbd-cb43a7a81fb8" {{(pid=93103) __call__ /opt/stack/placement/placement/requestlog.py:55}}
Jun 26 18:15:06.841783 np0000003776 devstack@placement-api.service[93101]: DEBUG placement.requestlog [None req-4e1520e2-5ed7-4109-9409-b0b53ec71973 None None] Starting request: 10.4.3.109 "GET /placement/resource_providers/d815a1a9-b284-4ec4-9337-dffbb06188e3/aggregates" {{(pid=93101) __call__ /opt/stack/placement/placement/requestlog.py:55}}
Jun 26 18:15:06.852847 np0000003776 devstack@placement-api.service[93101]: INFO placement.requestlog [None req-4e1520e2-5ed7-4109-9409-b0b53ec71973 service placement] 10.4.3.109 "GET /placement/resource_providers/d815a1a9-b284-4ec4-9337-dffbb06188e3/aggregates" status: 404 len: 235 microversion: 1.1
Jun 26 18:15:06.853119 np0000003776 devstack@placement-api.service[93101]: [pid: 93101|app: 0|req: 109/437] 10.4.3.109 () {66 vars in 1474 bytes} [Fri Jun 26 18:15:06 2026] GET /placement/resource_providers/d815a1a9-b284-4ec4-9337-dffbb06188e3/aggregates => generated 235 bytes in 12 msecs (HTTP/1.1 404) 5 headers in 202 bytes (1 switches on core 0)
Jun 26 18:15:06.912088 np0000003776 devstack@placement-api.service[93102]: DEBUG placement.requestlog [None req-d7cacd4f-97ce-463d-a4a8-77791ddea4ea None None] Starting request: 10.4.3.109 "DELETE /placement/resource_providers/d815a1a9-b284-4ec4-9337-dffbb06188e3" {{(pid=93102) __call__ /opt/stack/placement/placement/requestlog.py:55}}
Jun 26 18:15:06.915789 np0000003776 devstack@placement-api.service[93103]: INFO placement.requestlog [req-596f5391-eadc-415b-b70f-c4e019d41a4a req-de78da6c-fb04-401c-9657-72adf3ad7f32 service nova] 10.4.3.109 "GET /placement/allocations/4cf4ffac-559f-4fcc-8dbd-cb43a7a81fb8" status: 200 len: 258 microversion: 1.28
Jun 26 18:15:06.917475 np0000003776 devstack@placement-api.service[93103]: [pid: 93103|app: 0|req: 110/438] 10.4.3.109 () {68 vars in 1501 bytes} [Fri Jun 26 18:15:06 2026] GET /placement/allocations/4cf4ffac-559f-4fcc-8dbd-cb43a7a81fb8 => generated 258 bytes in 225 msecs (HTTP/1.1 200) 8 headers in 296 bytes (1 switches on core 0)
Jun 26 18:15:06.917969 np0000003776 devstack@placement-api.service[93102]: DEBUG placement.wsgi_wrapper [None req-d7cacd4f-97ce-463d-a4a8-77791ddea4ea service placement] Placement API returning an error response: No resource provider with uuid d815a1a9-b284-4ec4-9337-dffbb06188e3 found for delete {{(pid=93102) call_func /opt/stack/placement/placement/wsgi_wrapper.py:31}}
Jun 26 18:15:06.918367 np0000003776 devstack@placement-api.service[93102]: INFO placement.requestlog [None req-d7cacd4f-97ce-463d-a4a8-77791ddea4ea service placement] 10.4.3.109 "DELETE /placement/resource_providers/d815a1a9-b284-4ec4-9337-dffbb06188e3" status: 404 len: 246 microversion: 1.1
Jun 26 18:15:06.918367 np0000003776 devstack@placement-api.service[93102]: [pid: 93102|app: 0|req: 111/439] 10.4.3.109 () {68 vars in 1463 bytes} [Fri Jun 26 18:15:06 2026] DELETE /placement/resource_providers/d815a1a9-b284-4ec4-9337-dffbb06188e3 => generated 246 bytes in 9 msecs (HTTP/1.1 404) 6 headers in 231 bytes (1 switches on core 0)
Jun 26 18:15:06.965457 np0000003776 devstack@placement-api.service[93100]: DEBUG placement.requestlog [req-596f5391-eadc-415b-b70f-c4e019d41a4a req-505dd58d-29f5-40f2-bc33-8267b5d4997c None None] Starting request: 10.4.3.109 "GET /placement/allocations/4cf4ffac-559f-4fcc-8dbd-cb43a7a81fb8" {{(pid=93100) __call__ /opt/stack/placement/placement/requestlog.py:55}}
Jun 26 18:15:06.976011 np0000003776 devstack@placement-api.service[93100]: INFO placement.requestlog [req-596f5391-eadc-415b-b70f-c4e019d41a4a req-505dd58d-29f5-40f2-bc33-8267b5d4997c service nova] 10.4.3.109 "GET /placement/allocations/4cf4ffac-559f-4fcc-8dbd-cb43a7a81fb8" status: 200 len: 258 microversion: 1.28
Jun 26 18:15:06.976473 np0000003776 devstack@placement-api.service[93100]: [pid: 93100|app: 0|req: 110/440] 10.4.3.109 () {68 vars in 1501 bytes} [Fri Jun 26 18:15:06 2026] GET /placement/allocations/4cf4ffac-559f-4fcc-8dbd-cb43a7a81fb8 => generated 258 bytes in 11 msecs (HTTP/1.1 200) 8 headers in 296 bytes (1 switches on core 0)
Jun 26 18:15:07.030616 np0000003776 devstack@placement-api.service[93101]: DEBUG placement.requestlog [req-596f5391-eadc-415b-b70f-c4e019d41a4a req-5c8eb077-6769-4388-9dd1-c1264057abff None None] Starting request: 10.4.3.109 "GET /placement/allocations/ad1d8e08-202f-47be-9692-06ae84f45677" {{(pid=93101) __call__ /opt/stack/placement/placement/requestlog.py:55}}
Jun 26 18:15:07.038840 np0000003776 devstack@placement-api.service[93101]: INFO placement.requestlog [req-596f5391-eadc-415b-b70f-c4e019d41a4a req-5c8eb077-6769-4388-9dd1-c1264057abff service nova] 10.4.3.109 "GET /placement/allocations/ad1d8e08-202f-47be-9692-06ae84f45677" status: 200 len: 19 microversion: 1.28
Jun 26 18:15:07.039170 np0000003776 devstack@placement-api.service[93101]: [pid: 93101|app: 0|req: 110/441] 10.4.3.109 () {68 vars in 1501 bytes} [Fri Jun 26 18:15:07 2026] GET /placement/allocations/ad1d8e08-202f-47be-9692-06ae84f45677 => generated 19 bytes in 9 msecs (HTTP/1.1 200) 8 headers in 295 bytes (1 switches on core 0)
Jun 26 18:15:07.087370 np0000003776 devstack@placement-api.service[93103]: DEBUG placement.requestlog [req-596f5391-eadc-415b-b70f-c4e019d41a4a req-211cff8b-5559-467d-8afd-2d374567b5c1 None None] Starting request: 10.4.3.109 "POST /placement/allocations" {{(pid=93103) __call__ /opt/stack/placement/placement/requestlog.py:55}}
Jun 26 18:15:07.185501 np0000003776 devstack@placement-api.service[93103]: DEBUG placement.handlers.allocation [req-596f5391-eadc-415b-b70f-c4e019d41a4a req-211cff8b-5559-467d-8afd-2d374567b5c1 service nova] Successfully wrote allocations [, , , , , ] {{(pid=93103) _update_consumers_and_create_allocations /opt/stack/placement/placement/handlers/allocation.py:572}}
Jun 26 18:15:07.198760 np0000003776 devstack@placement-api.service[93103]: INFO placement.requestlog [req-596f5391-eadc-415b-b70f-c4e019d41a4a req-211cff8b-5559-467d-8afd-2d374567b5c1 service nova] 10.4.3.109 "POST /placement/allocations" status: 204 len: 0 microversion: 1.28
Jun 26 18:15:07.198760 np0000003776 devstack@placement-api.service[93103]: [pid: 93103|app: 0|req: 111/442] 10.4.3.109 () {72 vars in 1444 bytes} [Fri Jun 26 18:15:07 2026] POST /placement/allocations => generated 0 bytes in 111 msecs (HTTP/1.1 204) 5 headers in 199 bytes (1 switches on core 0)
Jun 26 18:15:07.218438 np0000003776 devstack@placement-api.service[93102]: DEBUG placement.requestlog [req-75451a88-56fe-4d51-9a82-c83582c77118 req-9f795bea-f190-4e91-8df2-8ec417c35cc5 None None] Starting request: 10.4.3.109 "GET /placement/allocations/78404fef-a69d-48ee-9a30-21d3e87007b6" {{(pid=93102) __call__ /opt/stack/placement/placement/requestlog.py:55}}
Jun 26 18:15:07.232714 np0000003776 devstack@placement-api.service[93102]: INFO placement.requestlog [req-75451a88-56fe-4d51-9a82-c83582c77118 req-9f795bea-f190-4e91-8df2-8ec417c35cc5 service nova] 10.4.3.109 "GET /placement/allocations/78404fef-a69d-48ee-9a30-21d3e87007b6" status: 200 len: 244 microversion: 1.28
Jun 26 18:15:07.233070 np0000003776 devstack@placement-api.service[93102]: [pid: 93102|app: 0|req: 112/443] 10.4.3.109 () {68 vars in 1499 bytes} [Fri Jun 26 18:15:07 2026] GET /placement/allocations/78404fef-a69d-48ee-9a30-21d3e87007b6 => generated 244 bytes in 15 msecs (HTTP/1.1 200) 8 headers in 296 bytes (1 switches on core 0)
Jun 26 18:15:07.356956 np0000003776 devstack@placement-api.service[93100]: DEBUG placement.requestlog [req-6a576749-5db9-45e2-9d01-824e34ca26a5 req-121e49b0-460f-45b9-a4a7-c69bdcb6510f None None] Starting request: 10.4.3.109 "GET /placement/allocations/1eba43f9-2bae-4d43-877b-0c4575de5f3b" {{(pid=93100) __call__ /opt/stack/placement/placement/requestlog.py:55}}
Jun 26 18:15:07.370950 np0000003776 devstack@placement-api.service[93101]: DEBUG placement.requestlog [req-596f5391-eadc-415b-b70f-c4e019d41a4a req-83166759-3901-4f67-a305-e81eeabf879a None None] Starting request: 10.4.3.109 "GET /placement/allocation_candidates?limit=1000&resources=DISK_GB%3A1%2CMEMORY_MB%3A256%2CVCPU%3A1&root_required=%21COMPUTE_STATUS_DISABLED" {{(pid=93101) __call__ /opt/stack/placement/placement/requestlog.py:55}}
Jun 26 18:15:07.379296 np0000003776 devstack@placement-api.service[93100]: INFO placement.requestlog [req-6a576749-5db9-45e2-9d01-824e34ca26a5 req-121e49b0-460f-45b9-a4a7-c69bdcb6510f service nova] 10.4.3.109 "GET /placement/allocations/1eba43f9-2bae-4d43-877b-0c4575de5f3b" status: 200 len: 244 microversion: 1.28
Jun 26 18:15:07.379700 np0000003776 devstack@placement-api.service[93100]: [pid: 93100|app: 0|req: 111/444] 10.4.3.109 () {68 vars in 1499 bytes} [Fri Jun 26 18:15:07 2026] GET /placement/allocations/1eba43f9-2bae-4d43-877b-0c4575de5f3b => generated 244 bytes in 23 msecs (HTTP/1.1 200) 8 headers in 296 bytes (1 switches on core 0)
Jun 26 18:15:07.396600 np0000003776 devstack@placement-api.service[93101]: DEBUG placement.objects.research_context [req-596f5391-eadc-415b-b70f-c4e019d41a4a req-83166759-3901-4f67-a305-e81eeabf879a service nova] getting providers with 1 DISK_GB {{(pid=93101) __init__ /opt/stack/placement/placement/objects/research_context.py:137}}
Jun 26 18:15:07.400007 np0000003776 devstack@placement-api.service[93101]: DEBUG placement.objects.research_context [req-596f5391-eadc-415b-b70f-c4e019d41a4a req-83166759-3901-4f67-a305-e81eeabf879a service nova] getting providers with 256 MEMORY_MB {{(pid=93101) __init__ /opt/stack/placement/placement/objects/research_context.py:137}}
Jun 26 18:15:07.403962 np0000003776 devstack@placement-api.service[93101]: DEBUG placement.objects.research_context [req-596f5391-eadc-415b-b70f-c4e019d41a4a req-83166759-3901-4f67-a305-e81eeabf879a service nova] getting providers with 1 VCPU {{(pid=93101) __init__ /opt/stack/placement/placement/objects/research_context.py:137}}
Jun 26 18:15:07.407278 np0000003776 devstack@placement-api.service[93101]: DEBUG placement.objects.research_context [req-596f5391-eadc-415b-b70f-c4e019d41a4a req-83166759-3901-4f67-a305-e81eeabf879a service nova] found 1 providers with available 1 DISK_GB {{(pid=93101) get_provider_ids_matching /opt/stack/placement/placement/objects/research_context.py:563}}
Jun 26 18:15:07.407424 np0000003776 devstack@placement-api.service[93101]: DEBUG placement.objects.research_context [req-596f5391-eadc-415b-b70f-c4e019d41a4a req-83166759-3901-4f67-a305-e81eeabf879a service nova] found 1 providers with available 256 MEMORY_MB {{(pid=93101) get_provider_ids_matching /opt/stack/placement/placement/objects/research_context.py:563}}
Jun 26 18:15:07.407462 np0000003776 devstack@placement-api.service[93101]: DEBUG placement.objects.research_context [req-596f5391-eadc-415b-b70f-c4e019d41a4a req-83166759-3901-4f67-a305-e81eeabf879a service nova] found 1 providers after filtering by previous result {{(pid=93101) get_provider_ids_matching /opt/stack/placement/placement/objects/research_context.py:594}}
Jun 26 18:15:07.407582 np0000003776 devstack@placement-api.service[93101]: DEBUG placement.objects.research_context [req-596f5391-eadc-415b-b70f-c4e019d41a4a req-83166759-3901-4f67-a305-e81eeabf879a service nova] found 1 providers with available 1 VCPU {{(pid=93101) get_provider_ids_matching /opt/stack/placement/placement/objects/research_context.py:563}}
Jun 26 18:15:07.407744 np0000003776 devstack@placement-api.service[93101]: DEBUG placement.objects.research_context [req-596f5391-eadc-415b-b70f-c4e019d41a4a req-83166759-3901-4f67-a305-e81eeabf879a service nova] found 1 providers after filtering by previous result {{(pid=93101) get_provider_ids_matching /opt/stack/placement/placement/objects/research_context.py:594}}
Jun 26 18:15:07.416683 np0000003776 devstack@placement-api.service[93101]: DEBUG placement.objects.allocation_candidate [req-596f5391-eadc-415b-b70f-c4e019d41a4a req-83166759-3901-4f67-a305-e81eeabf879a service nova] RequestGroup(use_same_provider=False, resources={DISK_GB:1, MEMORY_MB:256, VCPU:1}, traits=(), aggregates=[]) (suffix '') returned 1 matches {{(pid=93101) _get_by_requests /opt/stack/placement/placement/objects/allocation_candidate.py:158}}
Jun 26 18:15:07.416899 np0000003776 devstack@placement-api.service[93101]: DEBUG placement.objects.allocation_candidate [req-596f5391-eadc-415b-b70f-c4e019d41a4a req-83166759-3901-4f67-a305-e81eeabf879a service nova] Merging candidates yields 1 allocation requests and 1 provider summaries {{(pid=93101) _merge_candidates /opt/stack/placement/placement/objects/allocation_candidate.py:908}}
Jun 26 18:15:07.418965 np0000003776 devstack@placement-api.service[93101]: INFO placement.requestlog [req-596f5391-eadc-415b-b70f-c4e019d41a4a req-83166759-3901-4f67-a305-e81eeabf879a service nova] 10.4.3.109 "GET /placement/allocation_candidates?limit=1000&resources=DISK_GB%3A1%2CMEMORY_MB%3A256%2CVCPU%3A1&root_required=%21COMPUTE_STATUS_DISABLED" status: 200 len: 2493 microversion: 1.36
Jun 26 18:15:07.418965 np0000003776 devstack@placement-api.service[93101]: [pid: 93101|app: 0|req: 111/445] 10.4.3.109 () {68 vars in 1625 bytes} [Fri Jun 26 18:15:07 2026] GET /placement/allocation_candidates?limit=1000&resources=DISK_GB%3A1%2CMEMORY_MB%3A256%2CVCPU%3A1&root_required=%21COMPUTE_STATUS_DISABLED => generated 2493 bytes in 48 msecs (HTTP/1.1 200) 8 headers in 297 bytes (1 switches on core 0)
Jun 26 18:15:07.484562 np0000003776 devstack@placement-api.service[93103]: DEBUG placement.requestlog [req-596f5391-eadc-415b-b70f-c4e019d41a4a req-8f40067a-6bed-455c-a5fd-61e0fe10aee1 None None] Starting request: 10.4.3.109 "GET /placement/allocations/4cf4ffac-559f-4fcc-8dbd-cb43a7a81fb8" {{(pid=93103) __call__ /opt/stack/placement/placement/requestlog.py:55}}
Jun 26 18:15:07.490975 np0000003776 devstack@placement-api.service[93103]: INFO placement.requestlog [req-596f5391-eadc-415b-b70f-c4e019d41a4a req-8f40067a-6bed-455c-a5fd-61e0fe10aee1 service nova] 10.4.3.109 "GET /placement/allocations/4cf4ffac-559f-4fcc-8dbd-cb43a7a81fb8" status: 200 len: 19 microversion: 1.28
Jun 26 18:15:07.491283 np0000003776 devstack@placement-api.service[93103]: [pid: 93103|app: 0|req: 112/446] 10.4.3.109 () {68 vars in 1501 bytes} [Fri Jun 26 18:15:07 2026] GET /placement/allocations/4cf4ffac-559f-4fcc-8dbd-cb43a7a81fb8 => generated 19 bytes in 7 msecs (HTTP/1.1 200) 8 headers in 295 bytes (1 switches on core 0)
Jun 26 18:15:07.536451 np0000003776 devstack@placement-api.service[93102]: DEBUG placement.requestlog [req-596f5391-eadc-415b-b70f-c4e019d41a4a req-61b1a864-02a6-4981-8412-d5ea0f911a0a None None] Starting request: 10.4.3.109 "PUT /placement/allocations/4cf4ffac-559f-4fcc-8dbd-cb43a7a81fb8" {{(pid=93102) __call__ /opt/stack/placement/placement/requestlog.py:55}}
Jun 26 18:15:07.586002 np0000003776 devstack@placement-api.service[93102]: DEBUG placement.handlers.allocation [req-596f5391-eadc-415b-b70f-c4e019d41a4a req-61b1a864-02a6-4981-8412-d5ea0f911a0a service nova] Successfully wrote allocations [, , ] {{(pid=93102) _update_consumers_and_create_allocations /opt/stack/placement/placement/handlers/allocation.py:462}}
Jun 26 18:15:07.598871 np0000003776 devstack@placement-api.service[93102]: INFO placement.requestlog [req-596f5391-eadc-415b-b70f-c4e019d41a4a req-61b1a864-02a6-4981-8412-d5ea0f911a0a service nova] 10.4.3.109 "PUT /placement/allocations/4cf4ffac-559f-4fcc-8dbd-cb43a7a81fb8" status: 204 len: 0 microversion: 1.36
Jun 26 18:15:07.599029 np0000003776 devstack@placement-api.service[93102]: [pid: 93102|app: 0|req: 113/447] 10.4.3.109 () {72 vars in 1554 bytes} [Fri Jun 26 18:15:07 2026] PUT /placement/allocations/4cf4ffac-559f-4fcc-8dbd-cb43a7a81fb8 => generated 0 bytes in 63 msecs (HTTP/1.1 204) 5 headers in 199 bytes (1 switches on core 0)
Jun 26 18:15:08.305013 np0000003776 devstack@placement-api.service[93100]: DEBUG placement.requestlog [req-75451a88-56fe-4d51-9a82-c83582c77118 req-e2e6129b-f3bb-4a67-9ddb-a7aed0219485 None None] Starting request: 10.4.3.109 "GET /placement/resource_providers/fcab7b0c-4eb4-486a-a91b-7b9e36d3704f/allocations" {{(pid=93100) __call__ /opt/stack/placement/placement/requestlog.py:55}}
Jun 26 18:15:08.351765 np0000003776 devstack@placement-api.service[93100]: INFO placement.requestlog [req-75451a88-56fe-4d51-9a82-c83582c77118 req-e2e6129b-f3bb-4a67-9ddb-a7aed0219485 service nova] 10.4.3.109 "GET /placement/resource_providers/fcab7b0c-4eb4-486a-a91b-7b9e36d3704f/allocations" status: 200 len: 1011 microversion: 1.0
Jun 26 18:15:08.351765 np0000003776 devstack@placement-api.service[93100]: [pid: 93100|app: 0|req: 112/448] 10.4.3.109 () {66 vars in 1512 bytes} [Fri Jun 26 18:15:08 2026] GET /placement/resource_providers/fcab7b0c-4eb4-486a-a91b-7b9e36d3704f/allocations => generated 1011 bytes in 46 msecs (HTTP/1.1 200) 6 headers in 225 bytes (1 switches on core 0)
Jun 26 18:15:08.420425 np0000003776 devstack@placement-api.service[93101]: DEBUG placement.requestlog [req-75451a88-56fe-4d51-9a82-c83582c77118 req-f243b8df-9c46-4223-97ed-2a2846386929 None None] Starting request: 10.4.3.109 "GET /placement/allocations/f632035f-6e21-4097-93bc-e6fbe5a79f36" {{(pid=93101) __call__ /opt/stack/placement/placement/requestlog.py:55}}
Jun 26 18:15:08.435667 np0000003776 devstack@placement-api.service[93101]: INFO placement.requestlog [req-75451a88-56fe-4d51-9a82-c83582c77118 req-f243b8df-9c46-4223-97ed-2a2846386929 service nova] 10.4.3.109 "GET /placement/allocations/f632035f-6e21-4097-93bc-e6fbe5a79f36" status: 200 len: 258 microversion: 1.28
Jun 26 18:15:08.436085 np0000003776 devstack@placement-api.service[93101]: [pid: 93101|app: 0|req: 112/449] 10.4.3.109 () {68 vars in 1499 bytes} [Fri Jun 26 18:15:08 2026] GET /placement/allocations/f632035f-6e21-4097-93bc-e6fbe5a79f36 => generated 258 bytes in 17 msecs (HTTP/1.1 200) 8 headers in 296 bytes (1 switches on core 0)
Jun 26 18:15:08.472843 np0000003776 devstack@placement-api.service[93103]: DEBUG placement.requestlog [req-75451a88-56fe-4d51-9a82-c83582c77118 req-913e0d4c-9c07-4472-b6af-d8a4a9bf9544 None None] Starting request: 10.4.3.109 "GET /placement/allocations/3ce40c8d-3577-460c-a5cb-b7aba8971c82" {{(pid=93103) __call__ /opt/stack/placement/placement/requestlog.py:55}}
Jun 26 18:15:08.484000 np0000003776 devstack@placement-api.service[93103]: INFO placement.requestlog [req-75451a88-56fe-4d51-9a82-c83582c77118 req-913e0d4c-9c07-4472-b6af-d8a4a9bf9544 service nova] 10.4.3.109 "GET /placement/allocations/3ce40c8d-3577-460c-a5cb-b7aba8971c82" status: 200 len: 258 microversion: 1.28
Jun 26 18:15:08.484779 np0000003776 devstack@placement-api.service[93103]: [pid: 93103|app: 0|req: 113/450] 10.4.3.109 () {68 vars in 1499 bytes} [Fri Jun 26 18:15:08 2026] GET /placement/allocations/3ce40c8d-3577-460c-a5cb-b7aba8971c82 => generated 258 bytes in 11 msecs (HTTP/1.1 200) 8 headers in 296 bytes (1 switches on core 0)
Jun 26 18:15:08.525215 np0000003776 devstack@placement-api.service[93102]: DEBUG placement.requestlog [req-75451a88-56fe-4d51-9a82-c83582c77118 req-e6058615-8e4e-475b-ab5e-b40591e5669e None None] Starting request: 10.4.3.109 "GET /placement/allocations/78404fef-a69d-48ee-9a30-21d3e87007b6" {{(pid=93102) __call__ /opt/stack/placement/placement/requestlog.py:55}}
Jun 26 18:15:08.535600 np0000003776 devstack@placement-api.service[93102]: INFO placement.requestlog [req-75451a88-56fe-4d51-9a82-c83582c77118 req-e6058615-8e4e-475b-ab5e-b40591e5669e service nova] 10.4.3.109 "GET /placement/allocations/78404fef-a69d-48ee-9a30-21d3e87007b6" status: 200 len: 244 microversion: 1.28
Jun 26 18:15:08.535600 np0000003776 devstack@placement-api.service[93102]: [pid: 93102|app: 0|req: 114/451] 10.4.3.109 () {68 vars in 1499 bytes} [Fri Jun 26 18:15:08 2026] GET /placement/allocations/78404fef-a69d-48ee-9a30-21d3e87007b6 => generated 244 bytes in 10 msecs (HTTP/1.1 200) 8 headers in 296 bytes (1 switches on core 0)
Jun 26 18:15:08.577480 np0000003776 devstack@placement-api.service[93100]: DEBUG placement.requestlog [req-75451a88-56fe-4d51-9a82-c83582c77118 req-5a870030-5dc4-4c93-a61b-3c63350a53b0 None None] Starting request: 10.4.3.109 "GET /placement/allocations/4cf4ffac-559f-4fcc-8dbd-cb43a7a81fb8" {{(pid=93100) __call__ /opt/stack/placement/placement/requestlog.py:55}}
Jun 26 18:15:08.587553 np0000003776 devstack@placement-api.service[93100]: INFO placement.requestlog [req-75451a88-56fe-4d51-9a82-c83582c77118 req-5a870030-5dc4-4c93-a61b-3c63350a53b0 service nova] 10.4.3.109 "GET /placement/allocations/4cf4ffac-559f-4fcc-8dbd-cb43a7a81fb8" status: 200 len: 258 microversion: 1.28
