Jun 26 18:15:36.548337 np0000003776 devstack@placement-api.service[93102]: INFO placement.requestlog [req-cbac3b01-9cce-4340-91fa-b3204bd79e10 req-601799ad-cd65-4f3f-bcf4-e30800e168fc service nova] 10.4.3.109 "GET /placement/allocations/78404fef-a69d-48ee-9a30-21d3e87007b6" status: 200 len: 244 microversion: 1.28
Jun 26 18:15:36.548337 np0000003776 devstack@placement-api.service[93102]: [pid: 93102|app: 0|req: 136/539] 10.4.3.109 () {68 vars in 1499 bytes} [Fri Jun 26 18:15:36 2026] GET /placement/allocations/78404fef-a69d-48ee-9a30-21d3e87007b6 => generated 244 bytes in 38 msecs (HTTP/1.1 200) 8 headers in 296 bytes (1 switches on core 0)
Jun 26 18:15:36.612795 np0000003776 devstack@placement-api.service[93101]: DEBUG placement.requestlog [req-cbac3b01-9cce-4340-91fa-b3204bd79e10 req-9ac7df36-a4f1-4fac-8a97-69e7429dbf18 None None] Starting request: 10.4.3.109 "GET /placement/allocations/4cf4ffac-559f-4fcc-8dbd-cb43a7a81fb8" {{(pid=93101) __call__ /opt/stack/placement/placement/requestlog.py:55}}
Jun 26 18:15:36.628019 np0000003776 devstack@placement-api.service[93101]: INFO placement.requestlog [req-cbac3b01-9cce-4340-91fa-b3204bd79e10 req-9ac7df36-a4f1-4fac-8a97-69e7429dbf18 service nova] 10.4.3.109 "GET /placement/allocations/4cf4ffac-559f-4fcc-8dbd-cb43a7a81fb8" status: 200 len: 258 microversion: 1.28
Jun 26 18:15:36.628335 np0000003776 devstack@placement-api.service[93101]: [pid: 93101|app: 0|req: 135/540] 10.4.3.109 () {68 vars in 1499 bytes} [Fri Jun 26 18:15:36 2026] GET /placement/allocations/4cf4ffac-559f-4fcc-8dbd-cb43a7a81fb8 => generated 258 bytes in 16 msecs (HTTP/1.1 200) 8 headers in 296 bytes (1 switches on core 0)
Jun 26 18:15:36.724562 np0000003776 devstack@placement-api.service[93100]: DEBUG placement.requestlog [req-cbac3b01-9cce-4340-91fa-b3204bd79e10 req-6aaa1327-61ab-45cf-b73f-d4402e9ec080 None None] Starting request: 10.4.3.109 "GET /placement/allocations/ad1d8e08-202f-47be-9692-06ae84f45677" {{(pid=93100) __call__ /opt/stack/placement/placement/requestlog.py:55}}
Jun 26 18:15:36.738756 np0000003776 devstack@placement-api.service[93100]: INFO placement.requestlog [req-cbac3b01-9cce-4340-91fa-b3204bd79e10 req-6aaa1327-61ab-45cf-b73f-d4402e9ec080 service nova] 10.4.3.109 "GET /placement/allocations/ad1d8e08-202f-47be-9692-06ae84f45677" status: 200 len: 258 microversion: 1.28
Jun 26 18:15:36.738884 np0000003776 devstack@placement-api.service[93100]: [pid: 93100|app: 0|req: 135/541] 10.4.3.109 () {68 vars in 1499 bytes} [Fri Jun 26 18:15:36 2026] GET /placement/allocations/ad1d8e08-202f-47be-9692-06ae84f45677 => generated 258 bytes in 15 msecs (HTTP/1.1 200) 8 headers in 296 bytes (1 switches on core 0)
Jun 26 18:15:36.804260 np0000003776 devstack@placement-api.service[93103]: DEBUG placement.requestlog [req-cbac3b01-9cce-4340-91fa-b3204bd79e10 req-751a58c7-a4bb-41c0-b62d-807b2011c867 None None] Starting request: 10.4.3.109 "GET /placement/allocations/17164e87-e362-45f7-84a0-2a9bb3dfc770" {{(pid=93103) __call__ /opt/stack/placement/placement/requestlog.py:55}}
Jun 26 18:15:36.833497 np0000003776 devstack@placement-api.service[93103]: INFO placement.requestlog [req-cbac3b01-9cce-4340-91fa-b3204bd79e10 req-751a58c7-a4bb-41c0-b62d-807b2011c867 service nova] 10.4.3.109 "GET /placement/allocations/17164e87-e362-45f7-84a0-2a9bb3dfc770" status: 200 len: 244 microversion: 1.28
Jun 26 18:15:36.834852 np0000003776 devstack@placement-api.service[93103]: [pid: 93103|app: 0|req: 136/542] 10.4.3.109 () {68 vars in 1499 bytes} [Fri Jun 26 18:15:36 2026] GET /placement/allocations/17164e87-e362-45f7-84a0-2a9bb3dfc770 => generated 244 bytes in 30 msecs (HTTP/1.1 200) 8 headers in 296 bytes (1 switches on core 0)
Jun 26 18:15:36.908084 np0000003776 devstack@placement-api.service[93102]: DEBUG placement.requestlog [req-cbac3b01-9cce-4340-91fa-b3204bd79e10 req-eeada90f-633d-4928-9cba-31faaa35f7e0 None None] Starting request: 10.4.3.109 "GET /placement/allocations/86f5772a-1e41-4dd4-9100-178769adfc15" {{(pid=93102) __call__ /opt/stack/placement/placement/requestlog.py:55}}
Jun 26 18:15:36.921299 np0000003776 devstack@placement-api.service[93102]: INFO placement.requestlog [req-cbac3b01-9cce-4340-91fa-b3204bd79e10 req-eeada90f-633d-4928-9cba-31faaa35f7e0 service nova] 10.4.3.109 "GET /placement/allocations/86f5772a-1e41-4dd4-9100-178769adfc15" status: 200 len: 258 microversion: 1.28
Jun 26 18:15:36.921707 np0000003776 devstack@placement-api.service[93102]: [pid: 93102|app: 0|req: 137/543] 10.4.3.109 () {68 vars in 1499 bytes} [Fri Jun 26 18:15:36 2026] GET /placement/allocations/86f5772a-1e41-4dd4-9100-178769adfc15 => generated 258 bytes in 14 msecs (HTTP/1.1 200) 8 headers in 296 bytes (1 switches on core 0)
Jun 26 18:15:36.956807 np0000003776 devstack@placement-api.service[93101]: DEBUG placement.requestlog [req-cbac3b01-9cce-4340-91fa-b3204bd79e10 req-522eb518-805f-4b72-b08a-2168c5f2835a None None] Starting request: 10.4.3.109 "GET /placement/allocations/1eba43f9-2bae-4d43-877b-0c4575de5f3b" {{(pid=93101) __call__ /opt/stack/placement/placement/requestlog.py:55}}
Jun 26 18:15:36.988247 np0000003776 devstack@placement-api.service[93101]: INFO placement.requestlog [req-cbac3b01-9cce-4340-91fa-b3204bd79e10 req-522eb518-805f-4b72-b08a-2168c5f2835a service nova] 10.4.3.109 "GET /placement/allocations/1eba43f9-2bae-4d43-877b-0c4575de5f3b" status: 200 len: 244 microversion: 1.28
Jun 26 18:15:36.988529 np0000003776 devstack@placement-api.service[93101]: [pid: 93101|app: 0|req: 136/544] 10.4.3.109 () {68 vars in 1499 bytes} [Fri Jun 26 18:15:36 2026] GET /placement/allocations/1eba43f9-2bae-4d43-877b-0c4575de5f3b => generated 244 bytes in 32 msecs (HTTP/1.1 200) 8 headers in 296 bytes (1 switches on core 0)
Jun 26 18:15:37.041349 np0000003776 devstack@placement-api.service[93100]: DEBUG placement.requestlog [req-cbac3b01-9cce-4340-91fa-b3204bd79e10 req-f348c882-e869-46cc-8aff-def606d513c8 None None] Starting request: 10.4.3.109 "GET /placement/allocations/4c02cb8f-2371-4535-95ea-fc192faa3a41" {{(pid=93100) __call__ /opt/stack/placement/placement/requestlog.py:55}}
Jun 26 18:15:37.066674 np0000003776 devstack@placement-api.service[93100]: INFO placement.requestlog [req-cbac3b01-9cce-4340-91fa-b3204bd79e10 req-f348c882-e869-46cc-8aff-def606d513c8 service nova] 10.4.3.109 "GET /placement/allocations/4c02cb8f-2371-4535-95ea-fc192faa3a41" status: 200 len: 244 microversion: 1.28
Jun 26 18:15:37.067012 np0000003776 devstack@placement-api.service[93100]: [pid: 93100|app: 0|req: 136/545] 10.4.3.109 () {68 vars in 1499 bytes} [Fri Jun 26 18:15:37 2026] GET /placement/allocations/4c02cb8f-2371-4535-95ea-fc192faa3a41 => generated 244 bytes in 28 msecs (HTTP/1.1 200) 8 headers in 296 bytes (1 switches on core 0)
Jun 26 18:15:37.126740 np0000003776 devstack@placement-api.service[93103]: DEBUG placement.requestlog [req-cbac3b01-9cce-4340-91fa-b3204bd79e10 req-1bd5bf4d-5f73-4264-8bf2-c9572b04ab46 None None] Starting request: 10.4.3.109 "GET /placement/allocations/f7ccd740-7b5e-4c94-831a-559476e021fd" {{(pid=93103) __call__ /opt/stack/placement/placement/requestlog.py:55}}
Jun 26 18:15:37.151768 np0000003776 devstack@placement-api.service[93103]: INFO placement.requestlog [req-cbac3b01-9cce-4340-91fa-b3204bd79e10 req-1bd5bf4d-5f73-4264-8bf2-c9572b04ab46 service nova] 10.4.3.109 "GET /placement/allocations/f7ccd740-7b5e-4c94-831a-559476e021fd" status: 200 len: 258 microversion: 1.28
Jun 26 18:15:37.151998 np0000003776 devstack@placement-api.service[93103]: [pid: 93103|app: 0|req: 137/546] 10.4.3.109 () {68 vars in 1499 bytes} [Fri Jun 26 18:15:37 2026] GET /placement/allocations/f7ccd740-7b5e-4c94-831a-559476e021fd => generated 258 bytes in 25 msecs (HTTP/1.1 200) 8 headers in 296 bytes (1 switches on core 0)
Jun 26 18:15:46.919465 np0000003776 devstack@placement-api.service[93102]: DEBUG dbcounter [-] [93102] Writing DB stats placement:SELECT=103,placement:INSERT=13,placement:DELETE=6,placement:UPDATE=6 {{(pid=93102) stat_writer /opt/stack/data/venv/lib/python3.12/site-packages/dbcounter.py:115}}
Jun 26 18:15:46.985449 np0000003776 devstack@placement-api.service[93101]: DEBUG dbcounter [-] [93101] Writing DB stats placement:SELECT=87,placement:INSERT=7,placement:DELETE=4,placement:UPDATE=4 {{(pid=93101) stat_writer /opt/stack/data/venv/lib/python3.12/site-packages/dbcounter.py:115}}
Jun 26 18:15:47.064654 np0000003776 devstack@placement-api.service[93100]: DEBUG dbcounter [-] [93100] Writing DB stats placement:SELECT=98,placement:DELETE=7,placement:INSERT=7,placement:UPDATE=3 {{(pid=93100) stat_writer /opt/stack/data/venv/lib/python3.12/site-packages/dbcounter.py:115}}
Jun 26 18:15:47.149364 np0000003776 devstack@placement-api.service[93103]: DEBUG dbcounter [-] [93103] Writing DB stats placement:SELECT=86,placement:INSERT=4,placement:DELETE=3,placement:UPDATE=3 {{(pid=93103) stat_writer /opt/stack/data/venv/lib/python3.12/site-packages/dbcounter.py:115}}
Jun 26 18:15:50.528993 np0000003776 devstack@placement-api.service[93102]: DEBUG placement.requestlog [req-698bf3e3-3031-4e64-a938-aa8752115f17 req-8b713de5-4442-493e-8991-50db6036b935 None None] Starting request: 10.4.3.109 "GET /placement/resource_providers/fcab7b0c-4eb4-486a-a91b-7b9e36d3704f/allocations" {{(pid=93102) __call__ /opt/stack/placement/placement/requestlog.py:55}}
Jun 26 18:15:50.579120 np0000003776 devstack@placement-api.service[93102]: INFO placement.requestlog [req-698bf3e3-3031-4e64-a938-aa8752115f17 req-8b713de5-4442-493e-8991-50db6036b935 service nova] 10.4.3.109 "GET /placement/resource_providers/fcab7b0c-4eb4-486a-a91b-7b9e36d3704f/allocations" status: 200 len: 1197 microversion: 1.0
Jun 26 18:15:50.579523 np0000003776 devstack@placement-api.service[93102]: [pid: 93102|app: 0|req: 138/547] 10.4.3.109 () {66 vars in 1512 bytes} [Fri Jun 26 18:15:50 2026] GET /placement/resource_providers/fcab7b0c-4eb4-486a-a91b-7b9e36d3704f/allocations => generated 1197 bytes in 51 msecs (HTTP/1.1 200) 6 headers in 225 bytes (2 switches on core 0)
Jun 26 18:15:50.635919 np0000003776 devstack@placement-api.service[93101]: DEBUG placement.requestlog [req-698bf3e3-3031-4e64-a938-aa8752115f17 req-ae4c62d8-896f-40fb-8947-be50f602b487 None None] Starting request: 10.4.3.109 "GET /placement/allocations/f632035f-6e21-4097-93bc-e6fbe5a79f36" {{(pid=93101) __call__ /opt/stack/placement/placement/requestlog.py:55}}
Jun 26 18:15:50.684466 np0000003776 devstack@placement-api.service[93101]: INFO placement.requestlog [req-698bf3e3-3031-4e64-a938-aa8752115f17 req-ae4c62d8-896f-40fb-8947-be50f602b487 service nova] 10.4.3.109 "GET /placement/allocations/f632035f-6e21-4097-93bc-e6fbe5a79f36" status: 200 len: 258 microversion: 1.28
Jun 26 18:15:50.684903 np0000003776 devstack@placement-api.service[93101]: [pid: 93101|app: 0|req: 137/548] 10.4.3.109 () {68 vars in 1499 bytes} [Fri Jun 26 18:15:50 2026] GET /placement/allocations/f632035f-6e21-4097-93bc-e6fbe5a79f36 => generated 258 bytes in 51 msecs (HTTP/1.1 200) 8 headers in 296 bytes (1 switches on core 0)
Jun 26 18:15:50.755965 np0000003776 devstack@placement-api.service[93100]: DEBUG placement.requestlog [req-698bf3e3-3031-4e64-a938-aa8752115f17 req-09e555a4-4162-4a0b-bfe6-f237835ad3ce None None] Starting request: 10.4.3.109 "GET /placement/allocations/af3bde34-c68d-4642-9713-47a38b4d1f2d" {{(pid=93100) __call__ /opt/stack/placement/placement/requestlog.py:55}}
Jun 26 18:15:50.773374 np0000003776 devstack@placement-api.service[93100]: INFO placement.requestlog [req-698bf3e3-3031-4e64-a938-aa8752115f17 req-09e555a4-4162-4a0b-bfe6-f237835ad3ce service nova] 10.4.3.109 "GET /placement/allocations/af3bde34-c68d-4642-9713-47a38b4d1f2d" status: 200 len: 258 microversion: 1.28
Jun 26 18:15:50.773645 np0000003776 devstack@placement-api.service[93100]: [pid: 93100|app: 0|req: 137/549] 10.4.3.109 () {68 vars in 1499 bytes} [Fri Jun 26 18:15:50 2026] GET /placement/allocations/af3bde34-c68d-4642-9713-47a38b4d1f2d => generated 258 bytes in 18 msecs (HTTP/1.1 200) 8 headers in 296 bytes (1 switches on core 0)
Jun 26 18:15:50.833060 np0000003776 devstack@placement-api.service[93103]: DEBUG placement.requestlog [req-698bf3e3-3031-4e64-a938-aa8752115f17 req-a25edf48-1ea1-4704-bcae-d77c6ffe0b69 None None] Starting request: 10.4.3.109 "GET /placement/allocations/3ce40c8d-3577-460c-a5cb-b7aba8971c82" {{(pid=93103) __call__ /opt/stack/placement/placement/requestlog.py:55}}
Jun 26 18:15:50.847386 np0000003776 devstack@placement-api.service[93103]: INFO placement.requestlog [req-698bf3e3-3031-4e64-a938-aa8752115f17 req-a25edf48-1ea1-4704-bcae-d77c6ffe0b69 service nova] 10.4.3.109 "GET /placement/allocations/3ce40c8d-3577-460c-a5cb-b7aba8971c82" status: 200 len: 258 microversion: 1.28
Jun 26 18:15:50.847386 np0000003776 devstack@placement-api.service[93103]: [pid: 93103|app: 0|req: 138/550] 10.4.3.109 () {68 vars in 1499 bytes} [Fri Jun 26 18:15:50 2026] GET /placement/allocations/3ce40c8d-3577-460c-a5cb-b7aba8971c82 => generated 258 bytes in 11 msecs (HTTP/1.1 200) 8 headers in 296 bytes (1 switches on core 0)
Jun 26 18:15:50.908948 np0000003776 devstack@placement-api.service[93102]: DEBUG placement.requestlog [req-698bf3e3-3031-4e64-a938-aa8752115f17 req-fc4d1ca6-d4b6-4fed-97d2-0d7f9463bc49 None None] Starting request: 10.4.3.109 "GET /placement/allocations/da66400f-15bc-42b0-b7fe-22c82e663cd0" {{(pid=93102) __call__ /opt/stack/placement/placement/requestlog.py:55}}
Jun 26 18:15:50.918100 np0000003776 devstack@placement-api.service[93102]: INFO placement.requestlog [req-698bf3e3-3031-4e64-a938-aa8752115f17 req-fc4d1ca6-d4b6-4fed-97d2-0d7f9463bc49 service nova] 10.4.3.109 "GET /placement/allocations/da66400f-15bc-42b0-b7fe-22c82e663cd0" status: 200 len: 258 microversion: 1.28
Jun 26 18:15:50.918100 np0000003776 devstack@placement-api.service[93102]: [pid: 93102|app: 0|req: 139/551] 10.4.3.109 () {68 vars in 1499 bytes} [Fri Jun 26 18:15:50 2026] GET /placement/allocations/da66400f-15bc-42b0-b7fe-22c82e663cd0 => generated 258 bytes in 15 msecs (HTTP/1.1 200) 8 headers in 296 bytes (1 switches on core 0)
Jun 26 18:15:50.925504 np0000003776 devstack@placement-api.service[93101]: DEBUG placement.requestlog [req-d535d20a-9825-42a3-ac05-cb692442f104 req-02802d68-5f01-4397-b3a0-03f6a21b0868 None None] Starting request: 10.4.3.109 "GET /placement/allocations/17164e87-e362-45f7-84a0-2a9bb3dfc770" {{(pid=93101) __call__ /opt/stack/placement/placement/requestlog.py:55}}
Jun 26 18:15:50.941930 np0000003776 devstack@placement-api.service[93101]: INFO placement.requestlog [req-d535d20a-9825-42a3-ac05-cb692442f104 req-02802d68-5f01-4397-b3a0-03f6a21b0868 service nova] 10.4.3.109 "GET /placement/allocations/17164e87-e362-45f7-84a0-2a9bb3dfc770" status: 200 len: 244 microversion: 1.28
Jun 26 18:15:50.941930 np0000003776 devstack@placement-api.service[93101]: [pid: 93101|app: 0|req: 138/552] 10.4.3.109 () {68 vars in 1501 bytes} [Fri Jun 26 18:15:50 2026] GET /placement/allocations/17164e87-e362-45f7-84a0-2a9bb3dfc770 => generated 244 bytes in 16 msecs (HTTP/1.1 200) 8 headers in 296 bytes (1 switches on core 0)
Jun 26 18:15:50.981926 np0000003776 devstack@placement-api.service[93100]: DEBUG placement.requestlog [req-698bf3e3-3031-4e64-a938-aa8752115f17 req-5b378004-4d37-4997-a0fc-ef8618fa8bef None None] Starting request: 10.4.3.109 "GET /placement/allocations/78404fef-a69d-48ee-9a30-21d3e87007b6" {{(pid=93100) __call__ /opt/stack/placement/placement/requestlog.py:55}}
Jun 26 18:15:50.991745 np0000003776 devstack@placement-api.service[93103]: DEBUG placement.requestlog [req-d535d20a-9825-42a3-ac05-cb692442f104 req-76669d29-82e1-41a3-b42f-a9a0749231a9 None None] Starting request: 10.4.3.109 "GET /placement/allocations/17164e87-e362-45f7-84a0-2a9bb3dfc770" {{(pid=93103) __call__ /opt/stack/placement/placement/requestlog.py:55}}
Jun 26 18:15:51.000857 np0000003776 devstack@placement-api.service[93100]: INFO placement.requestlog [req-698bf3e3-3031-4e64-a938-aa8752115f17 req-5b378004-4d37-4997-a0fc-ef8618fa8bef service nova] 10.4.3.109 "GET /placement/allocations/78404fef-a69d-48ee-9a30-21d3e87007b6" status: 200 len: 244 microversion: 1.28
Jun 26 18:15:51.001085 np0000003776 devstack@placement-api.service[93100]: [pid: 93100|app: 0|req: 138/553] 10.4.3.109 () {68 vars in 1499 bytes} [Fri Jun 26 18:15:50 2026] GET /placement/allocations/78404fef-a69d-48ee-9a30-21d3e87007b6 => generated 244 bytes in 19 msecs (HTTP/1.1 200) 8 headers in 296 bytes (1 switches on core 0)
Jun 26 18:15:51.002719 np0000003776 devstack@placement-api.service[93103]: INFO placement.requestlog [req-d535d20a-9825-42a3-ac05-cb692442f104 req-76669d29-82e1-41a3-b42f-a9a0749231a9 service nova] 10.4.3.109 "GET /placement/allocations/17164e87-e362-45f7-84a0-2a9bb3dfc770" status: 200 len: 244 microversion: 1.28
Jun 26 18:15:51.002889 np0000003776 devstack@placement-api.service[93103]: [pid: 93103|app: 0|req: 139/554] 10.4.3.109 () {68 vars in 1501 bytes} [Fri Jun 26 18:15:50 2026] GET /placement/allocations/17164e87-e362-45f7-84a0-2a9bb3dfc770 => generated 244 bytes in 11 msecs (HTTP/1.1 200) 8 headers in 296 bytes (1 switches on core 0)
Jun 26 18:15:51.060921 np0000003776 devstack@placement-api.service[93102]: DEBUG placement.requestlog [req-d535d20a-9825-42a3-ac05-cb692442f104 req-baf6bb7d-ba73-443f-965d-f06fb2c12785 None None] Starting request: 10.4.3.109 "GET /placement/allocations/61525cd9-6f75-4783-8ee4-4c472ca1d568" {{(pid=93102) __call__ /opt/stack/placement/placement/requestlog.py:55}}
Jun 26 18:15:51.068765 np0000003776 devstack@placement-api.service[93101]: DEBUG placement.requestlog [req-698bf3e3-3031-4e64-a938-aa8752115f17 req-f985e053-6edd-4715-9857-629b5cda5c35 None None] Starting request: 10.4.3.109 "GET /placement/allocations/4cf4ffac-559f-4fcc-8dbd-cb43a7a81fb8" {{(pid=93101) __call__ /opt/stack/placement/placement/requestlog.py:55}}
Jun 26 18:15:51.070358 np0000003776 devstack@placement-api.service[93102]: INFO placement.requestlog [req-d535d20a-9825-42a3-ac05-cb692442f104 req-baf6bb7d-ba73-443f-965d-f06fb2c12785 service nova] 10.4.3.109 "GET /placement/allocations/61525cd9-6f75-4783-8ee4-4c472ca1d568" status: 200 len: 19 microversion: 1.28
Jun 26 18:15:51.070689 np0000003776 devstack@placement-api.service[93102]: [pid: 93102|app: 0|req: 140/555] 10.4.3.109 () {68 vars in 1501 bytes} [Fri Jun 26 18:15:51 2026] GET /placement/allocations/61525cd9-6f75-4783-8ee4-4c472ca1d568 => generated 19 bytes in 10 msecs (HTTP/1.1 200) 8 headers in 295 bytes (1 switches on core 0)
Jun 26 18:15:51.093682 np0000003776 devstack@placement-api.service[93101]: INFO placement.requestlog [req-698bf3e3-3031-4e64-a938-aa8752115f17 req-f985e053-6edd-4715-9857-629b5cda5c35 service nova] 10.4.3.109 "GET /placement/allocations/4cf4ffac-559f-4fcc-8dbd-cb43a7a81fb8" status: 200 len: 258 microversion: 1.28
Jun 26 18:15:51.093953 np0000003776 devstack@placement-api.service[93101]: [pid: 93101|app: 0|req: 139/556] 10.4.3.109 () {68 vars in 1499 bytes} [Fri Jun 26 18:15:51 2026] GET /placement/allocations/4cf4ffac-559f-4fcc-8dbd-cb43a7a81fb8 => generated 258 bytes in 25 msecs (HTTP/1.1 200) 8 headers in 296 bytes (1 switches on core 0)
Jun 26 18:15:51.117059 np0000003776 devstack@placement-api.service[93100]: DEBUG placement.requestlog [req-d535d20a-9825-42a3-ac05-cb692442f104 req-b0d19910-8ea7-4155-9643-98467adc31a2 None None] Starting request: 10.4.3.109 "POST /placement/allocations" {{(pid=93100) __call__ /opt/stack/placement/placement/requestlog.py:55}}
Jun 26 18:15:51.166913 np0000003776 devstack@placement-api.service[93103]: DEBUG placement.requestlog [req-698bf3e3-3031-4e64-a938-aa8752115f17 req-30d08dea-1017-4fbd-8c9f-121f85da6c4a None None] Starting request: 10.4.3.109 "GET /placement/allocations/ad1d8e08-202f-47be-9692-06ae84f45677" {{(pid=93103) __call__ /opt/stack/placement/placement/requestlog.py:55}}
Jun 26 18:15:51.173746 np0000003776 devstack@placement-api.service[93103]: INFO placement.requestlog [req-698bf3e3-3031-4e64-a938-aa8752115f17 req-30d08dea-1017-4fbd-8c9f-121f85da6c4a service nova] 10.4.3.109 "GET /placement/allocations/ad1d8e08-202f-47be-9692-06ae84f45677" status: 200 len: 258 microversion: 1.28
Jun 26 18:15:51.173746 np0000003776 devstack@placement-api.service[93103]: [pid: 93103|app: 0|req: 140/557] 10.4.3.109 () {68 vars in 1499 bytes} [Fri Jun 26 18:15:51 2026] GET /placement/allocations/ad1d8e08-202f-47be-9692-06ae84f45677 => generated 258 bytes in 11 msecs (HTTP/1.1 200) 8 headers in 296 bytes (1 switches on core 0)
Jun 26 18:15:51.210819 np0000003776 devstack@placement-api.service[93100]: DEBUG placement.handlers.allocation [req-d535d20a-9825-42a3-ac05-cb692442f104 req-b0d19910-8ea7-4155-9643-98467adc31a2 service nova] Successfully wrote allocations [, , , ] {{(pid=93100) _update_consumers_and_create_allocations /opt/stack/placement/placement/handlers/allocation.py:572}}
Jun 26 18:15:51.221061 np0000003776 devstack@placement-api.service[93102]: DEBUG placement.requestlog [req-698bf3e3-3031-4e64-a938-aa8752115f17 req-41300b73-b7f9-4bee-a655-14adc4a8190a None None] Starting request: 10.4.3.109 "GET /placement/allocations/17164e87-e362-45f7-84a0-2a9bb3dfc770" {{(pid=93102) __call__ /opt/stack/placement/placement/requestlog.py:55}}
Jun 26 18:15:51.228836 np0000003776 devstack@placement-api.service[93100]: INFO placement.requestlog [req-d535d20a-9825-42a3-ac05-cb692442f104 req-b0d19910-8ea7-4155-9643-98467adc31a2 service nova] 10.4.3.109 "POST /placement/allocations" status: 204 len: 0 microversion: 1.28
Jun 26 18:15:51.229435 np0000003776 devstack@placement-api.service[93100]: [pid: 93100|app: 0|req: 139/558] 10.4.3.109 () {72 vars in 1444 bytes} [Fri Jun 26 18:15:51 2026] POST /placement/allocations => generated 0 bytes in 112 msecs (HTTP/1.1 204) 5 headers in 199 bytes (1 switches on core 0)
Jun 26 18:15:51.231280 np0000003776 devstack@placement-api.service[93102]: INFO placement.requestlog [req-698bf3e3-3031-4e64-a938-aa8752115f17 req-41300b73-b7f9-4bee-a655-14adc4a8190a service nova] 10.4.3.109 "GET /placement/allocations/17164e87-e362-45f7-84a0-2a9bb3dfc770" status: 200 len: 19 microversion: 1.28
Jun 26 18:15:51.231666 np0000003776 devstack@placement-api.service[93102]: [pid: 93102|app: 0|req: 141/559] 10.4.3.109 () {68 vars in 1499 bytes} [Fri Jun 26 18:15:51 2026] GET /placement/allocations/17164e87-e362-45f7-84a0-2a9bb3dfc770 => generated 19 bytes in 11 msecs (HTTP/1.1 200) 8 headers in 295 bytes (1 switches on core 0)
Jun 26 18:15:51.286813 np0000003776 devstack@placement-api.service[93101]: DEBUG placement.requestlog [req-698bf3e3-3031-4e64-a938-aa8752115f17 req-39969855-6247-4c38-ba80-ccf8b1b1e72a None None] Starting request: 10.4.3.109 "GET /placement/allocations/86f5772a-1e41-4dd4-9100-178769adfc15" {{(pid=93101) __call__ /opt/stack/placement/placement/requestlog.py:55}}
Jun 26 18:15:51.308282 np0000003776 devstack@placement-api.service[93101]: INFO placement.requestlog [req-698bf3e3-3031-4e64-a938-aa8752115f17 req-39969855-6247-4c38-ba80-ccf8b1b1e72a service nova] 10.4.3.109 "GET /placement/allocations/86f5772a-1e41-4dd4-9100-178769adfc15" status: 200 len: 258 microversion: 1.28
Jun 26 18:15:51.308612 np0000003776 devstack@placement-api.service[93101]: [pid: 93101|app: 0|req: 140/560] 10.4.3.109 () {68 vars in 1499 bytes} [Fri Jun 26 18:15:51 2026] GET /placement/allocations/86f5772a-1e41-4dd4-9100-178769adfc15 => generated 258 bytes in 22 msecs (HTTP/1.1 200) 8 headers in 296 bytes (1 switches on core 0)
Jun 26 18:15:51.375348 np0000003776 devstack@placement-api.service[93103]: DEBUG placement.requestlog [req-698bf3e3-3031-4e64-a938-aa8752115f17 req-7014302d-7f12-49d2-9f6f-d713c1ecc7b1 None None] Starting request: 10.4.3.109 "GET /placement/allocations/1eba43f9-2bae-4d43-877b-0c4575de5f3b" {{(pid=93103) __call__ /opt/stack/placement/placement/requestlog.py:55}}
Jun 26 18:15:51.392365 np0000003776 devstack@placement-api.service[93103]: INFO placement.requestlog [req-698bf3e3-3031-4e64-a938-aa8752115f17 req-7014302d-7f12-49d2-9f6f-d713c1ecc7b1 service nova] 10.4.3.109 "GET /placement/allocations/1eba43f9-2bae-4d43-877b-0c4575de5f3b" status: 200 len: 244 microversion: 1.28
Jun 26 18:15:51.393504 np0000003776 devstack@placement-api.service[93103]: [pid: 93103|app: 0|req: 141/561] 10.4.3.109 () {68 vars in 1499 bytes} [Fri Jun 26 18:15:51 2026] GET /placement/allocations/1eba43f9-2bae-4d43-877b-0c4575de5f3b => generated 244 bytes in 18 msecs (HTTP/1.1 200) 8 headers in 296 bytes (1 switches on core 0)
Jun 26 18:15:51.402114 np0000003776 devstack@placement-api.service[93100]: DEBUG placement.requestlog [req-d535d20a-9825-42a3-ac05-cb692442f104 req-a8b399d8-d938-4b1c-afb5-91cc069416ce None None] Starting request: 10.4.3.109 "GET /placement/allocation_candidates?limit=1000&resources=MEMORY_MB%3A256%2CVCPU%3A1&root_required=%21COMPUTE_STATUS_DISABLED" {{(pid=93100) __call__ /opt/stack/placement/placement/requestlog.py:55}}
Jun 26 18:15:51.429753 np0000003776 devstack@placement-api.service[93100]: DEBUG placement.objects.research_context [req-d535d20a-9825-42a3-ac05-cb692442f104 req-a8b399d8-d938-4b1c-afb5-91cc069416ce service nova] getting providers with 256 MEMORY_MB {{(pid=93100) __init__ /opt/stack/placement/placement/objects/research_context.py:137}}
Jun 26 18:15:51.434562 np0000003776 devstack@placement-api.service[93100]: DEBUG placement.objects.research_context [req-d535d20a-9825-42a3-ac05-cb692442f104 req-a8b399d8-d938-4b1c-afb5-91cc069416ce service nova] getting providers with 1 VCPU {{(pid=93100) __init__ /opt/stack/placement/placement/objects/research_context.py:137}}
Jun 26 18:15:51.440194 np0000003776 devstack@placement-api.service[93100]: DEBUG placement.objects.research_context [req-d535d20a-9825-42a3-ac05-cb692442f104 req-a8b399d8-d938-4b1c-afb5-91cc069416ce service nova] found 1 providers with available 256 MEMORY_MB {{(pid=93100) get_provider_ids_matching /opt/stack/placement/placement/objects/research_context.py:563}}
Jun 26 18:15:51.440368 np0000003776 devstack@placement-api.service[93100]: DEBUG placement.objects.research_context [req-d535d20a-9825-42a3-ac05-cb692442f104 req-a8b399d8-d938-4b1c-afb5-91cc069416ce service nova] found 1 providers with available 1 VCPU {{(pid=93100) get_provider_ids_matching /opt/stack/placement/placement/objects/research_context.py:563}}
Jun 26 18:15:51.441247 np0000003776 devstack@placement-api.service[93100]: DEBUG placement.objects.research_context [req-d535d20a-9825-42a3-ac05-cb692442f104 req-a8b399d8-d938-4b1c-afb5-91cc069416ce service nova] found 1 providers after filtering by previous result {{(pid=93100) get_provider_ids_matching /opt/stack/placement/placement/objects/research_context.py:594}}
Jun 26 18:15:51.450608 np0000003776 devstack@placement-api.service[93102]: DEBUG placement.requestlog [req-698bf3e3-3031-4e64-a938-aa8752115f17 req-61b9e9d8-3624-481d-9a65-3ea496399ac5 None None] Starting request: 10.4.3.109 "GET /placement/allocations/4c02cb8f-2371-4535-95ea-fc192faa3a41" {{(pid=93102) __call__ /opt/stack/placement/placement/requestlog.py:55}}
Jun 26 18:15:51.450876 np0000003776 devstack@placement-api.service[93100]: DEBUG placement.objects.allocation_candidate [req-d535d20a-9825-42a3-ac05-cb692442f104 req-a8b399d8-d938-4b1c-afb5-91cc069416ce service nova] RequestGroup(use_same_provider=False, resources={MEMORY_MB:256, VCPU:1}, traits=(), aggregates=[]) (suffix '') returned 1 matches {{(pid=93100) _get_by_requests /opt/stack/placement/placement/objects/allocation_candidate.py:158}}
Jun 26 18:15:51.451091 np0000003776 devstack@placement-api.service[93100]: DEBUG placement.objects.allocation_candidate [req-d535d20a-9825-42a3-ac05-cb692442f104 req-a8b399d8-d938-4b1c-afb5-91cc069416ce service nova] Merging candidates yields 1 allocation requests and 1 provider summaries {{(pid=93100) _merge_candidates /opt/stack/placement/placement/objects/allocation_candidate.py:908}}
Jun 26 18:15:51.452452 np0000003776 devstack@placement-api.service[93100]: INFO placement.requestlog [req-d535d20a-9825-42a3-ac05-cb692442f104 req-a8b399d8-d938-4b1c-afb5-91cc069416ce service nova] 10.4.3.109 "GET /placement/allocation_candidates?limit=1000&resources=MEMORY_MB%3A256%2CVCPU%3A1&root_required=%21COMPUTE_STATUS_DISABLED" status: 200 len: 2480 microversion: 1.36
Jun 26 18:15:51.452775 np0000003776 devstack@placement-api.service[93100]: [pid: 93100|app: 0|req: 140/562] 10.4.3.109 () {68 vars in 1597 bytes} [Fri Jun 26 18:15:51 2026] GET /placement/allocation_candidates?limit=1000&resources=MEMORY_MB%3A256%2CVCPU%3A1&root_required=%21COMPUTE_STATUS_DISABLED => generated 2480 bytes in 51 msecs (HTTP/1.1 200) 8 headers in 297 bytes (1 switches on core 0)
Jun 26 18:15:51.463106 np0000003776 devstack@placement-api.service[93102]: INFO placement.requestlog [req-698bf3e3-3031-4e64-a938-aa8752115f17 req-61b9e9d8-3624-481d-9a65-3ea496399ac5 service nova] 10.4.3.109 "GET /placement/allocations/4c02cb8f-2371-4535-95ea-fc192faa3a41" status: 200 len: 244 microversion: 1.28
Jun 26 18:15:51.463600 np0000003776 devstack@placement-api.service[93102]: [pid: 93102|app: 0|req: 142/563] 10.4.3.109 () {68 vars in 1499 bytes} [Fri Jun 26 18:15:51 2026] GET /placement/allocations/4c02cb8f-2371-4535-95ea-fc192faa3a41 => generated 244 bytes in 19 msecs (HTTP/1.1 200) 8 headers in 296 bytes (1 switches on core 0)
Jun 26 18:15:51.504604 np0000003776 devstack@placement-api.service[93101]: DEBUG placement.requestlog [req-698bf3e3-3031-4e64-a938-aa8752115f17 req-a9998951-d389-4a34-8526-31bf4ee936b0 None None] Starting request: 10.4.3.109 "GET /placement/allocations/f7ccd740-7b5e-4c94-831a-559476e021fd" {{(pid=93101) __call__ /opt/stack/placement/placement/requestlog.py:55}}
Jun 26 18:15:51.517187 np0000003776 devstack@placement-api.service[93101]: INFO placement.requestlog [req-698bf3e3-3031-4e64-a938-aa8752115f17 req-a9998951-d389-4a34-8526-31bf4ee936b0 service nova] 10.4.3.109 "GET /placement/allocations/f7ccd740-7b5e-4c94-831a-559476e021fd" status: 200 len: 258 microversion: 1.28
Jun 26 18:15:51.517696 np0000003776 devstack@placement-api.service[93101]: [pid: 93101|app: 0|req: 141/564] 10.4.3.109 () {68 vars in 1499 bytes} [Fri Jun 26 18:15:51 2026] GET /placement/allocations/f7ccd740-7b5e-4c94-831a-559476e021fd => generated 258 bytes in 13 msecs (HTTP/1.1 200) 8 headers in 296 bytes (1 switches on core 0)
Jun 26 18:15:51.518715 np0000003776 devstack@placement-api.service[93103]: DEBUG placement.requestlog [req-d535d20a-9825-42a3-ac05-cb692442f104 req-c27a283d-abb8-49ae-90ba-49edf9b96996 None None] Starting request: 10.4.3.109 "GET /placement/allocations/17164e87-e362-45f7-84a0-2a9bb3dfc770" {{(pid=93103) __call__ /opt/stack/placement/placement/requestlog.py:55}}
Jun 26 18:15:51.526991 np0000003776 devstack@placement-api.service[93103]: INFO placement.requestlog [req-d535d20a-9825-42a3-ac05-cb692442f104 req-c27a283d-abb8-49ae-90ba-49edf9b96996 service nova] 10.4.3.109 "GET /placement/allocations/17164e87-e362-45f7-84a0-2a9bb3dfc770" status: 200 len: 19 microversion: 1.28
Jun 26 18:15:51.528008 np0000003776 devstack@placement-api.service[93103]: [pid: 93103|app: 0|req: 142/565] 10.4.3.109 () {68 vars in 1501 bytes} [Fri Jun 26 18:15:51 2026] GET /placement/allocations/17164e87-e362-45f7-84a0-2a9bb3dfc770 => generated 19 bytes in 9 msecs (HTTP/1.1 200) 8 headers in 295 bytes (1 switches on core 0)
Jun 26 18:15:51.565281 np0000003776 devstack@placement-api.service[93100]: DEBUG placement.requestlog [req-d535d20a-9825-42a3-ac05-cb692442f104 req-7f25bf1f-fe86-464e-be20-7adce4fc3431 None None] Starting request: 10.4.3.109 "PUT /placement/allocations/17164e87-e362-45f7-84a0-2a9bb3dfc770" {{(pid=93100) __call__ /opt/stack/placement/placement/requestlog.py:55}}
Jun 26 18:15:51.629461 np0000003776 devstack@placement-api.service[93100]: DEBUG placement.handlers.allocation [req-d535d20a-9825-42a3-ac05-cb692442f104 req-7f25bf1f-fe86-464e-be20-7adce4fc3431 service nova] Successfully wrote allocations [, ] {{(pid=93100) _update_consumers_and_create_allocations /opt/stack/placement/placement/handlers/allocation.py:462}}
Jun 26 18:15:51.643356 np0000003776 devstack@placement-api.service[93100]: INFO placement.requestlog [req-d535d20a-9825-42a3-ac05-cb692442f104 req-7f25bf1f-fe86-464e-be20-7adce4fc3431 service nova] 10.4.3.109 "PUT /placement/allocations/17164e87-e362-45f7-84a0-2a9bb3dfc770" status: 204 len: 0 microversion: 1.36
Jun 26 18:15:51.643579 np0000003776 devstack@placement-api.service[93100]: [pid: 93100|app: 0|req: 141/566] 10.4.3.109 () {72 vars in 1554 bytes} [Fri Jun 26 18:15:51 2026] PUT /placement/allocations/17164e87-e362-45f7-84a0-2a9bb3dfc770 => generated 0 bytes in 78 msecs (HTTP/1.1 204) 5 headers in 199 bytes (1 switches on core 0)
Jun 26 18:15:52.897061 np0000003776 devstack@placement-api.service[93102]: DEBUG placement.requestlog [req-d535d20a-9825-42a3-ac05-cb692442f104 req-4742ae85-937a-4e8c-8f30-aaa19736d811 None None] Starting request: 10.4.3.109 "GET /placement/allocations/17164e87-e362-45f7-84a0-2a9bb3dfc770" {{(pid=93102) __call__ /opt/stack/placement/placement/requestlog.py:55}}
Jun 26 18:15:52.917123 np0000003776 devstack@placement-api.service[93102]: INFO placement.requestlog [req-d535d20a-9825-42a3-ac05-cb692442f104 req-4742ae85-937a-4e8c-8f30-aaa19736d811 service nova] 10.4.3.109 "GET /placement/allocations/17164e87-e362-45f7-84a0-2a9bb3dfc770" status: 200 len: 244 microversion: 1.28
Jun 26 18:15:52.918014 np0000003776 devstack@placement-api.service[93102]: [pid: 93102|app: 0|req: 143/567] 10.4.3.109 () {68 vars in 1499 bytes} [Fri Jun 26 18:15:52 2026] GET /placement/allocations/17164e87-e362-45f7-84a0-2a9bb3dfc770 => generated 244 bytes in 23 msecs (HTTP/1.1 200) 8 headers in 296 bytes (1 switches on core 0)
Jun 26 18:15:54.146936 np0000003776 devstack@placement-api.service[93101]: DEBUG placement.requestlog [req-d535d20a-9825-42a3-ac05-cb692442f104 req-a2b3c45d-b35c-45da-a0c7-77a04e129f83 None None] Starting request: 10.4.3.109 "GET /placement/resource_providers/fcab7b0c-4eb4-486a-a91b-7b9e36d3704f/allocations" {{(pid=93101) __call__ /opt/stack/placement/placement/requestlog.py:55}}
Jun 26 18:15:54.163848 np0000003776 devstack@placement-api.service[93101]: INFO placement.requestlog [req-d535d20a-9825-42a3-ac05-cb692442f104 req-a2b3c45d-b35c-45da-a0c7-77a04e129f83 service nova] 10.4.3.109 "GET /placement/resource_providers/fcab7b0c-4eb4-486a-a91b-7b9e36d3704f/allocations" status: 200 len: 1283 microversion: 1.0
Jun 26 18:15:54.166680 np0000003776 devstack@placement-api.service[93101]: [pid: 93101|app: 0|req: 142/568] 10.4.3.109 () {66 vars in 1512 bytes} [Fri Jun 26 18:15:54 2026] GET /placement/resource_providers/fcab7b0c-4eb4-486a-a91b-7b9e36d3704f/allocations => generated 1283 bytes in 20 msecs (HTTP/1.1 200) 6 headers in 225 bytes (1 switches on core 0)
Jun 26 18:15:54.225668 np0000003776 devstack@placement-api.service[93103]: DEBUG placement.requestlog [req-d535d20a-9825-42a3-ac05-cb692442f104 req-919b8712-b158-4d76-919a-8ff72c6bfa22 None None] Starting request: 10.4.3.109 "GET /placement/allocations/f632035f-6e21-4097-93bc-e6fbe5a79f36" {{(pid=93103) __call__ /opt/stack/placement/placement/requestlog.py:55}}
Jun 26 18:15:54.249513 np0000003776 devstack@placement-api.service[93103]: INFO placement.requestlog [req-d535d20a-9825-42a3-ac05-cb692442f104 req-919b8712-b158-4d76-919a-8ff72c6bfa22 service nova] 10.4.3.109 "GET /placement/allocations/f632035f-6e21-4097-93bc-e6fbe5a79f36" status: 200 len: 258 microversion: 1.28
Jun 26 18:15:54.249513 np0000003776 devstack@placement-api.service[93103]: [pid: 93103|app: 0|req: 143/569] 10.4.3.109 () {68 vars in 1499 bytes} [Fri Jun 26 18:15:54 2026] GET /placement/allocations/f632035f-6e21-4097-93bc-e6fbe5a79f36 => generated 258 bytes in 18 msecs (HTTP/1.1 200) 8 headers in 296 bytes (2 switches on core 0)
Jun 26 18:15:54.301950 np0000003776 devstack@placement-api.service[93100]: DEBUG placement.requestlog [req-d535d20a-9825-42a3-ac05-cb692442f104 req-65fdb60d-b5ce-4a7b-8a9e-3611011ec75f None None] Starting request: 10.4.3.109 "GET /placement/allocations/af3bde34-c68d-4642-9713-47a38b4d1f2d" {{(pid=93100) __call__ /opt/stack/placement/placement/requestlog.py:55}}
Jun 26 18:15:54.317403 np0000003776 devstack@placement-api.service[93100]: INFO placement.requestlog [req-d535d20a-9825-42a3-ac05-cb692442f104 req-65fdb60d-b5ce-4a7b-8a9e-3611011ec75f service nova] 10.4.3.109 "GET /placement/allocations/af3bde34-c68d-4642-9713-47a38b4d1f2d" status: 200 len: 258 microversion: 1.28
Jun 26 18:15:54.318254 np0000003776 devstack@placement-api.service[93100]: [pid: 93100|app: 0|req: 142/570] 10.4.3.109 () {68 vars in 1499 bytes} [Fri Jun 26 18:15:54 2026] GET /placement/allocations/af3bde34-c68d-4642-9713-47a38b4d1f2d => generated 258 bytes in 16 msecs (HTTP/1.1 200) 8 headers in 296 bytes (1 switches on core 0)
Jun 26 18:15:54.385723 np0000003776 devstack@placement-api.service[93102]: DEBUG placement.requestlog [req-d535d20a-9825-42a3-ac05-cb692442f104 req-edaa005f-0d7e-4844-a6ea-4fa938525f25 None None] Starting request: 10.4.3.109 "GET /placement/allocations/61525cd9-6f75-4783-8ee4-4c472ca1d568" {{(pid=93102) __call__ /opt/stack/placement/placement/requestlog.py:55}}
Jun 26 18:15:54.399837 np0000003776 devstack@placement-api.service[93102]: INFO placement.requestlog [req-d535d20a-9825-42a3-ac05-cb692442f104 req-edaa005f-0d7e-4844-a6ea-4fa938525f25 service nova] 10.4.3.109 "GET /placement/allocations/61525cd9-6f75-4783-8ee4-4c472ca1d568" status: 200 len: 244 microversion: 1.28
Jun 26 18:15:54.399996 np0000003776 devstack@placement-api.service[93102]: [pid: 93102|app: 0|req: 144/571] 10.4.3.109 () {68 vars in 1499 bytes} [Fri Jun 26 18:15:54 2026] GET /placement/allocations/61525cd9-6f75-4783-8ee4-4c472ca1d568 => generated 244 bytes in 14 msecs (HTTP/1.1 200) 8 headers in 296 bytes (1 switches on core 0)
Jun 26 18:15:54.459738 np0000003776 devstack@placement-api.service[93101]: DEBUG placement.requestlog [req-d535d20a-9825-42a3-ac05-cb692442f104 req-ece55d29-94b1-4b57-8945-65ed0694ea78 None None] Starting request: 10.4.3.109 "GET /placement/allocations/3ce40c8d-3577-460c-a5cb-b7aba8971c82" {{(pid=93101) __call__ /opt/stack/placement/placement/requestlog.py:55}}
Jun 26 18:15:54.459738 np0000003776 devstack@placement-api.service[93101]: INFO placement.requestlog [req-d535d20a-9825-42a3-ac05-cb692442f104 req-ece55d29-94b1-4b57-8945-65ed0694ea78 service nova] 10.4.3.109 "GET /placement/allocations/3ce40c8d-3577-460c-a5cb-b7aba8971c82" status: 200 len: 258 microversion: 1.28
Jun 26 18:15:54.460758 np0000003776 devstack@placement-api.service[93101]: [pid: 93101|app: 0|req: 143/572] 10.4.3.109 () {68 vars in 1499 bytes} [Fri Jun 26 18:15:54 2026] GET /placement/allocations/3ce40c8d-3577-460c-a5cb-b7aba8971c82 => generated 258 bytes in 10 msecs (HTTP/1.1 200) 8 headers in 296 bytes (1 switches on core 0)
Jun 26 18:15:54.508250 np0000003776 devstack@placement-api.service[93103]: DEBUG placement.requestlog [req-d535d20a-9825-42a3-ac05-cb692442f104 req-a539f5db-97ae-4e56-a10a-133eedd87469 None None] Starting request: 10.4.3.109 "GET /placement/allocations/da66400f-15bc-42b0-b7fe-22c82e663cd0" {{(pid=93103) __call__ /opt/stack/placement/placement/requestlog.py:55}}
Jun 26 18:15:54.521544 np0000003776 devstack@placement-api.service[93103]: INFO placement.requestlog [req-d535d20a-9825-42a3-ac05-cb692442f104 req-a539f5db-97ae-4e56-a10a-133eedd87469 service nova] 10.4.3.109 "GET /placement/allocations/da66400f-15bc-42b0-b7fe-22c82e663cd0" status: 200 len: 258 microversion: 1.28
Jun 26 18:15:54.522165 np0000003776 devstack@placement-api.service[93103]: [pid: 93103|app: 0|req: 144/573] 10.4.3.109 () {68 vars in 1499 bytes} [Fri Jun 26 18:15:54 2026] GET /placement/allocations/da66400f-15bc-42b0-b7fe-22c82e663cd0 => generated 258 bytes in 14 msecs (HTTP/1.1 200) 8 headers in 296 bytes (2 switches on core 0)
Jun 26 18:15:54.563950 np0000003776 devstack@placement-api.service[93100]: DEBUG placement.requestlog [req-d535d20a-9825-42a3-ac05-cb692442f104 req-b4a4bbd8-3f5b-4e62-be0d-d3bca253543a None None] Starting request: 10.4.3.109 "GET /placement/allocations/78404fef-a69d-48ee-9a30-21d3e87007b6" {{(pid=93100) __call__ /opt/stack/placement/placement/requestlog.py:55}}
Jun 26 18:15:54.579179 np0000003776 devstack@placement-api.service[93100]: INFO placement.requestlog [req-d535d20a-9825-42a3-ac05-cb692442f104 req-b4a4bbd8-3f5b-4e62-be0d-d3bca253543a service nova] 10.4.3.109 "GET /placement/allocations/78404fef-a69d-48ee-9a30-21d3e87007b6" status: 200 len: 244 microversion: 1.28
Jun 26 18:15:54.579751 np0000003776 devstack@placement-api.service[93100]: [pid: 93100|app: 0|req: 143/574] 10.4.3.109 () {68 vars in 1499 bytes} [Fri Jun 26 18:15:54 2026] GET /placement/allocations/78404fef-a69d-48ee-9a30-21d3e87007b6 => generated 244 bytes in 16 msecs (HTTP/1.1 200) 8 headers in 296 bytes (1 switches on core 0)
Jun 26 18:15:54.639195 np0000003776 devstack@placement-api.service[93102]: DEBUG placement.requestlog [req-d535d20a-9825-42a3-ac05-cb692442f104 req-5b509c25-cf69-47ad-9a1b-ebad3f3bb4a0 None None] Starting request: 10.4.3.109 "GET /placement/allocations/4cf4ffac-559f-4fcc-8dbd-cb43a7a81fb8" {{(pid=93102) __call__ /opt/stack/placement/placement/requestlog.py:55}}
Jun 26 18:15:54.651790 np0000003776 devstack@placement-api.service[93102]: INFO placement.requestlog [req-d535d20a-9825-42a3-ac05-cb692442f104 req-5b509c25-cf69-47ad-9a1b-ebad3f3bb4a0 service nova] 10.4.3.109 "GET /placement/allocations/4cf4ffac-559f-4fcc-8dbd-cb43a7a81fb8" status: 200 len: 258 microversion: 1.28
Jun 26 18:15:54.652069 np0000003776 devstack@placement-api.service[93102]: [pid: 93102|app: 0|req: 145/575] 10.4.3.109 () {68 vars in 1499 bytes} [Fri Jun 26 18:15:54 2026] GET /placement/allocations/4cf4ffac-559f-4fcc-8dbd-cb43a7a81fb8 => generated 258 bytes in 13 msecs (HTTP/1.1 200) 8 headers in 296 bytes (1 switches on core 0)
Jun 26 18:15:54.678682 np0000003776 devstack@placement-api.service[93101]: DEBUG placement.requestlog [req-698bf3e3-3031-4e64-a938-aa8752115f17 req-f40d6892-14f7-4253-9e4e-a3f12b837a35 None None] Starting request: 10.4.3.109 "GET /placement/allocations/ad1d8e08-202f-47be-9692-06ae84f45677" {{(pid=93101) __call__ /opt/stack/placement/placement/requestlog.py:55}}
Jun 26 18:15:54.695207 np0000003776 devstack@placement-api.service[93101]: INFO placement.requestlog [req-698bf3e3-3031-4e64-a938-aa8752115f17 req-f40d6892-14f7-4253-9e4e-a3f12b837a35 service nova] 10.4.3.109 "GET /placement/allocations/ad1d8e08-202f-47be-9692-06ae84f45677" status: 200 len: 258 microversion: 1.28
Jun 26 18:15:54.695207 np0000003776 devstack@placement-api.service[93101]: [pid: 93101|app: 0|req: 144/576] 10.4.3.109 () {68 vars in 1499 bytes} [Fri Jun 26 18:15:54 2026] GET /placement/allocations/ad1d8e08-202f-47be-9692-06ae84f45677 => generated 258 bytes in 16 msecs (HTTP/1.1 200) 8 headers in 296 bytes (1 switches on core 0)
Jun 26 18:15:54.701553 np0000003776 devstack@placement-api.service[93103]: DEBUG placement.requestlog [req-d535d20a-9825-42a3-ac05-cb692442f104 req-26e3eb0b-fc73-4d34-913c-325519a342bb None None] Starting request: 10.4.3.109 "GET /placement/allocations/ad1d8e08-202f-47be-9692-06ae84f45677" {{(pid=93103) __call__ /opt/stack/placement/placement/requestlog.py:55}}
Jun 26 18:15:54.725693 np0000003776 devstack@placement-api.service[93103]: INFO placement.requestlog [req-d535d20a-9825-42a3-ac05-cb692442f104 req-26e3eb0b-fc73-4d34-913c-325519a342bb service nova] 10.4.3.109 "GET /placement/allocations/ad1d8e08-202f-47be-9692-06ae84f45677" status: 200 len: 258 microversion: 1.28
Jun 26 18:15:54.725693 np0000003776 devstack@placement-api.service[93103]: [pid: 93103|app: 0|req: 145/577] 10.4.3.109 () {68 vars in 1499 bytes} [Fri Jun 26 18:15:54 2026] GET /placement/allocations/ad1d8e08-202f-47be-9692-06ae84f45677 => generated 258 bytes in 24 msecs (HTTP/1.1 200) 8 headers in 296 bytes (1 switches on core 0)
Jun 26 18:15:54.742312 np0000003776 devstack@placement-api.service[93100]: DEBUG placement.requestlog [req-698bf3e3-3031-4e64-a938-aa8752115f17 req-e4c3082d-bb33-445a-9d24-33c069d131e2 None None] Starting request: 10.4.3.109 "GET /placement/allocations/ad1d8e08-202f-47be-9692-06ae84f45677" {{(pid=93100) __call__ /opt/stack/placement/placement/requestlog.py:55}}
Jun 26 18:15:54.753498 np0000003776 devstack@placement-api.service[93100]: INFO placement.requestlog [req-698bf3e3-3031-4e64-a938-aa8752115f17 req-e4c3082d-bb33-445a-9d24-33c069d131e2 service nova] 10.4.3.109 "GET /placement/allocations/ad1d8e08-202f-47be-9692-06ae84f45677" status: 200 len: 258 microversion: 1.28
Jun 26 18:15:54.754022 np0000003776 devstack@placement-api.service[93100]: [pid: 93100|app: 0|req: 144/578] 10.4.3.109 () {68 vars in 1499 bytes} [Fri Jun 26 18:15:54 2026] GET /placement/allocations/ad1d8e08-202f-47be-9692-06ae84f45677 => generated 258 bytes in 12 msecs (HTTP/1.1 200) 8 headers in 296 bytes (1 switches on core 0)
Jun 26 18:15:54.778502 np0000003776 devstack@placement-api.service[93102]: DEBUG placement.requestlog [req-d535d20a-9825-42a3-ac05-cb692442f104 req-09d444bb-05f4-40a6-a61a-410e1501e20d None None] Starting request: 10.4.3.109 "GET /placement/allocations/17164e87-e362-45f7-84a0-2a9bb3dfc770" {{(pid=93102) __call__ /opt/stack/placement/placement/requestlog.py:55}}
Jun 26 18:15:54.792036 np0000003776 devstack@placement-api.service[93102]: INFO placement.requestlog [req-d535d20a-9825-42a3-ac05-cb692442f104 req-09d444bb-05f4-40a6-a61a-410e1501e20d service nova] 10.4.3.109 "GET /placement/allocations/17164e87-e362-45f7-84a0-2a9bb3dfc770" status: 200 len: 244 microversion: 1.28
Jun 26 18:15:54.792550 np0000003776 devstack@placement-api.service[93102]: [pid: 93102|app: 0|req: 146/579] 10.4.3.109 () {68 vars in 1499 bytes} [Fri Jun 26 18:15:54 2026] GET /placement/allocations/17164e87-e362-45f7-84a0-2a9bb3dfc770 => generated 244 bytes in 14 msecs (HTTP/1.1 200) 8 headers in 296 bytes (1 switches on core 0)
Jun 26 18:15:54.804185 np0000003776 devstack@placement-api.service[93101]: DEBUG placement.requestlog [req-698bf3e3-3031-4e64-a938-aa8752115f17 req-988dba56-92d9-4416-adde-a8c34ecdbcc6 None None] Starting request: 10.4.3.109 "GET /placement/allocations/4cf4ffac-559f-4fcc-8dbd-cb43a7a81fb8" {{(pid=93101) __call__ /opt/stack/placement/placement/requestlog.py:55}}
Jun 26 18:15:54.812657 np0000003776 devstack@placement-api.service[93101]: INFO placement.requestlog [req-698bf3e3-3031-4e64-a938-aa8752115f17 req-988dba56-92d9-4416-adde-a8c34ecdbcc6 service nova] 10.4.3.109 "GET /placement/allocations/4cf4ffac-559f-4fcc-8dbd-cb43a7a81fb8" status: 200 len: 258 microversion: 1.28
Jun 26 18:15:54.812997 np0000003776 devstack@placement-api.service[93101]: [pid: 93101|app: 0|req: 145/580] 10.4.3.109 () {68 vars in 1499 bytes} [Fri Jun 26 18:15:54 2026] GET /placement/allocations/4cf4ffac-559f-4fcc-8dbd-cb43a7a81fb8 => generated 258 bytes in 9 msecs (HTTP/1.1 200) 8 headers in 296 bytes (1 switches on core 0)
Jun 26 18:15:54.834785 np0000003776 devstack@placement-api.service[93103]: DEBUG placement.requestlog [req-d535d20a-9825-42a3-ac05-cb692442f104 req-05220fcf-3bb7-4367-ac2d-64534eb8d8c7 None None] Starting request: 10.4.3.109 "GET /placement/allocations/86f5772a-1e41-4dd4-9100-178769adfc15" {{(pid=93103) __call__ /opt/stack/placement/placement/requestlog.py:55}}
Jun 26 18:15:54.845737 np0000003776 devstack@placement-api.service[93103]: INFO placement.requestlog [req-d535d20a-9825-42a3-ac05-cb692442f104 req-05220fcf-3bb7-4367-ac2d-64534eb8d8c7 service nova] 10.4.3.109 "GET /placement/allocations/86f5772a-1e41-4dd4-9100-178769adfc15" status: 200 len: 258 microversion: 1.28
Jun 26 18:15:54.846201 np0000003776 devstack@placement-api.service[93103]: [pid: 93103|app: 0|req: 146/581] 10.4.3.109 () {68 vars in 1499 bytes} [Fri Jun 26 18:15:54 2026] GET /placement/allocations/86f5772a-1e41-4dd4-9100-178769adfc15 => generated 258 bytes in 11 msecs (HTTP/1.1 200) 8 headers in 296 bytes (1 switches on core 0)
Jun 26 18:15:54.863546 np0000003776 devstack@placement-api.service[93100]: DEBUG placement.requestlog [req-698bf3e3-3031-4e64-a938-aa8752115f17 req-07331812-25c7-4e34-84d9-99bb8d2cde22 None None] Starting request: 10.4.3.109 "POST /placement/allocations" {{(pid=93100) __call__ /opt/stack/placement/placement/requestlog.py:55}}
Jun 26 18:15:54.896264 np0000003776 devstack@placement-api.service[93102]: DEBUG placement.requestlog [req-d535d20a-9825-42a3-ac05-cb692442f104 req-b5c3e498-829f-4b23-8e63-75d4381ab09d None None] Starting request: 10.4.3.109 "GET /placement/allocations/1eba43f9-2bae-4d43-877b-0c4575de5f3b" {{(pid=93102) __call__ /opt/stack/placement/placement/requestlog.py:55}}
Jun 26 18:15:54.908558 np0000003776 devstack@placement-api.service[93102]: INFO placement.requestlog [req-d535d20a-9825-42a3-ac05-cb692442f104 req-b5c3e498-829f-4b23-8e63-75d4381ab09d service nova] 10.4.3.109 "GET /placement/allocations/1eba43f9-2bae-4d43-877b-0c4575de5f3b" status: 200 len: 244 microversion: 1.28
Jun 26 18:15:54.908808 np0000003776 devstack@placement-api.service[93102]: [pid: 93102|app: 0|req: 147/582] 10.4.3.109 () {68 vars in 1499 bytes} [Fri Jun 26 18:15:54 2026] GET /placement/allocations/1eba43f9-2bae-4d43-877b-0c4575de5f3b => generated 244 bytes in 13 msecs (HTTP/1.1 200) 8 headers in 296 bytes (1 switches on core 0)
Jun 26 18:15:54.940205 np0000003776 devstack@placement-api.service[93100]: DEBUG placement.handlers.allocation [req-698bf3e3-3031-4e64-a938-aa8752115f17 req-07331812-25c7-4e34-84d9-99bb8d2cde22 service nova] Successfully wrote allocations [, , , , , ] {{(pid=93100) _update_consumers_and_create_allocations /opt/stack/placement/placement/handlers/allocation.py:572}}
Jun 26 18:15:54.946547 np0000003776 devstack@placement-api.service[93100]: INFO placement.requestlog [req-698bf3e3-3031-4e64-a938-aa8752115f17 req-07331812-25c7-4e34-84d9-99bb8d2cde22 service nova] 10.4.3.109 "POST /placement/allocations" status: 204 len: 0 microversion: 1.28
