Aug 08 16:34:56.715976 np0000006788 nova-scheduler[93474]: DEBUG cotyledon.oslo_config_glue [-] oslo_messaging_rabbit.rabbit_quorum_max_memory_bytes = 0 {{(pid=93474) log_opt_values /opt/stack/data/venv/lib/python3.12/site-packages/oslo_config/cfg.py:3545}}
Aug 08 16:34:56.715976 np0000006788 nova-scheduler[93474]: DEBUG cotyledon.oslo_config_glue [-] oslo_messaging_rabbit.rabbit_quorum_max_memory_length = 0 {{(pid=93474) log_opt_values /opt/stack/data/venv/lib/python3.12/site-packages/oslo_config/cfg.py:3545}}
Aug 08 16:34:56.715976 np0000006788 nova-scheduler[93474]: DEBUG cotyledon.oslo_config_glue [-] oslo_messaging_rabbit.rabbit_quorum_queue = False {{(pid=93474) log_opt_values /opt/stack/data/venv/lib/python3.12/site-packages/oslo_config/cfg.py:3545}}
Aug 08 16:34:56.715976 np0000006788 nova-scheduler[93474]: DEBUG cotyledon.oslo_config_glue [-] oslo_messaging_rabbit.rabbit_retry_backoff = 2 {{(pid=93474) log_opt_values /opt/stack/data/venv/lib/python3.12/site-packages/oslo_config/cfg.py:3545}}
Aug 08 16:34:56.715976 np0000006788 nova-scheduler[93474]: DEBUG cotyledon.oslo_config_glue [-] oslo_messaging_rabbit.rabbit_retry_interval = 1 {{(pid=93474) log_opt_values /opt/stack/data/venv/lib/python3.12/site-packages/oslo_config/cfg.py:3545}}
Aug 08 16:34:56.715976 np0000006788 nova-scheduler[93474]: DEBUG cotyledon.oslo_config_glue [-] oslo_messaging_rabbit.rabbit_stream_fanout = False {{(pid=93474) log_opt_values /opt/stack/data/venv/lib/python3.12/site-packages/oslo_config/cfg.py:3545}}
Aug 08 16:34:56.715976 np0000006788 nova-scheduler[93474]: DEBUG cotyledon.oslo_config_glue [-] oslo_messaging_rabbit.rabbit_transient_queues_ttl = 1800 {{(pid=93474) log_opt_values /opt/stack/data/venv/lib/python3.12/site-packages/oslo_config/cfg.py:3545}}
Aug 08 16:34:56.715976 np0000006788 nova-scheduler[93474]: DEBUG cotyledon.oslo_config_glue [-] oslo_messaging_rabbit.rabbit_transient_quorum_queue = False {{(pid=93474) log_opt_values /opt/stack/data/venv/lib/python3.12/site-packages/oslo_config/cfg.py:3545}}
Aug 08 16:34:56.716117 np0000006788 nova-scheduler[93474]: DEBUG cotyledon.oslo_config_glue [-] oslo_messaging_rabbit.rpc_conn_pool_size = 30 {{(pid=93474) log_opt_values /opt/stack/data/venv/lib/python3.12/site-packages/oslo_config/cfg.py:3545}}
Aug 08 16:34:56.716117 np0000006788 nova-scheduler[93474]: DEBUG cotyledon.oslo_config_glue [-] oslo_messaging_rabbit.ssl = False {{(pid=93474) log_opt_values /opt/stack/data/venv/lib/python3.12/site-packages/oslo_config/cfg.py:3545}}
Aug 08 16:34:56.716117 np0000006788 nova-scheduler[93474]: DEBUG cotyledon.oslo_config_glue [-] oslo_messaging_rabbit.ssl_ca_file = {{(pid=93474) log_opt_values /opt/stack/data/venv/lib/python3.12/site-packages/oslo_config/cfg.py:3545}}
Aug 08 16:34:56.716117 np0000006788 nova-scheduler[93474]: DEBUG cotyledon.oslo_config_glue [-] oslo_messaging_rabbit.ssl_cert_file = {{(pid=93474) log_opt_values /opt/stack/data/venv/lib/python3.12/site-packages/oslo_config/cfg.py:3545}}
Aug 08 16:34:56.716117 np0000006788 nova-scheduler[93474]: DEBUG cotyledon.oslo_config_glue [-] oslo_messaging_rabbit.ssl_enforce_fips_mode = False {{(pid=93474) log_opt_values /opt/stack/data/venv/lib/python3.12/site-packages/oslo_config/cfg.py:3545}}
Aug 08 16:34:56.716117 np0000006788 nova-scheduler[93474]: DEBUG cotyledon.oslo_config_glue [-] oslo_messaging_rabbit.ssl_enforce_hostname_verification = True {{(pid=93474) log_opt_values /opt/stack/data/venv/lib/python3.12/site-packages/oslo_config/cfg.py:3545}}
Aug 08 16:34:56.716117 np0000006788 nova-scheduler[93474]: DEBUG cotyledon.oslo_config_glue [-] oslo_messaging_rabbit.ssl_key_file = {{(pid=93474) log_opt_values /opt/stack/data/venv/lib/python3.12/site-packages/oslo_config/cfg.py:3545}}
Aug 08 16:34:56.716117 np0000006788 nova-scheduler[93474]: DEBUG cotyledon.oslo_config_glue [-] oslo_messaging_rabbit.ssl_version = {{(pid=93474) log_opt_values /opt/stack/data/venv/lib/python3.12/site-packages/oslo_config/cfg.py:3545}}
Aug 08 16:34:56.716117 np0000006788 nova-scheduler[93474]: DEBUG cotyledon.oslo_config_glue [-] oslo_messaging_rabbit.use_queue_manager = False {{(pid=93474) log_opt_values /opt/stack/data/venv/lib/python3.12/site-packages/oslo_config/cfg.py:3545}}
Aug 08 16:34:56.716344 np0000006788 nova-scheduler[93474]: DEBUG cotyledon.oslo_config_glue [-] oslo_messaging_notifications.driver = ['messagingv2'] {{(pid=93474) log_opt_values /opt/stack/data/venv/lib/python3.12/site-packages/oslo_config/cfg.py:3545}}
Aug 08 16:34:56.716344 np0000006788 nova-scheduler[93474]: DEBUG cotyledon.oslo_config_glue [-] oslo_messaging_notifications.retry = -1 {{(pid=93474) log_opt_values /opt/stack/data/venv/lib/python3.12/site-packages/oslo_config/cfg.py:3545}}
Aug 08 16:34:56.716344 np0000006788 nova-scheduler[93474]: DEBUG cotyledon.oslo_config_glue [-] oslo_messaging_notifications.topics = ['notifications'] {{(pid=93474) log_opt_values /opt/stack/data/venv/lib/python3.12/site-packages/oslo_config/cfg.py:3545}}
Aug 08 16:34:56.716344 np0000006788 nova-scheduler[93474]: DEBUG cotyledon.oslo_config_glue [-] oslo_messaging_notifications.transport_url = **** {{(pid=93474) log_opt_values /opt/stack/data/venv/lib/python3.12/site-packages/oslo_config/cfg.py:3545}}
Aug 08 16:34:56.716344 np0000006788 nova-scheduler[93474]: DEBUG cotyledon.oslo_config_glue [-] oslo_limit.auth_section = None {{(pid=93474) log_opt_values /opt/stack/data/venv/lib/python3.12/site-packages/oslo_config/cfg.py:3545}}
Aug 08 16:34:56.716344 np0000006788 nova-scheduler[93474]: DEBUG cotyledon.oslo_config_glue [-] oslo_limit.auth_type = None {{(pid=93474) log_opt_values /opt/stack/data/venv/lib/python3.12/site-packages/oslo_config/cfg.py:3545}}
Aug 08 16:34:56.716344 np0000006788 nova-scheduler[93474]: DEBUG cotyledon.oslo_config_glue [-] oslo_limit.cafile = None {{(pid=93474) log_opt_values /opt/stack/data/venv/lib/python3.12/site-packages/oslo_config/cfg.py:3545}}
Aug 08 16:34:56.716344 np0000006788 nova-scheduler[93474]: DEBUG cotyledon.oslo_config_glue [-] oslo_limit.certfile = None {{(pid=93474) log_opt_values /opt/stack/data/venv/lib/python3.12/site-packages/oslo_config/cfg.py:3545}}
Aug 08 16:34:56.716344 np0000006788 nova-scheduler[93474]: DEBUG cotyledon.oslo_config_glue [-] oslo_limit.collect_timing = False {{(pid=93474) log_opt_values /opt/stack/data/venv/lib/python3.12/site-packages/oslo_config/cfg.py:3545}}
Aug 08 16:34:56.716578 np0000006788 nova-scheduler[93474]: DEBUG cotyledon.oslo_config_glue [-] oslo_limit.connect_retries = None {{(pid=93474) log_opt_values /opt/stack/data/venv/lib/python3.12/site-packages/oslo_config/cfg.py:3545}}
Aug 08 16:34:56.716578 np0000006788 nova-scheduler[93474]: DEBUG cotyledon.oslo_config_glue [-] oslo_limit.connect_retry_delay = None {{(pid=93474) log_opt_values /opt/stack/data/venv/lib/python3.12/site-packages/oslo_config/cfg.py:3545}}
Aug 08 16:34:56.716578 np0000006788 nova-scheduler[93474]: DEBUG cotyledon.oslo_config_glue [-] oslo_limit.endpoint_id = None {{(pid=93474) log_opt_values /opt/stack/data/venv/lib/python3.12/site-packages/oslo_config/cfg.py:3545}}
Aug 08 16:34:56.716578 np0000006788 nova-scheduler[93474]: DEBUG cotyledon.oslo_config_glue [-] oslo_limit.endpoint_interface = public {{(pid=93474) log_opt_values /opt/stack/data/venv/lib/python3.12/site-packages/oslo_config/cfg.py:3545}}
Aug 08 16:34:56.716578 np0000006788 nova-scheduler[93474]: DEBUG cotyledon.oslo_config_glue [-] oslo_limit.endpoint_override = None {{(pid=93474) log_opt_values /opt/stack/data/venv/lib/python3.12/site-packages/oslo_config/cfg.py:3545}}
Aug 08 16:34:56.716578 np0000006788 nova-scheduler[93474]: DEBUG cotyledon.oslo_config_glue [-] oslo_limit.endpoint_region_name = None {{(pid=93474) log_opt_values /opt/stack/data/venv/lib/python3.12/site-packages/oslo_config/cfg.py:3545}}
Aug 08 16:34:56.716578 np0000006788 nova-scheduler[93474]: DEBUG cotyledon.oslo_config_glue [-] oslo_limit.endpoint_service_name = None {{(pid=93474) log_opt_values /opt/stack/data/venv/lib/python3.12/site-packages/oslo_config/cfg.py:3545}}
Aug 08 16:34:56.716578 np0000006788 nova-scheduler[93474]: DEBUG cotyledon.oslo_config_glue [-] oslo_limit.endpoint_service_type = None {{(pid=93474) log_opt_values /opt/stack/data/venv/lib/python3.12/site-packages/oslo_config/cfg.py:3545}}
Aug 08 16:34:56.716578 np0000006788 nova-scheduler[93474]: DEBUG cotyledon.oslo_config_glue [-] oslo_limit.insecure = False {{(pid=93474) log_opt_values /opt/stack/data/venv/lib/python3.12/site-packages/oslo_config/cfg.py:3545}}
Aug 08 16:34:56.716759 np0000006788 nova-scheduler[93474]: DEBUG cotyledon.oslo_config_glue [-] oslo_limit.keyfile = None {{(pid=93474) log_opt_values /opt/stack/data/venv/lib/python3.12/site-packages/oslo_config/cfg.py:3545}}
Aug 08 16:34:56.716759 np0000006788 nova-scheduler[93474]: DEBUG cotyledon.oslo_config_glue [-] oslo_limit.max_version = None {{(pid=93474) log_opt_values /opt/stack/data/venv/lib/python3.12/site-packages/oslo_config/cfg.py:3545}}
Aug 08 16:34:56.716759 np0000006788 nova-scheduler[93474]: DEBUG cotyledon.oslo_config_glue [-] oslo_limit.min_version = None {{(pid=93474) log_opt_values /opt/stack/data/venv/lib/python3.12/site-packages/oslo_config/cfg.py:3545}}
Aug 08 16:34:56.716759 np0000006788 nova-scheduler[93474]: DEBUG cotyledon.oslo_config_glue [-] oslo_limit.region_name = None {{(pid=93474) log_opt_values /opt/stack/data/venv/lib/python3.12/site-packages/oslo_config/cfg.py:3545}}
Aug 08 16:34:56.716759 np0000006788 nova-scheduler[93474]: DEBUG cotyledon.oslo_config_glue [-] oslo_limit.retriable_status_codes = None {{(pid=93474) log_opt_values /opt/stack/data/venv/lib/python3.12/site-packages/oslo_config/cfg.py:3545}}
Aug 08 16:34:56.716759 np0000006788 nova-scheduler[93474]: DEBUG cotyledon.oslo_config_glue [-] oslo_limit.service_name = None {{(pid=93474) log_opt_values /opt/stack/data/venv/lib/python3.12/site-packages/oslo_config/cfg.py:3545}}
Aug 08 16:34:56.716759 np0000006788 nova-scheduler[93474]: DEBUG cotyledon.oslo_config_glue [-] oslo_limit.service_type = None {{(pid=93474) log_opt_values /opt/stack/data/venv/lib/python3.12/site-packages/oslo_config/cfg.py:3545}}
Aug 08 16:34:56.716759 np0000006788 nova-scheduler[93474]: DEBUG cotyledon.oslo_config_glue [-] oslo_limit.split_loggers = False {{(pid=93474) log_opt_values /opt/stack/data/venv/lib/python3.12/site-packages/oslo_config/cfg.py:3545}}
Aug 08 16:34:56.716759 np0000006788 nova-scheduler[93474]: DEBUG cotyledon.oslo_config_glue [-] oslo_limit.status_code_retries = None {{(pid=93474) log_opt_values /opt/stack/data/venv/lib/python3.12/site-packages/oslo_config/cfg.py:3545}}
Aug 08 16:34:56.716935 np0000006788 nova-scheduler[93474]: DEBUG cotyledon.oslo_config_glue [-] oslo_limit.status_code_retry_delay = None {{(pid=93474) log_opt_values /opt/stack/data/venv/lib/python3.12/site-packages/oslo_config/cfg.py:3545}}
Aug 08 16:34:56.716935 np0000006788 nova-scheduler[93474]: DEBUG cotyledon.oslo_config_glue [-] oslo_limit.timeout = None {{(pid=93474) log_opt_values /opt/stack/data/venv/lib/python3.12/site-packages/oslo_config/cfg.py:3545}}
Aug 08 16:34:56.716935 np0000006788 nova-scheduler[93474]: DEBUG cotyledon.oslo_config_glue [-] oslo_limit.valid_interfaces = None {{(pid=93474) log_opt_values /opt/stack/data/venv/lib/python3.12/site-packages/oslo_config/cfg.py:3545}}
Aug 08 16:34:56.716935 np0000006788 nova-scheduler[93474]: DEBUG cotyledon.oslo_config_glue [-] oslo_limit.version = None {{(pid=93474) log_opt_values /opt/stack/data/venv/lib/python3.12/site-packages/oslo_config/cfg.py:3545}}
Aug 08 16:34:56.716935 np0000006788 nova-scheduler[93474]: DEBUG cotyledon.oslo_config_glue [-] oslo_reports.file_event_handler = None {{(pid=93474) log_opt_values /opt/stack/data/venv/lib/python3.12/site-packages/oslo_config/cfg.py:3545}}
Aug 08 16:34:56.716935 np0000006788 nova-scheduler[93474]: DEBUG cotyledon.oslo_config_glue [-] oslo_reports.file_event_handler_interval = 1 {{(pid=93474) log_opt_values /opt/stack/data/venv/lib/python3.12/site-packages/oslo_config/cfg.py:3545}}
Aug 08 16:34:56.716935 np0000006788 nova-scheduler[93474]: DEBUG cotyledon.oslo_config_glue [-] oslo_reports.log_dir = None {{(pid=93474) log_opt_values /opt/stack/data/venv/lib/python3.12/site-packages/oslo_config/cfg.py:3545}}
Aug 08 16:34:56.716935 np0000006788 nova-scheduler[93474]: DEBUG cotyledon.oslo_config_glue [-] ******************************************************************************** {{(pid=93474) log_opt_values /opt/stack/data/venv/lib/python3.12/site-packages/oslo_config/cfg.py:3552}}
Aug 08 16:34:56.716935 np0000006788 nova-scheduler[93474]: DEBUG cotyledon._service_worker [-] Run service ServiceWrapper(2) [93474] {{(pid=93474) wait_forever /opt/stack/data/venv/lib/python3.12/site-packages/cotyledon/_service_worker.py:218}}
Aug 08 16:34:56.717187 np0000006788 nova-scheduler[93474]: INFO nova.service [-] Starting scheduler node (version 33.1.0)
Aug 08 16:34:56.717670 np0000006788 nova-scheduler[93465]: INFO dbcounter [None req-51ef3384-43c8-4a75-a7d4-71a548eccfc2 None None] Registered counter for database nova_cell0
Aug 08 16:34:56.718295 np0000006788 nova-scheduler[93474]: INFO dbcounter [None req-5ac0617a-12d7-4b3d-ab29-ec9cb11f69ec None None] Registered counter for database nova_cell0
Aug 08 16:34:56.737808 np0000006788 nova-scheduler[93463]: DEBUG oslo_db.sqlalchemy.engines [None req-f37a3869-bb96-4a84-9ada-2e56aba74fec None None] MySQL server mode set to STRICT_TRANS_TABLES,STRICT_ALL_TABLES,NO_ZERO_IN_DATE,NO_ZERO_DATE,ERROR_FOR_DIVISION_BY_ZERO,TRADITIONAL,NO_ENGINE_SUBSTITUTION {{(pid=93463) _check_effective_sql_mode /opt/stack/data/venv/lib/python3.12/site-packages/oslo_db/sqlalchemy/engines.py:325}}
Aug 08 16:34:56.748717 np0000006788 nova-scheduler[93463]: DEBUG dbcounter [-] [93463] Writer thread running {{(pid=93463) stat_writer /opt/stack/data/venv/lib/python3.12/site-packages/dbcounter.py:102}}
Aug 08 16:34:56.761456 np0000006788 nova-scheduler[93474]: DEBUG oslo_db.sqlalchemy.engines [None req-5ac0617a-12d7-4b3d-ab29-ec9cb11f69ec None None] MySQL server mode set to STRICT_TRANS_TABLES,STRICT_ALL_TABLES,NO_ZERO_IN_DATE,NO_ZERO_DATE,ERROR_FOR_DIVISION_BY_ZERO,TRADITIONAL,NO_ENGINE_SUBSTITUTION {{(pid=93474) _check_effective_sql_mode /opt/stack/data/venv/lib/python3.12/site-packages/oslo_db/sqlalchemy/engines.py:325}}
Aug 08 16:34:56.765505 np0000006788 nova-scheduler[93463]: DEBUG nova.service [None req-f37a3869-bb96-4a84-9ada-2e56aba74fec None None] Creating RPC server for service: nova-scheduler on topic: scheduler {{(pid=93463) start /opt/stack/nova/nova/service.py:196}}
Aug 08 16:34:56.771810 np0000006788 nova-scheduler[93465]: DEBUG oslo_db.sqlalchemy.engines [None req-51ef3384-43c8-4a75-a7d4-71a548eccfc2 None None] MySQL server mode set to STRICT_TRANS_TABLES,STRICT_ALL_TABLES,NO_ZERO_IN_DATE,NO_ZERO_DATE,ERROR_FOR_DIVISION_BY_ZERO,TRADITIONAL,NO_ENGINE_SUBSTITUTION {{(pid=93465) _check_effective_sql_mode /opt/stack/data/venv/lib/python3.12/site-packages/oslo_db/sqlalchemy/engines.py:325}}
Aug 08 16:34:56.774957 np0000006788 nova-scheduler[93474]: DEBUG dbcounter [-] [93474] Writer thread running {{(pid=93474) stat_writer /opt/stack/data/venv/lib/python3.12/site-packages/dbcounter.py:102}}
Aug 08 16:34:56.778973 np0000006788 nova-scheduler[93474]: DEBUG nova.service [None req-5ac0617a-12d7-4b3d-ab29-ec9cb11f69ec None None] Creating RPC server for service: nova-scheduler on topic: scheduler {{(pid=93474) start /opt/stack/nova/nova/service.py:196}}
Aug 08 16:34:56.784700 np0000006788 nova-scheduler[93465]: DEBUG dbcounter [-] [93465] Writer thread running {{(pid=93465) stat_writer /opt/stack/data/venv/lib/python3.12/site-packages/dbcounter.py:102}}
Aug 08 16:34:56.788842 np0000006788 nova-scheduler[93465]: DEBUG nova.service [None req-51ef3384-43c8-4a75-a7d4-71a548eccfc2 None None] Creating RPC server for service: nova-scheduler on topic: scheduler {{(pid=93465) start /opt/stack/nova/nova/service.py:196}}
Aug 08 16:34:56.792363 np0000006788 nova-scheduler[93463]: DEBUG nova.service [None req-f37a3869-bb96-4a84-9ada-2e56aba74fec None None] Join ServiceGroup membership for this service scheduler {{(pid=93463) start /opt/stack/nova/nova/service.py:222}}
Aug 08 16:34:56.792624 np0000006788 nova-scheduler[93463]: DEBUG nova.servicegroup.drivers.db [None req-f37a3869-bb96-4a84-9ada-2e56aba74fec None None] DB_Driver: join new ServiceGroup member np0000006788 to the scheduler group, service = {{(pid=93463) join /opt/stack/nova/nova/servicegroup/drivers/db.py:44}}
Aug 08 16:34:56.803928 np0000006788 nova-scheduler[93474]: DEBUG nova.service [None req-5ac0617a-12d7-4b3d-ab29-ec9cb11f69ec None None] Join ServiceGroup membership for this service scheduler {{(pid=93474) start /opt/stack/nova/nova/service.py:222}}
Aug 08 16:34:56.804118 np0000006788 nova-scheduler[93474]: DEBUG nova.servicegroup.drivers.db [None req-5ac0617a-12d7-4b3d-ab29-ec9cb11f69ec None None] DB_Driver: join new ServiceGroup member np0000006788 to the scheduler group, service = {{(pid=93474) join /opt/stack/nova/nova/servicegroup/drivers/db.py:44}}
Aug 08 16:34:56.811613 np0000006788 nova-scheduler[93465]: DEBUG nova.service [None req-51ef3384-43c8-4a75-a7d4-71a548eccfc2 None None] Join ServiceGroup membership for this service scheduler {{(pid=93465) start /opt/stack/nova/nova/service.py:222}}
Aug 08 16:34:56.811613 np0000006788 nova-scheduler[93465]: DEBUG nova.servicegroup.drivers.db [None req-51ef3384-43c8-4a75-a7d4-71a548eccfc2 None None] DB_Driver: join new ServiceGroup member np0000006788 to the scheduler group, service = {{(pid=93465) join /opt/stack/nova/nova/servicegroup/drivers/db.py:44}}
Aug 08 16:35:01.811668 np0000006788 nova-scheduler[93463]: DEBUG oslo.service.backend._threading.loopingcall [-] Fixed interval looping call 'nova.servicegroup.drivers.db.DbDriver._report_state' sleeping for 119.98 seconds {{(pid=93463) _run_loop /opt/stack/data/venv/lib/python3.12/site-packages/oslo_service/backend/_threading/loopingcall.py:125}}
Aug 08 16:35:01.817102 np0000006788 nova-scheduler[93474]: DEBUG oslo.service.backend._threading.loopingcall [-] Fixed interval looping call 'nova.servicegroup.drivers.db.DbDriver._report_state' sleeping for 119.99 seconds {{(pid=93474) _run_loop /opt/stack/data/venv/lib/python3.12/site-packages/oslo_service/backend/_threading/loopingcall.py:125}}
Aug 08 16:35:01.823410 np0000006788 nova-scheduler[93465]: DEBUG oslo.service.backend._threading.loopingcall [-] Fixed interval looping call 'nova.servicegroup.drivers.db.DbDriver._report_state' sleeping for 119.99 seconds {{(pid=93465) _run_loop /opt/stack/data/venv/lib/python3.12/site-packages/oslo_service/backend/_threading/loopingcall.py:125}}
Aug 08 16:35:05.303127 np0000006788 nova-scheduler[92254]: DEBUG dbcounter [-] [92254] Writing DB stats nova_api:SELECT=3 {{(pid=92254) stat_writer /opt/stack/data/venv/lib/python3.12/site-packages/dbcounter.py:115}}
Aug 08 16:35:05.442785 np0000006788 nova-scheduler[92254]: DEBUG dbcounter [-] [92254] Writing DB stats nova_cell1:SELECT=1 {{(pid=92254) stat_writer /opt/stack/data/venv/lib/python3.12/site-packages/dbcounter.py:115}}
Aug 08 16:35:05.446109 np0000006788 nova-scheduler[92254]: DEBUG dbcounter [-] [92254] Writing DB stats nova_cell0:SELECT=1 {{(pid=92254) stat_writer /opt/stack/data/venv/lib/python3.12/site-packages/dbcounter.py:115}}
Aug 08 16:35:11.808304 np0000006788 nova-scheduler[93463]: DEBUG dbcounter [-] [93463] Writing DB stats nova_cell0:SELECT=4,nova_cell0:INSERT=1,nova_cell0:UPDATE=1 {{(pid=93463) stat_writer /opt/stack/data/venv/lib/python3.12/site-packages/dbcounter.py:115}}
Aug 08 16:35:11.813724 np0000006788 nova-scheduler[93474]: DEBUG dbcounter [-] [93474] Writing DB stats nova_cell0:SELECT=3 {{(pid=93474) stat_writer /opt/stack/data/venv/lib/python3.12/site-packages/dbcounter.py:115}}
Aug 08 16:35:11.821677 np0000006788 nova-scheduler[93465]: DEBUG dbcounter [-] [93465] Writing DB stats nova_cell0:SELECT=3 {{(pid=93465) stat_writer /opt/stack/data/venv/lib/python3.12/site-packages/dbcounter.py:115}}
Aug 08 16:35:37.795246 np0000006788 nova-scheduler[93463]: DEBUG oslo.service.backend._threading.loopingcall [None req-0752b5f0-80e0-4097-836b-f1c108b1347f None None] Dynamic interval looping call 'nova.service.Service.periodic_tasks' sleeping for 60.00 seconds {{(pid=93463) _run_loop /opt/stack/data/venv/lib/python3.12/site-packages/oslo_service/backend/_threading/loopingcall.py:125}}
Aug 08 16:35:41.814109 np0000006788 nova-scheduler[93465]: DEBUG oslo.service.backend._threading.loopingcall [None req-c265c734-ced1-4881-95de-099e86b8bd81 None None] Dynamic interval looping call 'nova.service.Service.periodic_tasks' sleeping for 60.00 seconds {{(pid=93465) _run_loop /opt/stack/data/venv/lib/python3.12/site-packages/oslo_service/backend/_threading/loopingcall.py:125}}
Aug 08 16:35:45.807181 np0000006788 nova-scheduler[93474]: DEBUG oslo.service.backend._threading.loopingcall [None req-594fe28d-fe01-42d6-805c-2927fd250797 None None] Dynamic interval looping call 'nova.service.Service.periodic_tasks' sleeping for 60.00 seconds {{(pid=93474) _run_loop /opt/stack/data/venv/lib/python3.12/site-packages/oslo_service/backend/_threading/loopingcall.py:125}}
Aug 08 16:36:37.795735 np0000006788 nova-scheduler[93463]: DEBUG oslo.service.backend._threading.loopingcall [None req-0752b5f0-80e0-4097-836b-f1c108b1347f None None] Dynamic interval looping call 'nova.service.Service.periodic_tasks' sleeping for 60.00 seconds {{(pid=93463) _run_loop /opt/stack/data/venv/lib/python3.12/site-packages/oslo_service/backend/_threading/loopingcall.py:125}}
Aug 08 16:36:41.814689 np0000006788 nova-scheduler[93465]: DEBUG oslo.service.backend._threading.loopingcall [None req-c265c734-ced1-4881-95de-099e86b8bd81 None None] Dynamic interval looping call 'nova.service.Service.periodic_tasks' sleeping for 60.00 seconds {{(pid=93465) _run_loop /opt/stack/data/venv/lib/python3.12/site-packages/oslo_service/backend/_threading/loopingcall.py:125}}
Aug 08 16:36:45.807699 np0000006788 nova-scheduler[93474]: DEBUG oslo.service.backend._threading.loopingcall [None req-594fe28d-fe01-42d6-805c-2927fd250797 None None] Dynamic interval looping call 'nova.service.Service.periodic_tasks' sleeping for 60.00 seconds {{(pid=93474) _run_loop /opt/stack/data/venv/lib/python3.12/site-packages/oslo_service/backend/_threading/loopingcall.py:125}}
Aug 08 16:37:01.802021 np0000006788 nova-scheduler[93463]: DEBUG oslo.service.backend._threading.loopingcall [-] Fixed interval looping call 'nova.servicegroup.drivers.db.DbDriver._report_state' sleeping for 119.99 seconds {{(pid=93463) _run_loop /opt/stack/data/venv/lib/python3.12/site-packages/oslo_service/backend/_threading/loopingcall.py:125}}
Aug 08 16:37:01.814087 np0000006788 nova-scheduler[93474]: DEBUG oslo.service.backend._threading.loopingcall [-] Fixed interval looping call 'nova.servicegroup.drivers.db.DbDriver._report_state' sleeping for 119.99 seconds {{(pid=93474) _run_loop /opt/stack/data/venv/lib/python3.12/site-packages/oslo_service/backend/_threading/loopingcall.py:125}}
Aug 08 16:37:01.818716 np0000006788 nova-scheduler[93465]: DEBUG oslo.service.backend._threading.loopingcall [-] Fixed interval looping call 'nova.servicegroup.drivers.db.DbDriver._report_state' sleeping for 119.99 seconds {{(pid=93465) _run_loop /opt/stack/data/venv/lib/python3.12/site-packages/oslo_service/backend/_threading/loopingcall.py:125}}
Aug 08 16:37:11.797769 np0000006788 nova-scheduler[93463]: DEBUG dbcounter [-] [93463] Writing DB stats nova_cell0:SELECT=1,nova_cell0:UPDATE=1 {{(pid=93463) stat_writer /opt/stack/data/venv/lib/python3.12/site-packages/dbcounter.py:115}}
Aug 08 16:37:11.812232 np0000006788 nova-scheduler[93474]: DEBUG dbcounter [-] [93474] Writing DB stats nova_cell0:SELECT=1 {{(pid=93474) stat_writer /opt/stack/data/venv/lib/python3.12/site-packages/dbcounter.py:115}}
Aug 08 16:37:11.817370 np0000006788 nova-scheduler[93465]: DEBUG dbcounter [-] [93465] Writing DB stats nova_cell0:SELECT=1 {{(pid=93465) stat_writer /opt/stack/data/venv/lib/python3.12/site-packages/dbcounter.py:115}}
Aug 08 16:37:33.990422 np0000006788 nova-scheduler[93463]: DEBUG nova.scheduler.manager [None req-3147470d-a923-4530-bca4-2bc8201f3626 tempest-ServerBootFromVolumeStableRescueTest-444753060 tempest-ServerBootFromVolumeStableRescueTest-444753060-project-member] Starting to schedule for instances: ['7f2b228b-17dd-4293-a77a-a70c2725d6ee'] {{(pid=93463) select_destinations /opt/stack/nova/nova/scheduler/manager.py:209}}
Aug 08 16:37:33.991082 np0000006788 nova-scheduler[93463]: DEBUG nova.scheduler.request_filter [None req-3147470d-a923-4530-bca4-2bc8201f3626 tempest-ServerBootFromVolumeStableRescueTest-444753060 tempest-ServerBootFromVolumeStableRescueTest-444753060-project-member] compute_status_filter request filter added forbidden trait COMPUTE_STATUS_DISABLED {{(pid=93463) compute_status_filter /opt/stack/nova/nova/scheduler/request_filter.py:253}}
Aug 08 16:37:33.991282 np0000006788 nova-scheduler[93463]: DEBUG nova.scheduler.request_filter [None req-3147470d-a923-4530-bca4-2bc8201f3626 tempest-ServerBootFromVolumeStableRescueTest-444753060 tempest-ServerBootFromVolumeStableRescueTest-444753060-project-member] Request filter 'compute_status_filter' took 0.0 seconds {{(pid=93463) wrapper /opt/stack/nova/nova/scheduler/request_filter.py:46}}
Aug 08 16:37:33.991511 np0000006788 nova-scheduler[93463]: DEBUG nova.scheduler.request_filter [None req-3147470d-a923-4530-bca4-2bc8201f3626 tempest-ServerBootFromVolumeStableRescueTest-444753060 tempest-ServerBootFromVolumeStableRescueTest-444753060-project-member] Request filter 'accelerators_filter' took 0.0 seconds {{(pid=93463) wrapper /opt/stack/nova/nova/scheduler/request_filter.py:46}}
Aug 08 16:37:33.991774 np0000006788 nova-scheduler[93463]: DEBUG nova.scheduler.request_filter [None req-3147470d-a923-4530-bca4-2bc8201f3626 tempest-ServerBootFromVolumeStableRescueTest-444753060 tempest-ServerBootFromVolumeStableRescueTest-444753060-project-member] Request filter 'packed_virtqueue_filter' took 0.0 seconds {{(pid=93463) wrapper /opt/stack/nova/nova/scheduler/request_filter.py:46}}
Aug 08 16:37:33.992195 np0000006788 nova-scheduler[93463]: DEBUG nova.scheduler.request_filter [None req-3147470d-a923-4530-bca4-2bc8201f3626 tempest-ServerBootFromVolumeStableRescueTest-444753060 tempest-ServerBootFromVolumeStableRescueTest-444753060-project-member] Request filter 'remote_managed_ports_filter' took 0.0 seconds {{(pid=93463) wrapper /opt/stack/nova/nova/scheduler/request_filter.py:46}}
Aug 08 16:37:33.992434 np0000006788 nova-scheduler[93463]: DEBUG nova.scheduler.request_filter [None req-3147470d-a923-4530-bca4-2bc8201f3626 tempest-ServerBootFromVolumeStableRescueTest-444753060 tempest-ServerBootFromVolumeStableRescueTest-444753060-project-member] ephemeral_encryption_filter skipped {{(pid=93463) ephemeral_encryption_filter /opt/stack/nova/nova/scheduler/request_filter.py:426}}
Aug 08 16:37:33.992609 np0000006788 nova-scheduler[93463]: DEBUG nova.scheduler.request_filter [None req-3147470d-a923-4530-bca4-2bc8201f3626 tempest-ServerBootFromVolumeStableRescueTest-444753060 tempest-ServerBootFromVolumeStableRescueTest-444753060-project-member] virtio_sound_filter skipped {{(pid=93463) virtio_sound_filter /opt/stack/nova/nova/scheduler/request_filter.py:460}}
Aug 08 16:37:33.992765 np0000006788 nova-scheduler[93463]: DEBUG nova.scheduler.request_filter [None req-3147470d-a923-4530-bca4-2bc8201f3626 tempest-ServerBootFromVolumeStableRescueTest-444753060 tempest-ServerBootFromVolumeStableRescueTest-444753060-project-member] tpm_secret_security_filter skipped {{(pid=93463) tpm_secret_security_filter /opt/stack/nova/nova/scheduler/request_filter.py:477}}
Aug 08 16:37:34.725145 np0000006788 nova-scheduler[93463]: INFO nova.utils [None req-3147470d-a923-4530-bca4-2bc8201f3626 tempest-ServerBootFromVolumeStableRescueTest-444753060 tempest-ServerBootFromVolumeStableRescueTest-444753060-project-member] The cell worker thread pool ForkProcess-1.cell_worker is initialized
Aug 08 16:37:34.725552 np0000006788 nova-scheduler[93463]: DEBUG oslo_concurrency.lockutils [None req-3147470d-a923-4530-bca4-2bc8201f3626 tempest-ServerBootFromVolumeStableRescueTest-444753060 tempest-ServerBootFromVolumeStableRescueTest-444753060-project-member] Acquiring lock "a35a3a4c-933a-42de-8b3d-e16878b93103" by "nova.context.set_target_cell..get_or_set_cached_cell_and_set_connections" {{(pid=93463) inner /opt/stack/data/venv/lib/python3.12/site-packages/oslo_concurrency/lockutils.py:512}}
Aug 08 16:37:34.725741 np0000006788 nova-scheduler[93463]: DEBUG oslo_concurrency.lockutils [None req-3147470d-a923-4530-bca4-2bc8201f3626 tempest-ServerBootFromVolumeStableRescueTest-444753060 tempest-ServerBootFromVolumeStableRescueTest-444753060-project-member] Lock "a35a3a4c-933a-42de-8b3d-e16878b93103" acquired by "nova.context.set_target_cell..get_or_set_cached_cell_and_set_connections" :: waited 0.000s {{(pid=93463) inner /opt/stack/data/venv/lib/python3.12/site-packages/oslo_concurrency/lockutils.py:525}}
Aug 08 16:37:34.727544 np0000006788 nova-scheduler[93463]: DEBUG oslo_concurrency.lockutils [None req-3147470d-a923-4530-bca4-2bc8201f3626 tempest-ServerBootFromVolumeStableRescueTest-444753060 tempest-ServerBootFromVolumeStableRescueTest-444753060-project-member] Lock "a35a3a4c-933a-42de-8b3d-e16878b93103" "released" by "nova.context.set_target_cell..get_or_set_cached_cell_and_set_connections" :: held 0.001s {{(pid=93463) inner /opt/stack/data/venv/lib/python3.12/site-packages/oslo_concurrency/lockutils.py:544}}
Aug 08 16:37:34.729566 np0000006788 nova-scheduler[93463]: INFO dbcounter [None req-3147470d-a923-4530-bca4-2bc8201f3626 tempest-ServerBootFromVolumeStableRescueTest-444753060 tempest-ServerBootFromVolumeStableRescueTest-444753060-project-member] Registered counter for database nova_cell1
Aug 08 16:37:34.765349 np0000006788 nova-scheduler[93463]: DEBUG oslo_db.sqlalchemy.engines [None req-3147470d-a923-4530-bca4-2bc8201f3626 tempest-ServerBootFromVolumeStableRescueTest-444753060 tempest-ServerBootFromVolumeStableRescueTest-444753060-project-member] MySQL server mode set to STRICT_TRANS_TABLES,STRICT_ALL_TABLES,NO_ZERO_IN_DATE,NO_ZERO_DATE,ERROR_FOR_DIVISION_BY_ZERO,TRADITIONAL,NO_ENGINE_SUBSTITUTION {{(pid=93463) _check_effective_sql_mode /opt/stack/data/venv/lib/python3.12/site-packages/oslo_db/sqlalchemy/engines.py:325}}
Aug 08 16:37:34.771824 np0000006788 nova-scheduler[93463]: DEBUG dbcounter [-] [93463] Writer thread running {{(pid=93463) stat_writer /opt/stack/data/venv/lib/python3.12/site-packages/dbcounter.py:102}}
Aug 08 16:37:34.786192 np0000006788 nova-scheduler[93463]: DEBUG oslo_db.sqlalchemy.engines [None req-3147470d-a923-4530-bca4-2bc8201f3626 tempest-ServerBootFromVolumeStableRescueTest-444753060 tempest-ServerBootFromVolumeStableRescueTest-444753060-project-member] Parent process 92254 forked (93463) with an open database connection, which is being discarded and recreated. {{(pid=93463) checkout /opt/stack/data/venv/lib/python3.12/site-packages/oslo_db/sqlalchemy/engines.py:402}}
Aug 08 16:37:34.835036 np0000006788 nova-scheduler[93463]: DEBUG dbcounter [-] [93463] Writer thread running {{(pid=93463) stat_writer /opt/stack/data/venv/lib/python3.12/site-packages/dbcounter.py:102}}
Aug 08 16:37:34.841056 np0000006788 nova-scheduler[93463]: DEBUG oslo_concurrency.lockutils [None req-3147470d-a923-4530-bca4-2bc8201f3626 tempest-ServerBootFromVolumeStableRescueTest-444753060 tempest-ServerBootFromVolumeStableRescueTest-444753060-project-member] Acquiring lock "a35a3a4c-933a-42de-8b3d-e16878b93103" by "nova.context.set_target_cell..get_or_set_cached_cell_and_set_connections" {{(pid=93463) inner /opt/stack/data/venv/lib/python3.12/site-packages/oslo_concurrency/lockutils.py:512}}
Aug 08 16:37:34.841440 np0000006788 nova-scheduler[93463]: DEBUG oslo_concurrency.lockutils [None req-3147470d-a923-4530-bca4-2bc8201f3626 tempest-ServerBootFromVolumeStableRescueTest-444753060 tempest-ServerBootFromVolumeStableRescueTest-444753060-project-member] Lock "a35a3a4c-933a-42de-8b3d-e16878b93103" acquired by "nova.context.set_target_cell..get_or_set_cached_cell_and_set_connections" :: waited 0.000s {{(pid=93463) inner /opt/stack/data/venv/lib/python3.12/site-packages/oslo_concurrency/lockutils.py:525}}
Aug 08 16:37:34.841638 np0000006788 nova-scheduler[93463]: DEBUG oslo_concurrency.lockutils [None req-3147470d-a923-4530-bca4-2bc8201f3626 tempest-ServerBootFromVolumeStableRescueTest-444753060 tempest-ServerBootFromVolumeStableRescueTest-444753060-project-member] Lock "a35a3a4c-933a-42de-8b3d-e16878b93103" "released" by "nova.context.set_target_cell..get_or_set_cached_cell_and_set_connections" :: held 0.000s {{(pid=93463) inner /opt/stack/data/venv/lib/python3.12/site-packages/oslo_concurrency/lockutils.py:544}}
Aug 08 16:37:34.845704 np0000006788 nova-scheduler[93463]: DEBUG oslo_concurrency.lockutils [None req-3147470d-a923-4530-bca4-2bc8201f3626 tempest-ServerBootFromVolumeStableRescueTest-444753060 tempest-ServerBootFromVolumeStableRescueTest-444753060-project-member] Acquiring lock "np0000006788-np0000006788" by "nova.scheduler.host_manager.HostState.update.._locked_update" {{(pid=93463) inner /opt/stack/data/venv/lib/python3.12/site-packages/oslo_concurrency/lockutils.py:512}}
Aug 08 16:37:34.846365 np0000006788 nova-scheduler[93463]: DEBUG oslo_concurrency.lockutils [None req-3147470d-a923-4530-bca4-2bc8201f3626 tempest-ServerBootFromVolumeStableRescueTest-444753060 tempest-ServerBootFromVolumeStableRescueTest-444753060-project-member] Lock "np0000006788-np0000006788" acquired by "nova.scheduler.host_manager.HostState.update.._locked_update" :: waited 0.000s {{(pid=93463) inner /opt/stack/data/venv/lib/python3.12/site-packages/oslo_concurrency/lockutils.py:525}}
Aug 08 16:37:34.847557 np0000006788 nova-scheduler[93463]: DEBUG nova.scheduler.host_manager [None req-3147470d-a923-4530-bca4-2bc8201f3626 tempest-ServerBootFromVolumeStableRescueTest-444753060 tempest-ServerBootFromVolumeStableRescueTest-444753060-project-member] Update host state from compute node: ComputeNode(cpu_allocation_ratio=4.0,cpu_info='{"arch": "x86_64", "model": "EPYC-Milan", "vendor": "AMD", "topology": {"cells": 1, "sockets": 16, "cores": 1, "threads": 1}, "maxphysaddr": {"mode": "emulate", "bits": 40}, "features": ["cmp_legacy", "tsc", "skip-l1dfl-vmentry", "sep", "movbe", "bmi2", "clwb", "sse", "arch-capabilities", "fxsr_opt", "mca", "xsave", "rdseed", "rdpid", "spec-ctrl", "sse2", "amd-ssbd", "flushbyasid", "wbnoinvd", "invpcid", "misalignsse", "pse36", "x2apic", "fpu", "mce", "ibrs", "virt-ssbd", "fma", "3dnowprefetch", "fxsr", "rdctl-no", "lahf_lm", "vpclmulqdq", "npt", "mmxext", "vaes", "osvw", "sse4.2", "adx", "clflushopt", "xsaveopt", "tsc-deadline", "xsavec", "msr", "pschange-mc-no", "nx", "aes", "vme", "sha-ni", "sse4.1", "clzero", "stibp", "topoext", "cr8legacy", "pfthreshold", "mds-no", "xgetbv1", "syscall", "pat", "tsc-scale", "pclmuldq", "cx16", "pause-filter", "pse", "cx8", "amd-stibp", "rdtscp", "popcnt", "vmcb-clean", "xsaves", "fsgsbase", "arat", "lbrv", "perfctr_core", "hypervisor", "pae", "clflush", "bmi1", "avx", "gds-no", "pni", "v-vmsave-vmload", "lfence-always-serializing", "stibp-always-on", "nrip-save", "smap", "xsaveerptr", "pcid", "pdpe1gb", "vgif", "ssse3", "smep", "sse4a", "f16c", "tsc_adjust", "no-nested-data-bp", "umip", "avx2", "pku", "pge", "rdrand", "lm", "amd-psfd", "abm", "cmov", "fsrm", "svme-addr-chk", "mtrr", "ibpb", "null-sel-clr-base", "mmx", "ssbd", "erms", "de", "svm", "apic"]}',created_at=2026-08-08T16:35:17Z,current_workload=0,deleted=False,deleted_at=None,disk_allocation_ratio=1.0,disk_available_least=73,free_disk_gb=95,free_ram_mb=62765,host='np0000006788',host_ip=10.4.3.7,hypervisor_hostname='np0000006788',hypervisor_type='QEMU',hypervisor_version=8002002,id=1,local_gb=95,local_gb_used=0,mapped=1,memory_mb=63277,memory_mb_used=512,metrics='[]',numa_topology='{"nova_object.name": "NUMATopology", "nova_object.namespace": "nova", "nova_object.version": "1.2", "nova_object.data": {"cells": [{"nova_object.name": "NUMACell", "nova_object.namespace": "nova", "nova_object.version": "1.5", "nova_object.data": {"id": 0, "cpuset": [0, 1, 2, 3, 4, 5, 6, 7, 8, 9, 10, 11, 12, 13, 14, 15], "pcpuset": [0, 1, 2, 3, 4, 5, 6, 7, 8, 9, 10, 11, 12, 13, 14, 15], "memory": 63277, "cpu_usage": 0, "memory_usage": 0, "pinned_cpus": [], "siblings": [[6], [12], [2], [15], [5], [11], [8], [14], [4], [1], [7], [10], [0], [13], [3], [9]], "mempages": [{"nova_object.name": "NUMAPagesTopology", "nova_object.namespace": "nova", "nova_object.version": "1.1", "nova_object.data": {"size_kb": 4, "total": 16177928, "used": 0, "reserved": 0}, "nova_object.changes": ["reserved", "used", "size_kb", "total"]}, {"nova_object.name": "NUMAPagesTopology", "nova_object.namespace": "nova", "nova_object.version": "1.1", "nova_object.data": {"size_kb": 2048, "total": 41, "used": 0, "reserved": 0}, "nova_object.changes": ["reserved", "used", "size_kb", "total"]}, {"nova_object.name": "NUMAPagesTopology", "nova_object.namespace": "nova", "nova_object.version": "1.1", "nova_object.data": {"size_kb": 1048576, "total": 0, "used": 0, "reserved": 0}, "nova_object.changes": ["reserved", "used", "size_kb", "total"]}], "network_metadata": {"nova_object.name": "NetworkMetadata", "nova_object.namespace": "nova", "nova_object.version": "1.0", "nova_object.data": {"physnets": [], "tunneled": false}, "nova_object.changes": ["tunneled", "physnets"]}, "socket": null}, "nova_object.changes": ["socket", "network_metadata", "siblings", "cpuset", "id", "mempages", "pcpuset", "memory_usage", "pinned_cpus", "memory", "cpu_usage"]}]}, "nova_object.changes": ["cells"]}',pci_device_pools=PciDevicePoolList,ram_allocation_ratio=1.0,running_vms=0,service_id=2,stats={failed_builds='0',uptime=' 16:37:05 up 14 min, 2 users, load average: 1.35, 1.41, 0.79
Aug 08 16:37:34.847557 np0000006788 nova-scheduler[93463]: '},supported_hv_specs=[HVSpec,HVSpec,HVSpec,HVSpec,HVSpec,HVSpec,HVSpec,HVSpec,HVSpec,HVSpec,HVSpec,HVSpec,HVSpec,HVSpec,HVSpec,HVSpec,HVSpec,HVSpec,HVSpec,HVSpec,HVSpec,HVSpec,HVSpec,HVSpec,HVSpec],updated_at=2026-08-08T16:37:05Z,uuid=3b04e3a6-5f71-44e3-8361-f98d7e43ce12,vcpus=16,vcpus_used=0) {{(pid=93463) _locked_update /opt/stack/nova/nova/scheduler/host_manager.py:168}}
Aug 08 16:37:34.848003 np0000006788 nova-scheduler[93463]: DEBUG nova.scheduler.host_manager [None req-3147470d-a923-4530-bca4-2bc8201f3626 tempest-ServerBootFromVolumeStableRescueTest-444753060 tempest-ServerBootFromVolumeStableRescueTest-444753060-project-member] Update host state with aggregates: [] {{(pid=93463) _locked_update /opt/stack/nova/nova/scheduler/host_manager.py:171}}
Aug 08 16:37:34.848193 np0000006788 nova-scheduler[93463]: DEBUG nova.scheduler.host_manager [None req-3147470d-a923-4530-bca4-2bc8201f3626 tempest-ServerBootFromVolumeStableRescueTest-444753060 tempest-ServerBootFromVolumeStableRescueTest-444753060-project-member] Update host state with service dict: {'id': 2, 'uuid': '394d75f7-755d-46b7-9362-62aa954baa7a', 'host': 'np0000006788', 'binary': 'nova-compute', 'topic': 'compute', 'report_count': 2, 'disabled': False, 'disabled_reason': None, 'last_seen_up': datetime.datetime(2026, 8, 8, 16, 37, 24, tzinfo=datetime.timezone.utc), 'forced_down': False, 'version': 72, 'created_at': datetime.datetime(2026, 8, 8, 16, 35, 17, tzinfo=datetime.timezone.utc), 'updated_at': datetime.datetime(2026, 8, 8, 16, 37, 24, tzinfo=datetime.timezone.utc), 'deleted_at': None, 'deleted': False} {{(pid=93463) _locked_update /opt/stack/nova/nova/scheduler/host_manager.py:174}}
Aug 08 16:37:34.848367 np0000006788 nova-scheduler[93463]: DEBUG nova.scheduler.host_manager [None req-3147470d-a923-4530-bca4-2bc8201f3626 tempest-ServerBootFromVolumeStableRescueTest-444753060 tempest-ServerBootFromVolumeStableRescueTest-444753060-project-member] Update host state with instances: [] {{(pid=93463) _locked_update /opt/stack/nova/nova/scheduler/host_manager.py:177}}
Aug 08 16:37:34.848528 np0000006788 nova-scheduler[93463]: DEBUG oslo_concurrency.lockutils [None req-3147470d-a923-4530-bca4-2bc8201f3626 tempest-ServerBootFromVolumeStableRescueTest-444753060 tempest-ServerBootFromVolumeStableRescueTest-444753060-project-member] Lock "np0000006788-np0000006788" "released" by "nova.scheduler.host_manager.HostState.update.._locked_update" :: held 0.003s {{(pid=93463) inner /opt/stack/data/venv/lib/python3.12/site-packages/oslo_concurrency/lockutils.py:544}}
Aug 08 16:37:34.848977 np0000006788 nova-scheduler[93463]: DEBUG nova.filters [None req-3147470d-a923-4530-bca4-2bc8201f3626 tempest-ServerBootFromVolumeStableRescueTest-444753060 tempest-ServerBootFromVolumeStableRescueTest-444753060-project-member] Starting with 1 host(s) {{(pid=93463) get_filtered_objects /opt/stack/nova/nova/filters.py:70}}
Aug 08 16:37:34.849228 np0000006788 nova-scheduler[93463]: DEBUG nova.filters [None req-3147470d-a923-4530-bca4-2bc8201f3626 tempest-ServerBootFromVolumeStableRescueTest-444753060 tempest-ServerBootFromVolumeStableRescueTest-444753060-project-member] Filter ComputeFilter returned 1 host(s) {{(pid=93463) get_filtered_objects /opt/stack/nova/nova/filters.py:102}}
Aug 08 16:37:34.849476 np0000006788 nova-scheduler[93463]: DEBUG nova.filters [None req-3147470d-a923-4530-bca4-2bc8201f3626 tempest-ServerBootFromVolumeStableRescueTest-444753060 tempest-ServerBootFromVolumeStableRescueTest-444753060-project-member] Filter ComputeCapabilitiesFilter returned 1 host(s) {{(pid=93463) get_filtered_objects /opt/stack/nova/nova/filters.py:102}}
Aug 08 16:37:34.849707 np0000006788 nova-scheduler[93463]: DEBUG nova.filters [None req-3147470d-a923-4530-bca4-2bc8201f3626 tempest-ServerBootFromVolumeStableRescueTest-444753060 tempest-ServerBootFromVolumeStableRescueTest-444753060-project-member] Filter ImagePropertiesFilter returned 1 host(s) {{(pid=93463) get_filtered_objects /opt/stack/nova/nova/filters.py:102}}
Aug 08 16:37:34.849880 np0000006788 nova-scheduler[93463]: DEBUG nova.filters [None req-3147470d-a923-4530-bca4-2bc8201f3626 tempest-ServerBootFromVolumeStableRescueTest-444753060 tempest-ServerBootFromVolumeStableRescueTest-444753060-project-member] Filter ServerGroupAntiAffinityFilter returned 1 host(s) {{(pid=93463) get_filtered_objects /opt/stack/nova/nova/filters.py:102}}
Aug 08 16:37:34.850034 np0000006788 nova-scheduler[93463]: DEBUG nova.filters [None req-3147470d-a923-4530-bca4-2bc8201f3626 tempest-ServerBootFromVolumeStableRescueTest-444753060 tempest-ServerBootFromVolumeStableRescueTest-444753060-project-member] Filter ServerGroupAffinityFilter returned 1 host(s) {{(pid=93463) get_filtered_objects /opt/stack/nova/nova/filters.py:102}}
Aug 08 16:37:34.850215 np0000006788 nova-scheduler[93463]: DEBUG nova.filters [None req-3147470d-a923-4530-bca4-2bc8201f3626 tempest-ServerBootFromVolumeStableRescueTest-444753060 tempest-ServerBootFromVolumeStableRescueTest-444753060-project-member] Filter SameHostFilter returned 1 host(s) {{(pid=93463) get_filtered_objects /opt/stack/nova/nova/filters.py:102}}
Aug 08 16:37:34.850424 np0000006788 nova-scheduler[93463]: DEBUG nova.filters [None req-3147470d-a923-4530-bca4-2bc8201f3626 tempest-ServerBootFromVolumeStableRescueTest-444753060 tempest-ServerBootFromVolumeStableRescueTest-444753060-project-member] Filter DifferentHostFilter returned 1 host(s) {{(pid=93463) get_filtered_objects /opt/stack/nova/nova/filters.py:102}}
Aug 08 16:37:34.850571 np0000006788 nova-scheduler[93463]: DEBUG nova.scheduler.manager [None req-3147470d-a923-4530-bca4-2bc8201f3626 tempest-ServerBootFromVolumeStableRescueTest-444753060 tempest-ServerBootFromVolumeStableRescueTest-444753060-project-member] Filtered [(np0000006788, np0000006788) ram: 62765MB disk: 74752MB io_ops: 0 instances: 0, allocation_candidates: 1] {{(pid=93463) _get_sorted_hosts /opt/stack/nova/nova/scheduler/manager.py:742}}
Aug 08 16:37:34.850802 np0000006788 nova-scheduler[93463]: DEBUG nova.scheduler.manager [None req-3147470d-a923-4530-bca4-2bc8201f3626 tempest-ServerBootFromVolumeStableRescueTest-444753060 tempest-ServerBootFromVolumeStableRescueTest-444753060-project-member] Weighed [WeighedHost [host: (np0000006788, np0000006788) ram: 62765MB disk: 74752MB io_ops: 0 instances: 0, allocation_candidates: 1, weight: 0.0]] {{(pid=93463) _get_sorted_hosts /opt/stack/nova/nova/scheduler/manager.py:764}}
Aug 08 16:37:34.851007 np0000006788 nova-scheduler[93463]: DEBUG nova.scheduler.utils [None req-3147470d-a923-4530-bca4-2bc8201f3626 tempest-ServerBootFromVolumeStableRescueTest-444753060 tempest-ServerBootFromVolumeStableRescueTest-444753060-project-member] Attempting to claim resources in the placement API for instance 7f2b228b-17dd-4293-a77a-a70c2725d6ee {{(pid=93463) claim_resources /opt/stack/nova/nova/scheduler/utils.py:1345}}
Aug 08 16:37:35.034740 np0000006788 nova-scheduler[93463]: DEBUG nova.scheduler.manager [None req-3147470d-a923-4530-bca4-2bc8201f3626 tempest-ServerBootFromVolumeStableRescueTest-444753060 tempest-ServerBootFromVolumeStableRescueTest-444753060-project-member] [instance: 7f2b228b-17dd-4293-a77a-a70c2725d6ee] Selected host: (np0000006788, np0000006788) ram: 62765MB disk: 74752MB io_ops: 0 instances: 0, allocation_candidates: 1 {{(pid=93463) _consume_selected_host /opt/stack/nova/nova/scheduler/manager.py:624}}
Aug 08 16:37:35.035273 np0000006788 nova-scheduler[93463]: DEBUG oslo_concurrency.lockutils [None req-3147470d-a923-4530-bca4-2bc8201f3626 tempest-ServerBootFromVolumeStableRescueTest-444753060 tempest-ServerBootFromVolumeStableRescueTest-444753060-project-member] Acquiring lock "np0000006788-np0000006788" by "nova.scheduler.host_manager.HostState.consume_from_request.._locked" {{(pid=93463) inner /opt/stack/data/venv/lib/python3.12/site-packages/oslo_concurrency/lockutils.py:512}}
Aug 08 16:37:35.035273 np0000006788 nova-scheduler[93463]: DEBUG oslo_concurrency.lockutils [None req-3147470d-a923-4530-bca4-2bc8201f3626 tempest-ServerBootFromVolumeStableRescueTest-444753060 tempest-ServerBootFromVolumeStableRescueTest-444753060-project-member] Lock "np0000006788-np0000006788" acquired by "nova.scheduler.host_manager.HostState.consume_from_request.._locked" :: waited 0.000s {{(pid=93463) inner /opt/stack/data/venv/lib/python3.12/site-packages/oslo_concurrency/lockutils.py:525}}
Aug 08 16:37:35.035497 np0000006788 nova-scheduler[93463]: DEBUG oslo_concurrency.lockutils [None req-3147470d-a923-4530-bca4-2bc8201f3626 tempest-ServerBootFromVolumeStableRescueTest-444753060 tempest-ServerBootFromVolumeStableRescueTest-444753060-project-member] Lock "np0000006788-np0000006788" "released" by "nova.scheduler.host_manager.HostState.consume_from_request.._locked" :: held 0.000s {{(pid=93463) inner /opt/stack/data/venv/lib/python3.12/site-packages/oslo_concurrency/lockutils.py:544}}
Aug 08 16:37:37.797741 np0000006788 nova-scheduler[93463]: DEBUG oslo.service.backend._threading.loopingcall [None req-0752b5f0-80e0-4097-836b-f1c108b1347f None None] Dynamic interval looping call 'nova.service.Service.periodic_tasks' sleeping for 60.00 seconds {{(pid=93463) _run_loop /opt/stack/data/venv/lib/python3.12/site-packages/oslo_service/backend/_threading/loopingcall.py:125}}
Aug 08 16:37:38.110353 np0000006788 nova-scheduler[93474]: DEBUG nova.scheduler.manager [None req-7e725081-1a41-4bef-a112-3d3354d6e718 tempest-DeleteServersTestJSON-704083373 tempest-DeleteServersTestJSON-704083373-project-member] Starting to schedule for instances: ['ebd1ebd5-acc2-4d80-a4c7-21e214ff3fd2'] {{(pid=93474) select_destinations /opt/stack/nova/nova/scheduler/manager.py:209}}
Aug 08 16:37:38.111721 np0000006788 nova-scheduler[93474]: DEBUG nova.scheduler.request_filter [None req-7e725081-1a41-4bef-a112-3d3354d6e718 tempest-DeleteServersTestJSON-704083373 tempest-DeleteServersTestJSON-704083373-project-member] compute_status_filter request filter added forbidden trait COMPUTE_STATUS_DISABLED {{(pid=93474) compute_status_filter /opt/stack/nova/nova/scheduler/request_filter.py:253}}
Aug 08 16:37:38.113741 np0000006788 nova-scheduler[93474]: DEBUG nova.scheduler.request_filter [None req-7e725081-1a41-4bef-a112-3d3354d6e718 tempest-DeleteServersTestJSON-704083373 tempest-DeleteServersTestJSON-704083373-project-member] Request filter 'compute_status_filter' took 0.0 seconds {{(pid=93474) wrapper /opt/stack/nova/nova/scheduler/request_filter.py:46}}
Aug 08 16:37:38.115000 np0000006788 nova-scheduler[93474]: DEBUG nova.scheduler.request_filter [None req-7e725081-1a41-4bef-a112-3d3354d6e718 tempest-DeleteServersTestJSON-704083373 tempest-DeleteServersTestJSON-704083373-project-member] Request filter 'accelerators_filter' took 0.0 seconds {{(pid=93474) wrapper /opt/stack/nova/nova/scheduler/request_filter.py:46}}
Aug 08 16:37:38.115392 np0000006788 nova-scheduler[93474]: DEBUG nova.scheduler.request_filter [None req-7e725081-1a41-4bef-a112-3d3354d6e718 tempest-DeleteServersTestJSON-704083373 tempest-DeleteServersTestJSON-704083373-project-member] Request filter 'packed_virtqueue_filter' took 0.0 seconds {{(pid=93474) wrapper /opt/stack/nova/nova/scheduler/request_filter.py:46}}
Aug 08 16:37:38.115798 np0000006788 nova-scheduler[93474]: DEBUG nova.scheduler.request_filter [None req-7e725081-1a41-4bef-a112-3d3354d6e718 tempest-DeleteServersTestJSON-704083373 tempest-DeleteServersTestJSON-704083373-project-member] Request filter 'remote_managed_ports_filter' took 0.0 seconds {{(pid=93474) wrapper /opt/stack/nova/nova/scheduler/request_filter.py:46}}
Aug 08 16:37:38.116000 np0000006788 nova-scheduler[93474]: DEBUG nova.scheduler.request_filter [None req-7e725081-1a41-4bef-a112-3d3354d6e718 tempest-DeleteServersTestJSON-704083373 tempest-DeleteServersTestJSON-704083373-project-member] ephemeral_encryption_filter skipped {{(pid=93474) ephemeral_encryption_filter /opt/stack/nova/nova/scheduler/request_filter.py:426}}
