Jul 01 01:58:14.998820 np0000004067 nova-scheduler[93231]: DEBUG cotyledon.oslo_config_glue [-] oslo_limit.auth_section = None {{(pid=93231) log_opt_values /opt/stack/data/venv/lib/python3.12/site-packages/oslo_config/cfg.py:3253}}
Jul 01 01:58:14.998820 np0000004067 nova-scheduler[93231]: DEBUG cotyledon.oslo_config_glue [-] oslo_limit.auth_type = None {{(pid=93231) log_opt_values /opt/stack/data/venv/lib/python3.12/site-packages/oslo_config/cfg.py:3253}}
Jul 01 01:58:14.998820 np0000004067 nova-scheduler[93231]: DEBUG cotyledon.oslo_config_glue [-] oslo_limit.cafile = None {{(pid=93231) log_opt_values /opt/stack/data/venv/lib/python3.12/site-packages/oslo_config/cfg.py:3253}}
Jul 01 01:58:14.999075 np0000004067 nova-scheduler[93231]: DEBUG cotyledon.oslo_config_glue [-] oslo_limit.certfile = None {{(pid=93231) log_opt_values /opt/stack/data/venv/lib/python3.12/site-packages/oslo_config/cfg.py:3253}}
Jul 01 01:58:14.999075 np0000004067 nova-scheduler[93231]: DEBUG cotyledon.oslo_config_glue [-] oslo_limit.collect_timing = False {{(pid=93231) log_opt_values /opt/stack/data/venv/lib/python3.12/site-packages/oslo_config/cfg.py:3253}}
Jul 01 01:58:14.999075 np0000004067 nova-scheduler[93231]: DEBUG cotyledon.oslo_config_glue [-] oslo_limit.connect_retries = None {{(pid=93231) log_opt_values /opt/stack/data/venv/lib/python3.12/site-packages/oslo_config/cfg.py:3253}}
Jul 01 01:58:14.999075 np0000004067 nova-scheduler[93231]: DEBUG cotyledon.oslo_config_glue [-] oslo_limit.connect_retry_delay = None {{(pid=93231) log_opt_values /opt/stack/data/venv/lib/python3.12/site-packages/oslo_config/cfg.py:3253}}
Jul 01 01:58:14.999075 np0000004067 nova-scheduler[93231]: DEBUG cotyledon.oslo_config_glue [-] oslo_limit.endpoint_id = None {{(pid=93231) log_opt_values /opt/stack/data/venv/lib/python3.12/site-packages/oslo_config/cfg.py:3253}}
Jul 01 01:58:14.999075 np0000004067 nova-scheduler[93231]: DEBUG cotyledon.oslo_config_glue [-] oslo_limit.endpoint_interface = public {{(pid=93231) log_opt_values /opt/stack/data/venv/lib/python3.12/site-packages/oslo_config/cfg.py:3253}}
Jul 01 01:58:14.999075 np0000004067 nova-scheduler[93231]: DEBUG cotyledon.oslo_config_glue [-] oslo_limit.endpoint_override = None {{(pid=93231) log_opt_values /opt/stack/data/venv/lib/python3.12/site-packages/oslo_config/cfg.py:3253}}
Jul 01 01:58:14.999075 np0000004067 nova-scheduler[93231]: DEBUG cotyledon.oslo_config_glue [-] oslo_limit.endpoint_region_name = None {{(pid=93231) log_opt_values /opt/stack/data/venv/lib/python3.12/site-packages/oslo_config/cfg.py:3253}}
Jul 01 01:58:14.999075 np0000004067 nova-scheduler[93231]: DEBUG cotyledon.oslo_config_glue [-] oslo_limit.endpoint_service_name = None {{(pid=93231) log_opt_values /opt/stack/data/venv/lib/python3.12/site-packages/oslo_config/cfg.py:3253}}
Jul 01 01:58:14.999392 np0000004067 nova-scheduler[93231]: DEBUG cotyledon.oslo_config_glue [-] oslo_limit.endpoint_service_type = None {{(pid=93231) log_opt_values /opt/stack/data/venv/lib/python3.12/site-packages/oslo_config/cfg.py:3253}}
Jul 01 01:58:14.999392 np0000004067 nova-scheduler[93231]: DEBUG cotyledon.oslo_config_glue [-] oslo_limit.insecure = False {{(pid=93231) log_opt_values /opt/stack/data/venv/lib/python3.12/site-packages/oslo_config/cfg.py:3253}}
Jul 01 01:58:14.999392 np0000004067 nova-scheduler[93231]: DEBUG cotyledon.oslo_config_glue [-] oslo_limit.keyfile = None {{(pid=93231) log_opt_values /opt/stack/data/venv/lib/python3.12/site-packages/oslo_config/cfg.py:3253}}
Jul 01 01:58:14.999392 np0000004067 nova-scheduler[93231]: DEBUG cotyledon.oslo_config_glue [-] oslo_limit.max_version = None {{(pid=93231) log_opt_values /opt/stack/data/venv/lib/python3.12/site-packages/oslo_config/cfg.py:3253}}
Jul 01 01:58:14.999392 np0000004067 nova-scheduler[93231]: DEBUG cotyledon.oslo_config_glue [-] oslo_limit.min_version = None {{(pid=93231) log_opt_values /opt/stack/data/venv/lib/python3.12/site-packages/oslo_config/cfg.py:3253}}
Jul 01 01:58:14.999392 np0000004067 nova-scheduler[93231]: DEBUG cotyledon.oslo_config_glue [-] oslo_limit.region_name = None {{(pid=93231) log_opt_values /opt/stack/data/venv/lib/python3.12/site-packages/oslo_config/cfg.py:3253}}
Jul 01 01:58:14.999392 np0000004067 nova-scheduler[93231]: DEBUG cotyledon.oslo_config_glue [-] oslo_limit.retriable_status_codes = None {{(pid=93231) log_opt_values /opt/stack/data/venv/lib/python3.12/site-packages/oslo_config/cfg.py:3253}}
Jul 01 01:58:14.999392 np0000004067 nova-scheduler[93231]: DEBUG cotyledon.oslo_config_glue [-] oslo_limit.service_name = None {{(pid=93231) log_opt_values /opt/stack/data/venv/lib/python3.12/site-packages/oslo_config/cfg.py:3253}}
Jul 01 01:58:14.999392 np0000004067 nova-scheduler[93231]: DEBUG cotyledon.oslo_config_glue [-] oslo_limit.service_type = None {{(pid=93231) log_opt_values /opt/stack/data/venv/lib/python3.12/site-packages/oslo_config/cfg.py:3253}}
Jul 01 01:58:14.999650 np0000004067 nova-scheduler[93231]: DEBUG cotyledon.oslo_config_glue [-] oslo_limit.split_loggers = False {{(pid=93231) log_opt_values /opt/stack/data/venv/lib/python3.12/site-packages/oslo_config/cfg.py:3253}}
Jul 01 01:58:14.999650 np0000004067 nova-scheduler[93231]: DEBUG cotyledon.oslo_config_glue [-] oslo_limit.status_code_retries = None {{(pid=93231) log_opt_values /opt/stack/data/venv/lib/python3.12/site-packages/oslo_config/cfg.py:3253}}
Jul 01 01:58:14.999650 np0000004067 nova-scheduler[93231]: DEBUG cotyledon.oslo_config_glue [-] oslo_limit.status_code_retry_delay = None {{(pid=93231) log_opt_values /opt/stack/data/venv/lib/python3.12/site-packages/oslo_config/cfg.py:3253}}
Jul 01 01:58:14.999650 np0000004067 nova-scheduler[93231]: DEBUG cotyledon.oslo_config_glue [-] oslo_limit.timeout = None {{(pid=93231) log_opt_values /opt/stack/data/venv/lib/python3.12/site-packages/oslo_config/cfg.py:3253}}
Jul 01 01:58:14.999650 np0000004067 nova-scheduler[93231]: DEBUG cotyledon.oslo_config_glue [-] oslo_limit.valid_interfaces = None {{(pid=93231) log_opt_values /opt/stack/data/venv/lib/python3.12/site-packages/oslo_config/cfg.py:3253}}
Jul 01 01:58:14.999650 np0000004067 nova-scheduler[93231]: DEBUG cotyledon.oslo_config_glue [-] oslo_limit.version = None {{(pid=93231) log_opt_values /opt/stack/data/venv/lib/python3.12/site-packages/oslo_config/cfg.py:3253}}
Jul 01 01:58:14.999650 np0000004067 nova-scheduler[93231]: DEBUG cotyledon.oslo_config_glue [-] oslo_reports.file_event_handler = None {{(pid=93231) log_opt_values /opt/stack/data/venv/lib/python3.12/site-packages/oslo_config/cfg.py:3253}}
Jul 01 01:58:14.999650 np0000004067 nova-scheduler[93231]: DEBUG cotyledon.oslo_config_glue [-] oslo_reports.file_event_handler_interval = 1 {{(pid=93231) log_opt_values /opt/stack/data/venv/lib/python3.12/site-packages/oslo_config/cfg.py:3253}}
Jul 01 01:58:14.999650 np0000004067 nova-scheduler[93231]: DEBUG cotyledon.oslo_config_glue [-] oslo_reports.log_dir = None {{(pid=93231) log_opt_values /opt/stack/data/venv/lib/python3.12/site-packages/oslo_config/cfg.py:3253}}
Jul 01 01:58:14.999912 np0000004067 nova-scheduler[93231]: DEBUG cotyledon.oslo_config_glue [-] ******************************************************************************** {{(pid=93231) log_opt_values /opt/stack/data/venv/lib/python3.12/site-packages/oslo_config/cfg.py:3260}}
Jul 01 01:58:14.999912 np0000004067 nova-scheduler[93231]: DEBUG cotyledon._service_worker [-] Run service ServiceWrapper(2) [93231] {{(pid=93231) wait_forever /opt/stack/data/venv/lib/python3.12/site-packages/cotyledon/_service_worker.py:218}}
Jul 01 01:58:14.999912 np0000004067 nova-scheduler[93231]: INFO nova.service [-] Starting scheduler node (version 33.1.0)
Jul 01 01:58:14.999982 np0000004067 nova-scheduler[93227]: DEBUG dbcounter [-] [93227] Writer thread running {{(pid=93227) stat_writer /opt/stack/data/venv/lib/python3.12/site-packages/dbcounter.py:102}}
Jul 01 01:58:15.000012 np0000004067 nova-scheduler[93231]: INFO dbcounter [None req-d322ad17-5fec-4392-9a27-70bfc6185c02 None None] Registered counter for database nova_cell0
Jul 01 01:58:15.000037 np0000004067 nova-scheduler[93227]: DEBUG nova.service [None req-d984809c-a23a-44f1-bc7f-49cf3ffdb3f3 None None] Creating RPC server for service: nova-scheduler on topic: scheduler {{(pid=93227) start /opt/stack/nova/nova/service.py:196}}
Jul 01 01:58:15.008776 np0000004067 nova-scheduler[93229]: DEBUG oslo_db.sqlalchemy.engines [None req-6b8e577f-59c1-4960-ae2f-2647493c8799 None None] MySQL server mode set to STRICT_TRANS_TABLES,STRICT_ALL_TABLES,NO_ZERO_IN_DATE,NO_ZERO_DATE,ERROR_FOR_DIVISION_BY_ZERO,TRADITIONAL,NO_ENGINE_SUBSTITUTION {{(pid=93229) _check_effective_sql_mode /opt/stack/data/venv/lib/python3.12/site-packages/oslo_db/sqlalchemy/engines.py:325}}
Jul 01 01:58:15.020263 np0000004067 nova-scheduler[93229]: DEBUG dbcounter [-] [93229] Writer thread running {{(pid=93229) stat_writer /opt/stack/data/venv/lib/python3.12/site-packages/dbcounter.py:102}}
Jul 01 01:58:15.022067 np0000004067 nova-scheduler[93231]: DEBUG oslo_db.sqlalchemy.engines [None req-d322ad17-5fec-4392-9a27-70bfc6185c02 None None] MySQL server mode set to STRICT_TRANS_TABLES,STRICT_ALL_TABLES,NO_ZERO_IN_DATE,NO_ZERO_DATE,ERROR_FOR_DIVISION_BY_ZERO,TRADITIONAL,NO_ENGINE_SUBSTITUTION {{(pid=93231) _check_effective_sql_mode /opt/stack/data/venv/lib/python3.12/site-packages/oslo_db/sqlalchemy/engines.py:325}}
Jul 01 01:58:15.023815 np0000004067 nova-scheduler[93229]: DEBUG nova.service [None req-6b8e577f-59c1-4960-ae2f-2647493c8799 None None] Creating RPC server for service: nova-scheduler on topic: scheduler {{(pid=93229) start /opt/stack/nova/nova/service.py:196}}
Jul 01 01:58:15.024508 np0000004067 nova-scheduler[93227]: DEBUG nova.service [None req-d984809c-a23a-44f1-bc7f-49cf3ffdb3f3 None None] Join ServiceGroup membership for this service scheduler {{(pid=93227) start /opt/stack/nova/nova/service.py:222}}
Jul 01 01:58:15.024729 np0000004067 nova-scheduler[93227]: DEBUG nova.servicegroup.drivers.db [None req-d984809c-a23a-44f1-bc7f-49cf3ffdb3f3 None None] DB_Driver: join new ServiceGroup member np0000004067 to the scheduler group, service = {{(pid=93227) join /opt/stack/nova/nova/servicegroup/drivers/db.py:44}}
Jul 01 01:58:15.034616 np0000004067 nova-scheduler[93231]: DEBUG dbcounter [-] [93231] Writer thread running {{(pid=93231) stat_writer /opt/stack/data/venv/lib/python3.12/site-packages/dbcounter.py:102}}
Jul 01 01:58:15.038240 np0000004067 nova-scheduler[93231]: DEBUG nova.service [None req-d322ad17-5fec-4392-9a27-70bfc6185c02 None None] Creating RPC server for service: nova-scheduler on topic: scheduler {{(pid=93231) start /opt/stack/nova/nova/service.py:196}}
Jul 01 01:58:15.043176 np0000004067 nova-scheduler[93229]: DEBUG nova.service [None req-6b8e577f-59c1-4960-ae2f-2647493c8799 None None] Join ServiceGroup membership for this service scheduler {{(pid=93229) start /opt/stack/nova/nova/service.py:222}}
Jul 01 01:58:15.043709 np0000004067 nova-scheduler[93229]: DEBUG nova.servicegroup.drivers.db [None req-6b8e577f-59c1-4960-ae2f-2647493c8799 None None] DB_Driver: join new ServiceGroup member np0000004067 to the scheduler group, service = {{(pid=93229) join /opt/stack/nova/nova/servicegroup/drivers/db.py:44}}
Jul 01 01:58:15.057950 np0000004067 nova-scheduler[93231]: DEBUG nova.service [None req-d322ad17-5fec-4392-9a27-70bfc6185c02 None None] Join ServiceGroup membership for this service scheduler {{(pid=93231) start /opt/stack/nova/nova/service.py:222}}
Jul 01 01:58:15.058328 np0000004067 nova-scheduler[93231]: DEBUG nova.servicegroup.drivers.db [None req-d322ad17-5fec-4392-9a27-70bfc6185c02 None None] DB_Driver: join new ServiceGroup member np0000004067 to the scheduler group, service = {{(pid=93231) join /opt/stack/nova/nova/servicegroup/drivers/db.py:44}}
Jul 01 01:58:16.061139 np0000004067 nova-scheduler[93231]: DEBUG oslo.service.backend._threading.loopingcall [None req-acf2174b-31dc-457c-9b42-86caecc94a7b None None] Dynamic interval looping call 'nova.service.Service.periodic_tasks' sleeping for 60.00 seconds {{(pid=93231) _run_loop /opt/stack/data/venv/lib/python3.12/site-packages/oslo_service/backend/_threading/loopingcall.py:125}}
Jul 01 01:58:20.041973 np0000004067 nova-scheduler[93227]: DEBUG oslo.service.backend._threading.loopingcall [-] Fixed interval looping call 'nova.servicegroup.drivers.db.DbDriver._report_state' sleeping for 119.98 seconds {{(pid=93227) _run_loop /opt/stack/data/venv/lib/python3.12/site-packages/oslo_service/backend/_threading/loopingcall.py:125}}
Jul 01 01:58:20.060434 np0000004067 nova-scheduler[93229]: DEBUG oslo.service.backend._threading.loopingcall [-] Fixed interval looping call 'nova.servicegroup.drivers.db.DbDriver._report_state' sleeping for 119.99 seconds {{(pid=93229) _run_loop /opt/stack/data/venv/lib/python3.12/site-packages/oslo_service/backend/_threading/loopingcall.py:125}}
Jul 01 01:58:20.071928 np0000004067 nova-scheduler[93231]: DEBUG oslo.service.backend._threading.loopingcall [-] Fixed interval looping call 'nova.servicegroup.drivers.db.DbDriver._report_state' sleeping for 119.99 seconds {{(pid=93231) _run_loop /opt/stack/data/venv/lib/python3.12/site-packages/oslo_service/backend/_threading/loopingcall.py:125}}
Jul 01 01:58:23.563480 np0000004067 nova-scheduler[92032]: DEBUG dbcounter [-] [92032] Writing DB stats nova_api:SELECT=3 {{(pid=92032) stat_writer /opt/stack/data/venv/lib/python3.12/site-packages/dbcounter.py:115}}
Jul 01 01:58:23.716697 np0000004067 nova-scheduler[92032]: DEBUG dbcounter [-] [92032] Writing DB stats nova_cell0:SELECT=1 {{(pid=92032) stat_writer /opt/stack/data/venv/lib/python3.12/site-packages/dbcounter.py:115}}
Jul 01 01:58:23.722200 np0000004067 nova-scheduler[92032]: DEBUG dbcounter [-] [92032] Writing DB stats nova_cell1:SELECT=1 {{(pid=92032) stat_writer /opt/stack/data/venv/lib/python3.12/site-packages/dbcounter.py:115}}
Jul 01 01:58:30.038070 np0000004067 nova-scheduler[93227]: DEBUG dbcounter [-] [93227] Writing DB stats nova_cell0:SELECT=4,nova_cell0:INSERT=1,nova_cell0:UPDATE=1 {{(pid=93227) stat_writer /opt/stack/data/venv/lib/python3.12/site-packages/dbcounter.py:115}}
Jul 01 01:58:30.056065 np0000004067 nova-scheduler[93229]: DEBUG dbcounter [-] [93229] Writing DB stats nova_cell0:SELECT=3 {{(pid=93229) stat_writer /opt/stack/data/venv/lib/python3.12/site-packages/dbcounter.py:115}}
Jul 01 01:58:30.068519 np0000004067 nova-scheduler[93231]: DEBUG dbcounter [-] [93231] Writing DB stats nova_cell0:SELECT=3 {{(pid=93231) stat_writer /opt/stack/data/venv/lib/python3.12/site-packages/dbcounter.py:115}}
Jul 01 01:58:38.027302 np0000004067 nova-scheduler[93227]: DEBUG oslo.service.backend._threading.loopingcall [None req-fcdd560b-ee1e-4468-9ebb-e66aa0099788 None None] Dynamic interval looping call 'nova.service.Service.periodic_tasks' sleeping for 60.00 seconds {{(pid=93227) _run_loop /opt/stack/data/venv/lib/python3.12/site-packages/oslo_service/backend/_threading/loopingcall.py:125}}
Jul 01 01:59:08.045915 np0000004067 nova-scheduler[93229]: DEBUG oslo.service.backend._threading.loopingcall [None req-fdca0f88-910d-40c1-956f-825ec28bf110 None None] Dynamic interval looping call 'nova.service.Service.periodic_tasks' sleeping for 60.00 seconds {{(pid=93229) _run_loop /opt/stack/data/venv/lib/python3.12/site-packages/oslo_service/backend/_threading/loopingcall.py:125}}
Jul 01 01:59:16.061769 np0000004067 nova-scheduler[93231]: DEBUG oslo.service.backend._threading.loopingcall [None req-acf2174b-31dc-457c-9b42-86caecc94a7b None None] Dynamic interval looping call 'nova.service.Service.periodic_tasks' sleeping for 60.00 seconds {{(pid=93231) _run_loop /opt/stack/data/venv/lib/python3.12/site-packages/oslo_service/backend/_threading/loopingcall.py:125}}
Jul 01 01:59:38.027962 np0000004067 nova-scheduler[93227]: DEBUG oslo.service.backend._threading.loopingcall [None req-fcdd560b-ee1e-4468-9ebb-e66aa0099788 None None] Dynamic interval looping call 'nova.service.Service.periodic_tasks' sleeping for 60.00 seconds {{(pid=93227) _run_loop /opt/stack/data/venv/lib/python3.12/site-packages/oslo_service/backend/_threading/loopingcall.py:125}}
Jul 01 02:00:08.046720 np0000004067 nova-scheduler[93229]: DEBUG oslo.service.backend._threading.loopingcall [None req-fdca0f88-910d-40c1-956f-825ec28bf110 None None] Dynamic interval looping call 'nova.service.Service.periodic_tasks' sleeping for 60.00 seconds {{(pid=93229) _run_loop /opt/stack/data/venv/lib/python3.12/site-packages/oslo_service/backend/_threading/loopingcall.py:125}}
Jul 01 02:00:16.062275 np0000004067 nova-scheduler[93231]: DEBUG oslo.service.backend._threading.loopingcall [None req-acf2174b-31dc-457c-9b42-86caecc94a7b None None] Dynamic interval looping call 'nova.service.Service.periodic_tasks' sleeping for 60.00 seconds {{(pid=93231) _run_loop /opt/stack/data/venv/lib/python3.12/site-packages/oslo_service/backend/_threading/loopingcall.py:125}}
Jul 01 02:00:20.028140 np0000004067 nova-scheduler[93227]: DEBUG oslo.service.backend._threading.loopingcall [-] Fixed interval looping call 'nova.servicegroup.drivers.db.DbDriver._report_state' sleeping for 119.99 seconds {{(pid=93227) _run_loop /opt/stack/data/venv/lib/python3.12/site-packages/oslo_service/backend/_threading/loopingcall.py:125}}
Jul 01 02:00:20.054176 np0000004067 nova-scheduler[93229]: DEBUG oslo.service.backend._threading.loopingcall [-] Fixed interval looping call 'nova.servicegroup.drivers.db.DbDriver._report_state' sleeping for 120.00 seconds {{(pid=93229) _run_loop /opt/stack/data/venv/lib/python3.12/site-packages/oslo_service/backend/_threading/loopingcall.py:125}}
Jul 01 02:00:20.066324 np0000004067 nova-scheduler[93231]: DEBUG oslo.service.backend._threading.loopingcall [-] Fixed interval looping call 'nova.servicegroup.drivers.db.DbDriver._report_state' sleeping for 120.00 seconds {{(pid=93231) _run_loop /opt/stack/data/venv/lib/python3.12/site-packages/oslo_service/backend/_threading/loopingcall.py:125}}
Jul 01 02:00:30.025230 np0000004067 nova-scheduler[93227]: DEBUG dbcounter [-] [93227] Writing DB stats nova_cell0:SELECT=1,nova_cell0:UPDATE=1 {{(pid=93227) stat_writer /opt/stack/data/venv/lib/python3.12/site-packages/dbcounter.py:115}}
Jul 01 02:00:30.052493 np0000004067 nova-scheduler[93229]: DEBUG dbcounter [-] [93229] Writing DB stats nova_cell0:SELECT=1 {{(pid=93229) stat_writer /opt/stack/data/venv/lib/python3.12/site-packages/dbcounter.py:115}}
Jul 01 02:00:30.064216 np0000004067 nova-scheduler[93231]: DEBUG dbcounter [-] [93231] Writing DB stats nova_cell0:SELECT=1 {{(pid=93231) stat_writer /opt/stack/data/venv/lib/python3.12/site-packages/dbcounter.py:115}}
Jul 01 02:00:38.029253 np0000004067 nova-scheduler[93227]: DEBUG oslo.service.backend._threading.loopingcall [None req-fcdd560b-ee1e-4468-9ebb-e66aa0099788 None None] Dynamic interval looping call 'nova.service.Service.periodic_tasks' sleeping for 60.00 seconds {{(pid=93227) _run_loop /opt/stack/data/venv/lib/python3.12/site-packages/oslo_service/backend/_threading/loopingcall.py:125}}
Jul 01 02:00:53.884991 np0000004067 nova-scheduler[93227]: DEBUG nova.scheduler.manager [None req-b5a530ba-05b6-4f76-a210-1db08ce02e49 tempest-ImageDependencyTests-1503258900 tempest-ImageDependencyTests-1503258900-project-member] Starting to schedule for instances: ['76a1af62-417d-4b75-9603-f4f459279d59'] {{(pid=93227) select_destinations /opt/stack/nova/nova/scheduler/manager.py:209}}
Jul 01 02:00:53.885741 np0000004067 nova-scheduler[93227]: DEBUG nova.scheduler.request_filter [None req-b5a530ba-05b6-4f76-a210-1db08ce02e49 tempest-ImageDependencyTests-1503258900 tempest-ImageDependencyTests-1503258900-project-member] compute_status_filter request filter added forbidden trait COMPUTE_STATUS_DISABLED {{(pid=93227) compute_status_filter /opt/stack/nova/nova/scheduler/request_filter.py:253}}
Jul 01 02:00:53.885870 np0000004067 nova-scheduler[93227]: DEBUG nova.scheduler.request_filter [None req-b5a530ba-05b6-4f76-a210-1db08ce02e49 tempest-ImageDependencyTests-1503258900 tempest-ImageDependencyTests-1503258900-project-member] Request filter 'compute_status_filter' took 0.0 seconds {{(pid=93227) wrapper /opt/stack/nova/nova/scheduler/request_filter.py:46}}
Jul 01 02:00:53.886075 np0000004067 nova-scheduler[93227]: DEBUG nova.scheduler.request_filter [None req-b5a530ba-05b6-4f76-a210-1db08ce02e49 tempest-ImageDependencyTests-1503258900 tempest-ImageDependencyTests-1503258900-project-member] Request filter 'accelerators_filter' took 0.0 seconds {{(pid=93227) wrapper /opt/stack/nova/nova/scheduler/request_filter.py:46}}
Jul 01 02:00:53.886295 np0000004067 nova-scheduler[93227]: DEBUG nova.scheduler.request_filter [None req-b5a530ba-05b6-4f76-a210-1db08ce02e49 tempest-ImageDependencyTests-1503258900 tempest-ImageDependencyTests-1503258900-project-member] Request filter 'packed_virtqueue_filter' took 0.0 seconds {{(pid=93227) wrapper /opt/stack/nova/nova/scheduler/request_filter.py:46}}
Jul 01 02:00:53.886480 np0000004067 nova-scheduler[93227]: DEBUG nova.scheduler.request_filter [None req-b5a530ba-05b6-4f76-a210-1db08ce02e49 tempest-ImageDependencyTests-1503258900 tempest-ImageDependencyTests-1503258900-project-member] Request filter 'remote_managed_ports_filter' took 0.0 seconds {{(pid=93227) wrapper /opt/stack/nova/nova/scheduler/request_filter.py:46}}
Jul 01 02:00:53.886637 np0000004067 nova-scheduler[93227]: DEBUG nova.scheduler.request_filter [None req-b5a530ba-05b6-4f76-a210-1db08ce02e49 tempest-ImageDependencyTests-1503258900 tempest-ImageDependencyTests-1503258900-project-member] ephemeral_encryption_filter skipped {{(pid=93227) ephemeral_encryption_filter /opt/stack/nova/nova/scheduler/request_filter.py:426}}
Jul 01 02:00:53.886751 np0000004067 nova-scheduler[93227]: DEBUG nova.scheduler.request_filter [None req-b5a530ba-05b6-4f76-a210-1db08ce02e49 tempest-ImageDependencyTests-1503258900 tempest-ImageDependencyTests-1503258900-project-member] virtio_sound_filter skipped {{(pid=93227) virtio_sound_filter /opt/stack/nova/nova/scheduler/request_filter.py:460}}
Jul 01 02:00:53.886876 np0000004067 nova-scheduler[93227]: DEBUG nova.scheduler.request_filter [None req-b5a530ba-05b6-4f76-a210-1db08ce02e49 tempest-ImageDependencyTests-1503258900 tempest-ImageDependencyTests-1503258900-project-member] tpm_secret_security_filter skipped {{(pid=93227) tpm_secret_security_filter /opt/stack/nova/nova/scheduler/request_filter.py:477}}
Jul 01 02:00:54.518807 np0000004067 nova-scheduler[93227]: INFO nova.utils [None req-b5a530ba-05b6-4f76-a210-1db08ce02e49 tempest-ImageDependencyTests-1503258900 tempest-ImageDependencyTests-1503258900-project-member] The cell worker thread pool ForkProcess-1.cell_worker is initialized
Jul 01 02:00:54.519323 np0000004067 nova-scheduler[93227]: DEBUG oslo_concurrency.lockutils [None req-b5a530ba-05b6-4f76-a210-1db08ce02e49 tempest-ImageDependencyTests-1503258900 tempest-ImageDependencyTests-1503258900-project-member] Acquiring lock "f04d0495-3004-4618-8784-927306474f1f" by "nova.context.set_target_cell..get_or_set_cached_cell_and_set_connections" {{(pid=93227) inner /opt/stack/data/venv/lib/python3.12/site-packages/oslo_concurrency/lockutils.py:511}}
Jul 01 02:00:54.519532 np0000004067 nova-scheduler[93227]: DEBUG oslo_concurrency.lockutils [None req-b5a530ba-05b6-4f76-a210-1db08ce02e49 tempest-ImageDependencyTests-1503258900 tempest-ImageDependencyTests-1503258900-project-member] Lock "f04d0495-3004-4618-8784-927306474f1f" acquired by "nova.context.set_target_cell..get_or_set_cached_cell_and_set_connections" :: waited 0.000s {{(pid=93227) inner /opt/stack/data/venv/lib/python3.12/site-packages/oslo_concurrency/lockutils.py:524}}
Jul 01 02:00:54.521505 np0000004067 nova-scheduler[93227]: DEBUG oslo_concurrency.lockutils [None req-b5a530ba-05b6-4f76-a210-1db08ce02e49 tempest-ImageDependencyTests-1503258900 tempest-ImageDependencyTests-1503258900-project-member] Lock "f04d0495-3004-4618-8784-927306474f1f" "released" by "nova.context.set_target_cell..get_or_set_cached_cell_and_set_connections" :: held 0.002s {{(pid=93227) inner /opt/stack/data/venv/lib/python3.12/site-packages/oslo_concurrency/lockutils.py:543}}
Jul 01 02:00:54.523666 np0000004067 nova-scheduler[93227]: INFO dbcounter [None req-b5a530ba-05b6-4f76-a210-1db08ce02e49 tempest-ImageDependencyTests-1503258900 tempest-ImageDependencyTests-1503258900-project-member] Registered counter for database nova_cell1
Jul 01 02:00:54.555890 np0000004067 nova-scheduler[93227]: DEBUG oslo_db.sqlalchemy.engines [None req-b5a530ba-05b6-4f76-a210-1db08ce02e49 tempest-ImageDependencyTests-1503258900 tempest-ImageDependencyTests-1503258900-project-member] MySQL server mode set to STRICT_TRANS_TABLES,STRICT_ALL_TABLES,NO_ZERO_IN_DATE,NO_ZERO_DATE,ERROR_FOR_DIVISION_BY_ZERO,TRADITIONAL,NO_ENGINE_SUBSTITUTION {{(pid=93227) _check_effective_sql_mode /opt/stack/data/venv/lib/python3.12/site-packages/oslo_db/sqlalchemy/engines.py:325}}
Jul 01 02:00:54.561880 np0000004067 nova-scheduler[93227]: DEBUG dbcounter [-] [93227] Writer thread running {{(pid=93227) stat_writer /opt/stack/data/venv/lib/python3.12/site-packages/dbcounter.py:102}}
Jul 01 02:00:54.578066 np0000004067 nova-scheduler[93227]: DEBUG oslo_db.sqlalchemy.engines [None req-b5a530ba-05b6-4f76-a210-1db08ce02e49 tempest-ImageDependencyTests-1503258900 tempest-ImageDependencyTests-1503258900-project-member] Parent process 92032 forked (93227) with an open database connection, which is being discarded and recreated. {{(pid=93227) checkout /opt/stack/data/venv/lib/python3.12/site-packages/oslo_db/sqlalchemy/engines.py:402}}
Jul 01 02:00:54.632318 np0000004067 nova-scheduler[93227]: DEBUG dbcounter [-] [93227] Writer thread running {{(pid=93227) stat_writer /opt/stack/data/venv/lib/python3.12/site-packages/dbcounter.py:102}}
Jul 01 02:00:54.636269 np0000004067 nova-scheduler[93227]: DEBUG oslo_concurrency.lockutils [None req-b5a530ba-05b6-4f76-a210-1db08ce02e49 tempest-ImageDependencyTests-1503258900 tempest-ImageDependencyTests-1503258900-project-member] Acquiring lock "f04d0495-3004-4618-8784-927306474f1f" by "nova.context.set_target_cell..get_or_set_cached_cell_and_set_connections" {{(pid=93227) inner /opt/stack/data/venv/lib/python3.12/site-packages/oslo_concurrency/lockutils.py:511}}
Jul 01 02:00:54.636463 np0000004067 nova-scheduler[93227]: DEBUG oslo_concurrency.lockutils [None req-b5a530ba-05b6-4f76-a210-1db08ce02e49 tempest-ImageDependencyTests-1503258900 tempest-ImageDependencyTests-1503258900-project-member] Lock "f04d0495-3004-4618-8784-927306474f1f" acquired by "nova.context.set_target_cell..get_or_set_cached_cell_and_set_connections" :: waited 0.000s {{(pid=93227) inner /opt/stack/data/venv/lib/python3.12/site-packages/oslo_concurrency/lockutils.py:524}}
Jul 01 02:00:54.636585 np0000004067 nova-scheduler[93227]: DEBUG oslo_concurrency.lockutils [None req-b5a530ba-05b6-4f76-a210-1db08ce02e49 tempest-ImageDependencyTests-1503258900 tempest-ImageDependencyTests-1503258900-project-member] Lock "f04d0495-3004-4618-8784-927306474f1f" "released" by "nova.context.set_target_cell..get_or_set_cached_cell_and_set_connections" :: held 0.000s {{(pid=93227) inner /opt/stack/data/venv/lib/python3.12/site-packages/oslo_concurrency/lockutils.py:543}}
Jul 01 02:00:54.640125 np0000004067 nova-scheduler[93227]: DEBUG oslo_concurrency.lockutils [None req-b5a530ba-05b6-4f76-a210-1db08ce02e49 tempest-ImageDependencyTests-1503258900 tempest-ImageDependencyTests-1503258900-project-member] Acquiring lock "np0000004067-np0000004067" by "nova.scheduler.host_manager.HostState.update.._locked_update" {{(pid=93227) inner /opt/stack/data/venv/lib/python3.12/site-packages/oslo_concurrency/lockutils.py:511}}
Jul 01 02:00:54.640300 np0000004067 nova-scheduler[93227]: DEBUG oslo_concurrency.lockutils [None req-b5a530ba-05b6-4f76-a210-1db08ce02e49 tempest-ImageDependencyTests-1503258900 tempest-ImageDependencyTests-1503258900-project-member] Lock "np0000004067-np0000004067" acquired by "nova.scheduler.host_manager.HostState.update.._locked_update" :: waited 0.000s {{(pid=93227) inner /opt/stack/data/venv/lib/python3.12/site-packages/oslo_concurrency/lockutils.py:524}}
Jul 01 02:00:54.641626 np0000004067 nova-scheduler[93227]: DEBUG nova.scheduler.host_manager [None req-b5a530ba-05b6-4f76-a210-1db08ce02e49 tempest-ImageDependencyTests-1503258900 tempest-ImageDependencyTests-1503258900-project-member] Update host state from compute node: ComputeNode(cpu_allocation_ratio=4.0,cpu_info='{"arch": "x86_64", "model": "EPYC-Milan", "vendor": "AMD", "topology": {"cells": 1, "sockets": 16, "cores": 1, "threads": 1}, "maxphysaddr": {"mode": "emulate", "bits": 40}, "features": ["perfctr_core", "hypervisor", "nx", "fxsr_opt", "xsaves", "mtrr", "popcnt", "mce", "rdctl-no", "smep", "sse4.1", "tsc", "pse36", "aes", "pschange-mc-no", "syscall", "fma", "cmp_legacy", "ibpb", "pause-filter", "sse4a", "clflushopt", "rdseed", "npt", "null-sel-clr-base", "sep", "de", "cx16", "rdtscp", "xsavec", "svm", "avx2", "pni", "fsgsbase", "lfence-always-serializing", "vme", "pfthreshold", "ssse3", "sse", "bmi1", "bmi2", "umip", "xsave", "movbe", "sse2", "virt-ssbd", "adx", "avx", "smap", "mca", "spec-ctrl", "fsrm", "sse4.2", "sha-ni", "ssbd", "msr", "osvw", "mmx", "lm", "v-vmsave-vmload", "cmov", "flushbyasid", "topoext", "tsc_adjust", "gds-no", "amd-ssbd", "mds-no", "x2apic", "clflush", "stibp", "abm", "fpu", "pclmuldq", "cr8legacy", "vpclmulqdq", "skip-l1dfl-vmentry", "stibp-always-on", "clzero", "xsaveerptr", "lahf_lm", "arch-capabilities", "arat", "cx8", "vaes", "clwb", "vgif", "svme-addr-chk", "tsc-deadline", "xsaveopt", "fxsr", "pse", "pdpe1gb", "mmxext", "apic", "pge", "lbrv", "ibrs", "no-nested-data-bp", "f16c", "pae", "nrip-save", "3dnowprefetch", "erms", "misalignsse", "pat", "vmcb-clean", "rdpid", "xgetbv1", "pcid", "tsc-scale", "invpcid", "amd-psfd", "amd-stibp", "pku", "rdrand", "wbnoinvd"]}',created_at=2026-07-01T01:58:43Z,current_workload=0,deleted=False,deleted_at=None,disk_allocation_ratio=1.0,disk_available_least=73,free_disk_gb=95,free_ram_mb=62765,host='np0000004067',host_ip=10.4.3.172,hypervisor_hostname='np0000004067',hypervisor_type='QEMU',hypervisor_version=8002002,id=1,local_gb=95,local_gb_used=0,mapped=1,memory_mb=63277,memory_mb_used=512,metrics='[]',numa_topology='{"nova_object.name": "NUMATopology", "nova_object.namespace": "nova", "nova_object.version": "1.2", "nova_object.data": {"cells": [{"nova_object.name": "NUMACell", "nova_object.namespace": "nova", "nova_object.version": "1.5", "nova_object.data": {"id": 0, "cpuset": [0, 1, 2, 3, 4, 5, 6, 7, 8, 9, 10, 11, 12, 13, 14, 15], "pcpuset": [0, 1, 2, 3, 4, 5, 6, 7, 8, 9, 10, 11, 12, 13, 14, 15], "memory": 63277, "cpu_usage": 0, "memory_usage": 0, "pinned_cpus": [], "siblings": [[6], [12], [2], [15], [5], [11], [8], [14], [4], [1], [7], [10], [0], [13], [3], [9]], "mempages": [{"nova_object.name": "NUMAPagesTopology", "nova_object.namespace": "nova", "nova_object.version": "1.1", "nova_object.data": {"size_kb": 4, "total": 16177931, "used": 0, "reserved": 0}, "nova_object.changes": ["size_kb", "total", "reserved", "used"]}, {"nova_object.name": "NUMAPagesTopology", "nova_object.namespace": "nova", "nova_object.version": "1.1", "nova_object.data": {"size_kb": 2048, "total": 41, "used": 0, "reserved": 0}, "nova_object.changes": ["size_kb", "total", "reserved", "used"]}, {"nova_object.name": "NUMAPagesTopology", "nova_object.namespace": "nova", "nova_object.version": "1.1", "nova_object.data": {"size_kb": 1048576, "total": 0, "used": 0, "reserved": 0}, "nova_object.changes": ["size_kb", "total", "reserved", "used"]}], "network_metadata": {"nova_object.name": "NetworkMetadata", "nova_object.namespace": "nova", "nova_object.version": "1.0", "nova_object.data": {"physnets": [], "tunneled": false}, "nova_object.changes": ["tunneled", "physnets"]}, "socket": null}, "nova_object.changes": ["pinned_cpus", "memory_usage", "cpuset", "pcpuset", "siblings", "memory", "socket", "id", "mempages", "cpu_usage", "network_metadata"]}]}, "nova_object.changes": ["cells"]}',pci_device_pools=PciDevicePoolList,ram_allocation_ratio=1.0,running_vms=0,service_id=4,stats={failed_builds='0',uptime=' 02:00:27 up 14 min, 2 users, load average: 1.39, 1.59, 0.91
Jul 01 02:00:54.641626 np0000004067 nova-scheduler[93227]: '},supported_hv_specs=[HVSpec,HVSpec,HVSpec,HVSpec,HVSpec,HVSpec,HVSpec,HVSpec,HVSpec,HVSpec,HVSpec,HVSpec,HVSpec,HVSpec,HVSpec,HVSpec,HVSpec,HVSpec,HVSpec,HVSpec,HVSpec,HVSpec,HVSpec,HVSpec,HVSpec],updated_at=2026-07-01T02:00:29Z,uuid=d117682e-ad09-450b-be04-d49746d7f356,vcpus=16,vcpus_used=0) {{(pid=93227) _locked_update /opt/stack/nova/nova/scheduler/host_manager.py:168}}
Jul 01 02:00:54.642737 np0000004067 nova-scheduler[93227]: DEBUG nova.scheduler.host_manager [None req-b5a530ba-05b6-4f76-a210-1db08ce02e49 tempest-ImageDependencyTests-1503258900 tempest-ImageDependencyTests-1503258900-project-member] Update host state with aggregates: [] {{(pid=93227) _locked_update /opt/stack/nova/nova/scheduler/host_manager.py:171}}
Jul 01 02:00:54.643049 np0000004067 nova-scheduler[93227]: DEBUG nova.scheduler.host_manager [None req-b5a530ba-05b6-4f76-a210-1db08ce02e49 tempest-ImageDependencyTests-1503258900 tempest-ImageDependencyTests-1503258900-project-member] Update host state with service dict: {'id': 4, 'uuid': '9d1e11d2-aa07-4026-80d1-3d7ba4e1c8c4', 'host': 'np0000004067', 'binary': 'nova-compute', 'topic': 'compute', 'report_count': 2, 'disabled': False, 'disabled_reason': None, 'last_seen_up': datetime.datetime(2026, 7, 1, 2, 0, 51, tzinfo=datetime.timezone.utc), 'forced_down': False, 'version': 72, 'created_at': datetime.datetime(2026, 7, 1, 1, 58, 41, tzinfo=datetime.timezone.utc), 'updated_at': datetime.datetime(2026, 7, 1, 2, 0, 51, tzinfo=datetime.timezone.utc), 'deleted_at': None, 'deleted': False} {{(pid=93227) _locked_update /opt/stack/nova/nova/scheduler/host_manager.py:174}}
Jul 01 02:00:54.643049 np0000004067 nova-scheduler[93227]: DEBUG nova.scheduler.host_manager [None req-b5a530ba-05b6-4f76-a210-1db08ce02e49 tempest-ImageDependencyTests-1503258900 tempest-ImageDependencyTests-1503258900-project-member] Update host state with instances: [] {{(pid=93227) _locked_update /opt/stack/nova/nova/scheduler/host_manager.py:177}}
Jul 01 02:00:54.643208 np0000004067 nova-scheduler[93227]: DEBUG oslo_concurrency.lockutils [None req-b5a530ba-05b6-4f76-a210-1db08ce02e49 tempest-ImageDependencyTests-1503258900 tempest-ImageDependencyTests-1503258900-project-member] Lock "np0000004067-np0000004067" "released" by "nova.scheduler.host_manager.HostState.update.._locked_update" :: held 0.003s {{(pid=93227) inner /opt/stack/data/venv/lib/python3.12/site-packages/oslo_concurrency/lockutils.py:543}}
Jul 01 02:00:54.643754 np0000004067 nova-scheduler[93227]: DEBUG nova.filters [None req-b5a530ba-05b6-4f76-a210-1db08ce02e49 tempest-ImageDependencyTests-1503258900 tempest-ImageDependencyTests-1503258900-project-member] Starting with 1 host(s) {{(pid=93227) get_filtered_objects /opt/stack/nova/nova/filters.py:70}}
Jul 01 02:00:54.644005 np0000004067 nova-scheduler[93227]: DEBUG nova.filters [None req-b5a530ba-05b6-4f76-a210-1db08ce02e49 tempest-ImageDependencyTests-1503258900 tempest-ImageDependencyTests-1503258900-project-member] Filter ComputeFilter returned 1 host(s) {{(pid=93227) get_filtered_objects /opt/stack/nova/nova/filters.py:102}}
Jul 01 02:00:54.644167 np0000004067 nova-scheduler[93227]: DEBUG nova.filters [None req-b5a530ba-05b6-4f76-a210-1db08ce02e49 tempest-ImageDependencyTests-1503258900 tempest-ImageDependencyTests-1503258900-project-member] Filter ComputeCapabilitiesFilter returned 1 host(s) {{(pid=93227) get_filtered_objects /opt/stack/nova/nova/filters.py:102}}
Jul 01 02:00:54.644405 np0000004067 nova-scheduler[93227]: DEBUG nova.filters [None req-b5a530ba-05b6-4f76-a210-1db08ce02e49 tempest-ImageDependencyTests-1503258900 tempest-ImageDependencyTests-1503258900-project-member] Filter ImagePropertiesFilter returned 1 host(s) {{(pid=93227) get_filtered_objects /opt/stack/nova/nova/filters.py:102}}
Jul 01 02:00:54.644546 np0000004067 nova-scheduler[93227]: DEBUG nova.filters [None req-b5a530ba-05b6-4f76-a210-1db08ce02e49 tempest-ImageDependencyTests-1503258900 tempest-ImageDependencyTests-1503258900-project-member] Filter ServerGroupAntiAffinityFilter returned 1 host(s) {{(pid=93227) get_filtered_objects /opt/stack/nova/nova/filters.py:102}}
Jul 01 02:00:54.644826 np0000004067 nova-scheduler[93227]: DEBUG nova.filters [None req-b5a530ba-05b6-4f76-a210-1db08ce02e49 tempest-ImageDependencyTests-1503258900 tempest-ImageDependencyTests-1503258900-project-member] Filter ServerGroupAffinityFilter returned 1 host(s) {{(pid=93227) get_filtered_objects /opt/stack/nova/nova/filters.py:102}}
Jul 01 02:00:54.645013 np0000004067 nova-scheduler[93227]: DEBUG nova.filters [None req-b5a530ba-05b6-4f76-a210-1db08ce02e49 tempest-ImageDependencyTests-1503258900 tempest-ImageDependencyTests-1503258900-project-member] Filter SameHostFilter returned 1 host(s) {{(pid=93227) get_filtered_objects /opt/stack/nova/nova/filters.py:102}}
Jul 01 02:00:54.645161 np0000004067 nova-scheduler[93227]: DEBUG nova.filters [None req-b5a530ba-05b6-4f76-a210-1db08ce02e49 tempest-ImageDependencyTests-1503258900 tempest-ImageDependencyTests-1503258900-project-member] Filter DifferentHostFilter returned 1 host(s) {{(pid=93227) get_filtered_objects /opt/stack/nova/nova/filters.py:102}}
Jul 01 02:00:54.645323 np0000004067 nova-scheduler[93227]: DEBUG nova.scheduler.manager [None req-b5a530ba-05b6-4f76-a210-1db08ce02e49 tempest-ImageDependencyTests-1503258900 tempest-ImageDependencyTests-1503258900-project-member] Filtered [(np0000004067, np0000004067) ram: 62765MB disk: 74752MB io_ops: 0 instances: 0, allocation_candidates: 1] {{(pid=93227) _get_sorted_hosts /opt/stack/nova/nova/scheduler/manager.py:742}}
Jul 01 02:00:54.645532 np0000004067 nova-scheduler[93227]: DEBUG nova.scheduler.manager [None req-b5a530ba-05b6-4f76-a210-1db08ce02e49 tempest-ImageDependencyTests-1503258900 tempest-ImageDependencyTests-1503258900-project-member] Weighed [WeighedHost [host: (np0000004067, np0000004067) ram: 62765MB disk: 74752MB io_ops: 0 instances: 0, allocation_candidates: 1, weight: 0.0]] {{(pid=93227) _get_sorted_hosts /opt/stack/nova/nova/scheduler/manager.py:764}}
Jul 01 02:00:54.645718 np0000004067 nova-scheduler[93227]: DEBUG nova.scheduler.utils [None req-b5a530ba-05b6-4f76-a210-1db08ce02e49 tempest-ImageDependencyTests-1503258900 tempest-ImageDependencyTests-1503258900-project-member] Attempting to claim resources in the placement API for instance 76a1af62-417d-4b75-9603-f4f459279d59 {{(pid=93227) claim_resources /opt/stack/nova/nova/scheduler/utils.py:1345}}
Jul 01 02:00:54.805873 np0000004067 nova-scheduler[93227]: DEBUG nova.scheduler.manager [None req-b5a530ba-05b6-4f76-a210-1db08ce02e49 tempest-ImageDependencyTests-1503258900 tempest-ImageDependencyTests-1503258900-project-member] [instance: 76a1af62-417d-4b75-9603-f4f459279d59] Selected host: (np0000004067, np0000004067) ram: 62765MB disk: 74752MB io_ops: 0 instances: 0, allocation_candidates: 1 {{(pid=93227) _consume_selected_host /opt/stack/nova/nova/scheduler/manager.py:624}}
Jul 01 02:00:54.806171 np0000004067 nova-scheduler[93227]: DEBUG oslo_concurrency.lockutils [None req-b5a530ba-05b6-4f76-a210-1db08ce02e49 tempest-ImageDependencyTests-1503258900 tempest-ImageDependencyTests-1503258900-project-member] Acquiring lock "np0000004067-np0000004067" by "nova.scheduler.host_manager.HostState.consume_from_request.._locked" {{(pid=93227) inner /opt/stack/data/venv/lib/python3.12/site-packages/oslo_concurrency/lockutils.py:511}}
Jul 01 02:00:54.806384 np0000004067 nova-scheduler[93227]: DEBUG oslo_concurrency.lockutils [None req-b5a530ba-05b6-4f76-a210-1db08ce02e49 tempest-ImageDependencyTests-1503258900 tempest-ImageDependencyTests-1503258900-project-member] Lock "np0000004067-np0000004067" acquired by "nova.scheduler.host_manager.HostState.consume_from_request.._locked" :: waited 0.000s {{(pid=93227) inner /opt/stack/data/venv/lib/python3.12/site-packages/oslo_concurrency/lockutils.py:524}}
Jul 01 02:00:54.806629 np0000004067 nova-scheduler[93227]: DEBUG oslo_concurrency.lockutils [None req-b5a530ba-05b6-4f76-a210-1db08ce02e49 tempest-ImageDependencyTests-1503258900 tempest-ImageDependencyTests-1503258900-project-member] Lock "np0000004067-np0000004067" "released" by "nova.scheduler.host_manager.HostState.consume_from_request.._locked" :: held 0.000s {{(pid=93227) inner /opt/stack/data/venv/lib/python3.12/site-packages/oslo_concurrency/lockutils.py:543}}
Jul 01 02:00:55.014189 np0000004067 nova-scheduler[93229]: DEBUG nova.scheduler.manager [None req-82c93a08-0349-4c27-956d-2e31db329bf7 tempest-ServersNegativeTestJSON-768329614 tempest-ServersNegativeTestJSON-768329614-project-member] Starting to schedule for instances: ['d8b0fe69-6107-4aee-a5ee-354866ce2a1f'] {{(pid=93229) select_destinations /opt/stack/nova/nova/scheduler/manager.py:209}}
Jul 01 02:00:55.015158 np0000004067 nova-scheduler[93229]: DEBUG nova.scheduler.request_filter [None req-82c93a08-0349-4c27-956d-2e31db329bf7 tempest-ServersNegativeTestJSON-768329614 tempest-ServersNegativeTestJSON-768329614-project-member] compute_status_filter request filter added forbidden trait COMPUTE_STATUS_DISABLED {{(pid=93229) compute_status_filter /opt/stack/nova/nova/scheduler/request_filter.py:253}}
Jul 01 02:00:55.015283 np0000004067 nova-scheduler[93229]: DEBUG nova.scheduler.request_filter [None req-82c93a08-0349-4c27-956d-2e31db329bf7 tempest-ServersNegativeTestJSON-768329614 tempest-ServersNegativeTestJSON-768329614-project-member] Request filter 'compute_status_filter' took 0.0 seconds {{(pid=93229) wrapper /opt/stack/nova/nova/scheduler/request_filter.py:46}}
Jul 01 02:00:55.015613 np0000004067 nova-scheduler[93229]: DEBUG nova.scheduler.request_filter [None req-82c93a08-0349-4c27-956d-2e31db329bf7 tempest-ServersNegativeTestJSON-768329614 tempest-ServersNegativeTestJSON-768329614-project-member] Request filter 'accelerators_filter' took 0.0 seconds {{(pid=93229) wrapper /opt/stack/nova/nova/scheduler/request_filter.py:46}}
Jul 01 02:00:55.016018 np0000004067 nova-scheduler[93229]: DEBUG nova.scheduler.request_filter [None req-82c93a08-0349-4c27-956d-2e31db329bf7 tempest-ServersNegativeTestJSON-768329614 tempest-ServersNegativeTestJSON-768329614-project-member] Request filter 'packed_virtqueue_filter' took 0.0 seconds {{(pid=93229) wrapper /opt/stack/nova/nova/scheduler/request_filter.py:46}}
Jul 01 02:00:55.016344 np0000004067 nova-scheduler[93229]: DEBUG nova.scheduler.request_filter [None req-82c93a08-0349-4c27-956d-2e31db329bf7 tempest-ServersNegativeTestJSON-768329614 tempest-ServersNegativeTestJSON-768329614-project-member] Request filter 'remote_managed_ports_filter' took 0.0 seconds {{(pid=93229) wrapper /opt/stack/nova/nova/scheduler/request_filter.py:46}}
Jul 01 02:00:55.016504 np0000004067 nova-scheduler[93229]: DEBUG nova.scheduler.request_filter [None req-82c93a08-0349-4c27-956d-2e31db329bf7 tempest-ServersNegativeTestJSON-768329614 tempest-ServersNegativeTestJSON-768329614-project-member] ephemeral_encryption_filter skipped {{(pid=93229) ephemeral_encryption_filter /opt/stack/nova/nova/scheduler/request_filter.py:426}}
Jul 01 02:00:55.016931 np0000004067 nova-scheduler[93229]: DEBUG nova.scheduler.request_filter [None req-82c93a08-0349-4c27-956d-2e31db329bf7 tempest-ServersNegativeTestJSON-768329614 tempest-ServersNegativeTestJSON-768329614-project-member] virtio_sound_filter skipped {{(pid=93229) virtio_sound_filter /opt/stack/nova/nova/scheduler/request_filter.py:460}}
Jul 01 02:00:55.017145 np0000004067 nova-scheduler[93229]: DEBUG nova.scheduler.request_filter [None req-82c93a08-0349-4c27-956d-2e31db329bf7 tempest-ServersNegativeTestJSON-768329614 tempest-ServersNegativeTestJSON-768329614-project-member] tpm_secret_security_filter skipped {{(pid=93229) tpm_secret_security_filter /opt/stack/nova/nova/scheduler/request_filter.py:477}}
Jul 01 02:00:55.136355 np0000004067 nova-scheduler[93229]: INFO nova.utils [None req-82c93a08-0349-4c27-956d-2e31db329bf7 tempest-ServersNegativeTestJSON-768329614 tempest-ServersNegativeTestJSON-768329614-project-member] The cell worker thread pool ForkProcess-2.cell_worker is initialized
Jul 01 02:00:55.136827 np0000004067 nova-scheduler[93229]: DEBUG oslo_concurrency.lockutils [None req-82c93a08-0349-4c27-956d-2e31db329bf7 tempest-ServersNegativeTestJSON-768329614 tempest-ServersNegativeTestJSON-768329614-project-member] Acquiring lock "f04d0495-3004-4618-8784-927306474f1f" by "nova.context.set_target_cell..get_or_set_cached_cell_and_set_connections" {{(pid=93229) inner /opt/stack/data/venv/lib/python3.12/site-packages/oslo_concurrency/lockutils.py:511}}
Jul 01 02:00:55.137299 np0000004067 nova-scheduler[93229]: DEBUG oslo_concurrency.lockutils [None req-82c93a08-0349-4c27-956d-2e31db329bf7 tempest-ServersNegativeTestJSON-768329614 tempest-ServersNegativeTestJSON-768329614-project-member] Lock "f04d0495-3004-4618-8784-927306474f1f" acquired by "nova.context.set_target_cell..get_or_set_cached_cell_and_set_connections" :: waited 0.001s {{(pid=93229) inner /opt/stack/data/venv/lib/python3.12/site-packages/oslo_concurrency/lockutils.py:524}}
Jul 01 02:00:55.139142 np0000004067 nova-scheduler[93229]: DEBUG oslo_concurrency.lockutils [None req-82c93a08-0349-4c27-956d-2e31db329bf7 tempest-ServersNegativeTestJSON-768329614 tempest-ServersNegativeTestJSON-768329614-project-member] Lock "f04d0495-3004-4618-8784-927306474f1f" "released" by "nova.context.set_target_cell..get_or_set_cached_cell_and_set_connections" :: held 0.002s {{(pid=93229) inner /opt/stack/data/venv/lib/python3.12/site-packages/oslo_concurrency/lockutils.py:543}}
Jul 01 02:00:55.141067 np0000004067 nova-scheduler[93229]: INFO dbcounter [None req-82c93a08-0349-4c27-956d-2e31db329bf7 tempest-ServersNegativeTestJSON-768329614 tempest-ServersNegativeTestJSON-768329614-project-member] Registered counter for database nova_cell1
Jul 01 02:00:55.174520 np0000004067 nova-scheduler[93229]: DEBUG oslo_db.sqlalchemy.engines [None req-82c93a08-0349-4c27-956d-2e31db329bf7 tempest-ServersNegativeTestJSON-768329614 tempest-ServersNegativeTestJSON-768329614-project-member] MySQL server mode set to STRICT_TRANS_TABLES,STRICT_ALL_TABLES,NO_ZERO_IN_DATE,NO_ZERO_DATE,ERROR_FOR_DIVISION_BY_ZERO,TRADITIONAL,NO_ENGINE_SUBSTITUTION {{(pid=93229) _check_effective_sql_mode /opt/stack/data/venv/lib/python3.12/site-packages/oslo_db/sqlalchemy/engines.py:325}}
Jul 01 02:00:55.181109 np0000004067 nova-scheduler[93229]: DEBUG dbcounter [-] [93229] Writer thread running {{(pid=93229) stat_writer /opt/stack/data/venv/lib/python3.12/site-packages/dbcounter.py:102}}
Jul 01 02:00:55.257126 np0000004067 nova-scheduler[93229]: DEBUG dbcounter [-] [93229] Writer thread running {{(pid=93229) stat_writer /opt/stack/data/venv/lib/python3.12/site-packages/dbcounter.py:102}}
Jul 01 02:00:55.260395 np0000004067 nova-scheduler[93229]: DEBUG oslo_concurrency.lockutils [None req-82c93a08-0349-4c27-956d-2e31db329bf7 tempest-ServersNegativeTestJSON-768329614 tempest-ServersNegativeTestJSON-768329614-project-member] Acquiring lock "f04d0495-3004-4618-8784-927306474f1f" by "nova.context.set_target_cell..get_or_set_cached_cell_and_set_connections" {{(pid=93229) inner /opt/stack/data/venv/lib/python3.12/site-packages/oslo_concurrency/lockutils.py:511}}
Jul 01 02:00:55.260638 np0000004067 nova-scheduler[93229]: DEBUG oslo_concurrency.lockutils [None req-82c93a08-0349-4c27-956d-2e31db329bf7 tempest-ServersNegativeTestJSON-768329614 tempest-ServersNegativeTestJSON-768329614-project-member] Lock "f04d0495-3004-4618-8784-927306474f1f" acquired by "nova.context.set_target_cell..get_or_set_cached_cell_and_set_connections" :: waited 0.000s {{(pid=93229) inner /opt/stack/data/venv/lib/python3.12/site-packages/oslo_concurrency/lockutils.py:524}}
Jul 01 02:00:55.261424 np0000004067 nova-scheduler[93229]: DEBUG oslo_concurrency.lockutils [None req-82c93a08-0349-4c27-956d-2e31db329bf7 tempest-ServersNegativeTestJSON-768329614 tempest-ServersNegativeTestJSON-768329614-project-member] Lock "f04d0495-3004-4618-8784-927306474f1f" "released" by "nova.context.set_target_cell..get_or_set_cached_cell_and_set_connections" :: held 0.000s {{(pid=93229) inner /opt/stack/data/venv/lib/python3.12/site-packages/oslo_concurrency/lockutils.py:543}}
Jul 01 02:00:55.267167 np0000004067 nova-scheduler[93229]: DEBUG oslo_concurrency.lockutils [None req-82c93a08-0349-4c27-956d-2e31db329bf7 tempest-ServersNegativeTestJSON-768329614 tempest-ServersNegativeTestJSON-768329614-project-member] Acquiring lock "np0000004067-np0000004067" by "nova.scheduler.host_manager.HostState.update.._locked_update" {{(pid=93229) inner /opt/stack/data/venv/lib/python3.12/site-packages/oslo_concurrency/lockutils.py:511}}
Jul 01 02:00:55.267373 np0000004067 nova-scheduler[93229]: DEBUG oslo_concurrency.lockutils [None req-82c93a08-0349-4c27-956d-2e31db329bf7 tempest-ServersNegativeTestJSON-768329614 tempest-ServersNegativeTestJSON-768329614-project-member] Lock "np0000004067-np0000004067" acquired by "nova.scheduler.host_manager.HostState.update.._locked_update" :: waited 0.000s {{(pid=93229) inner /opt/stack/data/venv/lib/python3.12/site-packages/oslo_concurrency/lockutils.py:524}}
