May 12 23:01:46.335541 np0000000657 nova-scheduler[95322]: DEBUG dbcounter [-] [95322] Writer thread running {{(pid=95322) stat_writer /opt/stack/data/venv/lib/python3.12/site-packages/dbcounter.py:102}}
May 12 23:01:46.335568 np0000000657 nova-scheduler[95329]: DEBUG cotyledon.oslo_config_glue [-] oslo_messaging_notifications.transport_url = **** {{(pid=95329) log_opt_values /opt/stack/data/venv/lib/python3.12/site-packages/oslo_config/cfg.py:3006}}
May 12 23:01:46.335568 np0000000657 nova-scheduler[95329]: DEBUG cotyledon.oslo_config_glue [-] oslo_limit.auth_section = None {{(pid=95329) log_opt_values /opt/stack/data/venv/lib/python3.12/site-packages/oslo_config/cfg.py:3006}}
May 12 23:01:46.335568 np0000000657 nova-scheduler[95329]: DEBUG cotyledon.oslo_config_glue [-] oslo_limit.auth_type = None {{(pid=95329) log_opt_values /opt/stack/data/venv/lib/python3.12/site-packages/oslo_config/cfg.py:3006}}
May 12 23:01:46.335568 np0000000657 nova-scheduler[95329]: DEBUG cotyledon.oslo_config_glue [-] oslo_limit.cafile = None {{(pid=95329) log_opt_values /opt/stack/data/venv/lib/python3.12/site-packages/oslo_config/cfg.py:3006}}
May 12 23:01:46.335568 np0000000657 nova-scheduler[95329]: DEBUG cotyledon.oslo_config_glue [-] oslo_limit.certfile = None {{(pid=95329) log_opt_values /opt/stack/data/venv/lib/python3.12/site-packages/oslo_config/cfg.py:3006}}
May 12 23:01:46.335568 np0000000657 nova-scheduler[95329]: DEBUG cotyledon.oslo_config_glue [-] oslo_limit.collect_timing = False {{(pid=95329) log_opt_values /opt/stack/data/venv/lib/python3.12/site-packages/oslo_config/cfg.py:3006}}
May 12 23:01:46.335568 np0000000657 nova-scheduler[95329]: DEBUG cotyledon.oslo_config_glue [-] oslo_limit.connect_retries = None {{(pid=95329) log_opt_values /opt/stack/data/venv/lib/python3.12/site-packages/oslo_config/cfg.py:3006}}
May 12 23:01:46.335568 np0000000657 nova-scheduler[95329]: DEBUG cotyledon.oslo_config_glue [-] oslo_limit.connect_retry_delay = None {{(pid=95329) log_opt_values /opt/stack/data/venv/lib/python3.12/site-packages/oslo_config/cfg.py:3006}}
May 12 23:01:46.335568 np0000000657 nova-scheduler[95329]: DEBUG cotyledon.oslo_config_glue [-] oslo_limit.endpoint_id = None {{(pid=95329) log_opt_values /opt/stack/data/venv/lib/python3.12/site-packages/oslo_config/cfg.py:3006}}
May 12 23:01:46.335759 np0000000657 nova-scheduler[95329]: DEBUG cotyledon.oslo_config_glue [-] oslo_limit.endpoint_interface = public {{(pid=95329) log_opt_values /opt/stack/data/venv/lib/python3.12/site-packages/oslo_config/cfg.py:3006}}
May 12 23:01:46.335759 np0000000657 nova-scheduler[95329]: DEBUG cotyledon.oslo_config_glue [-] oslo_limit.endpoint_override = None {{(pid=95329) log_opt_values /opt/stack/data/venv/lib/python3.12/site-packages/oslo_config/cfg.py:3006}}
May 12 23:01:46.335759 np0000000657 nova-scheduler[95329]: DEBUG cotyledon.oslo_config_glue [-] oslo_limit.endpoint_region_name = None {{(pid=95329) log_opt_values /opt/stack/data/venv/lib/python3.12/site-packages/oslo_config/cfg.py:3006}}
May 12 23:01:46.335839 np0000000657 nova-scheduler[95324]: INFO nova.service [-] Starting scheduler node (version 33.1.0)
May 12 23:01:46.336001 np0000000657 nova-scheduler[95329]: DEBUG cotyledon.oslo_config_glue [-] oslo_limit.endpoint_service_name = None {{(pid=95329) log_opt_values /opt/stack/data/venv/lib/python3.12/site-packages/oslo_config/cfg.py:3006}}
May 12 23:01:46.336001 np0000000657 nova-scheduler[95329]: DEBUG cotyledon.oslo_config_glue [-] oslo_limit.endpoint_service_type = None {{(pid=95329) log_opt_values /opt/stack/data/venv/lib/python3.12/site-packages/oslo_config/cfg.py:3006}}
May 12 23:01:46.336001 np0000000657 nova-scheduler[95329]: DEBUG cotyledon.oslo_config_glue [-] oslo_limit.insecure = False {{(pid=95329) log_opt_values /opt/stack/data/venv/lib/python3.12/site-packages/oslo_config/cfg.py:3006}}
May 12 23:01:46.336001 np0000000657 nova-scheduler[95329]: DEBUG cotyledon.oslo_config_glue [-] oslo_limit.keyfile = None {{(pid=95329) log_opt_values /opt/stack/data/venv/lib/python3.12/site-packages/oslo_config/cfg.py:3006}}
May 12 23:01:46.336001 np0000000657 nova-scheduler[95329]: DEBUG cotyledon.oslo_config_glue [-] oslo_limit.max_version = None {{(pid=95329) log_opt_values /opt/stack/data/venv/lib/python3.12/site-packages/oslo_config/cfg.py:3006}}
May 12 23:01:46.336001 np0000000657 nova-scheduler[95329]: DEBUG cotyledon.oslo_config_glue [-] oslo_limit.min_version = None {{(pid=95329) log_opt_values /opt/stack/data/venv/lib/python3.12/site-packages/oslo_config/cfg.py:3006}}
May 12 23:01:46.336001 np0000000657 nova-scheduler[95329]: DEBUG cotyledon.oslo_config_glue [-] oslo_limit.region_name = None {{(pid=95329) log_opt_values /opt/stack/data/venv/lib/python3.12/site-packages/oslo_config/cfg.py:3006}}
May 12 23:01:46.336001 np0000000657 nova-scheduler[95329]: DEBUG cotyledon.oslo_config_glue [-] oslo_limit.retriable_status_codes = None {{(pid=95329) log_opt_values /opt/stack/data/venv/lib/python3.12/site-packages/oslo_config/cfg.py:3006}}
May 12 23:01:46.336001 np0000000657 nova-scheduler[95329]: DEBUG cotyledon.oslo_config_glue [-] oslo_limit.service_name = None {{(pid=95329) log_opt_values /opt/stack/data/venv/lib/python3.12/site-packages/oslo_config/cfg.py:3006}}
May 12 23:01:46.336207 np0000000657 nova-scheduler[95329]: DEBUG cotyledon.oslo_config_glue [-] oslo_limit.service_type = None {{(pid=95329) log_opt_values /opt/stack/data/venv/lib/python3.12/site-packages/oslo_config/cfg.py:3006}}
May 12 23:01:46.336207 np0000000657 nova-scheduler[95329]: DEBUG cotyledon.oslo_config_glue [-] oslo_limit.split_loggers = False {{(pid=95329) log_opt_values /opt/stack/data/venv/lib/python3.12/site-packages/oslo_config/cfg.py:3006}}
May 12 23:01:46.336207 np0000000657 nova-scheduler[95329]: DEBUG cotyledon.oslo_config_glue [-] oslo_limit.status_code_retries = None {{(pid=95329) log_opt_values /opt/stack/data/venv/lib/python3.12/site-packages/oslo_config/cfg.py:3006}}
May 12 23:01:46.336207 np0000000657 nova-scheduler[95329]: DEBUG cotyledon.oslo_config_glue [-] oslo_limit.status_code_retry_delay = None {{(pid=95329) log_opt_values /opt/stack/data/venv/lib/python3.12/site-packages/oslo_config/cfg.py:3006}}
May 12 23:01:46.336207 np0000000657 nova-scheduler[95329]: DEBUG cotyledon.oslo_config_glue [-] oslo_limit.timeout = None {{(pid=95329) log_opt_values /opt/stack/data/venv/lib/python3.12/site-packages/oslo_config/cfg.py:3006}}
May 12 23:01:46.336207 np0000000657 nova-scheduler[95329]: DEBUG cotyledon.oslo_config_glue [-] oslo_limit.valid_interfaces = None {{(pid=95329) log_opt_values /opt/stack/data/venv/lib/python3.12/site-packages/oslo_config/cfg.py:3006}}
May 12 23:01:46.336207 np0000000657 nova-scheduler[95329]: DEBUG cotyledon.oslo_config_glue [-] oslo_limit.version = None {{(pid=95329) log_opt_values /opt/stack/data/venv/lib/python3.12/site-packages/oslo_config/cfg.py:3006}}
May 12 23:01:46.336207 np0000000657 nova-scheduler[95329]: DEBUG cotyledon.oslo_config_glue [-] oslo_reports.file_event_handler = None {{(pid=95329) log_opt_values /opt/stack/data/venv/lib/python3.12/site-packages/oslo_config/cfg.py:3006}}
May 12 23:01:46.336207 np0000000657 nova-scheduler[95329]: DEBUG cotyledon.oslo_config_glue [-] oslo_reports.file_event_handler_interval = 1 {{(pid=95329) log_opt_values /opt/stack/data/venv/lib/python3.12/site-packages/oslo_config/cfg.py:3006}}
May 12 23:01:46.336405 np0000000657 nova-scheduler[95329]: DEBUG cotyledon.oslo_config_glue [-] oslo_reports.log_dir = None {{(pid=95329) log_opt_values /opt/stack/data/venv/lib/python3.12/site-packages/oslo_config/cfg.py:3006}}
May 12 23:01:46.336405 np0000000657 nova-scheduler[95329]: DEBUG cotyledon.oslo_config_glue [-] ******************************************************************************** {{(pid=95329) log_opt_values /opt/stack/data/venv/lib/python3.12/site-packages/oslo_config/cfg.py:3013}}
May 12 23:01:46.336405 np0000000657 nova-scheduler[95329]: DEBUG cotyledon._service_worker [-] Run service ServiceWrapper(2) [95329] {{(pid=95329) wait_forever /opt/stack/data/venv/lib/python3.12/site-packages/cotyledon/_service_worker.py:218}}
May 12 23:01:46.336405 np0000000657 nova-scheduler[95329]: INFO nova.service [-] Starting scheduler node (version 33.1.0)
May 12 23:01:46.340435 np0000000657 nova-scheduler[95329]: INFO dbcounter [None req-1f81e0f4-adb9-43e2-93a7-45f24bff215e None None] Registered counter for database nova_cell0
May 12 23:01:46.342111 np0000000657 nova-scheduler[95324]: INFO dbcounter [None req-34738fa1-fc6e-457b-bf44-c61ce651839f None None] Registered counter for database nova_cell0
May 12 23:01:46.345989 np0000000657 nova-scheduler[95322]: DEBUG nova.service [None req-3a09e9f2-5b21-46a8-893f-68c59d9cd1f6 None None] Creating RPC server for service: nova-scheduler on topic: scheduler {{(pid=95322) start /opt/stack/nova/nova/service.py:195}}
May 12 23:01:46.359043 np0000000657 nova-scheduler[95324]: DEBUG oslo_db.sqlalchemy.engines [None req-34738fa1-fc6e-457b-bf44-c61ce651839f None None] MySQL server mode set to STRICT_TRANS_TABLES,STRICT_ALL_TABLES,NO_ZERO_IN_DATE,NO_ZERO_DATE,ERROR_FOR_DIVISION_BY_ZERO,TRADITIONAL,NO_ENGINE_SUBSTITUTION {{(pid=95324) _check_effective_sql_mode /opt/stack/data/venv/lib/python3.12/site-packages/oslo_db/sqlalchemy/engines.py:325}}
May 12 23:01:46.359173 np0000000657 nova-scheduler[95329]: DEBUG oslo_db.sqlalchemy.engines [None req-1f81e0f4-adb9-43e2-93a7-45f24bff215e None None] MySQL server mode set to STRICT_TRANS_TABLES,STRICT_ALL_TABLES,NO_ZERO_IN_DATE,NO_ZERO_DATE,ERROR_FOR_DIVISION_BY_ZERO,TRADITIONAL,NO_ENGINE_SUBSTITUTION {{(pid=95329) _check_effective_sql_mode /opt/stack/data/venv/lib/python3.12/site-packages/oslo_db/sqlalchemy/engines.py:325}}
May 12 23:01:46.373510 np0000000657 nova-scheduler[95329]: DEBUG dbcounter [-] [95329] Writer thread running {{(pid=95329) stat_writer /opt/stack/data/venv/lib/python3.12/site-packages/dbcounter.py:102}}
May 12 23:01:46.374689 np0000000657 nova-scheduler[95324]: DEBUG dbcounter [-] [95324] Writer thread running {{(pid=95324) stat_writer /opt/stack/data/venv/lib/python3.12/site-packages/dbcounter.py:102}}
May 12 23:01:46.377152 np0000000657 nova-scheduler[95329]: DEBUG nova.service [None req-1f81e0f4-adb9-43e2-93a7-45f24bff215e None None] Creating RPC server for service: nova-scheduler on topic: scheduler {{(pid=95329) start /opt/stack/nova/nova/service.py:195}}
May 12 23:01:46.378574 np0000000657 nova-scheduler[95324]: DEBUG nova.service [None req-34738fa1-fc6e-457b-bf44-c61ce651839f None None] Creating RPC server for service: nova-scheduler on topic: scheduler {{(pid=95324) start /opt/stack/nova/nova/service.py:195}}
May 12 23:01:46.382342 np0000000657 nova-scheduler[95322]: DEBUG nova.service [None req-3a09e9f2-5b21-46a8-893f-68c59d9cd1f6 None None] Join ServiceGroup membership for this service scheduler {{(pid=95322) start /opt/stack/nova/nova/service.py:221}}
May 12 23:01:46.382648 np0000000657 nova-scheduler[95322]: DEBUG nova.servicegroup.drivers.db [None req-3a09e9f2-5b21-46a8-893f-68c59d9cd1f6 None None] DB_Driver: join new ServiceGroup member np0000000657 to the scheduler group, service = {{(pid=95322) join /opt/stack/nova/nova/servicegroup/drivers/db.py:44}}
May 12 23:01:46.398275 np0000000657 nova-scheduler[95324]: DEBUG nova.service [None req-34738fa1-fc6e-457b-bf44-c61ce651839f None None] Join ServiceGroup membership for this service scheduler {{(pid=95324) start /opt/stack/nova/nova/service.py:221}}
May 12 23:01:46.398431 np0000000657 nova-scheduler[95329]: DEBUG nova.service [None req-1f81e0f4-adb9-43e2-93a7-45f24bff215e None None] Join ServiceGroup membership for this service scheduler {{(pid=95329) start /opt/stack/nova/nova/service.py:221}}
May 12 23:01:46.398467 np0000000657 nova-scheduler[95324]: DEBUG nova.servicegroup.drivers.db [None req-34738fa1-fc6e-457b-bf44-c61ce651839f None None] DB_Driver: join new ServiceGroup member np0000000657 to the scheduler group, service = {{(pid=95324) join /opt/stack/nova/nova/servicegroup/drivers/db.py:44}}
May 12 23:01:46.398902 np0000000657 nova-scheduler[95329]: DEBUG nova.servicegroup.drivers.db [None req-1f81e0f4-adb9-43e2-93a7-45f24bff215e None None] DB_Driver: join new ServiceGroup member np0000000657 to the scheduler group, service = {{(pid=95329) join /opt/stack/nova/nova/servicegroup/drivers/db.py:44}}
May 12 23:01:51.395060 np0000000657 nova-scheduler[95322]: DEBUG oslo.service.backend._threading.loopingcall [-] Fixed interval looping call 'nova.servicegroup.drivers.db.DbDriver._report_state' sleeping for 119.99 seconds {{(pid=95322) _run_loop /opt/stack/data/venv/lib/python3.12/site-packages/oslo_service/backend/_threading/loopingcall.py:125}}
May 12 23:01:51.410794 np0000000657 nova-scheduler[95329]: DEBUG oslo.service.backend._threading.loopingcall [-] Fixed interval looping call 'nova.servicegroup.drivers.db.DbDriver._report_state' sleeping for 119.99 seconds {{(pid=95329) _run_loop /opt/stack/data/venv/lib/python3.12/site-packages/oslo_service/backend/_threading/loopingcall.py:125}}
May 12 23:01:51.416251 np0000000657 nova-scheduler[95324]: DEBUG oslo.service.backend._threading.loopingcall [-] Fixed interval looping call 'nova.servicegroup.drivers.db.DbDriver._report_state' sleeping for 119.98 seconds {{(pid=95324) _run_loop /opt/stack/data/venv/lib/python3.12/site-packages/oslo_service/backend/_threading/loopingcall.py:125}}
May 12 23:01:54.400915 np0000000657 nova-scheduler[95329]: DEBUG oslo.service.backend._threading.loopingcall [None req-621a5983-652a-49c1-978d-e04d8387e34d None None] Dynamic interval looping call 'nova.service.Service.periodic_tasks' sleeping for 60.00 seconds {{(pid=95329) _run_loop /opt/stack/data/venv/lib/python3.12/site-packages/oslo_service/backend/_threading/loopingcall.py:125}}
May 12 23:01:55.028563 np0000000657 nova-scheduler[94122]: DEBUG dbcounter [-] [94122] Writing DB stats nova_api:SELECT=3 {{(pid=94122) stat_writer /opt/stack/data/venv/lib/python3.12/site-packages/dbcounter.py:115}}
May 12 23:01:55.106143 np0000000657 nova-scheduler[94122]: DEBUG dbcounter [-] [94122] Writing DB stats nova_cell0:SELECT=1 {{(pid=94122) stat_writer /opt/stack/data/venv/lib/python3.12/site-packages/dbcounter.py:115}}
May 12 23:01:55.111128 np0000000657 nova-scheduler[94122]: DEBUG dbcounter [-] [94122] Writing DB stats nova_cell1:SELECT=1 {{(pid=94122) stat_writer /opt/stack/data/venv/lib/python3.12/site-packages/dbcounter.py:115}}
May 12 23:02:01.392396 np0000000657 nova-scheduler[95322]: DEBUG dbcounter [-] [95322] Writing DB stats nova_cell0:SELECT=4,nova_cell0:INSERT=1,nova_cell0:UPDATE=1 {{(pid=95322) stat_writer /opt/stack/data/venv/lib/python3.12/site-packages/dbcounter.py:115}}
May 12 23:02:01.407175 np0000000657 nova-scheduler[95329]: DEBUG dbcounter [-] [95329] Writing DB stats nova_cell0:SELECT=3 {{(pid=95329) stat_writer /opt/stack/data/venv/lib/python3.12/site-packages/dbcounter.py:115}}
May 12 23:02:01.410060 np0000000657 nova-scheduler[95324]: DEBUG dbcounter [-] [95324] Writing DB stats nova_cell0:SELECT=3 {{(pid=95324) stat_writer /opt/stack/data/venv/lib/python3.12/site-packages/dbcounter.py:115}}
May 12 23:02:22.385222 np0000000657 nova-scheduler[95322]: DEBUG oslo.service.backend._threading.loopingcall [None req-58d0acc4-d906-4e46-bc80-7a9cec8c5678 None None] Dynamic interval looping call 'nova.service.Service.periodic_tasks' sleeping for 60.00 seconds {{(pid=95322) _run_loop /opt/stack/data/venv/lib/python3.12/site-packages/oslo_service/backend/_threading/loopingcall.py:125}}
May 12 23:02:40.400368 np0000000657 nova-scheduler[95324]: DEBUG oslo.service.backend._threading.loopingcall [None req-168ee367-0f40-4f1e-9243-fe522ca4336f None None] Dynamic interval looping call 'nova.service.Service.periodic_tasks' sleeping for 60.00 seconds {{(pid=95324) _run_loop /opt/stack/data/venv/lib/python3.12/site-packages/oslo_service/backend/_threading/loopingcall.py:125}}
May 12 23:02:54.401466 np0000000657 nova-scheduler[95329]: DEBUG oslo.service.backend._threading.loopingcall [None req-621a5983-652a-49c1-978d-e04d8387e34d None None] Dynamic interval looping call 'nova.service.Service.periodic_tasks' sleeping for 60.00 seconds {{(pid=95329) _run_loop /opt/stack/data/venv/lib/python3.12/site-packages/oslo_service/backend/_threading/loopingcall.py:125}}
May 12 23:03:22.385680 np0000000657 nova-scheduler[95322]: DEBUG oslo.service.backend._threading.loopingcall [None req-58d0acc4-d906-4e46-bc80-7a9cec8c5678 None None] Dynamic interval looping call 'nova.service.Service.periodic_tasks' sleeping for 60.00 seconds {{(pid=95322) _run_loop /opt/stack/data/venv/lib/python3.12/site-packages/oslo_service/backend/_threading/loopingcall.py:125}}
May 12 23:03:40.400855 np0000000657 nova-scheduler[95324]: DEBUG oslo.service.backend._threading.loopingcall [None req-168ee367-0f40-4f1e-9243-fe522ca4336f None None] Dynamic interval looping call 'nova.service.Service.periodic_tasks' sleeping for 60.00 seconds {{(pid=95324) _run_loop /opt/stack/data/venv/lib/python3.12/site-packages/oslo_service/backend/_threading/loopingcall.py:125}}
May 12 23:03:51.391521 np0000000657 nova-scheduler[95322]: DEBUG oslo.service.backend._threading.loopingcall [-] Fixed interval looping call 'nova.servicegroup.drivers.db.DbDriver._report_state' sleeping for 119.99 seconds {{(pid=95322) _run_loop /opt/stack/data/venv/lib/python3.12/site-packages/oslo_service/backend/_threading/loopingcall.py:125}}
May 12 23:03:51.399650 np0000000657 nova-scheduler[95324]: DEBUG oslo.service.backend._threading.loopingcall [-] Fixed interval looping call 'nova.servicegroup.drivers.db.DbDriver._report_state' sleeping for 120.00 seconds {{(pid=95324) _run_loop /opt/stack/data/venv/lib/python3.12/site-packages/oslo_service/backend/_threading/loopingcall.py:125}}
May 12 23:03:51.404116 np0000000657 nova-scheduler[95329]: DEBUG oslo.service.backend._threading.loopingcall [-] Fixed interval looping call 'nova.servicegroup.drivers.db.DbDriver._report_state' sleeping for 120.00 seconds {{(pid=95329) _run_loop /opt/stack/data/venv/lib/python3.12/site-packages/oslo_service/backend/_threading/loopingcall.py:125}}
May 12 23:03:54.401930 np0000000657 nova-scheduler[95329]: DEBUG oslo.service.backend._threading.loopingcall [None req-621a5983-652a-49c1-978d-e04d8387e34d None None] Dynamic interval looping call 'nova.service.Service.periodic_tasks' sleeping for 60.00 seconds {{(pid=95329) _run_loop /opt/stack/data/venv/lib/python3.12/site-packages/oslo_service/backend/_threading/loopingcall.py:125}}
May 12 23:04:01.388357 np0000000657 nova-scheduler[95322]: DEBUG dbcounter [-] [95322] Writing DB stats nova_cell0:SELECT=1,nova_cell0:UPDATE=1 {{(pid=95322) stat_writer /opt/stack/data/venv/lib/python3.12/site-packages/dbcounter.py:115}}
May 12 23:04:01.398732 np0000000657 nova-scheduler[95324]: DEBUG dbcounter [-] [95324] Writing DB stats nova_cell0:SELECT=1 {{(pid=95324) stat_writer /opt/stack/data/venv/lib/python3.12/site-packages/dbcounter.py:115}}
May 12 23:04:01.402998 np0000000657 nova-scheduler[95329]: DEBUG dbcounter [-] [95329] Writing DB stats nova_cell0:SELECT=1 {{(pid=95329) stat_writer /opt/stack/data/venv/lib/python3.12/site-packages/dbcounter.py:115}}
May 12 23:04:19.345984 np0000000657 nova-scheduler[95322]: DEBUG nova.scheduler.manager [None req-f9731218-8870-4a9f-848a-6249c2d5c2cd tempest-ServersNegativeTestJSON-1642389008 tempest-ServersNegativeTestJSON-1642389008-project-member] Starting to schedule for instances: ['364ba1c5-7fb6-4d1d-9b1e-e690aa045e05'] {{(pid=95322) select_destinations /opt/stack/nova/nova/scheduler/manager.py:210}}
May 12 23:04:19.346666 np0000000657 nova-scheduler[95322]: DEBUG nova.scheduler.request_filter [None req-f9731218-8870-4a9f-848a-6249c2d5c2cd tempest-ServersNegativeTestJSON-1642389008 tempest-ServersNegativeTestJSON-1642389008-project-member] compute_status_filter request filter added forbidden trait COMPUTE_STATUS_DISABLED {{(pid=95322) compute_status_filter /opt/stack/nova/nova/scheduler/request_filter.py:253}}
May 12 23:04:19.346772 np0000000657 nova-scheduler[95322]: DEBUG nova.scheduler.request_filter [None req-f9731218-8870-4a9f-848a-6249c2d5c2cd tempest-ServersNegativeTestJSON-1642389008 tempest-ServersNegativeTestJSON-1642389008-project-member] Request filter 'compute_status_filter' took 0.0 seconds {{(pid=95322) wrapper /opt/stack/nova/nova/scheduler/request_filter.py:46}}
May 12 23:04:19.347011 np0000000657 nova-scheduler[95322]: DEBUG nova.scheduler.request_filter [None req-f9731218-8870-4a9f-848a-6249c2d5c2cd tempest-ServersNegativeTestJSON-1642389008 tempest-ServersNegativeTestJSON-1642389008-project-member] Request filter 'accelerators_filter' took 0.0 seconds {{(pid=95322) wrapper /opt/stack/nova/nova/scheduler/request_filter.py:46}}
May 12 23:04:19.347159 np0000000657 nova-scheduler[95322]: DEBUG nova.scheduler.request_filter [None req-f9731218-8870-4a9f-848a-6249c2d5c2cd tempest-ServersNegativeTestJSON-1642389008 tempest-ServersNegativeTestJSON-1642389008-project-member] Request filter 'packed_virtqueue_filter' took 0.0 seconds {{(pid=95322) wrapper /opt/stack/nova/nova/scheduler/request_filter.py:46}}
May 12 23:04:19.348416 np0000000657 nova-scheduler[95322]: DEBUG nova.scheduler.request_filter [None req-f9731218-8870-4a9f-848a-6249c2d5c2cd tempest-ServersNegativeTestJSON-1642389008 tempest-ServersNegativeTestJSON-1642389008-project-member] Request filter 'remote_managed_ports_filter' took 0.0 seconds {{(pid=95322) wrapper /opt/stack/nova/nova/scheduler/request_filter.py:46}}
May 12 23:04:19.348739 np0000000657 nova-scheduler[95322]: DEBUG nova.scheduler.request_filter [None req-f9731218-8870-4a9f-848a-6249c2d5c2cd tempest-ServersNegativeTestJSON-1642389008 tempest-ServersNegativeTestJSON-1642389008-project-member] ephemeral_encryption_filter skipped {{(pid=95322) ephemeral_encryption_filter /opt/stack/nova/nova/scheduler/request_filter.py:426}}
May 12 23:04:19.350760 np0000000657 nova-scheduler[95322]: DEBUG nova.scheduler.request_filter [None req-f9731218-8870-4a9f-848a-6249c2d5c2cd tempest-ServersNegativeTestJSON-1642389008 tempest-ServersNegativeTestJSON-1642389008-project-member] virtio_sound_filter skipped {{(pid=95322) virtio_sound_filter /opt/stack/nova/nova/scheduler/request_filter.py:460}}
May 12 23:04:19.350760 np0000000657 nova-scheduler[95322]: DEBUG nova.scheduler.request_filter [None req-f9731218-8870-4a9f-848a-6249c2d5c2cd tempest-ServersNegativeTestJSON-1642389008 tempest-ServersNegativeTestJSON-1642389008-project-member] tpm_secret_security_filter skipped {{(pid=95322) tpm_secret_security_filter /opt/stack/nova/nova/scheduler/request_filter.py:477}}
May 12 23:04:19.817765 np0000000657 nova-scheduler[95322]: INFO nova.utils [None req-f9731218-8870-4a9f-848a-6249c2d5c2cd tempest-ServersNegativeTestJSON-1642389008 tempest-ServersNegativeTestJSON-1642389008-project-member] The cell worker thread pool ForkProcess-1.cell_worker is initialized
May 12 23:04:19.818115 np0000000657 nova-scheduler[95322]: DEBUG oslo_concurrency.lockutils [None req-f9731218-8870-4a9f-848a-6249c2d5c2cd tempest-ServersNegativeTestJSON-1642389008 tempest-ServersNegativeTestJSON-1642389008-project-member] Acquiring lock "6f371c0f-c44c-4b96-896d-b1fd7f9ee43e" by "nova.context.set_target_cell..get_or_set_cached_cell_and_set_connections" {{(pid=95322) inner /opt/stack/data/venv/lib/python3.12/site-packages/oslo_concurrency/lockutils.py:506}}
May 12 23:04:19.819247 np0000000657 nova-scheduler[95322]: DEBUG oslo_concurrency.lockutils [None req-f9731218-8870-4a9f-848a-6249c2d5c2cd tempest-ServersNegativeTestJSON-1642389008 tempest-ServersNegativeTestJSON-1642389008-project-member] Lock "6f371c0f-c44c-4b96-896d-b1fd7f9ee43e" acquired by "nova.context.set_target_cell..get_or_set_cached_cell_and_set_connections" :: waited 0.000s {{(pid=95322) inner /opt/stack/data/venv/lib/python3.12/site-packages/oslo_concurrency/lockutils.py:519}}
May 12 23:04:19.819447 np0000000657 nova-scheduler[95322]: DEBUG oslo_concurrency.lockutils [None req-f9731218-8870-4a9f-848a-6249c2d5c2cd tempest-ServersNegativeTestJSON-1642389008 tempest-ServersNegativeTestJSON-1642389008-project-member] Lock "6f371c0f-c44c-4b96-896d-b1fd7f9ee43e" "released" by "nova.context.set_target_cell..get_or_set_cached_cell_and_set_connections" :: held 0.001s {{(pid=95322) inner /opt/stack/data/venv/lib/python3.12/site-packages/oslo_concurrency/lockutils.py:538}}
May 12 23:04:19.821113 np0000000657 nova-scheduler[95322]: INFO dbcounter [None req-f9731218-8870-4a9f-848a-6249c2d5c2cd tempest-ServersNegativeTestJSON-1642389008 tempest-ServersNegativeTestJSON-1642389008-project-member] Registered counter for database nova_cell1
May 12 23:04:19.825806 np0000000657 nova-scheduler[95322]: DEBUG oslo_db.sqlalchemy.engines [None req-f9731218-8870-4a9f-848a-6249c2d5c2cd tempest-ServersNegativeTestJSON-1642389008 tempest-ServersNegativeTestJSON-1642389008-project-member] MySQL server mode set to STRICT_TRANS_TABLES,STRICT_ALL_TABLES,NO_ZERO_IN_DATE,NO_ZERO_DATE,ERROR_FOR_DIVISION_BY_ZERO,TRADITIONAL,NO_ENGINE_SUBSTITUTION {{(pid=95322) _check_effective_sql_mode /opt/stack/data/venv/lib/python3.12/site-packages/oslo_db/sqlalchemy/engines.py:325}}
May 12 23:04:19.832085 np0000000657 nova-scheduler[95322]: DEBUG dbcounter [-] [95322] Writer thread running {{(pid=95322) stat_writer /opt/stack/data/venv/lib/python3.12/site-packages/dbcounter.py:102}}
May 12 23:04:19.841952 np0000000657 nova-scheduler[95322]: DEBUG oslo_db.sqlalchemy.engines [None req-f9731218-8870-4a9f-848a-6249c2d5c2cd tempest-ServersNegativeTestJSON-1642389008 tempest-ServersNegativeTestJSON-1642389008-project-member] Parent process 94122 forked (95322) with an open database connection, which is being discarded and recreated. {{(pid=95322) checkout /opt/stack/data/venv/lib/python3.12/site-packages/oslo_db/sqlalchemy/engines.py:402}}
May 12 23:04:19.847010 np0000000657 nova-scheduler[95322]: DEBUG dbcounter [-] [95322] Writer thread running {{(pid=95322) stat_writer /opt/stack/data/venv/lib/python3.12/site-packages/dbcounter.py:102}}
May 12 23:04:19.849596 np0000000657 nova-scheduler[95322]: DEBUG oslo_concurrency.lockutils [None req-f9731218-8870-4a9f-848a-6249c2d5c2cd tempest-ServersNegativeTestJSON-1642389008 tempest-ServersNegativeTestJSON-1642389008-project-member] Acquiring lock "6f371c0f-c44c-4b96-896d-b1fd7f9ee43e" by "nova.context.set_target_cell..get_or_set_cached_cell_and_set_connections" {{(pid=95322) inner /opt/stack/data/venv/lib/python3.12/site-packages/oslo_concurrency/lockutils.py:506}}
May 12 23:04:19.849790 np0000000657 nova-scheduler[95322]: DEBUG oslo_concurrency.lockutils [None req-f9731218-8870-4a9f-848a-6249c2d5c2cd tempest-ServersNegativeTestJSON-1642389008 tempest-ServersNegativeTestJSON-1642389008-project-member] Lock "6f371c0f-c44c-4b96-896d-b1fd7f9ee43e" acquired by "nova.context.set_target_cell..get_or_set_cached_cell_and_set_connections" :: waited 0.000s {{(pid=95322) inner /opt/stack/data/venv/lib/python3.12/site-packages/oslo_concurrency/lockutils.py:519}}
May 12 23:04:19.849950 np0000000657 nova-scheduler[95322]: DEBUG oslo_concurrency.lockutils [None req-f9731218-8870-4a9f-848a-6249c2d5c2cd tempest-ServersNegativeTestJSON-1642389008 tempest-ServersNegativeTestJSON-1642389008-project-member] Lock "6f371c0f-c44c-4b96-896d-b1fd7f9ee43e" "released" by "nova.context.set_target_cell..get_or_set_cached_cell_and_set_connections" :: held 0.000s {{(pid=95322) inner /opt/stack/data/venv/lib/python3.12/site-packages/oslo_concurrency/lockutils.py:538}}
May 12 23:04:19.853491 np0000000657 nova-scheduler[95322]: DEBUG oslo_concurrency.lockutils [None req-f9731218-8870-4a9f-848a-6249c2d5c2cd tempest-ServersNegativeTestJSON-1642389008 tempest-ServersNegativeTestJSON-1642389008-project-member] Acquiring lock "('np0000000657', 'np0000000657')" by "nova.scheduler.host_manager.HostState.update.._locked_update" {{(pid=95322) inner /opt/stack/data/venv/lib/python3.12/site-packages/oslo_concurrency/lockutils.py:506}}
May 12 23:04:19.853653 np0000000657 nova-scheduler[95322]: DEBUG oslo_concurrency.lockutils [None req-f9731218-8870-4a9f-848a-6249c2d5c2cd tempest-ServersNegativeTestJSON-1642389008 tempest-ServersNegativeTestJSON-1642389008-project-member] Lock "('np0000000657', 'np0000000657')" acquired by "nova.scheduler.host_manager.HostState.update.._locked_update" :: waited 0.000s {{(pid=95322) inner /opt/stack/data/venv/lib/python3.12/site-packages/oslo_concurrency/lockutils.py:519}}
May 12 23:04:19.855731 np0000000657 nova-scheduler[95322]: DEBUG nova.scheduler.host_manager [None req-f9731218-8870-4a9f-848a-6249c2d5c2cd tempest-ServersNegativeTestJSON-1642389008 tempest-ServersNegativeTestJSON-1642389008-project-member] Update host state from compute node: ComputeNode(cpu_allocation_ratio=4.0,cpu_info='{"arch": "x86_64", "model": "EPYC-Milan", "vendor": "AMD", "topology": {"cells": 1, "sockets": 12, "cores": 1, "threads": 1}, "maxphysaddr": {"mode": "emulate", "bits": 40}, "features": ["mca", "tsc_adjust", "rdrand", "umip", "3dnowprefetch", "pse", "sha-ni", "lbrv", "pfthreshold", "amd-stibp", "de", "msr", "npt", "arch-capabilities", "abm", "fpu", "clwb", "pcid", "apic", "vpclmulqdq", "vmcb-clean", "svme-addr-chk", "lahf_lm", "xsavec", "mmx", "hypervisor", "cx8", "nx", "flushbyasid", "pku", "mce", "arat", "cx16", "stibp", "tsc-scale", "adx", "vgif", "vme", "amd-ssbd", "vaes", "xsaveerptr", "mtrr", "fsgsbase", "lfence-always-serializing", "rdtscp", "ssbd", "mds-no", "sse", "sse4a", "virt-ssbd", "xsave", "pae", "lm", "fsrm", "rdctl-no", "null-sel-clr-base", "rdseed", "clflushopt", "no-nested-data-bp", "pdpe1gb", "sse2", "sse4.2", "skip-l1dfl-vmentry", "smep", "aes", "stibp-always-on", "mmxext", "clflush", "svm", "bmi2", "v-vmsave-vmload", "misalignsse", "ibpb", "bmi1", "wbnoinvd", "clzero", "perfctr_core", "fxsr_opt", "pschange-mc-no", "xsaves", "movbe", "pat", "fma", "ssse3", "sep", "cr8legacy", "pge", "x2apic", "avx", "rdpid", "avx2", "cmp_legacy", "invpcid", "osvw", "ibrs", "pni", "erms", "pse36", "tsc-deadline", "syscall", "xgetbv1", "pause-filter", "xsaveopt", "spec-ctrl", "cmov", "f16c", "amd-psfd", "smap", "gds-no", "tsc", "fxsr", "popcnt", "pclmuldq", "nrip-save", "topoext", "sse4.1"]}',created_at=2026-05-12T23:02:10Z,current_workload=0,deleted=False,deleted_at=None,disk_allocation_ratio=1.0,disk_available_least=74,free_disk_gb=95,free_ram_mb=23518,host='np0000000657',host_ip=10.4.3.197,hypervisor_hostname='np0000000657',hypervisor_type='QEMU',hypervisor_version=8002002,id=1,local_gb=95,local_gb_used=0,mapped=1,memory_mb=24030,memory_mb_used=512,metrics='[]',numa_topology='{"nova_object.name": "NUMATopology", "nova_object.namespace": "nova", "nova_object.version": "1.2", "nova_object.data": {"cells": [{"nova_object.name": "NUMACell", "nova_object.namespace": "nova", "nova_object.version": "1.5", "nova_object.data": {"id": 0, "cpuset": [0, 1, 2, 3, 4, 5, 6, 7, 8, 9, 10, 11], "pcpuset": [0, 1, 2, 3, 4, 5, 6, 7, 8, 9, 10, 11], "memory": 24030, "cpu_usage": 0, "memory_usage": 0, "pinned_cpus": [], "siblings": [[6], [2], [5], [11], [8], [4], [1], [7], [10], [0], [3], [9]], "mempages": [{"nova_object.name": "NUMAPagesTopology", "nova_object.namespace": "nova", "nova_object.version": "1.1", "nova_object.data": {"size_kb": 4, "total": 6151794, "used": 0, "reserved": 0}, "nova_object.changes": ["total", "used", "reserved", "size_kb"]}, {"nova_object.name": "NUMAPagesTopology", "nova_object.namespace": "nova", "nova_object.version": "1.1", "nova_object.data": {"size_kb": 2048, "total": 0, "used": 0, "reserved": 0}, "nova_object.changes": ["total", "used", "reserved", "size_kb"]}, {"nova_object.name": "NUMAPagesTopology", "nova_object.namespace": "nova", "nova_object.version": "1.1", "nova_object.data": {"size_kb": 1048576, "total": 0, "used": 0, "reserved": 0}, "nova_object.changes": ["total", "used", "reserved", "size_kb"]}], "network_metadata": {"nova_object.name": "NetworkMetadata", "nova_object.namespace": "nova", "nova_object.version": "1.0", "nova_object.data": {"physnets": [], "tunneled": false}, "nova_object.changes": ["physnets", "tunneled"]}, "socket": null}, "nova_object.changes": ["cpu_usage", "pcpuset", "memory", "pinned_cpus", "memory_usage", "network_metadata", "id", "cpuset", "mempages", "siblings", "socket"]}]}, "nova_object.changes": ["cells"]}',pci_device_pools=PciDevicePoolList,ram_allocation_ratio=1.0,running_vms=0,service_id=4,stats={failed_builds='0',uptime=' 23:03:56 up 24 min, 2 users, load average: 1.33, 1.44, 0.82
May 12 23:04:19.855731 np0000000657 nova-scheduler[95322]: '},supported_hv_specs=[HVSpec,HVSpec,HVSpec,HVSpec,HVSpec,HVSpec,HVSpec,HVSpec,HVSpec,HVSpec,HVSpec,HVSpec,HVSpec,HVSpec,HVSpec,HVSpec,HVSpec,HVSpec,HVSpec,HVSpec,HVSpec,HVSpec,HVSpec,HVSpec,HVSpec],updated_at=2026-05-12T23:03:59Z,uuid=7195282c-4396-4d21-8b65-77b5e1e09f58,vcpus=12,vcpus_used=0) {{(pid=95322) _locked_update /opt/stack/nova/nova/scheduler/host_manager.py:168}}
May 12 23:04:19.855731 np0000000657 nova-scheduler[95322]: DEBUG nova.scheduler.host_manager [None req-f9731218-8870-4a9f-848a-6249c2d5c2cd tempest-ServersNegativeTestJSON-1642389008 tempest-ServersNegativeTestJSON-1642389008-project-member] Update host state with aggregates: [] {{(pid=95322) _locked_update /opt/stack/nova/nova/scheduler/host_manager.py:171}}
May 12 23:04:19.855731 np0000000657 nova-scheduler[95322]: DEBUG nova.scheduler.host_manager [None req-f9731218-8870-4a9f-848a-6249c2d5c2cd tempest-ServersNegativeTestJSON-1642389008 tempest-ServersNegativeTestJSON-1642389008-project-member] Update host state with service dict: {'id': 4, 'uuid': '499eb5f9-be78-4670-89d3-a0eb13780649', 'host': 'np0000000657', 'binary': 'nova-compute', 'topic': 'compute', 'report_count': 2, 'disabled': False, 'disabled_reason': None, 'last_seen_up': datetime.datetime(2026, 5, 12, 23, 4, 19, tzinfo=datetime.timezone.utc), 'forced_down': False, 'version': 72, 'created_at': datetime.datetime(2026, 5, 12, 23, 2, 9, tzinfo=datetime.timezone.utc), 'updated_at': datetime.datetime(2026, 5, 12, 23, 4, 19, tzinfo=datetime.timezone.utc), 'deleted_at': None, 'deleted': False} {{(pid=95322) _locked_update /opt/stack/nova/nova/scheduler/host_manager.py:174}}
May 12 23:04:19.855731 np0000000657 nova-scheduler[95322]: DEBUG nova.scheduler.host_manager [None req-f9731218-8870-4a9f-848a-6249c2d5c2cd tempest-ServersNegativeTestJSON-1642389008 tempest-ServersNegativeTestJSON-1642389008-project-member] Update host state with instances: [] {{(pid=95322) _locked_update /opt/stack/nova/nova/scheduler/host_manager.py:177}}
May 12 23:04:19.856047 np0000000657 nova-scheduler[95322]: DEBUG oslo_concurrency.lockutils [None req-f9731218-8870-4a9f-848a-6249c2d5c2cd tempest-ServersNegativeTestJSON-1642389008 tempest-ServersNegativeTestJSON-1642389008-project-member] Lock "('np0000000657', 'np0000000657')" "released" by "nova.scheduler.host_manager.HostState.update.._locked_update" :: held 0.002s {{(pid=95322) inner /opt/stack/data/venv/lib/python3.12/site-packages/oslo_concurrency/lockutils.py:538}}
May 12 23:04:19.856047 np0000000657 nova-scheduler[95322]: DEBUG nova.filters [None req-f9731218-8870-4a9f-848a-6249c2d5c2cd tempest-ServersNegativeTestJSON-1642389008 tempest-ServersNegativeTestJSON-1642389008-project-member] Starting with 1 host(s) {{(pid=95322) get_filtered_objects /opt/stack/nova/nova/filters.py:70}}
May 12 23:04:19.856285 np0000000657 nova-scheduler[95322]: DEBUG nova.filters [None req-f9731218-8870-4a9f-848a-6249c2d5c2cd tempest-ServersNegativeTestJSON-1642389008 tempest-ServersNegativeTestJSON-1642389008-project-member] Filter ComputeFilter returned 1 host(s) {{(pid=95322) get_filtered_objects /opt/stack/nova/nova/filters.py:102}}
May 12 23:04:19.856468 np0000000657 nova-scheduler[95322]: DEBUG nova.filters [None req-f9731218-8870-4a9f-848a-6249c2d5c2cd tempest-ServersNegativeTestJSON-1642389008 tempest-ServersNegativeTestJSON-1642389008-project-member] Filter ComputeCapabilitiesFilter returned 1 host(s) {{(pid=95322) get_filtered_objects /opt/stack/nova/nova/filters.py:102}}
May 12 23:04:19.856694 np0000000657 nova-scheduler[95322]: DEBUG nova.filters [None req-f9731218-8870-4a9f-848a-6249c2d5c2cd tempest-ServersNegativeTestJSON-1642389008 tempest-ServersNegativeTestJSON-1642389008-project-member] Filter ImagePropertiesFilter returned 1 host(s) {{(pid=95322) get_filtered_objects /opt/stack/nova/nova/filters.py:102}}
May 12 23:04:19.856873 np0000000657 nova-scheduler[95322]: DEBUG nova.filters [None req-f9731218-8870-4a9f-848a-6249c2d5c2cd tempest-ServersNegativeTestJSON-1642389008 tempest-ServersNegativeTestJSON-1642389008-project-member] Filter ServerGroupAntiAffinityFilter returned 1 host(s) {{(pid=95322) get_filtered_objects /opt/stack/nova/nova/filters.py:102}}
May 12 23:04:19.857049 np0000000657 nova-scheduler[95322]: DEBUG nova.filters [None req-f9731218-8870-4a9f-848a-6249c2d5c2cd tempest-ServersNegativeTestJSON-1642389008 tempest-ServersNegativeTestJSON-1642389008-project-member] Filter ServerGroupAffinityFilter returned 1 host(s) {{(pid=95322) get_filtered_objects /opt/stack/nova/nova/filters.py:102}}
May 12 23:04:19.857200 np0000000657 nova-scheduler[95322]: DEBUG nova.filters [None req-f9731218-8870-4a9f-848a-6249c2d5c2cd tempest-ServersNegativeTestJSON-1642389008 tempest-ServersNegativeTestJSON-1642389008-project-member] Filter SameHostFilter returned 1 host(s) {{(pid=95322) get_filtered_objects /opt/stack/nova/nova/filters.py:102}}
May 12 23:04:19.857889 np0000000657 nova-scheduler[95322]: DEBUG nova.filters [None req-f9731218-8870-4a9f-848a-6249c2d5c2cd tempest-ServersNegativeTestJSON-1642389008 tempest-ServersNegativeTestJSON-1642389008-project-member] Filter DifferentHostFilter returned 1 host(s) {{(pid=95322) get_filtered_objects /opt/stack/nova/nova/filters.py:102}}
May 12 23:04:19.857889 np0000000657 nova-scheduler[95322]: DEBUG nova.scheduler.manager [None req-f9731218-8870-4a9f-848a-6249c2d5c2cd tempest-ServersNegativeTestJSON-1642389008 tempest-ServersNegativeTestJSON-1642389008-project-member] Filtered [(np0000000657, np0000000657) ram: 23518MB disk: 75776MB io_ops: 0 instances: 0, allocation_candidates: 1] {{(pid=95322) _get_sorted_hosts /opt/stack/nova/nova/scheduler/manager.py:743}}
May 12 23:04:19.857889 np0000000657 nova-scheduler[95322]: DEBUG nova.scheduler.manager [None req-f9731218-8870-4a9f-848a-6249c2d5c2cd tempest-ServersNegativeTestJSON-1642389008 tempest-ServersNegativeTestJSON-1642389008-project-member] Weighed [WeighedHost [host: (np0000000657, np0000000657) ram: 23518MB disk: 75776MB io_ops: 0 instances: 0, allocation_candidates: 1, weight: 0.0]] {{(pid=95322) _get_sorted_hosts /opt/stack/nova/nova/scheduler/manager.py:765}}
May 12 23:04:19.857889 np0000000657 nova-scheduler[95322]: DEBUG nova.scheduler.utils [None req-f9731218-8870-4a9f-848a-6249c2d5c2cd tempest-ServersNegativeTestJSON-1642389008 tempest-ServersNegativeTestJSON-1642389008-project-member] Attempting to claim resources in the placement API for instance 364ba1c5-7fb6-4d1d-9b1e-e690aa045e05 {{(pid=95322) claim_resources /opt/stack/nova/nova/scheduler/utils.py:1304}}
May 12 23:04:19.980560 np0000000657 nova-scheduler[95322]: DEBUG nova.scheduler.manager [None req-f9731218-8870-4a9f-848a-6249c2d5c2cd tempest-ServersNegativeTestJSON-1642389008 tempest-ServersNegativeTestJSON-1642389008-project-member] [instance: 364ba1c5-7fb6-4d1d-9b1e-e690aa045e05] Selected host: (np0000000657, np0000000657) ram: 23518MB disk: 75776MB io_ops: 0 instances: 0, allocation_candidates: 1 {{(pid=95322) _consume_selected_host /opt/stack/nova/nova/scheduler/manager.py:625}}
May 12 23:04:19.980782 np0000000657 nova-scheduler[95322]: DEBUG oslo_concurrency.lockutils [None req-f9731218-8870-4a9f-848a-6249c2d5c2cd tempest-ServersNegativeTestJSON-1642389008 tempest-ServersNegativeTestJSON-1642389008-project-member] Acquiring lock "('np0000000657', 'np0000000657')" by "nova.scheduler.host_manager.HostState.consume_from_request.._locked" {{(pid=95322) inner /opt/stack/data/venv/lib/python3.12/site-packages/oslo_concurrency/lockutils.py:506}}
May 12 23:04:19.981017 np0000000657 nova-scheduler[95322]: DEBUG oslo_concurrency.lockutils [None req-f9731218-8870-4a9f-848a-6249c2d5c2cd tempest-ServersNegativeTestJSON-1642389008 tempest-ServersNegativeTestJSON-1642389008-project-member] Lock "('np0000000657', 'np0000000657')" acquired by "nova.scheduler.host_manager.HostState.consume_from_request.._locked" :: waited 0.000s {{(pid=95322) inner /opt/stack/data/venv/lib/python3.12/site-packages/oslo_concurrency/lockutils.py:519}}
May 12 23:04:19.981071 np0000000657 nova-scheduler[95322]: DEBUG oslo_concurrency.lockutils [None req-f9731218-8870-4a9f-848a-6249c2d5c2cd tempest-ServersNegativeTestJSON-1642389008 tempest-ServersNegativeTestJSON-1642389008-project-member] Lock "('np0000000657', 'np0000000657')" "released" by "nova.scheduler.host_manager.HostState.consume_from_request.._locked" :: held 0.000s {{(pid=95322) inner /opt/stack/data/venv/lib/python3.12/site-packages/oslo_concurrency/lockutils.py:538}}
May 12 23:04:20.874427 np0000000657 nova-scheduler[95324]: DEBUG nova.scheduler.manager [None req-0c629939-da7f-474a-8218-cfa8675accb4 tempest-ServerBootFromVolumeStableRescueTest-2013126097 tempest-ServerBootFromVolumeStableRescueTest-2013126097-project-member] Starting to schedule for instances: ['4240eca3-c0ca-4fef-92bc-c5da535dfe33'] {{(pid=95324) select_destinations /opt/stack/nova/nova/scheduler/manager.py:210}}
May 12 23:04:20.874827 np0000000657 nova-scheduler[95324]: DEBUG nova.scheduler.request_filter [None req-0c629939-da7f-474a-8218-cfa8675accb4 tempest-ServerBootFromVolumeStableRescueTest-2013126097 tempest-ServerBootFromVolumeStableRescueTest-2013126097-project-member] compute_status_filter request filter added forbidden trait COMPUTE_STATUS_DISABLED {{(pid=95324) compute_status_filter /opt/stack/nova/nova/scheduler/request_filter.py:253}}
May 12 23:04:20.875129 np0000000657 nova-scheduler[95324]: DEBUG nova.scheduler.request_filter [None req-0c629939-da7f-474a-8218-cfa8675accb4 tempest-ServerBootFromVolumeStableRescueTest-2013126097 tempest-ServerBootFromVolumeStableRescueTest-2013126097-project-member] Request filter 'compute_status_filter' took 0.0 seconds {{(pid=95324) wrapper /opt/stack/nova/nova/scheduler/request_filter.py:46}}
May 12 23:04:20.875892 np0000000657 nova-scheduler[95324]: DEBUG nova.scheduler.request_filter [None req-0c629939-da7f-474a-8218-cfa8675accb4 tempest-ServerBootFromVolumeStableRescueTest-2013126097 tempest-ServerBootFromVolumeStableRescueTest-2013126097-project-member] Request filter 'accelerators_filter' took 0.0 seconds {{(pid=95324) wrapper /opt/stack/nova/nova/scheduler/request_filter.py:46}}
May 12 23:04:20.875892 np0000000657 nova-scheduler[95324]: DEBUG nova.scheduler.request_filter [None req-0c629939-da7f-474a-8218-cfa8675accb4 tempest-ServerBootFromVolumeStableRescueTest-2013126097 tempest-ServerBootFromVolumeStableRescueTest-2013126097-project-member] Request filter 'packed_virtqueue_filter' took 0.0 seconds {{(pid=95324) wrapper /opt/stack/nova/nova/scheduler/request_filter.py:46}}
May 12 23:04:20.876567 np0000000657 nova-scheduler[95324]: DEBUG nova.scheduler.request_filter [None req-0c629939-da7f-474a-8218-cfa8675accb4 tempest-ServerBootFromVolumeStableRescueTest-2013126097 tempest-ServerBootFromVolumeStableRescueTest-2013126097-project-member] Request filter 'remote_managed_ports_filter' took 0.0 seconds {{(pid=95324) wrapper /opt/stack/nova/nova/scheduler/request_filter.py:46}}
May 12 23:04:20.876567 np0000000657 nova-scheduler[95324]: DEBUG nova.scheduler.request_filter [None req-0c629939-da7f-474a-8218-cfa8675accb4 tempest-ServerBootFromVolumeStableRescueTest-2013126097 tempest-ServerBootFromVolumeStableRescueTest-2013126097-project-member] ephemeral_encryption_filter skipped {{(pid=95324) ephemeral_encryption_filter /opt/stack/nova/nova/scheduler/request_filter.py:426}}
May 12 23:04:20.876732 np0000000657 nova-scheduler[95324]: DEBUG nova.scheduler.request_filter [None req-0c629939-da7f-474a-8218-cfa8675accb4 tempest-ServerBootFromVolumeStableRescueTest-2013126097 tempest-ServerBootFromVolumeStableRescueTest-2013126097-project-member] virtio_sound_filter skipped {{(pid=95324) virtio_sound_filter /opt/stack/nova/nova/scheduler/request_filter.py:460}}
May 12 23:04:20.876873 np0000000657 nova-scheduler[95324]: DEBUG nova.scheduler.request_filter [None req-0c629939-da7f-474a-8218-cfa8675accb4 tempest-ServerBootFromVolumeStableRescueTest-2013126097 tempest-ServerBootFromVolumeStableRescueTest-2013126097-project-member] tpm_secret_security_filter skipped {{(pid=95324) tpm_secret_security_filter /opt/stack/nova/nova/scheduler/request_filter.py:477}}
May 12 23:04:20.976759 np0000000657 nova-scheduler[95324]: INFO nova.utils [None req-0c629939-da7f-474a-8218-cfa8675accb4 tempest-ServerBootFromVolumeStableRescueTest-2013126097 tempest-ServerBootFromVolumeStableRescueTest-2013126097-project-member] The cell worker thread pool ForkProcess-2.cell_worker is initialized
May 12 23:04:20.977177 np0000000657 nova-scheduler[95324]: DEBUG oslo_concurrency.lockutils [None req-0c629939-da7f-474a-8218-cfa8675accb4 tempest-ServerBootFromVolumeStableRescueTest-2013126097 tempest-ServerBootFromVolumeStableRescueTest-2013126097-project-member] Acquiring lock "6f371c0f-c44c-4b96-896d-b1fd7f9ee43e" by "nova.context.set_target_cell..get_or_set_cached_cell_and_set_connections" {{(pid=95324) inner /opt/stack/data/venv/lib/python3.12/site-packages/oslo_concurrency/lockutils.py:506}}
May 12 23:04:20.977424 np0000000657 nova-scheduler[95324]: DEBUG oslo_concurrency.lockutils [None req-0c629939-da7f-474a-8218-cfa8675accb4 tempest-ServerBootFromVolumeStableRescueTest-2013126097 tempest-ServerBootFromVolumeStableRescueTest-2013126097-project-member] Lock "6f371c0f-c44c-4b96-896d-b1fd7f9ee43e" acquired by "nova.context.set_target_cell..get_or_set_cached_cell_and_set_connections" :: waited 0.000s {{(pid=95324) inner /opt/stack/data/venv/lib/python3.12/site-packages/oslo_concurrency/lockutils.py:519}}
May 12 23:04:20.978768 np0000000657 nova-scheduler[95324]: DEBUG oslo_concurrency.lockutils [None req-0c629939-da7f-474a-8218-cfa8675accb4 tempest-ServerBootFromVolumeStableRescueTest-2013126097 tempest-ServerBootFromVolumeStableRescueTest-2013126097-project-member] Lock "6f371c0f-c44c-4b96-896d-b1fd7f9ee43e" "released" by "nova.context.set_target_cell..get_or_set_cached_cell_and_set_connections" :: held 0.001s {{(pid=95324) inner /opt/stack/data/venv/lib/python3.12/site-packages/oslo_concurrency/lockutils.py:538}}
May 12 23:04:20.981196 np0000000657 nova-scheduler[95324]: INFO dbcounter [None req-0c629939-da7f-474a-8218-cfa8675accb4 tempest-ServerBootFromVolumeStableRescueTest-2013126097 tempest-ServerBootFromVolumeStableRescueTest-2013126097-project-member] Registered counter for database nova_cell1
May 12 23:04:20.989913 np0000000657 nova-scheduler[95324]: DEBUG oslo_db.sqlalchemy.engines [None req-0c629939-da7f-474a-8218-cfa8675accb4 tempest-ServerBootFromVolumeStableRescueTest-2013126097 tempest-ServerBootFromVolumeStableRescueTest-2013126097-project-member] MySQL server mode set to STRICT_TRANS_TABLES,STRICT_ALL_TABLES,NO_ZERO_IN_DATE,NO_ZERO_DATE,ERROR_FOR_DIVISION_BY_ZERO,TRADITIONAL,NO_ENGINE_SUBSTITUTION {{(pid=95324) _check_effective_sql_mode /opt/stack/data/venv/lib/python3.12/site-packages/oslo_db/sqlalchemy/engines.py:325}}
May 12 23:04:20.996598 np0000000657 nova-scheduler[95324]: DEBUG dbcounter [-] [95324] Writer thread running {{(pid=95324) stat_writer /opt/stack/data/venv/lib/python3.12/site-packages/dbcounter.py:102}}
May 12 23:04:21.013231 np0000000657 nova-scheduler[95324]: DEBUG dbcounter [-] [95324] Writer thread running {{(pid=95324) stat_writer /opt/stack/data/venv/lib/python3.12/site-packages/dbcounter.py:102}}
May 12 23:04:21.015406 np0000000657 nova-scheduler[95324]: DEBUG oslo_concurrency.lockutils [None req-0c629939-da7f-474a-8218-cfa8675accb4 tempest-ServerBootFromVolumeStableRescueTest-2013126097 tempest-ServerBootFromVolumeStableRescueTest-2013126097-project-member] Acquiring lock "6f371c0f-c44c-4b96-896d-b1fd7f9ee43e" by "nova.context.set_target_cell..get_or_set_cached_cell_and_set_connections" {{(pid=95324) inner /opt/stack/data/venv/lib/python3.12/site-packages/oslo_concurrency/lockutils.py:506}}
May 12 23:04:21.015582 np0000000657 nova-scheduler[95324]: DEBUG oslo_concurrency.lockutils [None req-0c629939-da7f-474a-8218-cfa8675accb4 tempest-ServerBootFromVolumeStableRescueTest-2013126097 tempest-ServerBootFromVolumeStableRescueTest-2013126097-project-member] Lock "6f371c0f-c44c-4b96-896d-b1fd7f9ee43e" acquired by "nova.context.set_target_cell..get_or_set_cached_cell_and_set_connections" :: waited 0.000s {{(pid=95324) inner /opt/stack/data/venv/lib/python3.12/site-packages/oslo_concurrency/lockutils.py:519}}
May 12 23:04:21.015685 np0000000657 nova-scheduler[95324]: DEBUG oslo_concurrency.lockutils [None req-0c629939-da7f-474a-8218-cfa8675accb4 tempest-ServerBootFromVolumeStableRescueTest-2013126097 tempest-ServerBootFromVolumeStableRescueTest-2013126097-project-member] Lock "6f371c0f-c44c-4b96-896d-b1fd7f9ee43e" "released" by "nova.context.set_target_cell..get_or_set_cached_cell_and_set_connections" :: held 0.000s {{(pid=95324) inner /opt/stack/data/venv/lib/python3.12/site-packages/oslo_concurrency/lockutils.py:538}}
May 12 23:04:21.018450 np0000000657 nova-scheduler[95324]: DEBUG oslo_concurrency.lockutils [None req-0c629939-da7f-474a-8218-cfa8675accb4 tempest-ServerBootFromVolumeStableRescueTest-2013126097 tempest-ServerBootFromVolumeStableRescueTest-2013126097-project-member] Acquiring lock "('np0000000657', 'np0000000657')" by "nova.scheduler.host_manager.HostState.update.._locked_update" {{(pid=95324) inner /opt/stack/data/venv/lib/python3.12/site-packages/oslo_concurrency/lockutils.py:506}}
