Jun 26 07:34:53.557407 np0000003716 nova-scheduler[93313]: DEBUG cotyledon.oslo_config_glue [-] oslo_messaging_notifications.topics = ['notifications'] {{(pid=93313) log_opt_values /opt/stack/data/venv/lib/python3.12/site-packages/oslo_config/cfg.py:3253}}
Jun 26 07:34:53.557407 np0000003716 nova-scheduler[93313]: DEBUG cotyledon.oslo_config_glue [-] oslo_messaging_notifications.transport_url = **** {{(pid=93313) log_opt_values /opt/stack/data/venv/lib/python3.12/site-packages/oslo_config/cfg.py:3253}}
Jun 26 07:34:53.557407 np0000003716 nova-scheduler[93313]: DEBUG cotyledon.oslo_config_glue [-] oslo_limit.auth_section = None {{(pid=93313) log_opt_values /opt/stack/data/venv/lib/python3.12/site-packages/oslo_config/cfg.py:3253}}
Jun 26 07:34:53.557407 np0000003716 nova-scheduler[93313]: DEBUG cotyledon.oslo_config_glue [-] oslo_limit.auth_type = None {{(pid=93313) log_opt_values /opt/stack/data/venv/lib/python3.12/site-packages/oslo_config/cfg.py:3253}}
Jun 26 07:34:53.557407 np0000003716 nova-scheduler[93313]: DEBUG cotyledon.oslo_config_glue [-] oslo_limit.cafile = None {{(pid=93313) log_opt_values /opt/stack/data/venv/lib/python3.12/site-packages/oslo_config/cfg.py:3253}}
Jun 26 07:34:53.557407 np0000003716 nova-scheduler[93313]: DEBUG cotyledon.oslo_config_glue [-] oslo_limit.certfile = None {{(pid=93313) log_opt_values /opt/stack/data/venv/lib/python3.12/site-packages/oslo_config/cfg.py:3253}}
Jun 26 07:34:53.557407 np0000003716 nova-scheduler[93313]: DEBUG cotyledon.oslo_config_glue [-] oslo_limit.collect_timing = False {{(pid=93313) log_opt_values /opt/stack/data/venv/lib/python3.12/site-packages/oslo_config/cfg.py:3253}}
Jun 26 07:34:53.557580 np0000003716 nova-scheduler[93313]: DEBUG cotyledon.oslo_config_glue [-] oslo_limit.connect_retries = None {{(pid=93313) log_opt_values /opt/stack/data/venv/lib/python3.12/site-packages/oslo_config/cfg.py:3253}}
Jun 26 07:34:53.557580 np0000003716 nova-scheduler[93313]: DEBUG cotyledon.oslo_config_glue [-] oslo_limit.connect_retry_delay = None {{(pid=93313) log_opt_values /opt/stack/data/venv/lib/python3.12/site-packages/oslo_config/cfg.py:3253}}
Jun 26 07:34:53.557580 np0000003716 nova-scheduler[93313]: DEBUG cotyledon.oslo_config_glue [-] oslo_limit.endpoint_id = None {{(pid=93313) log_opt_values /opt/stack/data/venv/lib/python3.12/site-packages/oslo_config/cfg.py:3253}}
Jun 26 07:34:53.557580 np0000003716 nova-scheduler[93313]: DEBUG cotyledon.oslo_config_glue [-] oslo_limit.endpoint_interface = public {{(pid=93313) log_opt_values /opt/stack/data/venv/lib/python3.12/site-packages/oslo_config/cfg.py:3253}}
Jun 26 07:34:53.557580 np0000003716 nova-scheduler[93313]: DEBUG cotyledon.oslo_config_glue [-] oslo_limit.endpoint_override = None {{(pid=93313) log_opt_values /opt/stack/data/venv/lib/python3.12/site-packages/oslo_config/cfg.py:3253}}
Jun 26 07:34:53.557580 np0000003716 nova-scheduler[93313]: DEBUG cotyledon.oslo_config_glue [-] oslo_limit.endpoint_region_name = None {{(pid=93313) log_opt_values /opt/stack/data/venv/lib/python3.12/site-packages/oslo_config/cfg.py:3253}}
Jun 26 07:34:53.557580 np0000003716 nova-scheduler[93313]: DEBUG cotyledon.oslo_config_glue [-] oslo_limit.endpoint_service_name = None {{(pid=93313) log_opt_values /opt/stack/data/venv/lib/python3.12/site-packages/oslo_config/cfg.py:3253}}
Jun 26 07:34:53.557580 np0000003716 nova-scheduler[93313]: DEBUG cotyledon.oslo_config_glue [-] oslo_limit.endpoint_service_type = None {{(pid=93313) log_opt_values /opt/stack/data/venv/lib/python3.12/site-packages/oslo_config/cfg.py:3253}}
Jun 26 07:34:53.557580 np0000003716 nova-scheduler[93313]: DEBUG cotyledon.oslo_config_glue [-] oslo_limit.insecure = False {{(pid=93313) log_opt_values /opt/stack/data/venv/lib/python3.12/site-packages/oslo_config/cfg.py:3253}}
Jun 26 07:34:53.557762 np0000003716 nova-scheduler[93285]: DEBUG oslo_db.sqlalchemy.engines [None req-bcb35ef1-8c19-443c-9653-5ad0933306e2 None None] MySQL server mode set to STRICT_TRANS_TABLES,STRICT_ALL_TABLES,NO_ZERO_IN_DATE,NO_ZERO_DATE,ERROR_FOR_DIVISION_BY_ZERO,TRADITIONAL,NO_ENGINE_SUBSTITUTION {{(pid=93285) _check_effective_sql_mode /opt/stack/data/venv/lib/python3.12/site-packages/oslo_db/sqlalchemy/engines.py:325}}
Jun 26 07:34:53.557793 np0000003716 nova-scheduler[93313]: DEBUG cotyledon.oslo_config_glue [-] oslo_limit.keyfile = None {{(pid=93313) log_opt_values /opt/stack/data/venv/lib/python3.12/site-packages/oslo_config/cfg.py:3253}}
Jun 26 07:34:53.557793 np0000003716 nova-scheduler[93313]: DEBUG cotyledon.oslo_config_glue [-] oslo_limit.max_version = None {{(pid=93313) log_opt_values /opt/stack/data/venv/lib/python3.12/site-packages/oslo_config/cfg.py:3253}}
Jun 26 07:34:53.557793 np0000003716 nova-scheduler[93313]: DEBUG cotyledon.oslo_config_glue [-] oslo_limit.min_version = None {{(pid=93313) log_opt_values /opt/stack/data/venv/lib/python3.12/site-packages/oslo_config/cfg.py:3253}}
Jun 26 07:34:53.557793 np0000003716 nova-scheduler[93313]: DEBUG cotyledon.oslo_config_glue [-] oslo_limit.region_name = None {{(pid=93313) log_opt_values /opt/stack/data/venv/lib/python3.12/site-packages/oslo_config/cfg.py:3253}}
Jun 26 07:34:53.557793 np0000003716 nova-scheduler[93313]: DEBUG cotyledon.oslo_config_glue [-] oslo_limit.retriable_status_codes = None {{(pid=93313) log_opt_values /opt/stack/data/venv/lib/python3.12/site-packages/oslo_config/cfg.py:3253}}
Jun 26 07:34:53.557793 np0000003716 nova-scheduler[93313]: DEBUG cotyledon.oslo_config_glue [-] oslo_limit.service_name = None {{(pid=93313) log_opt_values /opt/stack/data/venv/lib/python3.12/site-packages/oslo_config/cfg.py:3253}}
Jun 26 07:34:53.557793 np0000003716 nova-scheduler[93313]: DEBUG cotyledon.oslo_config_glue [-] oslo_limit.service_type = None {{(pid=93313) log_opt_values /opt/stack/data/venv/lib/python3.12/site-packages/oslo_config/cfg.py:3253}}
Jun 26 07:34:53.557793 np0000003716 nova-scheduler[93313]: DEBUG cotyledon.oslo_config_glue [-] oslo_limit.split_loggers = False {{(pid=93313) log_opt_values /opt/stack/data/venv/lib/python3.12/site-packages/oslo_config/cfg.py:3253}}
Jun 26 07:34:53.557793 np0000003716 nova-scheduler[93313]: DEBUG cotyledon.oslo_config_glue [-] oslo_limit.status_code_retries = None {{(pid=93313) log_opt_values /opt/stack/data/venv/lib/python3.12/site-packages/oslo_config/cfg.py:3253}}
Jun 26 07:34:53.557980 np0000003716 nova-scheduler[93313]: DEBUG cotyledon.oslo_config_glue [-] oslo_limit.status_code_retry_delay = None {{(pid=93313) log_opt_values /opt/stack/data/venv/lib/python3.12/site-packages/oslo_config/cfg.py:3253}}
Jun 26 07:34:53.557980 np0000003716 nova-scheduler[93313]: DEBUG cotyledon.oslo_config_glue [-] oslo_limit.timeout = None {{(pid=93313) log_opt_values /opt/stack/data/venv/lib/python3.12/site-packages/oslo_config/cfg.py:3253}}
Jun 26 07:34:53.557980 np0000003716 nova-scheduler[93313]: DEBUG cotyledon.oslo_config_glue [-] oslo_limit.valid_interfaces = None {{(pid=93313) log_opt_values /opt/stack/data/venv/lib/python3.12/site-packages/oslo_config/cfg.py:3253}}
Jun 26 07:34:53.557980 np0000003716 nova-scheduler[93313]: DEBUG cotyledon.oslo_config_glue [-] oslo_limit.version = None {{(pid=93313) log_opt_values /opt/stack/data/venv/lib/python3.12/site-packages/oslo_config/cfg.py:3253}}
Jun 26 07:34:53.557980 np0000003716 nova-scheduler[93313]: DEBUG cotyledon.oslo_config_glue [-] oslo_reports.file_event_handler = None {{(pid=93313) log_opt_values /opt/stack/data/venv/lib/python3.12/site-packages/oslo_config/cfg.py:3253}}
Jun 26 07:34:53.557980 np0000003716 nova-scheduler[93313]: DEBUG cotyledon.oslo_config_glue [-] oslo_reports.file_event_handler_interval = 1 {{(pid=93313) log_opt_values /opt/stack/data/venv/lib/python3.12/site-packages/oslo_config/cfg.py:3253}}
Jun 26 07:34:53.557980 np0000003716 nova-scheduler[93313]: DEBUG cotyledon.oslo_config_glue [-] oslo_reports.log_dir = None {{(pid=93313) log_opt_values /opt/stack/data/venv/lib/python3.12/site-packages/oslo_config/cfg.py:3253}}
Jun 26 07:34:53.557980 np0000003716 nova-scheduler[93313]: DEBUG cotyledon.oslo_config_glue [-] ******************************************************************************** {{(pid=93313) log_opt_values /opt/stack/data/venv/lib/python3.12/site-packages/oslo_config/cfg.py:3260}}
Jun 26 07:34:53.557980 np0000003716 nova-scheduler[93313]: DEBUG cotyledon._service_worker [-] Run service ServiceWrapper(2) [93313] {{(pid=93313) wait_forever /opt/stack/data/venv/lib/python3.12/site-packages/cotyledon/_service_worker.py:218}}
Jun 26 07:34:53.558144 np0000003716 nova-scheduler[93313]: INFO nova.service [-] Starting scheduler node (version 33.1.0)
Jun 26 07:34:53.558144 np0000003716 nova-scheduler[93313]: INFO dbcounter [None req-ee7532d1-4723-48bb-97ec-db4ea86b8d91 None None] Registered counter for database nova_cell0
Jun 26 07:34:53.558186 np0000003716 nova-scheduler[93285]: DEBUG dbcounter [-] [93285] Writer thread running {{(pid=93285) stat_writer /opt/stack/data/venv/lib/python3.12/site-packages/dbcounter.py:102}}
Jun 26 07:34:53.563167 np0000003716 nova-scheduler[93310]: DEBUG oslo_db.sqlalchemy.engines [None req-34e01bce-7c2a-4c25-bbe9-984b621988ae None None] MySQL server mode set to STRICT_TRANS_TABLES,STRICT_ALL_TABLES,NO_ZERO_IN_DATE,NO_ZERO_DATE,ERROR_FOR_DIVISION_BY_ZERO,TRADITIONAL,NO_ENGINE_SUBSTITUTION {{(pid=93310) _check_effective_sql_mode /opt/stack/data/venv/lib/python3.12/site-packages/oslo_db/sqlalchemy/engines.py:325}}
Jun 26 07:34:53.569734 np0000003716 nova-scheduler[93285]: DEBUG nova.service [None req-bcb35ef1-8c19-443c-9653-5ad0933306e2 None None] Creating RPC server for service: nova-scheduler on topic: scheduler {{(pid=93285) start /opt/stack/nova/nova/service.py:196}}
Jun 26 07:34:53.576708 np0000003716 nova-scheduler[93310]: DEBUG dbcounter [-] [93310] Writer thread running {{(pid=93310) stat_writer /opt/stack/data/venv/lib/python3.12/site-packages/dbcounter.py:102}}
Jun 26 07:34:53.580974 np0000003716 nova-scheduler[93310]: DEBUG nova.service [None req-34e01bce-7c2a-4c25-bbe9-984b621988ae None None] Creating RPC server for service: nova-scheduler on topic: scheduler {{(pid=93310) start /opt/stack/nova/nova/service.py:196}}
Jun 26 07:34:53.601380 np0000003716 nova-scheduler[93285]: DEBUG nova.service [None req-bcb35ef1-8c19-443c-9653-5ad0933306e2 None None] Join ServiceGroup membership for this service scheduler {{(pid=93285) start /opt/stack/nova/nova/service.py:222}}
Jun 26 07:34:53.601511 np0000003716 nova-scheduler[93285]: DEBUG nova.servicegroup.drivers.db [None req-bcb35ef1-8c19-443c-9653-5ad0933306e2 None None] DB_Driver: join new ServiceGroup member np0000003716 to the scheduler group, service = {{(pid=93285) join /opt/stack/nova/nova/servicegroup/drivers/db.py:44}}
Jun 26 07:34:53.603271 np0000003716 nova-scheduler[93310]: DEBUG nova.service [None req-34e01bce-7c2a-4c25-bbe9-984b621988ae None None] Join ServiceGroup membership for this service scheduler {{(pid=93310) start /opt/stack/nova/nova/service.py:222}}
Jun 26 07:34:53.603747 np0000003716 nova-scheduler[93310]: DEBUG nova.servicegroup.drivers.db [None req-34e01bce-7c2a-4c25-bbe9-984b621988ae None None] DB_Driver: join new ServiceGroup member np0000003716 to the scheduler group, service = {{(pid=93310) join /opt/stack/nova/nova/servicegroup/drivers/db.py:44}}
Jun 26 07:34:53.606477 np0000003716 nova-scheduler[93313]: DEBUG oslo_db.sqlalchemy.engines [None req-ee7532d1-4723-48bb-97ec-db4ea86b8d91 None None] MySQL server mode set to STRICT_TRANS_TABLES,STRICT_ALL_TABLES,NO_ZERO_IN_DATE,NO_ZERO_DATE,ERROR_FOR_DIVISION_BY_ZERO,TRADITIONAL,NO_ENGINE_SUBSTITUTION {{(pid=93313) _check_effective_sql_mode /opt/stack/data/venv/lib/python3.12/site-packages/oslo_db/sqlalchemy/engines.py:325}}
Jun 26 07:34:53.618711 np0000003716 nova-scheduler[93313]: DEBUG dbcounter [-] [93313] Writer thread running {{(pid=93313) stat_writer /opt/stack/data/venv/lib/python3.12/site-packages/dbcounter.py:102}}
Jun 26 07:34:53.622811 np0000003716 nova-scheduler[93313]: DEBUG nova.service [None req-ee7532d1-4723-48bb-97ec-db4ea86b8d91 None None] Creating RPC server for service: nova-scheduler on topic: scheduler {{(pid=93313) start /opt/stack/nova/nova/service.py:196}}
Jun 26 07:34:53.653557 np0000003716 nova-scheduler[93313]: DEBUG nova.service [None req-ee7532d1-4723-48bb-97ec-db4ea86b8d91 None None] Join ServiceGroup membership for this service scheduler {{(pid=93313) start /opt/stack/nova/nova/service.py:222}}
Jun 26 07:34:53.653829 np0000003716 nova-scheduler[93313]: DEBUG nova.servicegroup.drivers.db [None req-ee7532d1-4723-48bb-97ec-db4ea86b8d91 None None] DB_Driver: join new ServiceGroup member np0000003716 to the scheduler group, service = {{(pid=93313) join /opt/stack/nova/nova/servicegroup/drivers/db.py:44}}
Jun 26 07:34:58.619038 np0000003716 nova-scheduler[93285]: DEBUG oslo.service.backend._threading.loopingcall [-] Fixed interval looping call 'nova.servicegroup.drivers.db.DbDriver._report_state' sleeping for 119.98 seconds {{(pid=93285) _run_loop /opt/stack/data/venv/lib/python3.12/site-packages/oslo_service/backend/_threading/loopingcall.py:125}}
Jun 26 07:34:58.619662 np0000003716 nova-scheduler[93310]: DEBUG oslo.service.backend._threading.loopingcall [-] Fixed interval looping call 'nova.servicegroup.drivers.db.DbDriver._report_state' sleeping for 119.99 seconds {{(pid=93310) _run_loop /opt/stack/data/venv/lib/python3.12/site-packages/oslo_service/backend/_threading/loopingcall.py:125}}
Jun 26 07:34:58.664332 np0000003716 nova-scheduler[93313]: DEBUG oslo.service.backend._threading.loopingcall [-] Fixed interval looping call 'nova.servicegroup.drivers.db.DbDriver._report_state' sleeping for 119.99 seconds {{(pid=93313) _run_loop /opt/stack/data/venv/lib/python3.12/site-packages/oslo_service/backend/_threading/loopingcall.py:125}}
Jun 26 07:35:02.190318 np0000003716 nova-scheduler[92036]: DEBUG dbcounter [-] [92036] Writing DB stats nova_api:SELECT=3 {{(pid=92036) stat_writer /opt/stack/data/venv/lib/python3.12/site-packages/dbcounter.py:115}}
Jun 26 07:35:02.323338 np0000003716 nova-scheduler[92036]: DEBUG dbcounter [-] [92036] Writing DB stats nova_cell0:SELECT=1 {{(pid=92036) stat_writer /opt/stack/data/venv/lib/python3.12/site-packages/dbcounter.py:115}}
Jun 26 07:35:02.330590 np0000003716 nova-scheduler[92036]: DEBUG dbcounter [-] [92036] Writing DB stats nova_cell1:SELECT=1 {{(pid=92036) stat_writer /opt/stack/data/venv/lib/python3.12/site-packages/dbcounter.py:115}}
Jun 26 07:35:08.605101 np0000003716 nova-scheduler[93285]: DEBUG oslo.service.backend._threading.loopingcall [None req-23e047e7-1d9d-4d93-a8f7-de647b1263ae None None] Dynamic interval looping call 'nova.service.Service.periodic_tasks' sleeping for 60.00 seconds {{(pid=93285) _run_loop /opt/stack/data/venv/lib/python3.12/site-packages/oslo_service/backend/_threading/loopingcall.py:125}}
Jun 26 07:35:08.611559 np0000003716 nova-scheduler[93285]: DEBUG dbcounter [-] [93285] Writing DB stats nova_cell0:SELECT=4,nova_cell0:INSERT=1,nova_cell0:UPDATE=1 {{(pid=93285) stat_writer /opt/stack/data/venv/lib/python3.12/site-packages/dbcounter.py:115}}
Jun 26 07:35:08.616334 np0000003716 nova-scheduler[93310]: DEBUG dbcounter [-] [93310] Writing DB stats nova_cell0:SELECT=3,nova_cell0:UPDATE=1 {{(pid=93310) stat_writer /opt/stack/data/venv/lib/python3.12/site-packages/dbcounter.py:115}}
Jun 26 07:35:08.661516 np0000003716 nova-scheduler[93313]: DEBUG dbcounter [-] [93313] Writing DB stats nova_cell0:SELECT=3 {{(pid=93313) stat_writer /opt/stack/data/venv/lib/python3.12/site-packages/dbcounter.py:115}}
Jun 26 07:35:28.656192 np0000003716 nova-scheduler[93313]: DEBUG oslo.service.backend._threading.loopingcall [None req-dff6ae82-aacf-49a8-baec-ca0c1d45f381 None None] Dynamic interval looping call 'nova.service.Service.periodic_tasks' sleeping for 60.00 seconds {{(pid=93313) _run_loop /opt/stack/data/venv/lib/python3.12/site-packages/oslo_service/backend/_threading/loopingcall.py:125}}
Jun 26 07:35:34.606223 np0000003716 nova-scheduler[93310]: DEBUG oslo.service.backend._threading.loopingcall [None req-30ad6458-9cf6-4171-84cf-0908f3b1aeef None None] Dynamic interval looping call 'nova.service.Service.periodic_tasks' sleeping for 60.00 seconds {{(pid=93310) _run_loop /opt/stack/data/venv/lib/python3.12/site-packages/oslo_service/backend/_threading/loopingcall.py:125}}
Jun 26 07:36:08.605584 np0000003716 nova-scheduler[93285]: DEBUG oslo.service.backend._threading.loopingcall [None req-23e047e7-1d9d-4d93-a8f7-de647b1263ae None None] Dynamic interval looping call 'nova.service.Service.periodic_tasks' sleeping for 60.00 seconds {{(pid=93285) _run_loop /opt/stack/data/venv/lib/python3.12/site-packages/oslo_service/backend/_threading/loopingcall.py:125}}
Jun 26 07:36:28.656686 np0000003716 nova-scheduler[93313]: DEBUG oslo.service.backend._threading.loopingcall [None req-dff6ae82-aacf-49a8-baec-ca0c1d45f381 None None] Dynamic interval looping call 'nova.service.Service.periodic_tasks' sleeping for 60.00 seconds {{(pid=93313) _run_loop /opt/stack/data/venv/lib/python3.12/site-packages/oslo_service/backend/_threading/loopingcall.py:125}}
Jun 26 07:36:34.606833 np0000003716 nova-scheduler[93310]: DEBUG oslo.service.backend._threading.loopingcall [None req-30ad6458-9cf6-4171-84cf-0908f3b1aeef None None] Dynamic interval looping call 'nova.service.Service.periodic_tasks' sleeping for 60.00 seconds {{(pid=93310) _run_loop /opt/stack/data/venv/lib/python3.12/site-packages/oslo_service/backend/_threading/loopingcall.py:125}}
Jun 26 07:36:58.610305 np0000003716 nova-scheduler[93285]: DEBUG oslo.service.backend._threading.loopingcall [-] Fixed interval looping call 'nova.servicegroup.drivers.db.DbDriver._report_state' sleeping for 119.99 seconds {{(pid=93285) _run_loop /opt/stack/data/venv/lib/python3.12/site-packages/oslo_service/backend/_threading/loopingcall.py:125}}
Jun 26 07:36:58.613684 np0000003716 nova-scheduler[93310]: DEBUG oslo.service.backend._threading.loopingcall [-] Fixed interval looping call 'nova.servicegroup.drivers.db.DbDriver._report_state' sleeping for 120.00 seconds {{(pid=93310) _run_loop /opt/stack/data/venv/lib/python3.12/site-packages/oslo_service/backend/_threading/loopingcall.py:125}}
Jun 26 07:36:58.657604 np0000003716 nova-scheduler[93313]: DEBUG oslo.service.backend._threading.loopingcall [-] Fixed interval looping call 'nova.servicegroup.drivers.db.DbDriver._report_state' sleeping for 120.00 seconds {{(pid=93313) _run_loop /opt/stack/data/venv/lib/python3.12/site-packages/oslo_service/backend/_threading/loopingcall.py:125}}
Jun 26 07:37:08.603000 np0000003716 nova-scheduler[93285]: DEBUG dbcounter [-] [93285] Writing DB stats nova_cell0:SELECT=1,nova_cell0:UPDATE=1 {{(pid=93285) stat_writer /opt/stack/data/venv/lib/python3.12/site-packages/dbcounter.py:115}}
Jun 26 07:37:08.606566 np0000003716 nova-scheduler[93285]: DEBUG oslo.service.backend._threading.loopingcall [None req-23e047e7-1d9d-4d93-a8f7-de647b1263ae None None] Dynamic interval looping call 'nova.service.Service.periodic_tasks' sleeping for 60.00 seconds {{(pid=93285) _run_loop /opt/stack/data/venv/lib/python3.12/site-packages/oslo_service/backend/_threading/loopingcall.py:125}}
Jun 26 07:37:08.612023 np0000003716 nova-scheduler[93310]: DEBUG dbcounter [-] [93310] Writing DB stats nova_cell0:SELECT=1 {{(pid=93310) stat_writer /opt/stack/data/venv/lib/python3.12/site-packages/dbcounter.py:115}}
Jun 26 07:37:08.655937 np0000003716 nova-scheduler[93313]: DEBUG dbcounter [-] [93313] Writing DB stats nova_cell0:SELECT=1 {{(pid=93313) stat_writer /opt/stack/data/venv/lib/python3.12/site-packages/dbcounter.py:115}}
Jun 26 07:37:25.743617 np0000003716 nova-scheduler[93285]: DEBUG nova.scheduler.manager [None req-b12f8d44-b63c-4e92-8a74-f82e97194a5c tempest-ImageDependencyTests-506835889 tempest-ImageDependencyTests-506835889-project-member] Starting to schedule for instances: ['e5f1f685-4279-4cfc-8403-57d2c368d4a2'] {{(pid=93285) select_destinations /opt/stack/nova/nova/scheduler/manager.py:210}}
Jun 26 07:37:25.744136 np0000003716 nova-scheduler[93285]: DEBUG nova.scheduler.request_filter [None req-b12f8d44-b63c-4e92-8a74-f82e97194a5c tempest-ImageDependencyTests-506835889 tempest-ImageDependencyTests-506835889-project-member] compute_status_filter request filter added forbidden trait COMPUTE_STATUS_DISABLED {{(pid=93285) compute_status_filter /opt/stack/nova/nova/scheduler/request_filter.py:253}}
Jun 26 07:37:25.744198 np0000003716 nova-scheduler[93285]: DEBUG nova.scheduler.request_filter [None req-b12f8d44-b63c-4e92-8a74-f82e97194a5c tempest-ImageDependencyTests-506835889 tempest-ImageDependencyTests-506835889-project-member] Request filter 'compute_status_filter' took 0.0 seconds {{(pid=93285) wrapper /opt/stack/nova/nova/scheduler/request_filter.py:46}}
Jun 26 07:37:25.744442 np0000003716 nova-scheduler[93285]: DEBUG nova.scheduler.request_filter [None req-b12f8d44-b63c-4e92-8a74-f82e97194a5c tempest-ImageDependencyTests-506835889 tempest-ImageDependencyTests-506835889-project-member] Request filter 'accelerators_filter' took 0.0 seconds {{(pid=93285) wrapper /opt/stack/nova/nova/scheduler/request_filter.py:46}}
Jun 26 07:37:25.744655 np0000003716 nova-scheduler[93285]: DEBUG nova.scheduler.request_filter [None req-b12f8d44-b63c-4e92-8a74-f82e97194a5c tempest-ImageDependencyTests-506835889 tempest-ImageDependencyTests-506835889-project-member] Request filter 'packed_virtqueue_filter' took 0.0 seconds {{(pid=93285) wrapper /opt/stack/nova/nova/scheduler/request_filter.py:46}}
Jun 26 07:37:25.745084 np0000003716 nova-scheduler[93285]: DEBUG nova.scheduler.request_filter [None req-b12f8d44-b63c-4e92-8a74-f82e97194a5c tempest-ImageDependencyTests-506835889 tempest-ImageDependencyTests-506835889-project-member] Request filter 'remote_managed_ports_filter' took 0.0 seconds {{(pid=93285) wrapper /opt/stack/nova/nova/scheduler/request_filter.py:46}}
Jun 26 07:37:25.745292 np0000003716 nova-scheduler[93285]: DEBUG nova.scheduler.request_filter [None req-b12f8d44-b63c-4e92-8a74-f82e97194a5c tempest-ImageDependencyTests-506835889 tempest-ImageDependencyTests-506835889-project-member] ephemeral_encryption_filter skipped {{(pid=93285) ephemeral_encryption_filter /opt/stack/nova/nova/scheduler/request_filter.py:426}}
Jun 26 07:37:25.745488 np0000003716 nova-scheduler[93285]: DEBUG nova.scheduler.request_filter [None req-b12f8d44-b63c-4e92-8a74-f82e97194a5c tempest-ImageDependencyTests-506835889 tempest-ImageDependencyTests-506835889-project-member] virtio_sound_filter skipped {{(pid=93285) virtio_sound_filter /opt/stack/nova/nova/scheduler/request_filter.py:460}}
Jun 26 07:37:25.745683 np0000003716 nova-scheduler[93285]: DEBUG nova.scheduler.request_filter [None req-b12f8d44-b63c-4e92-8a74-f82e97194a5c tempest-ImageDependencyTests-506835889 tempest-ImageDependencyTests-506835889-project-member] tpm_secret_security_filter skipped {{(pid=93285) tpm_secret_security_filter /opt/stack/nova/nova/scheduler/request_filter.py:477}}
Jun 26 07:37:26.401043 np0000003716 nova-scheduler[93285]: INFO nova.utils [None req-b12f8d44-b63c-4e92-8a74-f82e97194a5c tempest-ImageDependencyTests-506835889 tempest-ImageDependencyTests-506835889-project-member] The cell worker thread pool ForkProcess-1.cell_worker is initialized
Jun 26 07:37:26.401524 np0000003716 nova-scheduler[93285]: DEBUG oslo_concurrency.lockutils [None req-b12f8d44-b63c-4e92-8a74-f82e97194a5c tempest-ImageDependencyTests-506835889 tempest-ImageDependencyTests-506835889-project-member] Acquiring lock "7bb20401-6ee2-46bd-ad40-9d8b7e7ebb8b" by "nova.context.set_target_cell..get_or_set_cached_cell_and_set_connections" {{(pid=93285) inner /opt/stack/data/venv/lib/python3.12/site-packages/oslo_concurrency/lockutils.py:511}}
Jun 26 07:37:26.401843 np0000003716 nova-scheduler[93285]: DEBUG oslo_concurrency.lockutils [None req-b12f8d44-b63c-4e92-8a74-f82e97194a5c tempest-ImageDependencyTests-506835889 tempest-ImageDependencyTests-506835889-project-member] Lock "7bb20401-6ee2-46bd-ad40-9d8b7e7ebb8b" acquired by "nova.context.set_target_cell..get_or_set_cached_cell_and_set_connections" :: waited 0.000s {{(pid=93285) inner /opt/stack/data/venv/lib/python3.12/site-packages/oslo_concurrency/lockutils.py:524}}
Jun 26 07:37:26.404009 np0000003716 nova-scheduler[93285]: DEBUG oslo_concurrency.lockutils [None req-b12f8d44-b63c-4e92-8a74-f82e97194a5c tempest-ImageDependencyTests-506835889 tempest-ImageDependencyTests-506835889-project-member] Lock "7bb20401-6ee2-46bd-ad40-9d8b7e7ebb8b" "released" by "nova.context.set_target_cell..get_or_set_cached_cell_and_set_connections" :: held 0.002s {{(pid=93285) inner /opt/stack/data/venv/lib/python3.12/site-packages/oslo_concurrency/lockutils.py:543}}
Jun 26 07:37:26.406314 np0000003716 nova-scheduler[93285]: INFO dbcounter [None req-b12f8d44-b63c-4e92-8a74-f82e97194a5c tempest-ImageDependencyTests-506835889 tempest-ImageDependencyTests-506835889-project-member] Registered counter for database nova_cell1
Jun 26 07:37:26.444075 np0000003716 nova-scheduler[93285]: DEBUG oslo_db.sqlalchemy.engines [None req-b12f8d44-b63c-4e92-8a74-f82e97194a5c tempest-ImageDependencyTests-506835889 tempest-ImageDependencyTests-506835889-project-member] MySQL server mode set to STRICT_TRANS_TABLES,STRICT_ALL_TABLES,NO_ZERO_IN_DATE,NO_ZERO_DATE,ERROR_FOR_DIVISION_BY_ZERO,TRADITIONAL,NO_ENGINE_SUBSTITUTION {{(pid=93285) _check_effective_sql_mode /opt/stack/data/venv/lib/python3.12/site-packages/oslo_db/sqlalchemy/engines.py:325}}
Jun 26 07:37:26.450429 np0000003716 nova-scheduler[93285]: DEBUG dbcounter [-] [93285] Writer thread running {{(pid=93285) stat_writer /opt/stack/data/venv/lib/python3.12/site-packages/dbcounter.py:102}}
Jun 26 07:37:26.479672 np0000003716 nova-scheduler[93285]: DEBUG oslo_db.sqlalchemy.engines [None req-b12f8d44-b63c-4e92-8a74-f82e97194a5c tempest-ImageDependencyTests-506835889 tempest-ImageDependencyTests-506835889-project-member] Parent process 92036 forked (93285) with an open database connection, which is being discarded and recreated. {{(pid=93285) checkout /opt/stack/data/venv/lib/python3.12/site-packages/oslo_db/sqlalchemy/engines.py:402}}
Jun 26 07:37:26.521682 np0000003716 nova-scheduler[93285]: DEBUG dbcounter [-] [93285] Writer thread running {{(pid=93285) stat_writer /opt/stack/data/venv/lib/python3.12/site-packages/dbcounter.py:102}}
Jun 26 07:37:26.524624 np0000003716 nova-scheduler[93285]: DEBUG oslo_concurrency.lockutils [None req-b12f8d44-b63c-4e92-8a74-f82e97194a5c tempest-ImageDependencyTests-506835889 tempest-ImageDependencyTests-506835889-project-member] Acquiring lock "7bb20401-6ee2-46bd-ad40-9d8b7e7ebb8b" by "nova.context.set_target_cell..get_or_set_cached_cell_and_set_connections" {{(pid=93285) inner /opt/stack/data/venv/lib/python3.12/site-packages/oslo_concurrency/lockutils.py:511}}
Jun 26 07:37:26.524818 np0000003716 nova-scheduler[93285]: DEBUG oslo_concurrency.lockutils [None req-b12f8d44-b63c-4e92-8a74-f82e97194a5c tempest-ImageDependencyTests-506835889 tempest-ImageDependencyTests-506835889-project-member] Lock "7bb20401-6ee2-46bd-ad40-9d8b7e7ebb8b" acquired by "nova.context.set_target_cell..get_or_set_cached_cell_and_set_connections" :: waited 0.000s {{(pid=93285) inner /opt/stack/data/venv/lib/python3.12/site-packages/oslo_concurrency/lockutils.py:524}}
Jun 26 07:37:26.524916 np0000003716 nova-scheduler[93285]: DEBUG oslo_concurrency.lockutils [None req-b12f8d44-b63c-4e92-8a74-f82e97194a5c tempest-ImageDependencyTests-506835889 tempest-ImageDependencyTests-506835889-project-member] Lock "7bb20401-6ee2-46bd-ad40-9d8b7e7ebb8b" "released" by "nova.context.set_target_cell..get_or_set_cached_cell_and_set_connections" :: held 0.000s {{(pid=93285) inner /opt/stack/data/venv/lib/python3.12/site-packages/oslo_concurrency/lockutils.py:543}}
Jun 26 07:37:26.528338 np0000003716 nova-scheduler[93285]: DEBUG oslo_concurrency.lockutils [None req-b12f8d44-b63c-4e92-8a74-f82e97194a5c tempest-ImageDependencyTests-506835889 tempest-ImageDependencyTests-506835889-project-member] Acquiring lock "('np0000003716', 'np0000003716')" by "nova.scheduler.host_manager.HostState.update.._locked_update" {{(pid=93285) inner /opt/stack/data/venv/lib/python3.12/site-packages/oslo_concurrency/lockutils.py:511}}
Jun 26 07:37:26.528510 np0000003716 nova-scheduler[93285]: DEBUG oslo_concurrency.lockutils [None req-b12f8d44-b63c-4e92-8a74-f82e97194a5c tempest-ImageDependencyTests-506835889 tempest-ImageDependencyTests-506835889-project-member] Lock "('np0000003716', 'np0000003716')" acquired by "nova.scheduler.host_manager.HostState.update.._locked_update" :: waited 0.000s {{(pid=93285) inner /opt/stack/data/venv/lib/python3.12/site-packages/oslo_concurrency/lockutils.py:524}}
Jun 26 07:37:26.529873 np0000003716 nova-scheduler[93285]: DEBUG nova.scheduler.host_manager [None req-b12f8d44-b63c-4e92-8a74-f82e97194a5c tempest-ImageDependencyTests-506835889 tempest-ImageDependencyTests-506835889-project-member] Update host state from compute node: ComputeNode(cpu_allocation_ratio=4.0,cpu_info='{"arch": "x86_64", "model": "EPYC-Milan", "vendor": "AMD", "topology": {"cells": 1, "sockets": 16, "cores": 1, "threads": 1}, "maxphysaddr": {"mode": "emulate", "bits": 40}, "features": ["null-sel-clr-base", "sse2", "wbnoinvd", "bmi2", "flushbyasid", "rdrand", "ssse3", "perfctr_core", "mmx", "pse", "pge", "sha-ni", "osvw", "stibp", "mce", "vgif", "pae", "cmp_legacy", "tsc_adjust", "svme-addr-chk", "lfence-always-serializing", "pfthreshold", "cx8", "vpclmulqdq", "ibrs", "pschange-mc-no", "clwb", "rdseed", "xsaveerptr", "amd-ssbd", "pclmuldq", "abm", "pse36", "cx16", "nx", "fpu", "pku", "rdtscp", "mtrr", "x2apic", "pcid", "sse4.2", "fxsr_opt", "hypervisor", "pdpe1gb", "fsrm", "fxsr", "pni", "virt-ssbd", "de", "fsgsbase", "rdctl-no", "erms", "npt", "clflushopt", "xsaves", "cr8legacy", "sse4a", "sse", "mca", "lbrv", "pat", "adx", "svm", "sep", "xsaveopt", "stibp-always-on", "xsave", "vaes", "tsc", "arch-capabilities", "smap", "topoext", "apic", "invpcid", "mds-no", "clzero", "lahf_lm", "gds-no", "ssbd", "syscall", "lm", "vmcb-clean", "cmov", "bmi1", "xgetbv1", "3dnowprefetch", "aes", "amd-stibp", "spec-ctrl", "tsc-scale", "mmxext", "ibpb", "pause-filter", "tsc-deadline", "umip", "xsavec", "clflush", "f16c", "fma", "misalignsse", "amd-psfd", "avx", "avx2", "sse4.1", "vme", "rdpid", "no-nested-data-bp", "msr", "smep", "v-vmsave-vmload", "skip-l1dfl-vmentry", "movbe", "popcnt", "arat", "nrip-save"]}',created_at=2026-06-26T07:35:20Z,current_workload=0,deleted=False,deleted_at=None,disk_allocation_ratio=1.0,disk_available_least=73,free_disk_gb=95,free_ram_mb=62765,host='np0000003716',host_ip=10.4.3.200,hypervisor_hostname='np0000003716',hypervisor_type='QEMU',hypervisor_version=8002002,id=1,local_gb=95,local_gb_used=0,mapped=1,memory_mb=63277,memory_mb_used=512,metrics='[]',numa_topology='{"nova_object.name": "NUMATopology", "nova_object.namespace": "nova", "nova_object.version": "1.2", "nova_object.data": {"cells": [{"nova_object.name": "NUMACell", "nova_object.namespace": "nova", "nova_object.version": "1.5", "nova_object.data": {"id": 0, "cpuset": [0, 1, 2, 3, 4, 5, 6, 7, 8, 9, 10, 11, 12, 13, 14, 15], "pcpuset": [0, 1, 2, 3, 4, 5, 6, 7, 8, 9, 10, 11, 12, 13, 14, 15], "memory": 63277, "cpu_usage": 0, "memory_usage": 0, "pinned_cpus": [], "siblings": [[6], [12], [2], [15], [5], [11], [8], [14], [4], [1], [7], [10], [0], [13], [3], [9]], "mempages": [{"nova_object.name": "NUMAPagesTopology", "nova_object.namespace": "nova", "nova_object.version": "1.1", "nova_object.data": {"size_kb": 4, "total": 16177931, "used": 0, "reserved": 0}, "nova_object.changes": ["size_kb", "total", "reserved", "used"]}, {"nova_object.name": "NUMAPagesTopology", "nova_object.namespace": "nova", "nova_object.version": "1.1", "nova_object.data": {"size_kb": 2048, "total": 41, "used": 0, "reserved": 0}, "nova_object.changes": ["size_kb", "total", "reserved", "used"]}, {"nova_object.name": "NUMAPagesTopology", "nova_object.namespace": "nova", "nova_object.version": "1.1", "nova_object.data": {"size_kb": 1048576, "total": 0, "used": 0, "reserved": 0}, "nova_object.changes": ["size_kb", "total", "reserved", "used"]}], "network_metadata": {"nova_object.name": "NetworkMetadata", "nova_object.namespace": "nova", "nova_object.version": "1.0", "nova_object.data": {"physnets": [], "tunneled": false}, "nova_object.changes": ["physnets", "tunneled"]}, "socket": null}, "nova_object.changes": ["cpu_usage", "mempages", "pinned_cpus", "socket", "siblings", "pcpuset", "memory", "id", "memory_usage", "network_metadata", "cpuset"]}]}, "nova_object.changes": ["cells"]}',pci_device_pools=PciDevicePoolList,ram_allocation_ratio=1.0,running_vms=0,service_id=3,stats={failed_builds='0',uptime=' 07:37:04 up 14 min, 2 users, load average: 1.58, 1.62, 0.91
Jun 26 07:37:26.529873 np0000003716 nova-scheduler[93285]: '},supported_hv_specs=[HVSpec,HVSpec,HVSpec,HVSpec,HVSpec,HVSpec,HVSpec,HVSpec,HVSpec,HVSpec,HVSpec,HVSpec,HVSpec,HVSpec,HVSpec,HVSpec,HVSpec,HVSpec,HVSpec,HVSpec,HVSpec,HVSpec,HVSpec,HVSpec,HVSpec],updated_at=2026-06-26T07:37:06Z,uuid=cc992618-eab8-4ec6-8487-137bc27b79d1,vcpus=16,vcpus_used=0) {{(pid=93285) _locked_update /opt/stack/nova/nova/scheduler/host_manager.py:168}}
Jun 26 07:37:26.531153 np0000003716 nova-scheduler[93285]: DEBUG nova.scheduler.host_manager [None req-b12f8d44-b63c-4e92-8a74-f82e97194a5c tempest-ImageDependencyTests-506835889 tempest-ImageDependencyTests-506835889-project-member] Update host state with aggregates: [] {{(pid=93285) _locked_update /opt/stack/nova/nova/scheduler/host_manager.py:171}}
Jun 26 07:37:26.531310 np0000003716 nova-scheduler[93285]: DEBUG nova.scheduler.host_manager [None req-b12f8d44-b63c-4e92-8a74-f82e97194a5c tempest-ImageDependencyTests-506835889 tempest-ImageDependencyTests-506835889-project-member] Update host state with service dict: {'id': 3, 'uuid': '1eaab024-7479-478d-b5f3-2fa1563d99a0', 'host': 'np0000003716', 'binary': 'nova-compute', 'topic': 'compute', 'report_count': 1, 'disabled': False, 'disabled_reason': None, 'last_seen_up': datetime.datetime(2026, 6, 26, 7, 35, 29, tzinfo=datetime.timezone.utc), 'forced_down': False, 'version': 72, 'created_at': datetime.datetime(2026, 6, 26, 7, 35, 19, tzinfo=datetime.timezone.utc), 'updated_at': datetime.datetime(2026, 6, 26, 7, 35, 29, tzinfo=datetime.timezone.utc), 'deleted_at': None, 'deleted': False} {{(pid=93285) _locked_update /opt/stack/nova/nova/scheduler/host_manager.py:174}}
Jun 26 07:37:26.531507 np0000003716 nova-scheduler[93285]: DEBUG nova.scheduler.host_manager [None req-b12f8d44-b63c-4e92-8a74-f82e97194a5c tempest-ImageDependencyTests-506835889 tempest-ImageDependencyTests-506835889-project-member] Update host state with instances: [] {{(pid=93285) _locked_update /opt/stack/nova/nova/scheduler/host_manager.py:177}}
Jun 26 07:37:26.531673 np0000003716 nova-scheduler[93285]: DEBUG oslo_concurrency.lockutils [None req-b12f8d44-b63c-4e92-8a74-f82e97194a5c tempest-ImageDependencyTests-506835889 tempest-ImageDependencyTests-506835889-project-member] Lock "('np0000003716', 'np0000003716')" "released" by "nova.scheduler.host_manager.HostState.update.._locked_update" :: held 0.003s {{(pid=93285) inner /opt/stack/data/venv/lib/python3.12/site-packages/oslo_concurrency/lockutils.py:543}}
Jun 26 07:37:26.532249 np0000003716 nova-scheduler[93285]: DEBUG nova.filters [None req-b12f8d44-b63c-4e92-8a74-f82e97194a5c tempest-ImageDependencyTests-506835889 tempest-ImageDependencyTests-506835889-project-member] Starting with 1 host(s) {{(pid=93285) get_filtered_objects /opt/stack/nova/nova/filters.py:70}}
Jun 26 07:37:26.532512 np0000003716 nova-scheduler[93285]: DEBUG nova.filters [None req-b12f8d44-b63c-4e92-8a74-f82e97194a5c tempest-ImageDependencyTests-506835889 tempest-ImageDependencyTests-506835889-project-member] Filter ComputeFilter returned 1 host(s) {{(pid=93285) get_filtered_objects /opt/stack/nova/nova/filters.py:102}}
Jun 26 07:37:26.532752 np0000003716 nova-scheduler[93285]: DEBUG nova.filters [None req-b12f8d44-b63c-4e92-8a74-f82e97194a5c tempest-ImageDependencyTests-506835889 tempest-ImageDependencyTests-506835889-project-member] Filter ComputeCapabilitiesFilter returned 1 host(s) {{(pid=93285) get_filtered_objects /opt/stack/nova/nova/filters.py:102}}
Jun 26 07:37:26.533006 np0000003716 nova-scheduler[93285]: DEBUG nova.filters [None req-b12f8d44-b63c-4e92-8a74-f82e97194a5c tempest-ImageDependencyTests-506835889 tempest-ImageDependencyTests-506835889-project-member] Filter ImagePropertiesFilter returned 1 host(s) {{(pid=93285) get_filtered_objects /opt/stack/nova/nova/filters.py:102}}
Jun 26 07:37:26.533153 np0000003716 nova-scheduler[93285]: DEBUG nova.filters [None req-b12f8d44-b63c-4e92-8a74-f82e97194a5c tempest-ImageDependencyTests-506835889 tempest-ImageDependencyTests-506835889-project-member] Filter ServerGroupAntiAffinityFilter returned 1 host(s) {{(pid=93285) get_filtered_objects /opt/stack/nova/nova/filters.py:102}}
Jun 26 07:37:26.533281 np0000003716 nova-scheduler[93285]: DEBUG nova.filters [None req-b12f8d44-b63c-4e92-8a74-f82e97194a5c tempest-ImageDependencyTests-506835889 tempest-ImageDependencyTests-506835889-project-member] Filter ServerGroupAffinityFilter returned 1 host(s) {{(pid=93285) get_filtered_objects /opt/stack/nova/nova/filters.py:102}}
Jun 26 07:37:26.533455 np0000003716 nova-scheduler[93285]: DEBUG nova.filters [None req-b12f8d44-b63c-4e92-8a74-f82e97194a5c tempest-ImageDependencyTests-506835889 tempest-ImageDependencyTests-506835889-project-member] Filter SameHostFilter returned 1 host(s) {{(pid=93285) get_filtered_objects /opt/stack/nova/nova/filters.py:102}}
Jun 26 07:37:26.533632 np0000003716 nova-scheduler[93285]: DEBUG nova.filters [None req-b12f8d44-b63c-4e92-8a74-f82e97194a5c tempest-ImageDependencyTests-506835889 tempest-ImageDependencyTests-506835889-project-member] Filter DifferentHostFilter returned 1 host(s) {{(pid=93285) get_filtered_objects /opt/stack/nova/nova/filters.py:102}}
Jun 26 07:37:26.533796 np0000003716 nova-scheduler[93285]: DEBUG nova.scheduler.manager [None req-b12f8d44-b63c-4e92-8a74-f82e97194a5c tempest-ImageDependencyTests-506835889 tempest-ImageDependencyTests-506835889-project-member] Filtered [(np0000003716, np0000003716) ram: 62765MB disk: 74752MB io_ops: 0 instances: 0, allocation_candidates: 1] {{(pid=93285) _get_sorted_hosts /opt/stack/nova/nova/scheduler/manager.py:743}}
Jun 26 07:37:26.534058 np0000003716 nova-scheduler[93285]: DEBUG nova.scheduler.manager [None req-b12f8d44-b63c-4e92-8a74-f82e97194a5c tempest-ImageDependencyTests-506835889 tempest-ImageDependencyTests-506835889-project-member] Weighed [WeighedHost [host: (np0000003716, np0000003716) ram: 62765MB disk: 74752MB io_ops: 0 instances: 0, allocation_candidates: 1, weight: 0.0]] {{(pid=93285) _get_sorted_hosts /opt/stack/nova/nova/scheduler/manager.py:765}}
Jun 26 07:37:26.534286 np0000003716 nova-scheduler[93285]: DEBUG nova.scheduler.utils [None req-b12f8d44-b63c-4e92-8a74-f82e97194a5c tempest-ImageDependencyTests-506835889 tempest-ImageDependencyTests-506835889-project-member] Attempting to claim resources in the placement API for instance e5f1f685-4279-4cfc-8403-57d2c368d4a2 {{(pid=93285) claim_resources /opt/stack/nova/nova/scheduler/utils.py:1345}}
Jun 26 07:37:26.700800 np0000003716 nova-scheduler[93285]: DEBUG nova.scheduler.manager [None req-b12f8d44-b63c-4e92-8a74-f82e97194a5c tempest-ImageDependencyTests-506835889 tempest-ImageDependencyTests-506835889-project-member] [instance: e5f1f685-4279-4cfc-8403-57d2c368d4a2] Selected host: (np0000003716, np0000003716) ram: 62765MB disk: 74752MB io_ops: 0 instances: 0, allocation_candidates: 1 {{(pid=93285) _consume_selected_host /opt/stack/nova/nova/scheduler/manager.py:625}}
Jun 26 07:37:26.701193 np0000003716 nova-scheduler[93285]: DEBUG oslo_concurrency.lockutils [None req-b12f8d44-b63c-4e92-8a74-f82e97194a5c tempest-ImageDependencyTests-506835889 tempest-ImageDependencyTests-506835889-project-member] Acquiring lock "('np0000003716', 'np0000003716')" by "nova.scheduler.host_manager.HostState.consume_from_request.._locked" {{(pid=93285) inner /opt/stack/data/venv/lib/python3.12/site-packages/oslo_concurrency/lockutils.py:511}}
Jun 26 07:37:26.701384 np0000003716 nova-scheduler[93285]: DEBUG oslo_concurrency.lockutils [None req-b12f8d44-b63c-4e92-8a74-f82e97194a5c tempest-ImageDependencyTests-506835889 tempest-ImageDependencyTests-506835889-project-member] Lock "('np0000003716', 'np0000003716')" acquired by "nova.scheduler.host_manager.HostState.consume_from_request.._locked" :: waited 0.000s {{(pid=93285) inner /opt/stack/data/venv/lib/python3.12/site-packages/oslo_concurrency/lockutils.py:524}}
Jun 26 07:37:26.701683 np0000003716 nova-scheduler[93285]: DEBUG oslo_concurrency.lockutils [None req-b12f8d44-b63c-4e92-8a74-f82e97194a5c tempest-ImageDependencyTests-506835889 tempest-ImageDependencyTests-506835889-project-member] Lock "('np0000003716', 'np0000003716')" "released" by "nova.scheduler.host_manager.HostState.consume_from_request.._locked" :: held 0.000s {{(pid=93285) inner /opt/stack/data/venv/lib/python3.12/site-packages/oslo_concurrency/lockutils.py:543}}
Jun 26 07:37:28.658134 np0000003716 nova-scheduler[93313]: DEBUG oslo.service.backend._threading.loopingcall [None req-dff6ae82-aacf-49a8-baec-ca0c1d45f381 None None] Dynamic interval looping call 'nova.service.Service.periodic_tasks' sleeping for 60.00 seconds {{(pid=93313) _run_loop /opt/stack/data/venv/lib/python3.12/site-packages/oslo_service/backend/_threading/loopingcall.py:125}}
Jun 26 07:37:34.537949 np0000003716 nova-scheduler[93310]: DEBUG nova.scheduler.manager [None req-b9cd62d7-f2b2-4b6d-91c3-6872a02083ca tempest-ServerStableDeviceRescueTest-341196164 tempest-ServerStableDeviceRescueTest-341196164-project-member] Starting to schedule for instances: ['7f480f4f-f98a-429b-ba18-43e9f83c2879'] {{(pid=93310) select_destinations /opt/stack/nova/nova/scheduler/manager.py:210}}
Jun 26 07:37:34.538531 np0000003716 nova-scheduler[93310]: DEBUG nova.scheduler.request_filter [None req-b9cd62d7-f2b2-4b6d-91c3-6872a02083ca tempest-ServerStableDeviceRescueTest-341196164 tempest-ServerStableDeviceRescueTest-341196164-project-member] compute_status_filter request filter added forbidden trait COMPUTE_STATUS_DISABLED {{(pid=93310) compute_status_filter /opt/stack/nova/nova/scheduler/request_filter.py:253}}
Jun 26 07:37:34.538778 np0000003716 nova-scheduler[93310]: DEBUG nova.scheduler.request_filter [None req-b9cd62d7-f2b2-4b6d-91c3-6872a02083ca tempest-ServerStableDeviceRescueTest-341196164 tempest-ServerStableDeviceRescueTest-341196164-project-member] Request filter 'compute_status_filter' took 0.0 seconds {{(pid=93310) wrapper /opt/stack/nova/nova/scheduler/request_filter.py:46}}
Jun 26 07:37:34.539048 np0000003716 nova-scheduler[93310]: DEBUG nova.scheduler.request_filter [None req-b9cd62d7-f2b2-4b6d-91c3-6872a02083ca tempest-ServerStableDeviceRescueTest-341196164 tempest-ServerStableDeviceRescueTest-341196164-project-member] Request filter 'accelerators_filter' took 0.0 seconds {{(pid=93310) wrapper /opt/stack/nova/nova/scheduler/request_filter.py:46}}
Jun 26 07:37:34.539299 np0000003716 nova-scheduler[93310]: DEBUG nova.scheduler.request_filter [None req-b9cd62d7-f2b2-4b6d-91c3-6872a02083ca tempest-ServerStableDeviceRescueTest-341196164 tempest-ServerStableDeviceRescueTest-341196164-project-member] Request filter 'packed_virtqueue_filter' took 0.0 seconds {{(pid=93310) wrapper /opt/stack/nova/nova/scheduler/request_filter.py:46}}
Jun 26 07:37:34.539660 np0000003716 nova-scheduler[93310]: DEBUG nova.scheduler.request_filter [None req-b9cd62d7-f2b2-4b6d-91c3-6872a02083ca tempest-ServerStableDeviceRescueTest-341196164 tempest-ServerStableDeviceRescueTest-341196164-project-member] Request filter 'remote_managed_ports_filter' took 0.0 seconds {{(pid=93310) wrapper /opt/stack/nova/nova/scheduler/request_filter.py:46}}
Jun 26 07:37:34.539926 np0000003716 nova-scheduler[93310]: DEBUG nova.scheduler.request_filter [None req-b9cd62d7-f2b2-4b6d-91c3-6872a02083ca tempest-ServerStableDeviceRescueTest-341196164 tempest-ServerStableDeviceRescueTest-341196164-project-member] ephemeral_encryption_filter skipped {{(pid=93310) ephemeral_encryption_filter /opt/stack/nova/nova/scheduler/request_filter.py:426}}
Jun 26 07:37:34.540227 np0000003716 nova-scheduler[93310]: DEBUG nova.scheduler.request_filter [None req-b9cd62d7-f2b2-4b6d-91c3-6872a02083ca tempest-ServerStableDeviceRescueTest-341196164 tempest-ServerStableDeviceRescueTest-341196164-project-member] virtio_sound_filter skipped {{(pid=93310) virtio_sound_filter /opt/stack/nova/nova/scheduler/request_filter.py:460}}
Jun 26 07:37:34.540425 np0000003716 nova-scheduler[93310]: DEBUG nova.scheduler.request_filter [None req-b9cd62d7-f2b2-4b6d-91c3-6872a02083ca tempest-ServerStableDeviceRescueTest-341196164 tempest-ServerStableDeviceRescueTest-341196164-project-member] tpm_secret_security_filter skipped {{(pid=93310) tpm_secret_security_filter /opt/stack/nova/nova/scheduler/request_filter.py:477}}
Jun 26 07:37:34.608097 np0000003716 nova-scheduler[93310]: DEBUG oslo.service.backend._threading.loopingcall [None req-30ad6458-9cf6-4171-84cf-0908f3b1aeef None None] Dynamic interval looping call 'nova.service.Service.periodic_tasks' sleeping for 60.00 seconds {{(pid=93310) _run_loop /opt/stack/data/venv/lib/python3.12/site-packages/oslo_service/backend/_threading/loopingcall.py:125}}
Jun 26 07:37:34.665442 np0000003716 nova-scheduler[93310]: INFO nova.utils [None req-b9cd62d7-f2b2-4b6d-91c3-6872a02083ca tempest-ServerStableDeviceRescueTest-341196164 tempest-ServerStableDeviceRescueTest-341196164-project-member] The cell worker thread pool ForkProcess-2.cell_worker is initialized
Jun 26 07:37:34.665442 np0000003716 nova-scheduler[93310]: DEBUG oslo_concurrency.lockutils [None req-b9cd62d7-f2b2-4b6d-91c3-6872a02083ca tempest-ServerStableDeviceRescueTest-341196164 tempest-ServerStableDeviceRescueTest-341196164-project-member] Acquiring lock "7bb20401-6ee2-46bd-ad40-9d8b7e7ebb8b" by "nova.context.set_target_cell..get_or_set_cached_cell_and_set_connections" {{(pid=93310) inner /opt/stack/data/venv/lib/python3.12/site-packages/oslo_concurrency/lockutils.py:511}}
Jun 26 07:37:34.665442 np0000003716 nova-scheduler[93310]: DEBUG oslo_concurrency.lockutils [None req-b9cd62d7-f2b2-4b6d-91c3-6872a02083ca tempest-ServerStableDeviceRescueTest-341196164 tempest-ServerStableDeviceRescueTest-341196164-project-member] Lock "7bb20401-6ee2-46bd-ad40-9d8b7e7ebb8b" acquired by "nova.context.set_target_cell..get_or_set_cached_cell_and_set_connections" :: waited 0.000s {{(pid=93310) inner /opt/stack/data/venv/lib/python3.12/site-packages/oslo_concurrency/lockutils.py:524}}
Jun 26 07:37:34.665442 np0000003716 nova-scheduler[93310]: DEBUG oslo_concurrency.lockutils [None req-b9cd62d7-f2b2-4b6d-91c3-6872a02083ca tempest-ServerStableDeviceRescueTest-341196164 tempest-ServerStableDeviceRescueTest-341196164-project-member] Lock "7bb20401-6ee2-46bd-ad40-9d8b7e7ebb8b" "released" by "nova.context.set_target_cell..get_or_set_cached_cell_and_set_connections" :: held 0.002s {{(pid=93310) inner /opt/stack/data/venv/lib/python3.12/site-packages/oslo_concurrency/lockutils.py:543}}
Jun 26 07:37:34.665442 np0000003716 nova-scheduler[93310]: INFO dbcounter [None req-b9cd62d7-f2b2-4b6d-91c3-6872a02083ca tempest-ServerStableDeviceRescueTest-341196164 tempest-ServerStableDeviceRescueTest-341196164-project-member] Registered counter for database nova_cell1
Jun 26 07:37:34.704678 np0000003716 nova-scheduler[93310]: DEBUG oslo_db.sqlalchemy.engines [None req-b9cd62d7-f2b2-4b6d-91c3-6872a02083ca tempest-ServerStableDeviceRescueTest-341196164 tempest-ServerStableDeviceRescueTest-341196164-project-member] MySQL server mode set to STRICT_TRANS_TABLES,STRICT_ALL_TABLES,NO_ZERO_IN_DATE,NO_ZERO_DATE,ERROR_FOR_DIVISION_BY_ZERO,TRADITIONAL,NO_ENGINE_SUBSTITUTION {{(pid=93310) _check_effective_sql_mode /opt/stack/data/venv/lib/python3.12/site-packages/oslo_db/sqlalchemy/engines.py:325}}
Jun 26 07:37:34.710683 np0000003716 nova-scheduler[93310]: DEBUG dbcounter [-] [93310] Writer thread running {{(pid=93310) stat_writer /opt/stack/data/venv/lib/python3.12/site-packages/dbcounter.py:102}}
Jun 26 07:37:34.779658 np0000003716 nova-scheduler[93310]: DEBUG dbcounter [-] [93310] Writer thread running {{(pid=93310) stat_writer /opt/stack/data/venv/lib/python3.12/site-packages/dbcounter.py:102}}
Jun 26 07:37:34.783314 np0000003716 nova-scheduler[93310]: DEBUG oslo_concurrency.lockutils [None req-b9cd62d7-f2b2-4b6d-91c3-6872a02083ca tempest-ServerStableDeviceRescueTest-341196164 tempest-ServerStableDeviceRescueTest-341196164-project-member] Acquiring lock "7bb20401-6ee2-46bd-ad40-9d8b7e7ebb8b" by "nova.context.set_target_cell..get_or_set_cached_cell_and_set_connections" {{(pid=93310) inner /opt/stack/data/venv/lib/python3.12/site-packages/oslo_concurrency/lockutils.py:511}}
Jun 26 07:37:34.783314 np0000003716 nova-scheduler[93310]: DEBUG oslo_concurrency.lockutils [None req-b9cd62d7-f2b2-4b6d-91c3-6872a02083ca tempest-ServerStableDeviceRescueTest-341196164 tempest-ServerStableDeviceRescueTest-341196164-project-member] Lock "7bb20401-6ee2-46bd-ad40-9d8b7e7ebb8b" acquired by "nova.context.set_target_cell..get_or_set_cached_cell_and_set_connections" :: waited 0.000s {{(pid=93310) inner /opt/stack/data/venv/lib/python3.12/site-packages/oslo_concurrency/lockutils.py:524}}
Jun 26 07:37:34.783314 np0000003716 nova-scheduler[93310]: DEBUG oslo_concurrency.lockutils [None req-b9cd62d7-f2b2-4b6d-91c3-6872a02083ca tempest-ServerStableDeviceRescueTest-341196164 tempest-ServerStableDeviceRescueTest-341196164-project-member] Lock "7bb20401-6ee2-46bd-ad40-9d8b7e7ebb8b" "released" by "nova.context.set_target_cell..get_or_set_cached_cell_and_set_connections" :: held 0.000s {{(pid=93310) inner /opt/stack/data/venv/lib/python3.12/site-packages/oslo_concurrency/lockutils.py:543}}
