Jul 08 13:37:03.384170 np0000004817 nova-scheduler[93219]: DEBUG cotyledon.oslo_config_glue [-] oslo_messaging_notifications.driver = ['messagingv2'] {{(pid=93219) log_opt_values /opt/stack/data/venv/lib/python3.12/site-packages/oslo_config/cfg.py:3253}}
Jul 08 13:37:03.384170 np0000004817 nova-scheduler[93219]: DEBUG cotyledon.oslo_config_glue [-] oslo_messaging_notifications.retry = -1 {{(pid=93219) log_opt_values /opt/stack/data/venv/lib/python3.12/site-packages/oslo_config/cfg.py:3253}}
Jul 08 13:37:03.384344 np0000004817 nova-scheduler[93219]: DEBUG cotyledon.oslo_config_glue [-] oslo_messaging_notifications.topics = ['notifications'] {{(pid=93219) log_opt_values /opt/stack/data/venv/lib/python3.12/site-packages/oslo_config/cfg.py:3253}}
Jul 08 13:37:03.384344 np0000004817 nova-scheduler[93219]: DEBUG cotyledon.oslo_config_glue [-] oslo_messaging_notifications.transport_url = **** {{(pid=93219) log_opt_values /opt/stack/data/venv/lib/python3.12/site-packages/oslo_config/cfg.py:3253}}
Jul 08 13:37:03.384344 np0000004817 nova-scheduler[93219]: DEBUG cotyledon.oslo_config_glue [-] oslo_limit.auth_section = None {{(pid=93219) log_opt_values /opt/stack/data/venv/lib/python3.12/site-packages/oslo_config/cfg.py:3253}}
Jul 08 13:37:03.384344 np0000004817 nova-scheduler[93219]: DEBUG cotyledon.oslo_config_glue [-] oslo_limit.auth_type = None {{(pid=93219) log_opt_values /opt/stack/data/venv/lib/python3.12/site-packages/oslo_config/cfg.py:3253}}
Jul 08 13:37:03.384344 np0000004817 nova-scheduler[93219]: DEBUG cotyledon.oslo_config_glue [-] oslo_limit.cafile = None {{(pid=93219) log_opt_values /opt/stack/data/venv/lib/python3.12/site-packages/oslo_config/cfg.py:3253}}
Jul 08 13:37:03.384344 np0000004817 nova-scheduler[93219]: DEBUG cotyledon.oslo_config_glue [-] oslo_limit.certfile = None {{(pid=93219) log_opt_values /opt/stack/data/venv/lib/python3.12/site-packages/oslo_config/cfg.py:3253}}
Jul 08 13:37:03.384344 np0000004817 nova-scheduler[93219]: DEBUG cotyledon.oslo_config_glue [-] oslo_limit.collect_timing = False {{(pid=93219) log_opt_values /opt/stack/data/venv/lib/python3.12/site-packages/oslo_config/cfg.py:3253}}
Jul 08 13:37:03.384344 np0000004817 nova-scheduler[93219]: DEBUG cotyledon.oslo_config_glue [-] oslo_limit.connect_retries = None {{(pid=93219) log_opt_values /opt/stack/data/venv/lib/python3.12/site-packages/oslo_config/cfg.py:3253}}
Jul 08 13:37:03.384344 np0000004817 nova-scheduler[93219]: DEBUG cotyledon.oslo_config_glue [-] oslo_limit.connect_retry_delay = None {{(pid=93219) log_opt_values /opt/stack/data/venv/lib/python3.12/site-packages/oslo_config/cfg.py:3253}}
Jul 08 13:37:03.384516 np0000004817 nova-scheduler[93219]: DEBUG cotyledon.oslo_config_glue [-] oslo_limit.endpoint_id = None {{(pid=93219) log_opt_values /opt/stack/data/venv/lib/python3.12/site-packages/oslo_config/cfg.py:3253}}
Jul 08 13:37:03.384516 np0000004817 nova-scheduler[93219]: DEBUG cotyledon.oslo_config_glue [-] oslo_limit.endpoint_interface = public {{(pid=93219) log_opt_values /opt/stack/data/venv/lib/python3.12/site-packages/oslo_config/cfg.py:3253}}
Jul 08 13:37:03.384516 np0000004817 nova-scheduler[93219]: DEBUG cotyledon.oslo_config_glue [-] oslo_limit.endpoint_override = None {{(pid=93219) log_opt_values /opt/stack/data/venv/lib/python3.12/site-packages/oslo_config/cfg.py:3253}}
Jul 08 13:37:03.384516 np0000004817 nova-scheduler[93219]: DEBUG cotyledon.oslo_config_glue [-] oslo_limit.endpoint_region_name = None {{(pid=93219) log_opt_values /opt/stack/data/venv/lib/python3.12/site-packages/oslo_config/cfg.py:3253}}
Jul 08 13:37:03.384516 np0000004817 nova-scheduler[93219]: DEBUG cotyledon.oslo_config_glue [-] oslo_limit.endpoint_service_name = None {{(pid=93219) log_opt_values /opt/stack/data/venv/lib/python3.12/site-packages/oslo_config/cfg.py:3253}}
Jul 08 13:37:03.384516 np0000004817 nova-scheduler[93219]: DEBUG cotyledon.oslo_config_glue [-] oslo_limit.endpoint_service_type = None {{(pid=93219) log_opt_values /opt/stack/data/venv/lib/python3.12/site-packages/oslo_config/cfg.py:3253}}
Jul 08 13:37:03.384516 np0000004817 nova-scheduler[93219]: DEBUG cotyledon.oslo_config_glue [-] oslo_limit.insecure = False {{(pid=93219) log_opt_values /opt/stack/data/venv/lib/python3.12/site-packages/oslo_config/cfg.py:3253}}
Jul 08 13:37:03.384516 np0000004817 nova-scheduler[93219]: DEBUG cotyledon.oslo_config_glue [-] oslo_limit.keyfile = None {{(pid=93219) log_opt_values /opt/stack/data/venv/lib/python3.12/site-packages/oslo_config/cfg.py:3253}}
Jul 08 13:37:03.384516 np0000004817 nova-scheduler[93219]: DEBUG cotyledon.oslo_config_glue [-] oslo_limit.max_version = None {{(pid=93219) log_opt_values /opt/stack/data/venv/lib/python3.12/site-packages/oslo_config/cfg.py:3253}}
Jul 08 13:37:03.384757 np0000004817 nova-scheduler[93219]: DEBUG cotyledon.oslo_config_glue [-] oslo_limit.min_version = None {{(pid=93219) log_opt_values /opt/stack/data/venv/lib/python3.12/site-packages/oslo_config/cfg.py:3253}}
Jul 08 13:37:03.384757 np0000004817 nova-scheduler[93219]: DEBUG cotyledon.oslo_config_glue [-] oslo_limit.region_name = None {{(pid=93219) log_opt_values /opt/stack/data/venv/lib/python3.12/site-packages/oslo_config/cfg.py:3253}}
Jul 08 13:37:03.384757 np0000004817 nova-scheduler[93219]: DEBUG cotyledon.oslo_config_glue [-] oslo_limit.retriable_status_codes = None {{(pid=93219) log_opt_values /opt/stack/data/venv/lib/python3.12/site-packages/oslo_config/cfg.py:3253}}
Jul 08 13:37:03.384757 np0000004817 nova-scheduler[93219]: DEBUG cotyledon.oslo_config_glue [-] oslo_limit.service_name = None {{(pid=93219) log_opt_values /opt/stack/data/venv/lib/python3.12/site-packages/oslo_config/cfg.py:3253}}
Jul 08 13:37:03.384757 np0000004817 nova-scheduler[93219]: DEBUG cotyledon.oslo_config_glue [-] oslo_limit.service_type = None {{(pid=93219) log_opt_values /opt/stack/data/venv/lib/python3.12/site-packages/oslo_config/cfg.py:3253}}
Jul 08 13:37:03.384757 np0000004817 nova-scheduler[93219]: DEBUG cotyledon.oslo_config_glue [-] oslo_limit.split_loggers = False {{(pid=93219) log_opt_values /opt/stack/data/venv/lib/python3.12/site-packages/oslo_config/cfg.py:3253}}
Jul 08 13:37:03.384757 np0000004817 nova-scheduler[93219]: DEBUG cotyledon.oslo_config_glue [-] oslo_limit.status_code_retries = None {{(pid=93219) log_opt_values /opt/stack/data/venv/lib/python3.12/site-packages/oslo_config/cfg.py:3253}}
Jul 08 13:37:03.384757 np0000004817 nova-scheduler[93219]: DEBUG cotyledon.oslo_config_glue [-] oslo_limit.status_code_retry_delay = None {{(pid=93219) log_opt_values /opt/stack/data/venv/lib/python3.12/site-packages/oslo_config/cfg.py:3253}}
Jul 08 13:37:03.384757 np0000004817 nova-scheduler[93219]: DEBUG cotyledon.oslo_config_glue [-] oslo_limit.timeout = None {{(pid=93219) log_opt_values /opt/stack/data/venv/lib/python3.12/site-packages/oslo_config/cfg.py:3253}}
Jul 08 13:37:03.385048 np0000004817 nova-scheduler[93219]: DEBUG cotyledon.oslo_config_glue [-] oslo_limit.valid_interfaces = None {{(pid=93219) log_opt_values /opt/stack/data/venv/lib/python3.12/site-packages/oslo_config/cfg.py:3253}}
Jul 08 13:37:03.385048 np0000004817 nova-scheduler[93219]: DEBUG cotyledon.oslo_config_glue [-] oslo_limit.version = None {{(pid=93219) log_opt_values /opt/stack/data/venv/lib/python3.12/site-packages/oslo_config/cfg.py:3253}}
Jul 08 13:37:03.385048 np0000004817 nova-scheduler[93219]: DEBUG cotyledon.oslo_config_glue [-] oslo_reports.file_event_handler = None {{(pid=93219) log_opt_values /opt/stack/data/venv/lib/python3.12/site-packages/oslo_config/cfg.py:3253}}
Jul 08 13:37:03.385048 np0000004817 nova-scheduler[93219]: DEBUG cotyledon.oslo_config_glue [-] oslo_reports.file_event_handler_interval = 1 {{(pid=93219) log_opt_values /opt/stack/data/venv/lib/python3.12/site-packages/oslo_config/cfg.py:3253}}
Jul 08 13:37:03.385048 np0000004817 nova-scheduler[93219]: DEBUG cotyledon.oslo_config_glue [-] oslo_reports.log_dir = None {{(pid=93219) log_opt_values /opt/stack/data/venv/lib/python3.12/site-packages/oslo_config/cfg.py:3253}}
Jul 08 13:37:03.385048 np0000004817 nova-scheduler[93219]: DEBUG cotyledon.oslo_config_glue [-] ******************************************************************************** {{(pid=93219) log_opt_values /opt/stack/data/venv/lib/python3.12/site-packages/oslo_config/cfg.py:3260}}
Jul 08 13:37:03.385048 np0000004817 nova-scheduler[93219]: DEBUG cotyledon._service_worker [-] Run service ServiceWrapper(2) [93219] {{(pid=93219) wait_forever /opt/stack/data/venv/lib/python3.12/site-packages/cotyledon/_service_worker.py:218}}
Jul 08 13:37:03.385929 np0000004817 nova-scheduler[93219]: INFO nova.service [-] Starting scheduler node (version 33.1.0)
Jul 08 13:37:03.386861 np0000004817 nova-scheduler[93211]: DEBUG oslo_db.sqlalchemy.engines [None req-1d9609ae-25d7-4e9e-b125-64a2c39323da None None] MySQL server mode set to STRICT_TRANS_TABLES,STRICT_ALL_TABLES,NO_ZERO_IN_DATE,NO_ZERO_DATE,ERROR_FOR_DIVISION_BY_ZERO,TRADITIONAL,NO_ENGINE_SUBSTITUTION {{(pid=93211) _check_effective_sql_mode /opt/stack/data/venv/lib/python3.12/site-packages/oslo_db/sqlalchemy/engines.py:325}}
Jul 08 13:37:03.391460 np0000004817 nova-scheduler[93219]: INFO dbcounter [None req-99313f87-3bb9-4216-ac0f-d95b21f7beb0 None None] Registered counter for database nova_cell0
Jul 08 13:37:03.399349 np0000004817 nova-scheduler[93211]: DEBUG dbcounter [-] [93211] Writer thread running {{(pid=93211) stat_writer /opt/stack/data/venv/lib/python3.12/site-packages/dbcounter.py:102}}
Jul 08 13:37:03.417359 np0000004817 nova-scheduler[93211]: DEBUG nova.service [None req-1d9609ae-25d7-4e9e-b125-64a2c39323da None None] Creating RPC server for service: nova-scheduler on topic: scheduler {{(pid=93211) start /opt/stack/nova/nova/service.py:196}}
Jul 08 13:37:03.424270 np0000004817 nova-scheduler[93216]: DEBUG oslo_db.sqlalchemy.engines [None req-ff40fb6d-bb89-4941-9037-a3aaa913d905 None None] MySQL server mode set to STRICT_TRANS_TABLES,STRICT_ALL_TABLES,NO_ZERO_IN_DATE,NO_ZERO_DATE,ERROR_FOR_DIVISION_BY_ZERO,TRADITIONAL,NO_ENGINE_SUBSTITUTION {{(pid=93216) _check_effective_sql_mode /opt/stack/data/venv/lib/python3.12/site-packages/oslo_db/sqlalchemy/engines.py:325}}
Jul 08 13:37:03.430290 np0000004817 nova-scheduler[93219]: DEBUG oslo_db.sqlalchemy.engines [None req-99313f87-3bb9-4216-ac0f-d95b21f7beb0 None None] MySQL server mode set to STRICT_TRANS_TABLES,STRICT_ALL_TABLES,NO_ZERO_IN_DATE,NO_ZERO_DATE,ERROR_FOR_DIVISION_BY_ZERO,TRADITIONAL,NO_ENGINE_SUBSTITUTION {{(pid=93219) _check_effective_sql_mode /opt/stack/data/venv/lib/python3.12/site-packages/oslo_db/sqlalchemy/engines.py:325}}
Jul 08 13:37:03.436708 np0000004817 nova-scheduler[93216]: DEBUG dbcounter [-] [93216] Writer thread running {{(pid=93216) stat_writer /opt/stack/data/venv/lib/python3.12/site-packages/dbcounter.py:102}}
Jul 08 13:37:03.440146 np0000004817 nova-scheduler[93216]: DEBUG nova.service [None req-ff40fb6d-bb89-4941-9037-a3aaa913d905 None None] Creating RPC server for service: nova-scheduler on topic: scheduler {{(pid=93216) start /opt/stack/nova/nova/service.py:196}}
Jul 08 13:37:03.441113 np0000004817 nova-scheduler[93219]: DEBUG dbcounter [-] [93219] Writer thread running {{(pid=93219) stat_writer /opt/stack/data/venv/lib/python3.12/site-packages/dbcounter.py:102}}
Jul 08 13:37:03.443450 np0000004817 nova-scheduler[93211]: DEBUG nova.service [None req-1d9609ae-25d7-4e9e-b125-64a2c39323da None None] Join ServiceGroup membership for this service scheduler {{(pid=93211) start /opt/stack/nova/nova/service.py:222}}
Jul 08 13:37:03.443723 np0000004817 nova-scheduler[93211]: DEBUG nova.servicegroup.drivers.db [None req-1d9609ae-25d7-4e9e-b125-64a2c39323da None None] DB_Driver: join new ServiceGroup member np0000004817 to the scheduler group, service = {{(pid=93211) join /opt/stack/nova/nova/servicegroup/drivers/db.py:44}}
Jul 08 13:37:03.444489 np0000004817 nova-scheduler[93219]: DEBUG nova.service [None req-99313f87-3bb9-4216-ac0f-d95b21f7beb0 None None] Creating RPC server for service: nova-scheduler on topic: scheduler {{(pid=93219) start /opt/stack/nova/nova/service.py:196}}
Jul 08 13:37:03.460242 np0000004817 nova-scheduler[93216]: DEBUG nova.service [None req-ff40fb6d-bb89-4941-9037-a3aaa913d905 None None] Join ServiceGroup membership for this service scheduler {{(pid=93216) start /opt/stack/nova/nova/service.py:222}}
Jul 08 13:37:03.460533 np0000004817 nova-scheduler[93216]: DEBUG nova.servicegroup.drivers.db [None req-ff40fb6d-bb89-4941-9037-a3aaa913d905 None None] DB_Driver: join new ServiceGroup member np0000004817 to the scheduler group, service = {{(pid=93216) join /opt/stack/nova/nova/servicegroup/drivers/db.py:44}}
Jul 08 13:37:03.463536 np0000004817 nova-scheduler[93219]: DEBUG nova.service [None req-99313f87-3bb9-4216-ac0f-d95b21f7beb0 None None] Join ServiceGroup membership for this service scheduler {{(pid=93219) start /opt/stack/nova/nova/service.py:222}}
Jul 08 13:37:03.463803 np0000004817 nova-scheduler[93219]: DEBUG nova.servicegroup.drivers.db [None req-99313f87-3bb9-4216-ac0f-d95b21f7beb0 None None] DB_Driver: join new ServiceGroup member np0000004817 to the scheduler group, service = {{(pid=93219) join /opt/stack/nova/nova/servicegroup/drivers/db.py:44}}
Jul 08 13:37:08.462910 np0000004817 nova-scheduler[93211]: DEBUG oslo.service.backend._threading.loopingcall [-] Fixed interval looping call 'nova.servicegroup.drivers.db.DbDriver._report_state' sleeping for 119.98 seconds {{(pid=93211) _run_loop /opt/stack/data/venv/lib/python3.12/site-packages/oslo_service/backend/_threading/loopingcall.py:125}}
Jul 08 13:37:08.473647 np0000004817 nova-scheduler[93216]: DEBUG oslo.service.backend._threading.loopingcall [-] Fixed interval looping call 'nova.servicegroup.drivers.db.DbDriver._report_state' sleeping for 119.99 seconds {{(pid=93216) _run_loop /opt/stack/data/venv/lib/python3.12/site-packages/oslo_service/backend/_threading/loopingcall.py:125}}
Jul 08 13:37:08.477343 np0000004817 nova-scheduler[93219]: DEBUG oslo.service.backend._threading.loopingcall [-] Fixed interval looping call 'nova.servicegroup.drivers.db.DbDriver._report_state' sleeping for 119.99 seconds {{(pid=93219) _run_loop /opt/stack/data/venv/lib/python3.12/site-packages/oslo_service/backend/_threading/loopingcall.py:125}}
Jul 08 13:37:11.975011 np0000004817 nova-scheduler[92007]: DEBUG dbcounter [-] [92007] Writing DB stats nova_api:SELECT=3 {{(pid=92007) stat_writer /opt/stack/data/venv/lib/python3.12/site-packages/dbcounter.py:115}}
Jul 08 13:37:12.107200 np0000004817 nova-scheduler[92007]: DEBUG dbcounter [-] [92007] Writing DB stats nova_cell0:SELECT=1 {{(pid=92007) stat_writer /opt/stack/data/venv/lib/python3.12/site-packages/dbcounter.py:115}}
Jul 08 13:37:12.110173 np0000004817 nova-scheduler[92007]: DEBUG dbcounter [-] [92007] Writing DB stats nova_cell1:SELECT=1 {{(pid=92007) stat_writer /opt/stack/data/venv/lib/python3.12/site-packages/dbcounter.py:115}}
Jul 08 13:37:18.453048 np0000004817 nova-scheduler[93211]: DEBUG dbcounter [-] [93211] Writing DB stats nova_cell0:SELECT=4,nova_cell0:INSERT=1,nova_cell0:UPDATE=1 {{(pid=93211) stat_writer /opt/stack/data/venv/lib/python3.12/site-packages/dbcounter.py:115}}
Jul 08 13:37:18.470258 np0000004817 nova-scheduler[93216]: DEBUG dbcounter [-] [93216] Writing DB stats nova_cell0:SELECT=3 {{(pid=93216) stat_writer /opt/stack/data/venv/lib/python3.12/site-packages/dbcounter.py:115}}
Jul 08 13:37:18.477806 np0000004817 nova-scheduler[93219]: DEBUG dbcounter [-] [93219] Writing DB stats nova_cell0:SELECT=3 {{(pid=93219) stat_writer /opt/stack/data/venv/lib/python3.12/site-packages/dbcounter.py:115}}
Jul 08 13:37:27.446150 np0000004817 nova-scheduler[93211]: DEBUG oslo.service.backend._threading.loopingcall [None req-c2600648-5b3c-4cb0-98cf-28146a926cf2 None None] Dynamic interval looping call 'nova.service.Service.periodic_tasks' sleeping for 60.00 seconds {{(pid=93211) _run_loop /opt/stack/data/venv/lib/python3.12/site-packages/oslo_service/backend/_threading/loopingcall.py:125}}
Jul 08 13:37:40.466165 np0000004817 nova-scheduler[93219]: DEBUG oslo.service.backend._threading.loopingcall [None req-78401af2-fa12-491a-a374-229456afb059 None None] Dynamic interval looping call 'nova.service.Service.periodic_tasks' sleeping for 60.00 seconds {{(pid=93219) _run_loop /opt/stack/data/venv/lib/python3.12/site-packages/oslo_service/backend/_threading/loopingcall.py:125}}
Jul 08 13:37:56.463382 np0000004817 nova-scheduler[93216]: DEBUG oslo.service.backend._threading.loopingcall [None req-c325249f-0e97-4fbd-b78c-a2caa6418c38 None None] Dynamic interval looping call 'nova.service.Service.periodic_tasks' sleeping for 60.00 seconds {{(pid=93216) _run_loop /opt/stack/data/venv/lib/python3.12/site-packages/oslo_service/backend/_threading/loopingcall.py:125}}
Jul 08 13:38:27.446580 np0000004817 nova-scheduler[93211]: DEBUG oslo.service.backend._threading.loopingcall [None req-c2600648-5b3c-4cb0-98cf-28146a926cf2 None None] Dynamic interval looping call 'nova.service.Service.periodic_tasks' sleeping for 60.00 seconds {{(pid=93211) _run_loop /opt/stack/data/venv/lib/python3.12/site-packages/oslo_service/backend/_threading/loopingcall.py:125}}
Jul 08 13:38:40.466642 np0000004817 nova-scheduler[93219]: DEBUG oslo.service.backend._threading.loopingcall [None req-78401af2-fa12-491a-a374-229456afb059 None None] Dynamic interval looping call 'nova.service.Service.periodic_tasks' sleeping for 60.00 seconds {{(pid=93219) _run_loop /opt/stack/data/venv/lib/python3.12/site-packages/oslo_service/backend/_threading/loopingcall.py:125}}
Jul 08 13:38:56.464180 np0000004817 nova-scheduler[93216]: DEBUG oslo.service.backend._threading.loopingcall [None req-c325249f-0e97-4fbd-b78c-a2caa6418c38 None None] Dynamic interval looping call 'nova.service.Service.periodic_tasks' sleeping for 60.00 seconds {{(pid=93216) _run_loop /opt/stack/data/venv/lib/python3.12/site-packages/oslo_service/backend/_threading/loopingcall.py:125}}
Jul 08 13:39:08.449642 np0000004817 nova-scheduler[93211]: DEBUG oslo.service.backend._threading.loopingcall [-] Fixed interval looping call 'nova.servicegroup.drivers.db.DbDriver._report_state' sleeping for 119.99 seconds {{(pid=93211) _run_loop /opt/stack/data/venv/lib/python3.12/site-packages/oslo_service/backend/_threading/loopingcall.py:125}}
Jul 08 13:39:08.467147 np0000004817 nova-scheduler[93216]: DEBUG oslo.service.backend._threading.loopingcall [-] Fixed interval looping call 'nova.servicegroup.drivers.db.DbDriver._report_state' sleeping for 120.00 seconds {{(pid=93216) _run_loop /opt/stack/data/venv/lib/python3.12/site-packages/oslo_service/backend/_threading/loopingcall.py:125}}
Jul 08 13:39:08.470795 np0000004817 nova-scheduler[93219]: DEBUG oslo.service.backend._threading.loopingcall [-] Fixed interval looping call 'nova.servicegroup.drivers.db.DbDriver._report_state' sleeping for 120.00 seconds {{(pid=93219) _run_loop /opt/stack/data/venv/lib/python3.12/site-packages/oslo_service/backend/_threading/loopingcall.py:125}}
Jul 08 13:39:18.446760 np0000004817 nova-scheduler[93211]: DEBUG dbcounter [-] [93211] Writing DB stats nova_cell0:SELECT=1,nova_cell0:UPDATE=1 {{(pid=93211) stat_writer /opt/stack/data/venv/lib/python3.12/site-packages/dbcounter.py:115}}
Jul 08 13:39:18.465484 np0000004817 nova-scheduler[93216]: DEBUG dbcounter [-] [93216] Writing DB stats nova_cell0:SELECT=1 {{(pid=93216) stat_writer /opt/stack/data/venv/lib/python3.12/site-packages/dbcounter.py:115}}
Jul 08 13:39:18.470675 np0000004817 nova-scheduler[93219]: DEBUG dbcounter [-] [93219] Writing DB stats nova_cell0:SELECT=1 {{(pid=93219) stat_writer /opt/stack/data/venv/lib/python3.12/site-packages/dbcounter.py:115}}
Jul 08 13:39:27.447222 np0000004817 nova-scheduler[93211]: DEBUG oslo.service.backend._threading.loopingcall [None req-c2600648-5b3c-4cb0-98cf-28146a926cf2 None None] Dynamic interval looping call 'nova.service.Service.periodic_tasks' sleeping for 60.00 seconds {{(pid=93211) _run_loop /opt/stack/data/venv/lib/python3.12/site-packages/oslo_service/backend/_threading/loopingcall.py:125}}
Jul 08 13:39:33.624158 np0000004817 nova-scheduler[93211]: DEBUG nova.scheduler.manager [None req-5120aa8d-9a80-4a87-a94b-afb774c75d7f tempest-DeleteServersTestJSON-411035000 tempest-DeleteServersTestJSON-411035000-project-member] Starting to schedule for instances: ['6e1cb9ca-979e-4271-89bc-25264f42b983'] {{(pid=93211) select_destinations /opt/stack/nova/nova/scheduler/manager.py:209}}
Jul 08 13:39:33.624674 np0000004817 nova-scheduler[93211]: DEBUG nova.scheduler.request_filter [None req-5120aa8d-9a80-4a87-a94b-afb774c75d7f tempest-DeleteServersTestJSON-411035000 tempest-DeleteServersTestJSON-411035000-project-member] compute_status_filter request filter added forbidden trait COMPUTE_STATUS_DISABLED {{(pid=93211) compute_status_filter /opt/stack/nova/nova/scheduler/request_filter.py:253}}
Jul 08 13:39:33.625026 np0000004817 nova-scheduler[93211]: DEBUG nova.scheduler.request_filter [None req-5120aa8d-9a80-4a87-a94b-afb774c75d7f tempest-DeleteServersTestJSON-411035000 tempest-DeleteServersTestJSON-411035000-project-member] Request filter 'compute_status_filter' took 0.0 seconds {{(pid=93211) wrapper /opt/stack/nova/nova/scheduler/request_filter.py:46}}
Jul 08 13:39:33.625291 np0000004817 nova-scheduler[93211]: DEBUG nova.scheduler.request_filter [None req-5120aa8d-9a80-4a87-a94b-afb774c75d7f tempest-DeleteServersTestJSON-411035000 tempest-DeleteServersTestJSON-411035000-project-member] Request filter 'accelerators_filter' took 0.0 seconds {{(pid=93211) wrapper /opt/stack/nova/nova/scheduler/request_filter.py:46}}
Jul 08 13:39:33.625505 np0000004817 nova-scheduler[93211]: DEBUG nova.scheduler.request_filter [None req-5120aa8d-9a80-4a87-a94b-afb774c75d7f tempest-DeleteServersTestJSON-411035000 tempest-DeleteServersTestJSON-411035000-project-member] Request filter 'packed_virtqueue_filter' took 0.0 seconds {{(pid=93211) wrapper /opt/stack/nova/nova/scheduler/request_filter.py:46}}
Jul 08 13:39:33.625730 np0000004817 nova-scheduler[93211]: DEBUG nova.scheduler.request_filter [None req-5120aa8d-9a80-4a87-a94b-afb774c75d7f tempest-DeleteServersTestJSON-411035000 tempest-DeleteServersTestJSON-411035000-project-member] Request filter 'remote_managed_ports_filter' took 0.0 seconds {{(pid=93211) wrapper /opt/stack/nova/nova/scheduler/request_filter.py:46}}
Jul 08 13:39:33.625879 np0000004817 nova-scheduler[93211]: DEBUG nova.scheduler.request_filter [None req-5120aa8d-9a80-4a87-a94b-afb774c75d7f tempest-DeleteServersTestJSON-411035000 tempest-DeleteServersTestJSON-411035000-project-member] ephemeral_encryption_filter skipped {{(pid=93211) ephemeral_encryption_filter /opt/stack/nova/nova/scheduler/request_filter.py:426}}
Jul 08 13:39:33.626016 np0000004817 nova-scheduler[93211]: DEBUG nova.scheduler.request_filter [None req-5120aa8d-9a80-4a87-a94b-afb774c75d7f tempest-DeleteServersTestJSON-411035000 tempest-DeleteServersTestJSON-411035000-project-member] virtio_sound_filter skipped {{(pid=93211) virtio_sound_filter /opt/stack/nova/nova/scheduler/request_filter.py:460}}
Jul 08 13:39:33.626170 np0000004817 nova-scheduler[93211]: DEBUG nova.scheduler.request_filter [None req-5120aa8d-9a80-4a87-a94b-afb774c75d7f tempest-DeleteServersTestJSON-411035000 tempest-DeleteServersTestJSON-411035000-project-member] tpm_secret_security_filter skipped {{(pid=93211) tpm_secret_security_filter /opt/stack/nova/nova/scheduler/request_filter.py:477}}
Jul 08 13:39:33.850562 np0000004817 nova-scheduler[93216]: DEBUG nova.scheduler.manager [None req-0dec7a4c-ab7f-405b-9c18-a427d2741d02 tempest-AttachVolumeTestJSON-1229112406 tempest-AttachVolumeTestJSON-1229112406-project-member] Starting to schedule for instances: ['5bda3e19-b9c7-460a-b164-136343b9730a'] {{(pid=93216) select_destinations /opt/stack/nova/nova/scheduler/manager.py:209}}
Jul 08 13:39:33.852946 np0000004817 nova-scheduler[93216]: DEBUG nova.scheduler.request_filter [None req-0dec7a4c-ab7f-405b-9c18-a427d2741d02 tempest-AttachVolumeTestJSON-1229112406 tempest-AttachVolumeTestJSON-1229112406-project-member] compute_status_filter request filter added forbidden trait COMPUTE_STATUS_DISABLED {{(pid=93216) compute_status_filter /opt/stack/nova/nova/scheduler/request_filter.py:253}}
Jul 08 13:39:33.852946 np0000004817 nova-scheduler[93216]: DEBUG nova.scheduler.request_filter [None req-0dec7a4c-ab7f-405b-9c18-a427d2741d02 tempest-AttachVolumeTestJSON-1229112406 tempest-AttachVolumeTestJSON-1229112406-project-member] Request filter 'compute_status_filter' took 0.0 seconds {{(pid=93216) wrapper /opt/stack/nova/nova/scheduler/request_filter.py:46}}
Jul 08 13:39:33.852946 np0000004817 nova-scheduler[93216]: DEBUG nova.scheduler.request_filter [None req-0dec7a4c-ab7f-405b-9c18-a427d2741d02 tempest-AttachVolumeTestJSON-1229112406 tempest-AttachVolumeTestJSON-1229112406-project-member] Request filter 'accelerators_filter' took 0.0 seconds {{(pid=93216) wrapper /opt/stack/nova/nova/scheduler/request_filter.py:46}}
Jul 08 13:39:33.852946 np0000004817 nova-scheduler[93216]: DEBUG nova.scheduler.request_filter [None req-0dec7a4c-ab7f-405b-9c18-a427d2741d02 tempest-AttachVolumeTestJSON-1229112406 tempest-AttachVolumeTestJSON-1229112406-project-member] Request filter 'packed_virtqueue_filter' took 0.0 seconds {{(pid=93216) wrapper /opt/stack/nova/nova/scheduler/request_filter.py:46}}
Jul 08 13:39:33.852946 np0000004817 nova-scheduler[93216]: DEBUG nova.scheduler.request_filter [None req-0dec7a4c-ab7f-405b-9c18-a427d2741d02 tempest-AttachVolumeTestJSON-1229112406 tempest-AttachVolumeTestJSON-1229112406-project-member] Request filter 'remote_managed_ports_filter' took 0.0 seconds {{(pid=93216) wrapper /opt/stack/nova/nova/scheduler/request_filter.py:46}}
Jul 08 13:39:33.853116 np0000004817 nova-scheduler[93216]: DEBUG nova.scheduler.request_filter [None req-0dec7a4c-ab7f-405b-9c18-a427d2741d02 tempest-AttachVolumeTestJSON-1229112406 tempest-AttachVolumeTestJSON-1229112406-project-member] ephemeral_encryption_filter skipped {{(pid=93216) ephemeral_encryption_filter /opt/stack/nova/nova/scheduler/request_filter.py:426}}
Jul 08 13:39:33.853116 np0000004817 nova-scheduler[93216]: DEBUG nova.scheduler.request_filter [None req-0dec7a4c-ab7f-405b-9c18-a427d2741d02 tempest-AttachVolumeTestJSON-1229112406 tempest-AttachVolumeTestJSON-1229112406-project-member] virtio_sound_filter skipped {{(pid=93216) virtio_sound_filter /opt/stack/nova/nova/scheduler/request_filter.py:460}}
Jul 08 13:39:33.853116 np0000004817 nova-scheduler[93216]: DEBUG nova.scheduler.request_filter [None req-0dec7a4c-ab7f-405b-9c18-a427d2741d02 tempest-AttachVolumeTestJSON-1229112406 tempest-AttachVolumeTestJSON-1229112406-project-member] tpm_secret_security_filter skipped {{(pid=93216) tpm_secret_security_filter /opt/stack/nova/nova/scheduler/request_filter.py:477}}
Jul 08 13:39:34.294831 np0000004817 nova-scheduler[93211]: INFO nova.utils [None req-5120aa8d-9a80-4a87-a94b-afb774c75d7f tempest-DeleteServersTestJSON-411035000 tempest-DeleteServersTestJSON-411035000-project-member] The cell worker thread pool ForkProcess-1.cell_worker is initialized
Jul 08 13:39:34.295158 np0000004817 nova-scheduler[93211]: DEBUG oslo_concurrency.lockutils [None req-5120aa8d-9a80-4a87-a94b-afb774c75d7f tempest-DeleteServersTestJSON-411035000 tempest-DeleteServersTestJSON-411035000-project-member] Acquiring lock "6e20851a-5ec2-4d3f-9e7a-b78428e82a27" by "nova.context.set_target_cell..get_or_set_cached_cell_and_set_connections" {{(pid=93211) inner /opt/stack/data/venv/lib/python3.12/site-packages/oslo_concurrency/lockutils.py:511}}
Jul 08 13:39:34.295391 np0000004817 nova-scheduler[93211]: DEBUG oslo_concurrency.lockutils [None req-5120aa8d-9a80-4a87-a94b-afb774c75d7f tempest-DeleteServersTestJSON-411035000 tempest-DeleteServersTestJSON-411035000-project-member] Lock "6e20851a-5ec2-4d3f-9e7a-b78428e82a27" acquired by "nova.context.set_target_cell..get_or_set_cached_cell_and_set_connections" :: waited 0.000s {{(pid=93211) inner /opt/stack/data/venv/lib/python3.12/site-packages/oslo_concurrency/lockutils.py:524}}
Jul 08 13:39:34.296959 np0000004817 nova-scheduler[93211]: DEBUG oslo_concurrency.lockutils [None req-5120aa8d-9a80-4a87-a94b-afb774c75d7f tempest-DeleteServersTestJSON-411035000 tempest-DeleteServersTestJSON-411035000-project-member] Lock "6e20851a-5ec2-4d3f-9e7a-b78428e82a27" "released" by "nova.context.set_target_cell..get_or_set_cached_cell_and_set_connections" :: held 0.001s {{(pid=93211) inner /opt/stack/data/venv/lib/python3.12/site-packages/oslo_concurrency/lockutils.py:543}}
Jul 08 13:39:34.299380 np0000004817 nova-scheduler[93211]: INFO dbcounter [None req-5120aa8d-9a80-4a87-a94b-afb774c75d7f tempest-DeleteServersTestJSON-411035000 tempest-DeleteServersTestJSON-411035000-project-member] Registered counter for database nova_cell1
Jul 08 13:39:34.341693 np0000004817 nova-scheduler[93211]: DEBUG oslo_db.sqlalchemy.engines [None req-5120aa8d-9a80-4a87-a94b-afb774c75d7f tempest-DeleteServersTestJSON-411035000 tempest-DeleteServersTestJSON-411035000-project-member] MySQL server mode set to STRICT_TRANS_TABLES,STRICT_ALL_TABLES,NO_ZERO_IN_DATE,NO_ZERO_DATE,ERROR_FOR_DIVISION_BY_ZERO,TRADITIONAL,NO_ENGINE_SUBSTITUTION {{(pid=93211) _check_effective_sql_mode /opt/stack/data/venv/lib/python3.12/site-packages/oslo_db/sqlalchemy/engines.py:325}}
Jul 08 13:39:34.349066 np0000004817 nova-scheduler[93211]: DEBUG dbcounter [-] [93211] Writer thread running {{(pid=93211) stat_writer /opt/stack/data/venv/lib/python3.12/site-packages/dbcounter.py:102}}
Jul 08 13:39:34.349142 np0000004817 nova-scheduler[93216]: INFO nova.utils [None req-0dec7a4c-ab7f-405b-9c18-a427d2741d02 tempest-AttachVolumeTestJSON-1229112406 tempest-AttachVolumeTestJSON-1229112406-project-member] The cell worker thread pool ForkProcess-2.cell_worker is initialized
Jul 08 13:39:34.349396 np0000004817 nova-scheduler[93216]: DEBUG oslo_concurrency.lockutils [None req-0dec7a4c-ab7f-405b-9c18-a427d2741d02 tempest-AttachVolumeTestJSON-1229112406 tempest-AttachVolumeTestJSON-1229112406-project-member] Acquiring lock "6e20851a-5ec2-4d3f-9e7a-b78428e82a27" by "nova.context.set_target_cell..get_or_set_cached_cell_and_set_connections" {{(pid=93216) inner /opt/stack/data/venv/lib/python3.12/site-packages/oslo_concurrency/lockutils.py:511}}
Jul 08 13:39:34.349648 np0000004817 nova-scheduler[93216]: DEBUG oslo_concurrency.lockutils [None req-0dec7a4c-ab7f-405b-9c18-a427d2741d02 tempest-AttachVolumeTestJSON-1229112406 tempest-AttachVolumeTestJSON-1229112406-project-member] Lock "6e20851a-5ec2-4d3f-9e7a-b78428e82a27" acquired by "nova.context.set_target_cell..get_or_set_cached_cell_and_set_connections" :: waited 0.000s {{(pid=93216) inner /opt/stack/data/venv/lib/python3.12/site-packages/oslo_concurrency/lockutils.py:524}}
Jul 08 13:39:34.350966 np0000004817 nova-scheduler[93216]: DEBUG oslo_concurrency.lockutils [None req-0dec7a4c-ab7f-405b-9c18-a427d2741d02 tempest-AttachVolumeTestJSON-1229112406 tempest-AttachVolumeTestJSON-1229112406-project-member] Lock "6e20851a-5ec2-4d3f-9e7a-b78428e82a27" "released" by "nova.context.set_target_cell..get_or_set_cached_cell_and_set_connections" :: held 0.001s {{(pid=93216) inner /opt/stack/data/venv/lib/python3.12/site-packages/oslo_concurrency/lockutils.py:543}}
Jul 08 13:39:34.353585 np0000004817 nova-scheduler[93216]: INFO dbcounter [None req-0dec7a4c-ab7f-405b-9c18-a427d2741d02 tempest-AttachVolumeTestJSON-1229112406 tempest-AttachVolumeTestJSON-1229112406-project-member] Registered counter for database nova_cell1
Jul 08 13:39:34.366304 np0000004817 nova-scheduler[93211]: DEBUG oslo_db.sqlalchemy.engines [None req-5120aa8d-9a80-4a87-a94b-afb774c75d7f tempest-DeleteServersTestJSON-411035000 tempest-DeleteServersTestJSON-411035000-project-member] Parent process 92007 forked (93211) with an open database connection, which is being discarded and recreated. {{(pid=93211) checkout /opt/stack/data/venv/lib/python3.12/site-packages/oslo_db/sqlalchemy/engines.py:402}}
Jul 08 13:39:34.398011 np0000004817 nova-scheduler[93216]: DEBUG oslo_db.sqlalchemy.engines [None req-0dec7a4c-ab7f-405b-9c18-a427d2741d02 tempest-AttachVolumeTestJSON-1229112406 tempest-AttachVolumeTestJSON-1229112406-project-member] MySQL server mode set to STRICT_TRANS_TABLES,STRICT_ALL_TABLES,NO_ZERO_IN_DATE,NO_ZERO_DATE,ERROR_FOR_DIVISION_BY_ZERO,TRADITIONAL,NO_ENGINE_SUBSTITUTION {{(pid=93216) _check_effective_sql_mode /opt/stack/data/venv/lib/python3.12/site-packages/oslo_db/sqlalchemy/engines.py:325}}
Jul 08 13:39:34.406303 np0000004817 nova-scheduler[93216]: DEBUG dbcounter [-] [93216] Writer thread running {{(pid=93216) stat_writer /opt/stack/data/venv/lib/python3.12/site-packages/dbcounter.py:102}}
Jul 08 13:39:34.410073 np0000004817 nova-scheduler[93211]: DEBUG dbcounter [-] [93211] Writer thread running {{(pid=93211) stat_writer /opt/stack/data/venv/lib/python3.12/site-packages/dbcounter.py:102}}
Jul 08 13:39:34.413301 np0000004817 nova-scheduler[93211]: DEBUG oslo_concurrency.lockutils [None req-5120aa8d-9a80-4a87-a94b-afb774c75d7f tempest-DeleteServersTestJSON-411035000 tempest-DeleteServersTestJSON-411035000-project-member] Acquiring lock "6e20851a-5ec2-4d3f-9e7a-b78428e82a27" by "nova.context.set_target_cell..get_or_set_cached_cell_and_set_connections" {{(pid=93211) inner /opt/stack/data/venv/lib/python3.12/site-packages/oslo_concurrency/lockutils.py:511}}
Jul 08 13:39:34.413522 np0000004817 nova-scheduler[93211]: DEBUG oslo_concurrency.lockutils [None req-5120aa8d-9a80-4a87-a94b-afb774c75d7f tempest-DeleteServersTestJSON-411035000 tempest-DeleteServersTestJSON-411035000-project-member] Lock "6e20851a-5ec2-4d3f-9e7a-b78428e82a27" acquired by "nova.context.set_target_cell..get_or_set_cached_cell_and_set_connections" :: waited 0.000s {{(pid=93211) inner /opt/stack/data/venv/lib/python3.12/site-packages/oslo_concurrency/lockutils.py:524}}
Jul 08 13:39:34.413666 np0000004817 nova-scheduler[93211]: DEBUG oslo_concurrency.lockutils [None req-5120aa8d-9a80-4a87-a94b-afb774c75d7f tempest-DeleteServersTestJSON-411035000 tempest-DeleteServersTestJSON-411035000-project-member] Lock "6e20851a-5ec2-4d3f-9e7a-b78428e82a27" "released" by "nova.context.set_target_cell..get_or_set_cached_cell_and_set_connections" :: held 0.000s {{(pid=93211) inner /opt/stack/data/venv/lib/python3.12/site-packages/oslo_concurrency/lockutils.py:543}}
Jul 08 13:39:34.417159 np0000004817 nova-scheduler[93211]: DEBUG oslo_concurrency.lockutils [None req-5120aa8d-9a80-4a87-a94b-afb774c75d7f tempest-DeleteServersTestJSON-411035000 tempest-DeleteServersTestJSON-411035000-project-member] Acquiring lock "np0000004817-np0000004817" by "nova.scheduler.host_manager.HostState.update.._locked_update" {{(pid=93211) inner /opt/stack/data/venv/lib/python3.12/site-packages/oslo_concurrency/lockutils.py:511}}
Jul 08 13:39:34.417325 np0000004817 nova-scheduler[93211]: DEBUG oslo_concurrency.lockutils [None req-5120aa8d-9a80-4a87-a94b-afb774c75d7f tempest-DeleteServersTestJSON-411035000 tempest-DeleteServersTestJSON-411035000-project-member] Lock "np0000004817-np0000004817" acquired by "nova.scheduler.host_manager.HostState.update.._locked_update" :: waited 0.000s {{(pid=93211) inner /opt/stack/data/venv/lib/python3.12/site-packages/oslo_concurrency/lockutils.py:524}}
Jul 08 13:39:34.418551 np0000004817 nova-scheduler[93211]: DEBUG nova.scheduler.host_manager [None req-5120aa8d-9a80-4a87-a94b-afb774c75d7f tempest-DeleteServersTestJSON-411035000 tempest-DeleteServersTestJSON-411035000-project-member] Update host state from compute node: ComputeNode(cpu_allocation_ratio=4.0,cpu_info='{"arch": "x86_64", "model": "EPYC-Milan", "vendor": "AMD", "topology": {"cells": 1, "sockets": 16, "cores": 1, "threads": 1}, "maxphysaddr": {"mode": "emulate", "bits": 40}, "features": ["adx", "osvw", "rdpid", "movbe", "clzero", "wbnoinvd", "nx", "lbrv", "mds-no", "sse4a", "clflush", "amd-ssbd", "apic", "sse2", "sse", "pge", "3dnowprefetch", "skip-l1dfl-vmentry", "vme", "fsrm", "mce", "stibp-always-on", "xsaves", "xsaveopt", "avx2", "smap", "vpclmulqdq", "vgif", "pfthreshold", "amd-psfd", "pschange-mc-no", "ssse3", "mmxext", "xsaveerptr", "gds-no", "svm", "mca", "avx", "pclmuldq", "nrip-save", "bmi1", "pat", "mtrr", "perfctr_core", "syscall", "fxsr_opt", "ssbd", "cmp_legacy", "rdtscp", "lm", "svme-addr-chk", "sha-ni", "lfence-always-serializing", "rdrand", "vaes", "pse36", "misalignsse", "abm", "pcid", "amd-stibp", "tsc-scale", "flushbyasid", "arch-capabilities", "xsave", "virt-ssbd", "cx16", "no-nested-data-bp", "rdctl-no", "spec-ctrl", "sse4.2", "f16c", "bmi2", "npt", "fsgsbase", "aes", "cr8legacy", "pause-filter", "de", "invpcid", "arat", "tsc_adjust", "stibp", "fma", "rdseed", "vmcb-clean", "ibpb", "sep", "null-sel-clr-base", "v-vmsave-vmload", "cx8", "pdpe1gb", "pse", "pni", "x2apic", "xgetbv1", "cmov", "smep", "msr", "hypervisor", "fpu", "tsc", "clflushopt", "xsavec", "clwb", "pku", "ibrs", "tsc-deadline", "fxsr", "lahf_lm", "erms", "popcnt", "mmx", "topoext", "sse4.1", "umip", "pae"]}',created_at=2026-07-08T13:37:30Z,current_workload=0,deleted=False,deleted_at=None,disk_allocation_ratio=1.0,disk_available_least=73,free_disk_gb=95,free_ram_mb=62765,host='np0000004817',host_ip=10.4.3.171,hypervisor_hostname='np0000004817',hypervisor_type='QEMU',hypervisor_version=8002002,id=1,local_gb=95,local_gb_used=0,mapped=1,memory_mb=63277,memory_mb_used=512,metrics='[]',numa_topology='{"nova_object.name": "NUMATopology", "nova_object.namespace": "nova", "nova_object.version": "1.2", "nova_object.data": {"cells": [{"nova_object.name": "NUMACell", "nova_object.namespace": "nova", "nova_object.version": "1.5", "nova_object.data": {"id": 0, "cpuset": [0, 1, 2, 3, 4, 5, 6, 7, 8, 9, 10, 11, 12, 13, 14, 15], "pcpuset": [0, 1, 2, 3, 4, 5, 6, 7, 8, 9, 10, 11, 12, 13, 14, 15], "memory": 63277, "cpu_usage": 0, "memory_usage": 0, "pinned_cpus": [], "siblings": [[6], [12], [2], [15], [5], [11], [8], [14], [4], [1], [7], [10], [0], [13], [3], [9]], "mempages": [{"nova_object.name": "NUMAPagesTopology", "nova_object.namespace": "nova", "nova_object.version": "1.1", "nova_object.data": {"size_kb": 4, "total": 16177929, "used": 0, "reserved": 0}, "nova_object.changes": ["size_kb", "reserved", "used", "total"]}, {"nova_object.name": "NUMAPagesTopology", "nova_object.namespace": "nova", "nova_object.version": "1.1", "nova_object.data": {"size_kb": 2048, "total": 41, "used": 0, "reserved": 0}, "nova_object.changes": ["size_kb", "reserved", "used", "total"]}, {"nova_object.name": "NUMAPagesTopology", "nova_object.namespace": "nova", "nova_object.version": "1.1", "nova_object.data": {"size_kb": 1048576, "total": 0, "used": 0, "reserved": 0}, "nova_object.changes": ["size_kb", "reserved", "used", "total"]}], "network_metadata": {"nova_object.name": "NetworkMetadata", "nova_object.namespace": "nova", "nova_object.version": "1.0", "nova_object.data": {"physnets": [], "tunneled": false}, "nova_object.changes": ["tunneled", "physnets"]}, "socket": null}, "nova_object.changes": ["cpu_usage", "memory", "socket", "memory_usage", "siblings", "network_metadata", "pcpuset", "mempages", "cpuset", "id", "pinned_cpus"]}]}, "nova_object.changes": ["cells"]}',pci_device_pools=PciDevicePoolList,ram_allocation_ratio=1.0,running_vms=0,service_id=3,stats={failed_builds='0',uptime=' 13:39:14 up 13 min, 2 users, load average: 1.18, 1.35, 0.82
Jul 08 13:39:34.418551 np0000004817 nova-scheduler[93211]: '},supported_hv_specs=[HVSpec,HVSpec,HVSpec,HVSpec,HVSpec,HVSpec,HVSpec,HVSpec,HVSpec,HVSpec,HVSpec,HVSpec,HVSpec,HVSpec,HVSpec,HVSpec,HVSpec,HVSpec,HVSpec,HVSpec,HVSpec,HVSpec,HVSpec,HVSpec,HVSpec],updated_at=2026-07-08T13:39:16Z,uuid=5d4fa10e-29be-479f-a1f4-493003cb882a,vcpus=16,vcpus_used=0) {{(pid=93211) _locked_update /opt/stack/nova/nova/scheduler/host_manager.py:168}}
Jul 08 13:39:34.419279 np0000004817 nova-scheduler[93211]: DEBUG nova.scheduler.host_manager [None req-5120aa8d-9a80-4a87-a94b-afb774c75d7f tempest-DeleteServersTestJSON-411035000 tempest-DeleteServersTestJSON-411035000-project-member] Update host state with aggregates: [] {{(pid=93211) _locked_update /opt/stack/nova/nova/scheduler/host_manager.py:171}}
Jul 08 13:39:34.419424 np0000004817 nova-scheduler[93211]: DEBUG nova.scheduler.host_manager [None req-5120aa8d-9a80-4a87-a94b-afb774c75d7f tempest-DeleteServersTestJSON-411035000 tempest-DeleteServersTestJSON-411035000-project-member] Update host state with service dict: {'id': 3, 'uuid': 'beeff06b-d332-43e9-8894-09b47df15262', 'host': 'np0000004817', 'binary': 'nova-compute', 'topic': 'compute', 'report_count': 1, 'disabled': False, 'disabled_reason': None, 'last_seen_up': datetime.datetime(2026, 7, 8, 13, 37, 39, tzinfo=datetime.timezone.utc), 'forced_down': False, 'version': 72, 'created_at': datetime.datetime(2026, 7, 8, 13, 37, 28, tzinfo=datetime.timezone.utc), 'updated_at': datetime.datetime(2026, 7, 8, 13, 37, 39, tzinfo=datetime.timezone.utc), 'deleted_at': None, 'deleted': False} {{(pid=93211) _locked_update /opt/stack/nova/nova/scheduler/host_manager.py:174}}
Jul 08 13:39:34.419527 np0000004817 nova-scheduler[93211]: DEBUG nova.scheduler.host_manager [None req-5120aa8d-9a80-4a87-a94b-afb774c75d7f tempest-DeleteServersTestJSON-411035000 tempest-DeleteServersTestJSON-411035000-project-member] Update host state with instances: [] {{(pid=93211) _locked_update /opt/stack/nova/nova/scheduler/host_manager.py:177}}
Jul 08 13:39:34.419664 np0000004817 nova-scheduler[93211]: DEBUG oslo_concurrency.lockutils [None req-5120aa8d-9a80-4a87-a94b-afb774c75d7f tempest-DeleteServersTestJSON-411035000 tempest-DeleteServersTestJSON-411035000-project-member] Lock "np0000004817-np0000004817" "released" by "nova.scheduler.host_manager.HostState.update.._locked_update" :: held 0.002s {{(pid=93211) inner /opt/stack/data/venv/lib/python3.12/site-packages/oslo_concurrency/lockutils.py:543}}
Jul 08 13:39:34.420110 np0000004817 nova-scheduler[93211]: DEBUG nova.filters [None req-5120aa8d-9a80-4a87-a94b-afb774c75d7f tempest-DeleteServersTestJSON-411035000 tempest-DeleteServersTestJSON-411035000-project-member] Starting with 1 host(s) {{(pid=93211) get_filtered_objects /opt/stack/nova/nova/filters.py:70}}
Jul 08 13:39:34.420314 np0000004817 nova-scheduler[93211]: DEBUG nova.filters [None req-5120aa8d-9a80-4a87-a94b-afb774c75d7f tempest-DeleteServersTestJSON-411035000 tempest-DeleteServersTestJSON-411035000-project-member] Filter ComputeFilter returned 1 host(s) {{(pid=93211) get_filtered_objects /opt/stack/nova/nova/filters.py:102}}
Jul 08 13:39:34.420477 np0000004817 nova-scheduler[93211]: DEBUG nova.filters [None req-5120aa8d-9a80-4a87-a94b-afb774c75d7f tempest-DeleteServersTestJSON-411035000 tempest-DeleteServersTestJSON-411035000-project-member] Filter ComputeCapabilitiesFilter returned 1 host(s) {{(pid=93211) get_filtered_objects /opt/stack/nova/nova/filters.py:102}}
Jul 08 13:39:34.420669 np0000004817 nova-scheduler[93211]: DEBUG nova.filters [None req-5120aa8d-9a80-4a87-a94b-afb774c75d7f tempest-DeleteServersTestJSON-411035000 tempest-DeleteServersTestJSON-411035000-project-member] Filter ImagePropertiesFilter returned 1 host(s) {{(pid=93211) get_filtered_objects /opt/stack/nova/nova/filters.py:102}}
Jul 08 13:39:34.420802 np0000004817 nova-scheduler[93211]: DEBUG nova.filters [None req-5120aa8d-9a80-4a87-a94b-afb774c75d7f tempest-DeleteServersTestJSON-411035000 tempest-DeleteServersTestJSON-411035000-project-member] Filter ServerGroupAntiAffinityFilter returned 1 host(s) {{(pid=93211) get_filtered_objects /opt/stack/nova/nova/filters.py:102}}
Jul 08 13:39:34.420913 np0000004817 nova-scheduler[93211]: DEBUG nova.filters [None req-5120aa8d-9a80-4a87-a94b-afb774c75d7f tempest-DeleteServersTestJSON-411035000 tempest-DeleteServersTestJSON-411035000-project-member] Filter ServerGroupAffinityFilter returned 1 host(s) {{(pid=93211) get_filtered_objects /opt/stack/nova/nova/filters.py:102}}
Jul 08 13:39:34.421036 np0000004817 nova-scheduler[93211]: DEBUG nova.filters [None req-5120aa8d-9a80-4a87-a94b-afb774c75d7f tempest-DeleteServersTestJSON-411035000 tempest-DeleteServersTestJSON-411035000-project-member] Filter SameHostFilter returned 1 host(s) {{(pid=93211) get_filtered_objects /opt/stack/nova/nova/filters.py:102}}
Jul 08 13:39:34.421188 np0000004817 nova-scheduler[93211]: DEBUG nova.filters [None req-5120aa8d-9a80-4a87-a94b-afb774c75d7f tempest-DeleteServersTestJSON-411035000 tempest-DeleteServersTestJSON-411035000-project-member] Filter DifferentHostFilter returned 1 host(s) {{(pid=93211) get_filtered_objects /opt/stack/nova/nova/filters.py:102}}
Jul 08 13:39:34.421277 np0000004817 nova-scheduler[93211]: DEBUG nova.scheduler.manager [None req-5120aa8d-9a80-4a87-a94b-afb774c75d7f tempest-DeleteServersTestJSON-411035000 tempest-DeleteServersTestJSON-411035000-project-member] Filtered [(np0000004817, np0000004817) ram: 62765MB disk: 74752MB io_ops: 0 instances: 0, allocation_candidates: 1] {{(pid=93211) _get_sorted_hosts /opt/stack/nova/nova/scheduler/manager.py:742}}
Jul 08 13:39:34.421472 np0000004817 nova-scheduler[93211]: DEBUG nova.scheduler.manager [None req-5120aa8d-9a80-4a87-a94b-afb774c75d7f tempest-DeleteServersTestJSON-411035000 tempest-DeleteServersTestJSON-411035000-project-member] Weighed [WeighedHost [host: (np0000004817, np0000004817) ram: 62765MB disk: 74752MB io_ops: 0 instances: 0, allocation_candidates: 1, weight: 0.0]] {{(pid=93211) _get_sorted_hosts /opt/stack/nova/nova/scheduler/manager.py:764}}
Jul 08 13:39:34.421660 np0000004817 nova-scheduler[93211]: DEBUG nova.scheduler.utils [None req-5120aa8d-9a80-4a87-a94b-afb774c75d7f tempest-DeleteServersTestJSON-411035000 tempest-DeleteServersTestJSON-411035000-project-member] Attempting to claim resources in the placement API for instance 6e1cb9ca-979e-4271-89bc-25264f42b983 {{(pid=93211) claim_resources /opt/stack/nova/nova/scheduler/utils.py:1345}}
Jul 08 13:39:34.456982 np0000004817 nova-scheduler[93216]: DEBUG dbcounter [-] [93216] Writer thread running {{(pid=93216) stat_writer /opt/stack/data/venv/lib/python3.12/site-packages/dbcounter.py:102}}
Jul 08 13:39:34.461029 np0000004817 nova-scheduler[93216]: DEBUG oslo_concurrency.lockutils [None req-0dec7a4c-ab7f-405b-9c18-a427d2741d02 tempest-AttachVolumeTestJSON-1229112406 tempest-AttachVolumeTestJSON-1229112406-project-member] Acquiring lock "6e20851a-5ec2-4d3f-9e7a-b78428e82a27" by "nova.context.set_target_cell..get_or_set_cached_cell_and_set_connections" {{(pid=93216) inner /opt/stack/data/venv/lib/python3.12/site-packages/oslo_concurrency/lockutils.py:511}}
Jul 08 13:39:34.461029 np0000004817 nova-scheduler[93216]: DEBUG oslo_concurrency.lockutils [None req-0dec7a4c-ab7f-405b-9c18-a427d2741d02 tempest-AttachVolumeTestJSON-1229112406 tempest-AttachVolumeTestJSON-1229112406-project-member] Lock "6e20851a-5ec2-4d3f-9e7a-b78428e82a27" acquired by "nova.context.set_target_cell..get_or_set_cached_cell_and_set_connections" :: waited 0.000s {{(pid=93216) inner /opt/stack/data/venv/lib/python3.12/site-packages/oslo_concurrency/lockutils.py:524}}
Jul 08 13:39:34.461029 np0000004817 nova-scheduler[93216]: DEBUG oslo_concurrency.lockutils [None req-0dec7a4c-ab7f-405b-9c18-a427d2741d02 tempest-AttachVolumeTestJSON-1229112406 tempest-AttachVolumeTestJSON-1229112406-project-member] Lock "6e20851a-5ec2-4d3f-9e7a-b78428e82a27" "released" by "nova.context.set_target_cell..get_or_set_cached_cell_and_set_connections" :: held 0.000s {{(pid=93216) inner /opt/stack/data/venv/lib/python3.12/site-packages/oslo_concurrency/lockutils.py:543}}
Jul 08 13:39:34.473500 np0000004817 nova-scheduler[93216]: DEBUG oslo_concurrency.lockutils [None req-0dec7a4c-ab7f-405b-9c18-a427d2741d02 tempest-AttachVolumeTestJSON-1229112406 tempest-AttachVolumeTestJSON-1229112406-project-member] Acquiring lock "np0000004817-np0000004817" by "nova.scheduler.host_manager.HostState.update.._locked_update" {{(pid=93216) inner /opt/stack/data/venv/lib/python3.12/site-packages/oslo_concurrency/lockutils.py:511}}
Jul 08 13:39:34.473760 np0000004817 nova-scheduler[93216]: DEBUG oslo_concurrency.lockutils [None req-0dec7a4c-ab7f-405b-9c18-a427d2741d02 tempest-AttachVolumeTestJSON-1229112406 tempest-AttachVolumeTestJSON-1229112406-project-member] Lock "np0000004817-np0000004817" acquired by "nova.scheduler.host_manager.HostState.update.._locked_update" :: waited 0.000s {{(pid=93216) inner /opt/stack/data/venv/lib/python3.12/site-packages/oslo_concurrency/lockutils.py:524}}
