Aug 04 08:52:27.848656 np0000006398 devstack@g-api.service[99777]: DEBUG glance.api.middleware.version_negotiation [None req-15b1e8de-fa15-41fd-9996-2905f7529ec6 tempest-TestMinimumBasicScenario-1474034014 tempest-TestMinimumBasicScenario-1474034014-project-member] Using url versioning {{(pid=99777) process_request /opt/stack/glance/glance/api/middleware/version_negotiation.py:57}}
Aug 04 08:52:27.848656 np0000006398 devstack@g-api.service[99777]: DEBUG glance.api.middleware.version_negotiation [None req-15b1e8de-fa15-41fd-9996-2905f7529ec6 tempest-TestMinimumBasicScenario-1474034014 tempest-TestMinimumBasicScenario-1474034014-project-member] Matched version: v2 {{(pid=99777) process_request /opt/stack/glance/glance/api/middleware/version_negotiation.py:69}}
Aug 04 08:52:27.848741 np0000006398 devstack@g-api.service[99777]: DEBUG glance.api.middleware.version_negotiation [None req-15b1e8de-fa15-41fd-9996-2905f7529ec6 tempest-TestMinimumBasicScenario-1474034014 tempest-TestMinimumBasicScenario-1474034014-project-member] new path /v2/images {{(pid=99777) process_request /opt/stack/glance/glance/api/middleware/version_negotiation.py:70}}
Aug 04 08:52:28.333129 np0000006398 devstack@g-api.service[99777]: [pid: 99777|app: 0|req: 151/431] 127.0.0.1 () {46 vars in 1055 bytes} [Tue Aug 4 08:52:27 2026] POST /v2/images => generated 649 bytes in 485 msecs (HTTP/1.1 201) 6 headers in 315 bytes (1 switches on core 0)
Aug 04 08:52:28.342080 np0000006398 devstack@g-api.service[99779]: DEBUG glance.api.middleware.version_negotiation [None req-af05b7a1-a8dd-4273-b8c2-b7dca8ca48ef tempest-VolumesExtendTest-502550901 tempest-VolumesExtendTest-502550901-project-member] Determining version of request: GET /v2/schemas/image Accept: */* {{(pid=99779) process_request /opt/stack/glance/glance/api/middleware/version_negotiation.py:44}}
Aug 04 08:52:28.342545 np0000006398 devstack@g-api.service[99779]: DEBUG glance.api.middleware.version_negotiation [None req-af05b7a1-a8dd-4273-b8c2-b7dca8ca48ef tempest-VolumesExtendTest-502550901 tempest-VolumesExtendTest-502550901-project-member] Using url versioning {{(pid=99779) process_request /opt/stack/glance/glance/api/middleware/version_negotiation.py:57}}
Aug 04 08:52:28.342545 np0000006398 devstack@g-api.service[99779]: DEBUG glance.api.middleware.version_negotiation [None req-af05b7a1-a8dd-4273-b8c2-b7dca8ca48ef tempest-VolumesExtendTest-502550901 tempest-VolumesExtendTest-502550901-project-member] Matched version: v2 {{(pid=99779) process_request /opt/stack/glance/glance/api/middleware/version_negotiation.py:69}}
Aug 04 08:52:28.343018 np0000006398 devstack@g-api.service[99779]: DEBUG glance.api.middleware.version_negotiation [None req-af05b7a1-a8dd-4273-b8c2-b7dca8ca48ef tempest-VolumesExtendTest-502550901 tempest-VolumesExtendTest-502550901-project-member] new path /v2/schemas/image {{(pid=99779) process_request /opt/stack/glance/glance/api/middleware/version_negotiation.py:70}}
Aug 04 08:52:28.345938 np0000006398 devstack@g-api.service[99779]: [pid: 99779|app: 0|req: 144/432] 127.0.0.1 () {44 vars in 1055 bytes} [Tue Aug 4 08:52:28 2026] GET /v2/schemas/image => generated 6083 bytes in 4 msecs (HTTP/1.1 200) 4 headers in 158 bytes (1 switches on core 0)
Aug 04 08:52:28.359189 np0000006398 devstack@g-api.service[99778]: DEBUG glance.api.middleware.version_negotiation [None req-4e5f8f8c-0145-444c-901c-115673b3efa9 tempest-TestImageHashVerification-1060876695 tempest-TestImageHashVerification-1060876695-project-member] Determining version of request: GET /v2/images/79b23fcd-a6e3-463a-b2d1-f07bfb164f1d Accept: application/json {{(pid=99778) process_request /opt/stack/glance/glance/api/middleware/version_negotiation.py:44}}
Aug 04 08:52:28.359384 np0000006398 devstack@g-api.service[99778]: DEBUG glance.api.middleware.version_negotiation [None req-4e5f8f8c-0145-444c-901c-115673b3efa9 tempest-TestImageHashVerification-1060876695 tempest-TestImageHashVerification-1060876695-project-member] Using url versioning {{(pid=99778) process_request /opt/stack/glance/glance/api/middleware/version_negotiation.py:57}}
Aug 04 08:52:28.359560 np0000006398 devstack@g-api.service[99778]: DEBUG glance.api.middleware.version_negotiation [None req-4e5f8f8c-0145-444c-901c-115673b3efa9 tempest-TestImageHashVerification-1060876695 tempest-TestImageHashVerification-1060876695-project-member] Matched version: v2 {{(pid=99778) process_request /opt/stack/glance/glance/api/middleware/version_negotiation.py:69}}
Aug 04 08:52:28.359654 np0000006398 devstack@g-api.service[99778]: DEBUG glance.api.middleware.version_negotiation [None req-4e5f8f8c-0145-444c-901c-115673b3efa9 tempest-TestImageHashVerification-1060876695 tempest-TestImageHashVerification-1060876695-project-member] new path /v2/images/79b23fcd-a6e3-463a-b2d1-f07bfb164f1d {{(pid=99778) process_request /opt/stack/glance/glance/api/middleware/version_negotiation.py:70}}
Aug 04 08:52:28.368781 np0000006398 devstack@g-api.service[99778]: [pid: 99778|app: 0|req: 138/433] 127.0.0.1 () {40 vars in 838 bytes} [Tue Aug 4 08:52:28 2026] GET /v2/images/79b23fcd-a6e3-463a-b2d1-f07bfb164f1d => generated 649 bytes in 9 msecs (HTTP/1.1 200) 4 headers in 157 bytes (1 switches on core 0)
Aug 04 08:52:28.635578 np0000006398 devstack@g-api.service[99777]: DEBUG glance.api.middleware.version_negotiation [None req-4e5f8f8c-0145-444c-901c-115673b3efa9 tempest-TestImageHashVerification-1060876695 tempest-TestImageHashVerification-1060876695-project-member] Determining version of request: PUT /v2/images/79b23fcd-a6e3-463a-b2d1-f07bfb164f1d/file Accept: */* {{(pid=99777) process_request /opt/stack/glance/glance/api/middleware/version_negotiation.py:44}}
Aug 04 08:52:28.635821 np0000006398 devstack@g-api.service[99777]: DEBUG glance.api.middleware.version_negotiation [None req-4e5f8f8c-0145-444c-901c-115673b3efa9 tempest-TestImageHashVerification-1060876695 tempest-TestImageHashVerification-1060876695-project-member] Using url versioning {{(pid=99777) process_request /opt/stack/glance/glance/api/middleware/version_negotiation.py:57}}
Aug 04 08:52:28.635967 np0000006398 devstack@g-api.service[99777]: DEBUG glance.api.middleware.version_negotiation [None req-4e5f8f8c-0145-444c-901c-115673b3efa9 tempest-TestImageHashVerification-1060876695 tempest-TestImageHashVerification-1060876695-project-member] Matched version: v2 {{(pid=99777) process_request /opt/stack/glance/glance/api/middleware/version_negotiation.py:69}}
Aug 04 08:52:28.636072 np0000006398 devstack@g-api.service[99777]: DEBUG glance.api.middleware.version_negotiation [None req-4e5f8f8c-0145-444c-901c-115673b3efa9 tempest-TestImageHashVerification-1060876695 tempest-TestImageHashVerification-1060876695-project-member] new path /v2/images/79b23fcd-a6e3-463a-b2d1-f07bfb164f1d/file {{(pid=99777) process_request /opt/stack/glance/glance/api/middleware/version_negotiation.py:70}}
Aug 04 08:52:29.105342 np0000006398 devstack@g-api.service[99777]: INFO glance.api.v2.image_data [None req-4e5f8f8c-0145-444c-901c-115673b3efa9 tempest-TestImageHashVerification-1060876695 tempest-TestImageHashVerification-1060876695-project-member] Unable to create trust: no such option collect_timing in group [keystone_authtoken] Use the existing user token.
Aug 04 08:52:29.379319 np0000006398 devstack@g-api.service[99779]: DEBUG glance.api.middleware.version_negotiation [None req-4e5f8f8c-0145-444c-901c-115673b3efa9 tempest-TestImageHashVerification-1060876695 tempest-TestImageHashVerification-1060876695-project-member] Determining version of request: GET /v2/images/79b23fcd-a6e3-463a-b2d1-f07bfb164f1d Accept: application/json {{(pid=99779) process_request /opt/stack/glance/glance/api/middleware/version_negotiation.py:44}}
Aug 04 08:52:29.379319 np0000006398 devstack@g-api.service[99779]: DEBUG glance.api.middleware.version_negotiation [None req-4e5f8f8c-0145-444c-901c-115673b3efa9 tempest-TestImageHashVerification-1060876695 tempest-TestImageHashVerification-1060876695-project-member] Using url versioning {{(pid=99779) process_request /opt/stack/glance/glance/api/middleware/version_negotiation.py:57}}
Aug 04 08:52:29.379319 np0000006398 devstack@g-api.service[99779]: DEBUG glance.api.middleware.version_negotiation [None req-4e5f8f8c-0145-444c-901c-115673b3efa9 tempest-TestImageHashVerification-1060876695 tempest-TestImageHashVerification-1060876695-project-member] Matched version: v2 {{(pid=99779) process_request /opt/stack/glance/glance/api/middleware/version_negotiation.py:69}}
Aug 04 08:52:29.379319 np0000006398 devstack@g-api.service[99779]: DEBUG glance.api.middleware.version_negotiation [None req-4e5f8f8c-0145-444c-901c-115673b3efa9 tempest-TestImageHashVerification-1060876695 tempest-TestImageHashVerification-1060876695-project-member] new path /v2/images/79b23fcd-a6e3-463a-b2d1-f07bfb164f1d {{(pid=99779) process_request /opt/stack/glance/glance/api/middleware/version_negotiation.py:70}}
Aug 04 08:52:29.385788 np0000006398 devstack@g-api.service[99779]: [pid: 99779|app: 0|req: 145/434] 127.0.0.1 () {40 vars in 838 bytes} [Tue Aug 4 08:52:29 2026] GET /v2/images/79b23fcd-a6e3-463a-b2d1-f07bfb164f1d => generated 649 bytes in 8 msecs (HTTP/1.1 200) 4 headers in 157 bytes (1 switches on core 0)
Aug 04 08:52:29.462321 np0000006398 devstack@g-api.service[99777]: DEBUG glance.location [None req-4e5f8f8c-0145-444c-901c-115673b3efa9 tempest-TestImageHashVerification-1060876695 tempest-TestImageHashVerification-1060876695-project-member] Enabling in-flight format inspection for raw {{(pid=99777) set_data /opt/stack/glance/glance/location.py:596}}
Aug 04 08:52:29.462321 np0000006398 devstack@g-api.service[99777]: DEBUG glance_store.backend [None req-4e5f8f8c-0145-444c-901c-115673b3efa9 tempest-TestImageHashVerification-1060876695 tempest-TestImageHashVerification-1060876695-project-member] Attempting to import store swift {{(pid=99777) _load_store /opt/stack/data/venv/lib/python3.12/site-packages/glance_store/backend.py:215}}
Aug 04 08:52:29.462321 np0000006398 devstack@g-api.service[99777]: DEBUG glance_store.capabilities [None req-4e5f8f8c-0145-444c-901c-115673b3efa9 tempest-TestImageHashVerification-1060876695 tempest-TestImageHashVerification-1060876695-project-member] Store glance_store._drivers.swift.store.SingleTenantStore doesn't support updating dynamic storage capabilities. Please overwrite 'update_capabilities' method of the store to implement updating logics if needed. {{(pid=99777) update_capabilities /opt/stack/data/venv/lib/python3.12/site-packages/glance_store/capabilities.py:91}}
Aug 04 08:52:29.462321 np0000006398 devstack@g-api.service[99777]: DEBUG glance_store.driver [None req-4e5f8f8c-0145-444c-901c-115673b3efa9 tempest-TestImageHashVerification-1060876695 tempest-TestImageHashVerification-1060876695-project-member] Late loading location class glance_store._drivers.swift.store.StoreLocation {{(pid=99777) get_store_location_class /opt/stack/data/venv/lib/python3.12/site-packages/glance_store/driver.py:134}}
Aug 04 08:52:29.462321 np0000006398 devstack@g-api.service[99777]: DEBUG glance_store.location [None req-4e5f8f8c-0145-444c-901c-115673b3efa9 tempest-TestImageHashVerification-1060876695 tempest-TestImageHashVerification-1060876695-project-member] Registering scheme swift+https with {'store': , 'location_class': , 'store_entry': 'swift'} {{(pid=99777) register_scheme_map /opt/stack/data/venv/lib/python3.12/site-packages/glance_store/location.py:146}}
Aug 04 08:52:29.462321 np0000006398 devstack@g-api.service[99777]: DEBUG glance_store.location [None req-4e5f8f8c-0145-444c-901c-115673b3efa9 tempest-TestImageHashVerification-1060876695 tempest-TestImageHashVerification-1060876695-project-member] Registering scheme swift+https with {'store': , 'location_class': , 'store_entry': 'swift'} {{(pid=99777) register_scheme_map /opt/stack/data/venv/lib/python3.12/site-packages/glance_store/location.py:146}}
Aug 04 08:52:29.462321 np0000006398 devstack@g-api.service[99777]: DEBUG glance_store.location [None req-4e5f8f8c-0145-444c-901c-115673b3efa9 tempest-TestImageHashVerification-1060876695 tempest-TestImageHashVerification-1060876695-project-member] Registering scheme swift with {'store': , 'location_class': , 'store_entry': 'swift'} {{(pid=99777) register_scheme_map /opt/stack/data/venv/lib/python3.12/site-packages/glance_store/location.py:146}}
Aug 04 08:52:29.462321 np0000006398 devstack@g-api.service[99777]: DEBUG glance_store.location [None req-4e5f8f8c-0145-444c-901c-115673b3efa9 tempest-TestImageHashVerification-1060876695 tempest-TestImageHashVerification-1060876695-project-member] Registering scheme swift+https with {'store': , 'location_class': , 'store_entry': 'swift'} {{(pid=99777) register_scheme_map /opt/stack/data/venv/lib/python3.12/site-packages/glance_store/location.py:146}}
Aug 04 08:52:29.462321 np0000006398 devstack@g-api.service[99777]: DEBUG glance_store.location [None req-4e5f8f8c-0145-444c-901c-115673b3efa9 tempest-TestImageHashVerification-1060876695 tempest-TestImageHashVerification-1060876695-project-member] Registering scheme swift with {'store': , 'location_class': , 'store_entry': 'swift'} {{(pid=99777) register_scheme_map /opt/stack/data/venv/lib/python3.12/site-packages/glance_store/location.py:146}}
Aug 04 08:52:29.462321 np0000006398 devstack@g-api.service[99777]: DEBUG glance_store.location [None req-4e5f8f8c-0145-444c-901c-115673b3efa9 tempest-TestImageHashVerification-1060876695 tempest-TestImageHashVerification-1060876695-project-member] Registering scheme swift+http with {'store': , 'location_class': , 'store_entry': 'swift'} {{(pid=99777) register_scheme_map /opt/stack/data/venv/lib/python3.12/site-packages/glance_store/location.py:146}}
Aug 04 08:52:29.462321 np0000006398 devstack@g-api.service[99777]: DEBUG glance_store.location [None req-4e5f8f8c-0145-444c-901c-115673b3efa9 tempest-TestImageHashVerification-1060876695 tempest-TestImageHashVerification-1060876695-project-member] Registering scheme swift+https with {'store': , 'location_class': , 'store_entry': 'swift'} {{(pid=99777) register_scheme_map /opt/stack/data/venv/lib/python3.12/site-packages/glance_store/location.py:146}}
Aug 04 08:52:29.462321 np0000006398 devstack@g-api.service[99777]: DEBUG glance_store.location [None req-4e5f8f8c-0145-444c-901c-115673b3efa9 tempest-TestImageHashVerification-1060876695 tempest-TestImageHashVerification-1060876695-project-member] Registering scheme swift with {'store': , 'location_class': , 'store_entry': 'swift'} {{(pid=99777) register_scheme_map /opt/stack/data/venv/lib/python3.12/site-packages/glance_store/location.py:146}}
Aug 04 08:52:29.462936 np0000006398 devstack@g-api.service[99777]: DEBUG glance_store.location [None req-4e5f8f8c-0145-444c-901c-115673b3efa9 tempest-TestImageHashVerification-1060876695 tempest-TestImageHashVerification-1060876695-project-member] Registering scheme swift+http with {'store': , 'location_class': , 'store_entry': 'swift'} {{(pid=99777) register_scheme_map /opt/stack/data/venv/lib/python3.12/site-packages/glance_store/location.py:146}}
Aug 04 08:52:29.462936 np0000006398 devstack@g-api.service[99777]: DEBUG glance_store.location [None req-4e5f8f8c-0145-444c-901c-115673b3efa9 tempest-TestImageHashVerification-1060876695 tempest-TestImageHashVerification-1060876695-project-member] Registering scheme swift+config with {'store': , 'location_class': , 'store_entry': 'swift'} {{(pid=99777) register_scheme_map /opt/stack/data/venv/lib/python3.12/site-packages/glance_store/location.py:146}}
Aug 04 08:52:29.648389 np0000006398 devstack@g-api.service[99777]: DEBUG swiftclient [None req-4e5f8f8c-0145-444c-901c-115673b3efa9 tempest-TestImageHashVerification-1060876695 tempest-TestImageHashVerification-1060876695-project-member] REQ: curl -i https://10.4.3.115:8080/v1/AUTH_39eaf3bff2274437a19608d9045bfa76/glance -I -H "X-Auth-Token: gAAAAABqcahNPy2x..." {{(pid=99777) http_log /opt/stack/data/venv/lib/python3.12/site-packages/swiftclient/client.py:160}}
Aug 04 08:52:29.648389 np0000006398 devstack@g-api.service[99777]: DEBUG swiftclient [None req-4e5f8f8c-0145-444c-901c-115673b3efa9 tempest-TestImageHashVerification-1060876695 tempest-TestImageHashVerification-1060876695-project-member] RESP STATUS: 204 No Content {{(pid=99777) http_log /opt/stack/data/venv/lib/python3.12/site-packages/swiftclient/client.py:161}}
Aug 04 08:52:29.648389 np0000006398 devstack@g-api.service[99777]: DEBUG swiftclient [None req-4e5f8f8c-0145-444c-901c-115673b3efa9 tempest-TestImageHashVerification-1060876695 tempest-TestImageHashVerification-1060876695-project-member] RESP HEADERS: {'Date': 'Tue, 04 Aug 2026 08:52:29 GMT', 'Server': 'Apache/2.4.58 (Ubuntu)', 'Content-Type': 'text/plain; charset=utf-8', 'X-Container-Object-Count': '3', 'X-Container-Bytes-Used': '64356352', 'X-Timestamp': '1785833142.17453', 'Last-Modified': 'Tue, 04 Aug 2026 08:45:43 GMT', 'Accept-Ranges': 'bytes', 'X-Storage-Policy': 'Policy-0', 'X-Container-Sharding': 'False', 'Vary': 'Accept', 'X-Trans-Id': 'tx5ede79e36675457cb32b9-006a71a84d', 'X-Openstack-Request-Id': 'tx5ede79e36675457cb32b9-006a71a84d', 'Connection': 'close'} {{(pid=99777) http_log /opt/stack/data/venv/lib/python3.12/site-packages/swiftclient/client.py:162}}
Aug 04 08:52:29.648389 np0000006398 devstack@g-api.service[99777]: DEBUG glance_store._drivers.swift.store [None req-4e5f8f8c-0145-444c-901c-115673b3efa9 tempest-TestImageHashVerification-1060876695 tempest-TestImageHashVerification-1060876695-project-member] Adding image object '79b23fcd-a6e3-463a-b2d1-f07bfb164f1d' to Swift {{(pid=99777) add /opt/stack/data/venv/lib/python3.12/site-packages/glance_store/_drivers/swift/store.py:970}}
Aug 04 08:52:29.648389 np0000006398 devstack@g-api.service[99777]: DEBUG glance_store._drivers.swift.store [None req-4e5f8f8c-0145-444c-901c-115673b3efa9 tempest-TestImageHashVerification-1060876695 tempest-TestImageHashVerification-1060876695-project-member] Cannot determine image size because it is either not provided in the request or chunked-transfer encoding is used. Adding image as a segmented object to Swift. {{(pid=99777) add /opt/stack/data/venv/lib/python3.12/site-packages/glance_store/_drivers/swift/store.py:994}}
Aug 04 08:52:29.653449 np0000006398 devstack@g-api.service[99777]: DEBUG oslo_utils.imageutils.format_inspector [None req-4e5f8f8c-0145-444c-901c-115673b3efa9 tempest-TestImageHashVerification-1060876695 tempest-TestImageHashVerification-1060876695-project-member] Format inspector for vmdk does not match, excluding from consideration (Signature KDMV not found: b'\x00\x00\x00\x00') {{(pid=99777) _process_chunk /opt/stack/data/venv/lib/python3.12/site-packages/oslo_utils/imageutils/format_inspector.py:1758}}
Aug 04 08:52:29.655594 np0000006398 devstack@g-api.service[99777]: DEBUG oslo_utils.imageutils.format_inspector [None req-4e5f8f8c-0145-444c-901c-115673b3efa9 tempest-TestImageHashVerification-1060876695 tempest-TestImageHashVerification-1060876695-project-member] Format inspector for vhdx does not match, excluding from consideration (Region signature not found at 30000) {{(pid=99777) _process_chunk /opt/stack/data/venv/lib/python3.12/site-packages/oslo_utils/imageutils/format_inspector.py:1758}}
Aug 04 08:52:30.432613 np0000006398 devstack@g-api.service[99778]: DEBUG glance.api.middleware.version_negotiation [None req-def63c1e-c4ba-493d-99c7-3aeca7a00206 tempest-TestImageHashVerification-1060876695 tempest-TestImageHashVerification-1060876695-project-member] Determining version of request: GET /v2/images/79b23fcd-a6e3-463a-b2d1-f07bfb164f1d Accept: application/json {{(pid=99778) process_request /opt/stack/glance/glance/api/middleware/version_negotiation.py:44}}
Aug 04 08:52:30.432613 np0000006398 devstack@g-api.service[99778]: DEBUG glance.api.middleware.version_negotiation [None req-def63c1e-c4ba-493d-99c7-3aeca7a00206 tempest-TestImageHashVerification-1060876695 tempest-TestImageHashVerification-1060876695-project-member] Using url versioning {{(pid=99778) process_request /opt/stack/glance/glance/api/middleware/version_negotiation.py:57}}
Aug 04 08:52:30.432613 np0000006398 devstack@g-api.service[99778]: DEBUG glance.api.middleware.version_negotiation [None req-def63c1e-c4ba-493d-99c7-3aeca7a00206 tempest-TestImageHashVerification-1060876695 tempest-TestImageHashVerification-1060876695-project-member] Matched version: v2 {{(pid=99778) process_request /opt/stack/glance/glance/api/middleware/version_negotiation.py:69}}
Aug 04 08:52:30.432613 np0000006398 devstack@g-api.service[99778]: DEBUG glance.api.middleware.version_negotiation [None req-def63c1e-c4ba-493d-99c7-3aeca7a00206 tempest-TestImageHashVerification-1060876695 tempest-TestImageHashVerification-1060876695-project-member] new path /v2/images/79b23fcd-a6e3-463a-b2d1-f07bfb164f1d {{(pid=99778) process_request /opt/stack/glance/glance/api/middleware/version_negotiation.py:70}}
Aug 04 08:52:30.432613 np0000006398 devstack@g-api.service[99778]: [pid: 99778|app: 0|req: 139/435] 127.0.0.1 () {40 vars in 838 bytes} [Tue Aug 4 08:52:30 2026] GET /v2/images/79b23fcd-a6e3-463a-b2d1-f07bfb164f1d => generated 649 bytes in 10 msecs (HTTP/1.1 200) 4 headers in 157 bytes (1 switches on core 0)
Aug 04 08:52:31.413344 np0000006398 devstack@g-api.service[99779]: DEBUG glance.api.middleware.version_negotiation [None req-c4140428-7b85-400d-a630-f4b99725b624 tempest-TestImageHashVerification-1060876695 tempest-TestImageHashVerification-1060876695-project-member] Determining version of request: GET /v2/images/79b23fcd-a6e3-463a-b2d1-f07bfb164f1d Accept: application/json {{(pid=99779) process_request /opt/stack/glance/glance/api/middleware/version_negotiation.py:44}}
Aug 04 08:52:31.413696 np0000006398 devstack@g-api.service[99779]: DEBUG glance.api.middleware.version_negotiation [None req-c4140428-7b85-400d-a630-f4b99725b624 tempest-TestImageHashVerification-1060876695 tempest-TestImageHashVerification-1060876695-project-member] Using url versioning {{(pid=99779) process_request /opt/stack/glance/glance/api/middleware/version_negotiation.py:57}}
Aug 04 08:52:31.415945 np0000006398 devstack@g-api.service[99779]: DEBUG glance.api.middleware.version_negotiation [None req-c4140428-7b85-400d-a630-f4b99725b624 tempest-TestImageHashVerification-1060876695 tempest-TestImageHashVerification-1060876695-project-member] Matched version: v2 {{(pid=99779) process_request /opt/stack/glance/glance/api/middleware/version_negotiation.py:69}}
Aug 04 08:52:31.415945 np0000006398 devstack@g-api.service[99779]: DEBUG glance.api.middleware.version_negotiation [None req-c4140428-7b85-400d-a630-f4b99725b624 tempest-TestImageHashVerification-1060876695 tempest-TestImageHashVerification-1060876695-project-member] new path /v2/images/79b23fcd-a6e3-463a-b2d1-f07bfb164f1d {{(pid=99779) process_request /opt/stack/glance/glance/api/middleware/version_negotiation.py:70}}
Aug 04 08:52:31.437900 np0000006398 devstack@g-api.service[99779]: [pid: 99779|app: 0|req: 146/436] 127.0.0.1 () {40 vars in 838 bytes} [Tue Aug 4 08:52:31 2026] GET /v2/images/79b23fcd-a6e3-463a-b2d1-f07bfb164f1d => generated 649 bytes in 26 msecs (HTTP/1.1 200) 4 headers in 157 bytes (1 switches on core 0)
Aug 04 08:52:32.223012 np0000006398 devstack@g-api.service[99777]: DEBUG swiftclient [None req-4e5f8f8c-0145-444c-901c-115673b3efa9 tempest-TestImageHashVerification-1060876695 tempest-TestImageHashVerification-1060876695-project-member] REQ: curl -i https://10.4.3.115:8080/v1/AUTH_39eaf3bff2274437a19608d9045bfa76/glance/79b23fcd-a6e3-463a-b2d1-f07bfb164f1d-00001 -X PUT -H "X-Auth-Token: gAAAAABqcahNPy2x..." {{(pid=99777) http_log /opt/stack/data/venv/lib/python3.12/site-packages/swiftclient/client.py:160}}
Aug 04 08:52:32.223012 np0000006398 devstack@g-api.service[99777]: DEBUG swiftclient [None req-4e5f8f8c-0145-444c-901c-115673b3efa9 tempest-TestImageHashVerification-1060876695 tempest-TestImageHashVerification-1060876695-project-member] RESP STATUS: 201 Created {{(pid=99777) http_log /opt/stack/data/venv/lib/python3.12/site-packages/swiftclient/client.py:161}}
Aug 04 08:52:32.223012 np0000006398 devstack@g-api.service[99777]: DEBUG swiftclient [None req-4e5f8f8c-0145-444c-901c-115673b3efa9 tempest-TestImageHashVerification-1060876695 tempest-TestImageHashVerification-1060876695-project-member] RESP HEADERS: {'Date': 'Tue, 04 Aug 2026 08:52:32 GMT', 'Server': 'Apache/2.4.58 (Ubuntu)', 'Content-Type': 'text/html; charset=UTF-8', 'Content-Length': '0', 'Etag': 'eda9a9889837ac4bc81d6387d92c1bec', 'Last-Modified': 'Tue, 04 Aug 2026 08:52:30 GMT', 'X-Trans-Id': 'tx15cddd25f38147bc83bd2-006a71a84d', 'X-Openstack-Request-Id': 'tx15cddd25f38147bc83bd2-006a71a84d', 'Connection': 'close'} {{(pid=99777) http_log /opt/stack/data/venv/lib/python3.12/site-packages/swiftclient/client.py:162}}
Aug 04 08:52:32.223012 np0000006398 devstack@g-api.service[99777]: DEBUG glance_store._drivers.swift.store [None req-4e5f8f8c-0145-444c-901c-115673b3efa9 tempest-TestImageHashVerification-1060876695 tempest-TestImageHashVerification-1060876695-project-member] Wrote chunk 79b23fcd-a6e3-463a-b2d1-f07bfb164f1d-00001 (1/?) of length 204800000 to Swift returning MD5 of content: eda9a9889837ac4bc81d6387d92c1bec {{(pid=99777) add /opt/stack/data/venv/lib/python3.12/site-packages/glance_store/_drivers/swift/store.py:1059}}
Aug 04 08:52:32.446500 np0000006398 devstack@g-api.service[99778]: DEBUG glance.api.middleware.version_negotiation [None req-13ec2cd6-1db5-43c5-84ec-b155711c73ae tempest-TestImageHashVerification-1060876695 tempest-TestImageHashVerification-1060876695-project-member] Determining version of request: GET /v2/images/79b23fcd-a6e3-463a-b2d1-f07bfb164f1d Accept: application/json {{(pid=99778) process_request /opt/stack/glance/glance/api/middleware/version_negotiation.py:44}}
Aug 04 08:52:32.447095 np0000006398 devstack@g-api.service[99778]: DEBUG glance.api.middleware.version_negotiation [None req-13ec2cd6-1db5-43c5-84ec-b155711c73ae tempest-TestImageHashVerification-1060876695 tempest-TestImageHashVerification-1060876695-project-member] Using url versioning {{(pid=99778) process_request /opt/stack/glance/glance/api/middleware/version_negotiation.py:57}}
Aug 04 08:52:32.447095 np0000006398 devstack@g-api.service[99778]: DEBUG glance.api.middleware.version_negotiation [None req-13ec2cd6-1db5-43c5-84ec-b155711c73ae tempest-TestImageHashVerification-1060876695 tempest-TestImageHashVerification-1060876695-project-member] Matched version: v2 {{(pid=99778) process_request /opt/stack/glance/glance/api/middleware/version_negotiation.py:69}}
Aug 04 08:52:32.447095 np0000006398 devstack@g-api.service[99778]: DEBUG glance.api.middleware.version_negotiation [None req-13ec2cd6-1db5-43c5-84ec-b155711c73ae tempest-TestImageHashVerification-1060876695 tempest-TestImageHashVerification-1060876695-project-member] new path /v2/images/79b23fcd-a6e3-463a-b2d1-f07bfb164f1d {{(pid=99778) process_request /opt/stack/glance/glance/api/middleware/version_negotiation.py:70}}
Aug 04 08:52:32.464938 np0000006398 devstack@g-api.service[99778]: [pid: 99778|app: 0|req: 140/437] 127.0.0.1 () {40 vars in 838 bytes} [Tue Aug 4 08:52:32 2026] GET /v2/images/79b23fcd-a6e3-463a-b2d1-f07bfb164f1d => generated 649 bytes in 18 msecs (HTTP/1.1 200) 4 headers in 157 bytes (1 switches on core 0)
Aug 04 08:52:33.477261 np0000006398 devstack@g-api.service[99779]: DEBUG glance.api.middleware.version_negotiation [None req-d3a2b781-7951-4de5-b355-13fc7d58dea8 tempest-TestImageHashVerification-1060876695 tempest-TestImageHashVerification-1060876695-project-member] Determining version of request: GET /v2/images/79b23fcd-a6e3-463a-b2d1-f07bfb164f1d Accept: application/json {{(pid=99779) process_request /opt/stack/glance/glance/api/middleware/version_negotiation.py:44}}
Aug 04 08:52:33.477261 np0000006398 devstack@g-api.service[99779]: DEBUG glance.api.middleware.version_negotiation [None req-d3a2b781-7951-4de5-b355-13fc7d58dea8 tempest-TestImageHashVerification-1060876695 tempest-TestImageHashVerification-1060876695-project-member] Using url versioning {{(pid=99779) process_request /opt/stack/glance/glance/api/middleware/version_negotiation.py:57}}
Aug 04 08:52:33.477261 np0000006398 devstack@g-api.service[99779]: DEBUG glance.api.middleware.version_negotiation [None req-d3a2b781-7951-4de5-b355-13fc7d58dea8 tempest-TestImageHashVerification-1060876695 tempest-TestImageHashVerification-1060876695-project-member] Matched version: v2 {{(pid=99779) process_request /opt/stack/glance/glance/api/middleware/version_negotiation.py:69}}
Aug 04 08:52:33.477261 np0000006398 devstack@g-api.service[99779]: DEBUG glance.api.middleware.version_negotiation [None req-d3a2b781-7951-4de5-b355-13fc7d58dea8 tempest-TestImageHashVerification-1060876695 tempest-TestImageHashVerification-1060876695-project-member] new path /v2/images/79b23fcd-a6e3-463a-b2d1-f07bfb164f1d {{(pid=99779) process_request /opt/stack/glance/glance/api/middleware/version_negotiation.py:70}}
Aug 04 08:52:33.496377 np0000006398 devstack@g-api.service[99779]: [pid: 99779|app: 0|req: 147/438] 127.0.0.1 () {40 vars in 838 bytes} [Tue Aug 4 08:52:33 2026] GET /v2/images/79b23fcd-a6e3-463a-b2d1-f07bfb164f1d => generated 649 bytes in 20 msecs (HTTP/1.1 200) 4 headers in 157 bytes (1 switches on core 0)
Aug 04 08:52:34.508862 np0000006398 devstack@g-api.service[99778]: DEBUG glance.api.middleware.version_negotiation [None req-1e6a0cf9-2753-442d-a9d1-3cbb83990607 tempest-TestImageHashVerification-1060876695 tempest-TestImageHashVerification-1060876695-project-member] Determining version of request: GET /v2/images/79b23fcd-a6e3-463a-b2d1-f07bfb164f1d Accept: application/json {{(pid=99778) process_request /opt/stack/glance/glance/api/middleware/version_negotiation.py:44}}
Aug 04 08:52:34.509342 np0000006398 devstack@g-api.service[99778]: DEBUG glance.api.middleware.version_negotiation [None req-1e6a0cf9-2753-442d-a9d1-3cbb83990607 tempest-TestImageHashVerification-1060876695 tempest-TestImageHashVerification-1060876695-project-member] Using url versioning {{(pid=99778) process_request /opt/stack/glance/glance/api/middleware/version_negotiation.py:57}}
Aug 04 08:52:34.509342 np0000006398 devstack@g-api.service[99778]: DEBUG glance.api.middleware.version_negotiation [None req-1e6a0cf9-2753-442d-a9d1-3cbb83990607 tempest-TestImageHashVerification-1060876695 tempest-TestImageHashVerification-1060876695-project-member] Matched version: v2 {{(pid=99778) process_request /opt/stack/glance/glance/api/middleware/version_negotiation.py:69}}
Aug 04 08:52:34.509342 np0000006398 devstack@g-api.service[99778]: DEBUG glance.api.middleware.version_negotiation [None req-1e6a0cf9-2753-442d-a9d1-3cbb83990607 tempest-TestImageHashVerification-1060876695 tempest-TestImageHashVerification-1060876695-project-member] new path /v2/images/79b23fcd-a6e3-463a-b2d1-f07bfb164f1d {{(pid=99778) process_request /opt/stack/glance/glance/api/middleware/version_negotiation.py:70}}
Aug 04 08:52:34.520168 np0000006398 devstack@g-api.service[99778]: [pid: 99778|app: 0|req: 141/439] 127.0.0.1 () {40 vars in 838 bytes} [Tue Aug 4 08:52:34 2026] GET /v2/images/79b23fcd-a6e3-463a-b2d1-f07bfb164f1d => generated 649 bytes in 11 msecs (HTTP/1.1 200) 4 headers in 157 bytes (1 switches on core 0)
Aug 04 08:52:34.542444 np0000006398 devstack@g-api.service[99777]: DEBUG swiftclient [None req-4e5f8f8c-0145-444c-901c-115673b3efa9 tempest-TestImageHashVerification-1060876695 tempest-TestImageHashVerification-1060876695-project-member] REQ: curl -i https://10.4.3.115:8080/v1/AUTH_39eaf3bff2274437a19608d9045bfa76/glance/79b23fcd-a6e3-463a-b2d1-f07bfb164f1d-00002 -X PUT -H "X-Auth-Token: gAAAAABqcahNPy2x..." {{(pid=99777) http_log /opt/stack/data/venv/lib/python3.12/site-packages/swiftclient/client.py:160}}
Aug 04 08:52:34.542801 np0000006398 devstack@g-api.service[99777]: DEBUG swiftclient [None req-4e5f8f8c-0145-444c-901c-115673b3efa9 tempest-TestImageHashVerification-1060876695 tempest-TestImageHashVerification-1060876695-project-member] RESP STATUS: 201 Created {{(pid=99777) http_log /opt/stack/data/venv/lib/python3.12/site-packages/swiftclient/client.py:161}}
Aug 04 08:52:34.542995 np0000006398 devstack@g-api.service[99777]: DEBUG swiftclient [None req-4e5f8f8c-0145-444c-901c-115673b3efa9 tempest-TestImageHashVerification-1060876695 tempest-TestImageHashVerification-1060876695-project-member] RESP HEADERS: {'Date': 'Tue, 04 Aug 2026 08:52:34 GMT', 'Server': 'Apache/2.4.58 (Ubuntu)', 'Content-Type': 'text/html; charset=UTF-8', 'Content-Length': '0', 'Etag': 'eda9a9889837ac4bc81d6387d92c1bec', 'Last-Modified': 'Tue, 04 Aug 2026 08:52:33 GMT', 'X-Trans-Id': 'txa0dd59cf2c1542e0ae259-006a71a850', 'X-Openstack-Request-Id': 'txa0dd59cf2c1542e0ae259-006a71a850', 'Connection': 'close'} {{(pid=99777) http_log /opt/stack/data/venv/lib/python3.12/site-packages/swiftclient/client.py:162}}
Aug 04 08:52:34.543244 np0000006398 devstack@g-api.service[99777]: DEBUG glance_store._drivers.swift.store [None req-4e5f8f8c-0145-444c-901c-115673b3efa9 tempest-TestImageHashVerification-1060876695 tempest-TestImageHashVerification-1060876695-project-member] Wrote chunk 79b23fcd-a6e3-463a-b2d1-f07bfb164f1d-00002 (2/?) of length 204800000 to Swift returning MD5 of content: eda9a9889837ac4bc81d6387d92c1bec {{(pid=99777) add /opt/stack/data/venv/lib/python3.12/site-packages/glance_store/_drivers/swift/store.py:1059}}
Aug 04 08:52:35.457838 np0000006398 devstack@g-api.service[99779]: DEBUG glance.api.middleware.version_negotiation [None req-145ef921-8979-4dd3-9eda-d09c5334134e tempest-TestImageHashVerification-1060876695 tempest-TestImageHashVerification-1060876695-project-member] Determining version of request: GET /v2/images/c30c7451-fcdb-4ae1-94bb-cfb7d27fb6b5 Accept: */* {{(pid=99779) process_request /opt/stack/glance/glance/api/middleware/version_negotiation.py:44}}
Aug 04 08:52:35.458174 np0000006398 devstack@g-api.service[99779]: DEBUG glance.api.middleware.version_negotiation [None req-145ef921-8979-4dd3-9eda-d09c5334134e tempest-TestImageHashVerification-1060876695 tempest-TestImageHashVerification-1060876695-project-member] Using url versioning {{(pid=99779) process_request /opt/stack/glance/glance/api/middleware/version_negotiation.py:57}}
Aug 04 08:52:35.458259 np0000006398 devstack@g-api.service[99779]: DEBUG glance.api.middleware.version_negotiation [None req-145ef921-8979-4dd3-9eda-d09c5334134e tempest-TestImageHashVerification-1060876695 tempest-TestImageHashVerification-1060876695-project-member] Matched version: v2 {{(pid=99779) process_request /opt/stack/glance/glance/api/middleware/version_negotiation.py:69}}
Aug 04 08:52:35.458447 np0000006398 devstack@g-api.service[99779]: DEBUG glance.api.middleware.version_negotiation [None req-145ef921-8979-4dd3-9eda-d09c5334134e tempest-TestImageHashVerification-1060876695 tempest-TestImageHashVerification-1060876695-project-member] new path /v2/images/c30c7451-fcdb-4ae1-94bb-cfb7d27fb6b5 {{(pid=99779) process_request /opt/stack/glance/glance/api/middleware/version_negotiation.py:70}}
Aug 04 08:52:35.531362 np0000006398 devstack@g-api.service[99778]: DEBUG glance.api.middleware.version_negotiation [None req-247bd386-426d-4831-815a-e5f75b51b37e tempest-TestImageHashVerification-1060876695 tempest-TestImageHashVerification-1060876695-project-member] Determining version of request: GET /v2/images/79b23fcd-a6e3-463a-b2d1-f07bfb164f1d Accept: application/json {{(pid=99778) process_request /opt/stack/glance/glance/api/middleware/version_negotiation.py:44}}
Aug 04 08:52:35.531362 np0000006398 devstack@g-api.service[99778]: DEBUG glance.api.middleware.version_negotiation [None req-247bd386-426d-4831-815a-e5f75b51b37e tempest-TestImageHashVerification-1060876695 tempest-TestImageHashVerification-1060876695-project-member] Using url versioning {{(pid=99778) process_request /opt/stack/glance/glance/api/middleware/version_negotiation.py:57}}
Aug 04 08:52:35.531362 np0000006398 devstack@g-api.service[99778]: DEBUG glance.api.middleware.version_negotiation [None req-247bd386-426d-4831-815a-e5f75b51b37e tempest-TestImageHashVerification-1060876695 tempest-TestImageHashVerification-1060876695-project-member] Matched version: v2 {{(pid=99778) process_request /opt/stack/glance/glance/api/middleware/version_negotiation.py:69}}
Aug 04 08:52:35.531362 np0000006398 devstack@g-api.service[99778]: DEBUG glance.api.middleware.version_negotiation [None req-247bd386-426d-4831-815a-e5f75b51b37e tempest-TestImageHashVerification-1060876695 tempest-TestImageHashVerification-1060876695-project-member] new path /v2/images/79b23fcd-a6e3-463a-b2d1-f07bfb164f1d {{(pid=99778) process_request /opt/stack/glance/glance/api/middleware/version_negotiation.py:70}}
Aug 04 08:52:35.548503 np0000006398 devstack@g-api.service[99778]: [pid: 99778|app: 0|req: 142/440] 127.0.0.1 () {40 vars in 838 bytes} [Tue Aug 4 08:52:35 2026] GET /v2/images/79b23fcd-a6e3-463a-b2d1-f07bfb164f1d => generated 649 bytes in 18 msecs (HTTP/1.1 200) 4 headers in 157 bytes (1 switches on core 0)
Aug 04 08:52:35.671702 np0000006398 devstack@g-api.service[99779]: [pid: 99779|app: 0|req: 148/441] 127.0.0.1 () {44 vars in 1115 bytes} [Tue Aug 4 08:52:35 2026] GET /v2/images/c30c7451-fcdb-4ae1-94bb-cfb7d27fb6b5 => generated 1044 bytes in 215 msecs (HTTP/1.1 200) 4 headers in 158 bytes (1 switches on core 0)
Aug 04 08:52:35.721720 np0000006398 devstack@g-api.service[99778]: DEBUG glance.api.middleware.version_negotiation [None req-ae488ba5-8fcb-45e1-84de-924540598120 tempest-TestImageHashVerification-1060876695 tempest-TestImageHashVerification-1060876695-project-member] Determining version of request: GET /v2/schemas/image Accept: */* {{(pid=99778) process_request /opt/stack/glance/glance/api/middleware/version_negotiation.py:44}}
Aug 04 08:52:35.722182 np0000006398 devstack@g-api.service[99778]: DEBUG glance.api.middleware.version_negotiation [None req-ae488ba5-8fcb-45e1-84de-924540598120 tempest-TestImageHashVerification-1060876695 tempest-TestImageHashVerification-1060876695-project-member] Using url versioning {{(pid=99778) process_request /opt/stack/glance/glance/api/middleware/version_negotiation.py:57}}
Aug 04 08:52:35.722182 np0000006398 devstack@g-api.service[99778]: DEBUG glance.api.middleware.version_negotiation [None req-ae488ba5-8fcb-45e1-84de-924540598120 tempest-TestImageHashVerification-1060876695 tempest-TestImageHashVerification-1060876695-project-member] Matched version: v2 {{(pid=99778) process_request /opt/stack/glance/glance/api/middleware/version_negotiation.py:69}}
Aug 04 08:52:35.722395 np0000006398 devstack@g-api.service[99778]: DEBUG glance.api.middleware.version_negotiation [None req-ae488ba5-8fcb-45e1-84de-924540598120 tempest-TestImageHashVerification-1060876695 tempest-TestImageHashVerification-1060876695-project-member] new path /v2/schemas/image {{(pid=99778) process_request /opt/stack/glance/glance/api/middleware/version_negotiation.py:70}}
Aug 04 08:52:35.726541 np0000006398 devstack@g-api.service[99778]: [pid: 99778|app: 0|req: 143/442] 127.0.0.1 () {44 vars in 1055 bytes} [Tue Aug 4 08:52:35 2026] GET /v2/schemas/image => generated 6083 bytes in 5 msecs (HTTP/1.1 200) 4 headers in 158 bytes (1 switches on core 0)
Aug 04 08:52:36.486590 np0000006398 devstack@g-api.service[99777]: DEBUG swiftclient [None req-4e5f8f8c-0145-444c-901c-115673b3efa9 tempest-TestImageHashVerification-1060876695 tempest-TestImageHashVerification-1060876695-project-member] REQ: curl -i https://10.4.3.115:8080/v1/AUTH_39eaf3bff2274437a19608d9045bfa76/glance/79b23fcd-a6e3-463a-b2d1-f07bfb164f1d-00003 -X PUT -H "X-Auth-Token: gAAAAABqcahNPy2x..." {{(pid=99777) http_log /opt/stack/data/venv/lib/python3.12/site-packages/swiftclient/client.py:160}}
Aug 04 08:52:36.486863 np0000006398 devstack@g-api.service[99777]: DEBUG swiftclient [None req-4e5f8f8c-0145-444c-901c-115673b3efa9 tempest-TestImageHashVerification-1060876695 tempest-TestImageHashVerification-1060876695-project-member] RESP STATUS: 201 Created {{(pid=99777) http_log /opt/stack/data/venv/lib/python3.12/site-packages/swiftclient/client.py:161}}
Aug 04 08:52:36.486897 np0000006398 devstack@g-api.service[99777]: DEBUG swiftclient [None req-4e5f8f8c-0145-444c-901c-115673b3efa9 tempest-TestImageHashVerification-1060876695 tempest-TestImageHashVerification-1060876695-project-member] RESP HEADERS: {'Date': 'Tue, 04 Aug 2026 08:52:36 GMT', 'Server': 'Apache/2.4.58 (Ubuntu)', 'Content-Type': 'text/html; charset=UTF-8', 'Content-Length': '0', 'Etag': 'eda9a9889837ac4bc81d6387d92c1bec', 'Last-Modified': 'Tue, 04 Aug 2026 08:52:35 GMT', 'X-Trans-Id': 'tx6ab48a00643a42b78b492-006a71a852', 'X-Openstack-Request-Id': 'tx6ab48a00643a42b78b492-006a71a852', 'Connection': 'close'} {{(pid=99777) http_log /opt/stack/data/venv/lib/python3.12/site-packages/swiftclient/client.py:162}}
Aug 04 08:52:36.487019 np0000006398 devstack@g-api.service[99777]: DEBUG glance_store._drivers.swift.store [None req-4e5f8f8c-0145-444c-901c-115673b3efa9 tempest-TestImageHashVerification-1060876695 tempest-TestImageHashVerification-1060876695-project-member] Wrote chunk 79b23fcd-a6e3-463a-b2d1-f07bfb164f1d-00003 (3/?) of length 204800000 to Swift returning MD5 of content: eda9a9889837ac4bc81d6387d92c1bec {{(pid=99777) add /opt/stack/data/venv/lib/python3.12/site-packages/glance_store/_drivers/swift/store.py:1059}}
Aug 04 08:52:36.561018 np0000006398 devstack@g-api.service[99779]: DEBUG glance.api.middleware.version_negotiation [None req-23f3b9d1-28d6-421a-b68b-8e2f5e7b73cf tempest-AttachVolumeTestJSON-1988780660 tempest-AttachVolumeTestJSON-1988780660-project-member] Determining version of request: GET /v2/images/79b23fcd-a6e3-463a-b2d1-f07bfb164f1d Accept: application/json {{(pid=99779) process_request /opt/stack/glance/glance/api/middleware/version_negotiation.py:44}}
Aug 04 08:52:36.561354 np0000006398 devstack@g-api.service[99779]: DEBUG glance.api.middleware.version_negotiation [None req-23f3b9d1-28d6-421a-b68b-8e2f5e7b73cf tempest-AttachVolumeTestJSON-1988780660 tempest-AttachVolumeTestJSON-1988780660-project-member] Using url versioning {{(pid=99779) process_request /opt/stack/glance/glance/api/middleware/version_negotiation.py:57}}
Aug 04 08:52:36.561354 np0000006398 devstack@g-api.service[99779]: DEBUG glance.api.middleware.version_negotiation [None req-23f3b9d1-28d6-421a-b68b-8e2f5e7b73cf tempest-AttachVolumeTestJSON-1988780660 tempest-AttachVolumeTestJSON-1988780660-project-member] Matched version: v2 {{(pid=99779) process_request /opt/stack/glance/glance/api/middleware/version_negotiation.py:69}}
Aug 04 08:52:36.561354 np0000006398 devstack@g-api.service[99779]: DEBUG glance.api.middleware.version_negotiation [None req-23f3b9d1-28d6-421a-b68b-8e2f5e7b73cf tempest-AttachVolumeTestJSON-1988780660 tempest-AttachVolumeTestJSON-1988780660-project-member] new path /v2/images/79b23fcd-a6e3-463a-b2d1-f07bfb164f1d {{(pid=99779) process_request /opt/stack/glance/glance/api/middleware/version_negotiation.py:70}}
Aug 04 08:52:36.571136 np0000006398 devstack@g-api.service[99779]: [pid: 99779|app: 0|req: 149/443] 127.0.0.1 () {40 vars in 838 bytes} [Tue Aug 4 08:52:36 2026] GET /v2/images/79b23fcd-a6e3-463a-b2d1-f07bfb164f1d => generated 649 bytes in 10 msecs (HTTP/1.1 200) 4 headers in 157 bytes (1 switches on core 0)
Aug 04 08:52:37.586844 np0000006398 devstack@g-api.service[99778]: DEBUG glance.api.middleware.version_negotiation [None req-23f3b9d1-28d6-421a-b68b-8e2f5e7b73cf tempest-AttachVolumeTestJSON-1988780660 tempest-AttachVolumeTestJSON-1988780660-project-member] Determining version of request: GET /v2/images/79b23fcd-a6e3-463a-b2d1-f07bfb164f1d Accept: application/json {{(pid=99778) process_request /opt/stack/glance/glance/api/middleware/version_negotiation.py:44}}
Aug 04 08:52:37.587354 np0000006398 devstack@g-api.service[99778]: DEBUG glance.api.middleware.version_negotiation [None req-23f3b9d1-28d6-421a-b68b-8e2f5e7b73cf tempest-AttachVolumeTestJSON-1988780660 tempest-AttachVolumeTestJSON-1988780660-project-member] Using url versioning {{(pid=99778) process_request /opt/stack/glance/glance/api/middleware/version_negotiation.py:57}}
Aug 04 08:52:37.587354 np0000006398 devstack@g-api.service[99778]: DEBUG glance.api.middleware.version_negotiation [None req-23f3b9d1-28d6-421a-b68b-8e2f5e7b73cf tempest-AttachVolumeTestJSON-1988780660 tempest-AttachVolumeTestJSON-1988780660-project-member] Matched version: v2 {{(pid=99778) process_request /opt/stack/glance/glance/api/middleware/version_negotiation.py:69}}
Aug 04 08:52:37.587447 np0000006398 devstack@g-api.service[99778]: DEBUG glance.api.middleware.version_negotiation [None req-23f3b9d1-28d6-421a-b68b-8e2f5e7b73cf tempest-AttachVolumeTestJSON-1988780660 tempest-AttachVolumeTestJSON-1988780660-project-member] new path /v2/images/79b23fcd-a6e3-463a-b2d1-f07bfb164f1d {{(pid=99778) process_request /opt/stack/glance/glance/api/middleware/version_negotiation.py:70}}
Aug 04 08:52:37.605324 np0000006398 devstack@g-api.service[99778]: [pid: 99778|app: 0|req: 144/444] 127.0.0.1 () {40 vars in 838 bytes} [Tue Aug 4 08:52:37 2026] GET /v2/images/79b23fcd-a6e3-463a-b2d1-f07bfb164f1d => generated 649 bytes in 19 msecs (HTTP/1.1 200) 4 headers in 157 bytes (1 switches on core 0)
Aug 04 08:52:38.579027 np0000006398 devstack@g-api.service[99777]: DEBUG swiftclient [None req-4e5f8f8c-0145-444c-901c-115673b3efa9 tempest-TestImageHashVerification-1060876695 tempest-TestImageHashVerification-1060876695-project-member] REQ: curl -i https://10.4.3.115:8080/v1/AUTH_39eaf3bff2274437a19608d9045bfa76/glance/79b23fcd-a6e3-463a-b2d1-f07bfb164f1d-00004 -X PUT -H "X-Auth-Token: gAAAAABqcahNPy2x..." {{(pid=99777) http_log /opt/stack/data/venv/lib/python3.12/site-packages/swiftclient/client.py:160}}
Aug 04 08:52:38.579471 np0000006398 devstack@g-api.service[99777]: DEBUG swiftclient [None req-4e5f8f8c-0145-444c-901c-115673b3efa9 tempest-TestImageHashVerification-1060876695 tempest-TestImageHashVerification-1060876695-project-member] RESP STATUS: 201 Created {{(pid=99777) http_log /opt/stack/data/venv/lib/python3.12/site-packages/swiftclient/client.py:161}}
Aug 04 08:52:38.579471 np0000006398 devstack@g-api.service[99777]: DEBUG swiftclient [None req-4e5f8f8c-0145-444c-901c-115673b3efa9 tempest-TestImageHashVerification-1060876695 tempest-TestImageHashVerification-1060876695-project-member] RESP HEADERS: {'Date': 'Tue, 04 Aug 2026 08:52:38 GMT', 'Server': 'Apache/2.4.58 (Ubuntu)', 'Content-Type': 'text/html; charset=UTF-8', 'Content-Length': '0', 'Etag': 'eda9a9889837ac4bc81d6387d92c1bec', 'Last-Modified': 'Tue, 04 Aug 2026 08:52:37 GMT', 'X-Trans-Id': 'tx0de26ae65ca74b99a5a05-006a71a854', 'X-Openstack-Request-Id': 'tx0de26ae65ca74b99a5a05-006a71a854', 'Connection': 'close'} {{(pid=99777) http_log /opt/stack/data/venv/lib/python3.12/site-packages/swiftclient/client.py:162}}
Aug 04 08:52:38.581803 np0000006398 devstack@g-api.service[99777]: DEBUG glance_store._drivers.swift.store [None req-4e5f8f8c-0145-444c-901c-115673b3efa9 tempest-TestImageHashVerification-1060876695 tempest-TestImageHashVerification-1060876695-project-member] Wrote chunk 79b23fcd-a6e3-463a-b2d1-f07bfb164f1d-00004 (4/?) of length 204800000 to Swift returning MD5 of content: eda9a9889837ac4bc81d6387d92c1bec {{(pid=99777) add /opt/stack/data/venv/lib/python3.12/site-packages/glance_store/_drivers/swift/store.py:1059}}
Aug 04 08:52:38.615046 np0000006398 devstack@g-api.service[99779]: DEBUG glance.api.middleware.version_negotiation [None req-4a66347d-fe70-4f5a-a63c-f729d37f4abb tempest-TestImageHashVerification-1060876695 tempest-TestImageHashVerification-1060876695-project-member] Determining version of request: GET /v2/images/79b23fcd-a6e3-463a-b2d1-f07bfb164f1d Accept: application/json {{(pid=99779) process_request /opt/stack/glance/glance/api/middleware/version_negotiation.py:44}}
Aug 04 08:52:38.615546 np0000006398 devstack@g-api.service[99779]: DEBUG glance.api.middleware.version_negotiation [None req-4a66347d-fe70-4f5a-a63c-f729d37f4abb tempest-TestImageHashVerification-1060876695 tempest-TestImageHashVerification-1060876695-project-member] Using url versioning {{(pid=99779) process_request /opt/stack/glance/glance/api/middleware/version_negotiation.py:57}}
Aug 04 08:52:38.615546 np0000006398 devstack@g-api.service[99779]: DEBUG glance.api.middleware.version_negotiation [None req-4a66347d-fe70-4f5a-a63c-f729d37f4abb tempest-TestImageHashVerification-1060876695 tempest-TestImageHashVerification-1060876695-project-member] Matched version: v2 {{(pid=99779) process_request /opt/stack/glance/glance/api/middleware/version_negotiation.py:69}}
Aug 04 08:52:38.615655 np0000006398 devstack@g-api.service[99779]: DEBUG glance.api.middleware.version_negotiation [None req-4a66347d-fe70-4f5a-a63c-f729d37f4abb tempest-TestImageHashVerification-1060876695 tempest-TestImageHashVerification-1060876695-project-member] new path /v2/images/79b23fcd-a6e3-463a-b2d1-f07bfb164f1d {{(pid=99779) process_request /opt/stack/glance/glance/api/middleware/version_negotiation.py:70}}
Aug 04 08:52:38.629182 np0000006398 devstack@g-api.service[99779]: [pid: 99779|app: 0|req: 150/445] 127.0.0.1 () {40 vars in 838 bytes} [Tue Aug 4 08:52:38 2026] GET /v2/images/79b23fcd-a6e3-463a-b2d1-f07bfb164f1d => generated 649 bytes in 14 msecs (HTTP/1.1 200) 4 headers in 157 bytes (1 switches on core 0)
Aug 04 08:52:39.456507 np0000006398 devstack@g-api.service[99777]: DEBUG dbcounter [-] [99777] Writing DB stats glance:SELECT=23,glance:UPDATE=7,glance:DELETE=1,glance:INSERT=1 {{(pid=99777) stat_writer /opt/stack/data/venv/lib/python3.12/site-packages/dbcounter.py:115}}
