Jul 07 14:29:26.016551 np0000004730 devstack@g-api.service[102625]: DEBUG glance.api.middleware.version_negotiation [None req-bd3d2a1e-5162-43eb-b1b0-b4e5760ca28f tempest-ServerBootFromVolumeStableRescueTest-1450855139 tempest-ServerBootFromVolumeStableRescueTest-1450855139-project-member] new path /v2/images/156e08ce-d41c-4e46-994c-8bde4defe1d6 {{(pid=102625) process_request /opt/stack/glance/glance/api/middleware/version_negotiation.py:70}}
Jul 07 14:29:26.029172 np0000004730 devstack@g-api.service[102625]: [pid: 102625|app: 0|req: 55/214] 127.0.0.1 () {44 vars in 1115 bytes} [Tue Jul 7 14:29:26 2026] GET /v2/images/156e08ce-d41c-4e46-994c-8bde4defe1d6 => generated 1360 bytes in 13 msecs (HTTP/1.1 200) 4 headers in 158 bytes (1 switches on core 0)
Jul 07 14:29:26.065128 np0000004730 devstack@g-api.service[102623]: DEBUG glance.api.middleware.version_negotiation [None req-04cf46d1-e558-4ebb-9231-43061adbe429 tempest-ServerBootFromVolumeStableRescueTest-1450855139 tempest-ServerBootFromVolumeStableRescueTest-1450855139-project-member] Determining version of request: GET /v2/schemas/image Accept: */* {{(pid=102623) process_request /opt/stack/glance/glance/api/middleware/version_negotiation.py:44}}
Jul 07 14:29:26.065341 np0000004730 devstack@g-api.service[102623]: DEBUG glance.api.middleware.version_negotiation [None req-04cf46d1-e558-4ebb-9231-43061adbe429 tempest-ServerBootFromVolumeStableRescueTest-1450855139 tempest-ServerBootFromVolumeStableRescueTest-1450855139-project-member] Using url versioning {{(pid=102623) process_request /opt/stack/glance/glance/api/middleware/version_negotiation.py:57}}
Jul 07 14:29:26.065654 np0000004730 devstack@g-api.service[102623]: DEBUG glance.api.middleware.version_negotiation [None req-04cf46d1-e558-4ebb-9231-43061adbe429 tempest-ServerBootFromVolumeStableRescueTest-1450855139 tempest-ServerBootFromVolumeStableRescueTest-1450855139-project-member] Matched version: v2 {{(pid=102623) process_request /opt/stack/glance/glance/api/middleware/version_negotiation.py:69}}
Jul 07 14:29:26.065815 np0000004730 devstack@g-api.service[102623]: DEBUG glance.api.middleware.version_negotiation [None req-04cf46d1-e558-4ebb-9231-43061adbe429 tempest-ServerBootFromVolumeStableRescueTest-1450855139 tempest-ServerBootFromVolumeStableRescueTest-1450855139-project-member] new path /v2/schemas/image {{(pid=102623) process_request /opt/stack/glance/glance/api/middleware/version_negotiation.py:70}}
Jul 07 14:29:26.068866 np0000004730 devstack@g-api.service[102623]: [pid: 102623|app: 0|req: 55/215] 127.0.0.1 () {44 vars in 1055 bytes} [Tue Jul 7 14:29:26 2026] GET /v2/schemas/image => generated 6083 bytes in 4 msecs (HTTP/1.1 200) 4 headers in 158 bytes (1 switches on core 0)
Jul 07 14:29:26.110480 np0000004730 devstack@g-api.service[102622]: DEBUG glance.api.middleware.version_negotiation [None req-5a9393ce-68ed-45ca-93f0-2c72f4d593be tempest-VolumesActionsTest-374119322 tempest-VolumesActionsTest-374119322-project-member] Determining version of request: GET /v2/schemas/image Accept: */* {{(pid=102622) process_request /opt/stack/glance/glance/api/middleware/version_negotiation.py:44}}
Jul 07 14:29:26.110706 np0000004730 devstack@g-api.service[102622]: DEBUG glance.api.middleware.version_negotiation [None req-5a9393ce-68ed-45ca-93f0-2c72f4d593be tempest-VolumesActionsTest-374119322 tempest-VolumesActionsTest-374119322-project-member] Using url versioning {{(pid=102622) process_request /opt/stack/glance/glance/api/middleware/version_negotiation.py:57}}
Jul 07 14:29:26.110919 np0000004730 devstack@g-api.service[102622]: DEBUG glance.api.middleware.version_negotiation [None req-5a9393ce-68ed-45ca-93f0-2c72f4d593be tempest-VolumesActionsTest-374119322 tempest-VolumesActionsTest-374119322-project-member] Matched version: v2 {{(pid=102622) process_request /opt/stack/glance/glance/api/middleware/version_negotiation.py:69}}
Jul 07 14:29:26.111108 np0000004730 devstack@g-api.service[102622]: DEBUG glance.api.middleware.version_negotiation [None req-5a9393ce-68ed-45ca-93f0-2c72f4d593be tempest-VolumesActionsTest-374119322 tempest-VolumesActionsTest-374119322-project-member] new path /v2/schemas/image {{(pid=102622) process_request /opt/stack/glance/glance/api/middleware/version_negotiation.py:70}}
Jul 07 14:29:26.114153 np0000004730 devstack@g-api.service[102622]: [pid: 102622|app: 0|req: 55/216] 127.0.0.1 () {44 vars in 1055 bytes} [Tue Jul 7 14:29:26 2026] GET /v2/schemas/image => generated 6083 bytes in 4 msecs (HTTP/1.1 200) 4 headers in 158 bytes (1 switches on core 0)
Jul 07 14:29:26.150659 np0000004730 devstack@g-api.service[102625]: DEBUG glance.api.middleware.version_negotiation [None req-6d43c46c-46f5-455c-a555-5eb3b5726f5c tempest-ServerBootFromVolumeStableRescueTest-1450855139 tempest-ServerBootFromVolumeStableRescueTest-1450855139-project-member] Determining version of request: PATCH /v2/images/156e08ce-d41c-4e46-994c-8bde4defe1d6 Accept: */* {{(pid=102625) process_request /opt/stack/glance/glance/api/middleware/version_negotiation.py:44}}
Jul 07 14:29:26.150891 np0000004730 devstack@g-api.service[102625]: DEBUG glance.api.middleware.version_negotiation [None req-6d43c46c-46f5-455c-a555-5eb3b5726f5c tempest-ServerBootFromVolumeStableRescueTest-1450855139 tempest-ServerBootFromVolumeStableRescueTest-1450855139-project-member] Using url versioning {{(pid=102625) process_request /opt/stack/glance/glance/api/middleware/version_negotiation.py:57}}
Jul 07 14:29:26.151106 np0000004730 devstack@g-api.service[102625]: DEBUG glance.api.middleware.version_negotiation [None req-6d43c46c-46f5-455c-a555-5eb3b5726f5c tempest-ServerBootFromVolumeStableRescueTest-1450855139 tempest-ServerBootFromVolumeStableRescueTest-1450855139-project-member] Matched version: v2 {{(pid=102625) process_request /opt/stack/glance/glance/api/middleware/version_negotiation.py:69}}
Jul 07 14:29:26.151248 np0000004730 devstack@g-api.service[102625]: DEBUG glance.api.middleware.version_negotiation [None req-6d43c46c-46f5-455c-a555-5eb3b5726f5c tempest-ServerBootFromVolumeStableRescueTest-1450855139 tempest-ServerBootFromVolumeStableRescueTest-1450855139-project-member] new path /v2/images/156e08ce-d41c-4e46-994c-8bde4defe1d6 {{(pid=102625) process_request /opt/stack/glance/glance/api/middleware/version_negotiation.py:70}}
Jul 07 14:29:26.190417 np0000004730 devstack@g-api.service[102624]: [pid: 102624|app: 0|req: 52/217] 127.0.0.1 () {46 vars in 1055 bytes} [Tue Jul 7 14:29:25 2026] POST /v2/images => generated 649 bytes in 561 msecs (HTTP/1.1 201) 6 headers in 315 bytes (1 switches on core 0)
Jul 07 14:29:26.200364 np0000004730 devstack@g-api.service[102623]: DEBUG glance.api.middleware.version_negotiation [None req-6d43c46c-46f5-455c-a555-5eb3b5726f5c tempest-ServerBootFromVolumeStableRescueTest-1450855139 tempest-ServerBootFromVolumeStableRescueTest-1450855139-project-member] Determining version of request: GET /v2/schemas/image Accept: */* {{(pid=102623) process_request /opt/stack/glance/glance/api/middleware/version_negotiation.py:44}}
Jul 07 14:29:26.200548 np0000004730 devstack@g-api.service[102623]: DEBUG glance.api.middleware.version_negotiation [None req-6d43c46c-46f5-455c-a555-5eb3b5726f5c tempest-ServerBootFromVolumeStableRescueTest-1450855139 tempest-ServerBootFromVolumeStableRescueTest-1450855139-project-member] Using url versioning {{(pid=102623) process_request /opt/stack/glance/glance/api/middleware/version_negotiation.py:57}}
Jul 07 14:29:26.200681 np0000004730 devstack@g-api.service[102623]: DEBUG glance.api.middleware.version_negotiation [None req-6d43c46c-46f5-455c-a555-5eb3b5726f5c tempest-ServerBootFromVolumeStableRescueTest-1450855139 tempest-ServerBootFromVolumeStableRescueTest-1450855139-project-member] Matched version: v2 {{(pid=102623) process_request /opt/stack/glance/glance/api/middleware/version_negotiation.py:69}}
Jul 07 14:29:26.200772 np0000004730 devstack@g-api.service[102623]: DEBUG glance.api.middleware.version_negotiation [None req-6d43c46c-46f5-455c-a555-5eb3b5726f5c tempest-ServerBootFromVolumeStableRescueTest-1450855139 tempest-ServerBootFromVolumeStableRescueTest-1450855139-project-member] new path /v2/schemas/image {{(pid=102623) process_request /opt/stack/glance/glance/api/middleware/version_negotiation.py:70}}
Jul 07 14:29:26.205514 np0000004730 devstack@g-api.service[102623]: [pid: 102623|app: 0|req: 56/218] 127.0.0.1 () {44 vars in 1055 bytes} [Tue Jul 7 14:29:26 2026] GET /v2/schemas/image => generated 6083 bytes in 5 msecs (HTTP/1.1 200) 4 headers in 158 bytes (1 switches on core 0)
Jul 07 14:29:26.223406 np0000004730 devstack@g-api.service[102622]: DEBUG glance.api.middleware.version_negotiation [None req-6d43c46c-46f5-455c-a555-5eb3b5726f5c tempest-ServerBootFromVolumeStableRescueTest-1450855139 tempest-ServerBootFromVolumeStableRescueTest-1450855139-project-member] Determining version of request: GET /v2/images/93871e74-3995-4f4d-928f-e00be6e6b10f Accept: application/json {{(pid=102622) process_request /opt/stack/glance/glance/api/middleware/version_negotiation.py:44}}
Jul 07 14:29:26.223555 np0000004730 devstack@g-api.service[102622]: DEBUG glance.api.middleware.version_negotiation [None req-6d43c46c-46f5-455c-a555-5eb3b5726f5c tempest-ServerBootFromVolumeStableRescueTest-1450855139 tempest-ServerBootFromVolumeStableRescueTest-1450855139-project-member] Using url versioning {{(pid=102622) process_request /opt/stack/glance/glance/api/middleware/version_negotiation.py:57}}
Jul 07 14:29:26.224026 np0000004730 devstack@g-api.service[102622]: DEBUG glance.api.middleware.version_negotiation [None req-6d43c46c-46f5-455c-a555-5eb3b5726f5c tempest-ServerBootFromVolumeStableRescueTest-1450855139 tempest-ServerBootFromVolumeStableRescueTest-1450855139-project-member] Matched version: v2 {{(pid=102622) process_request /opt/stack/glance/glance/api/middleware/version_negotiation.py:69}}
Jul 07 14:29:26.224026 np0000004730 devstack@g-api.service[102622]: DEBUG glance.api.middleware.version_negotiation [None req-6d43c46c-46f5-455c-a555-5eb3b5726f5c tempest-ServerBootFromVolumeStableRescueTest-1450855139 tempest-ServerBootFromVolumeStableRescueTest-1450855139-project-member] new path /v2/images/93871e74-3995-4f4d-928f-e00be6e6b10f {{(pid=102622) process_request /opt/stack/glance/glance/api/middleware/version_negotiation.py:70}}
Jul 07 14:29:26.235814 np0000004730 devstack@g-api.service[102622]: [pid: 102622|app: 0|req: 56/219] 127.0.0.1 () {40 vars in 838 bytes} [Tue Jul 7 14:29:26 2026] GET /v2/images/93871e74-3995-4f4d-928f-e00be6e6b10f => generated 649 bytes in 12 msecs (HTTP/1.1 200) 4 headers in 157 bytes (1 switches on core 0)
Jul 07 14:29:26.336664 np0000004730 devstack@g-api.service[102624]: DEBUG glance.api.middleware.version_negotiation [None req-5a9393ce-68ed-45ca-93f0-2c72f4d593be tempest-VolumesActionsTest-374119322 tempest-VolumesActionsTest-374119322-project-member] Determining version of request: GET /v2/images/156e08ce-d41c-4e46-994c-8bde4defe1d6 Accept: application/json {{(pid=102624) process_request /opt/stack/glance/glance/api/middleware/version_negotiation.py:44}}
Jul 07 14:29:26.336664 np0000004730 devstack@g-api.service[102624]: DEBUG glance.api.middleware.version_negotiation [None req-5a9393ce-68ed-45ca-93f0-2c72f4d593be tempest-VolumesActionsTest-374119322 tempest-VolumesActionsTest-374119322-project-member] Using url versioning {{(pid=102624) process_request /opt/stack/glance/glance/api/middleware/version_negotiation.py:57}}
Jul 07 14:29:26.336872 np0000004730 devstack@g-api.service[102624]: DEBUG glance.api.middleware.version_negotiation [None req-5a9393ce-68ed-45ca-93f0-2c72f4d593be tempest-VolumesActionsTest-374119322 tempest-VolumesActionsTest-374119322-project-member] Matched version: v2 {{(pid=102624) process_request /opt/stack/glance/glance/api/middleware/version_negotiation.py:69}}
Jul 07 14:29:26.336872 np0000004730 devstack@g-api.service[102624]: DEBUG glance.api.middleware.version_negotiation [None req-5a9393ce-68ed-45ca-93f0-2c72f4d593be tempest-VolumesActionsTest-374119322 tempest-VolumesActionsTest-374119322-project-member] new path /v2/images/156e08ce-d41c-4e46-994c-8bde4defe1d6 {{(pid=102624) process_request /opt/stack/glance/glance/api/middleware/version_negotiation.py:70}}
Jul 07 14:29:26.347165 np0000004730 devstack@g-api.service[102624]: [pid: 102624|app: 0|req: 53/220] 127.0.0.1 () {40 vars in 838 bytes} [Tue Jul 7 14:29:26 2026] GET /v2/images/156e08ce-d41c-4e46-994c-8bde4defe1d6 => generated 1471 bytes in 11 msecs (HTTP/1.1 200) 4 headers in 158 bytes (1 switches on core 0)
Jul 07 14:29:26.349451 np0000004730 devstack@g-api.service[102625]: [pid: 102625|app: 0|req: 56/221] 127.0.0.1 () {46 vars in 1158 bytes} [Tue Jul 7 14:29:26 2026] PATCH /v2/images/156e08ce-d41c-4e46-994c-8bde4defe1d6 => generated 1471 bytes in 199 msecs (HTTP/1.1 200) 4 headers in 158 bytes (1 switches on core 0)
Jul 07 14:29:26.392761 np0000004730 devstack@g-api.service[102623]: DEBUG glance.api.middleware.version_negotiation [None req-5a9393ce-68ed-45ca-93f0-2c72f4d593be tempest-VolumesActionsTest-374119322 tempest-VolumesActionsTest-374119322-project-member] Determining version of request: GET /v2/images/156e08ce-d41c-4e46-994c-8bde4defe1d6 Accept: */* {{(pid=102623) process_request /opt/stack/glance/glance/api/middleware/version_negotiation.py:44}}
Jul 07 14:29:26.392761 np0000004730 devstack@g-api.service[102623]: DEBUG glance.api.middleware.version_negotiation [None req-5a9393ce-68ed-45ca-93f0-2c72f4d593be tempest-VolumesActionsTest-374119322 tempest-VolumesActionsTest-374119322-project-member] Using url versioning {{(pid=102623) process_request /opt/stack/glance/glance/api/middleware/version_negotiation.py:57}}
Jul 07 14:29:26.392761 np0000004730 devstack@g-api.service[102623]: DEBUG glance.api.middleware.version_negotiation [None req-5a9393ce-68ed-45ca-93f0-2c72f4d593be tempest-VolumesActionsTest-374119322 tempest-VolumesActionsTest-374119322-project-member] Matched version: v2 {{(pid=102623) process_request /opt/stack/glance/glance/api/middleware/version_negotiation.py:69}}
Jul 07 14:29:26.392761 np0000004730 devstack@g-api.service[102623]: DEBUG glance.api.middleware.version_negotiation [None req-5a9393ce-68ed-45ca-93f0-2c72f4d593be tempest-VolumesActionsTest-374119322 tempest-VolumesActionsTest-374119322-project-member] new path /v2/images/156e08ce-d41c-4e46-994c-8bde4defe1d6 {{(pid=102623) process_request /opt/stack/glance/glance/api/middleware/version_negotiation.py:70}}
Jul 07 14:29:26.406932 np0000004730 devstack@g-api.service[102623]: [pid: 102623|app: 0|req: 57/222] 127.0.0.1 () {44 vars in 1115 bytes} [Tue Jul 7 14:29:26 2026] GET /v2/images/156e08ce-d41c-4e46-994c-8bde4defe1d6 => generated 1471 bytes in 12 msecs (HTTP/1.1 200) 4 headers in 158 bytes (1 switches on core 0)
Jul 07 14:29:26.445186 np0000004730 devstack@g-api.service[102622]: DEBUG glance.api.middleware.version_negotiation [None req-eb5d3a94-1625-4acc-b00c-48430d3132d5 tempest-VolumesActionsTest-374119322 tempest-VolumesActionsTest-374119322-project-member] Determining version of request: PUT /v2/images/156e08ce-d41c-4e46-994c-8bde4defe1d6/file Accept: */* {{(pid=102622) process_request /opt/stack/glance/glance/api/middleware/version_negotiation.py:44}}
Jul 07 14:29:26.445401 np0000004730 devstack@g-api.service[102622]: DEBUG glance.api.middleware.version_negotiation [None req-eb5d3a94-1625-4acc-b00c-48430d3132d5 tempest-VolumesActionsTest-374119322 tempest-VolumesActionsTest-374119322-project-member] Using url versioning {{(pid=102622) process_request /opt/stack/glance/glance/api/middleware/version_negotiation.py:57}}
Jul 07 14:29:26.445611 np0000004730 devstack@g-api.service[102622]: DEBUG glance.api.middleware.version_negotiation [None req-eb5d3a94-1625-4acc-b00c-48430d3132d5 tempest-VolumesActionsTest-374119322 tempest-VolumesActionsTest-374119322-project-member] Matched version: v2 {{(pid=102622) process_request /opt/stack/glance/glance/api/middleware/version_negotiation.py:69}}
Jul 07 14:29:26.445697 np0000004730 devstack@g-api.service[102622]: DEBUG glance.api.middleware.version_negotiation [None req-eb5d3a94-1625-4acc-b00c-48430d3132d5 tempest-VolumesActionsTest-374119322 tempest-VolumesActionsTest-374119322-project-member] new path /v2/images/156e08ce-d41c-4e46-994c-8bde4defe1d6/file {{(pid=102622) process_request /opt/stack/glance/glance/api/middleware/version_negotiation.py:70}}
Jul 07 14:29:26.991312 np0000004730 devstack@g-api.service[102622]: INFO glance.api.v2.image_data [None req-6d43c46c-46f5-455c-a555-5eb3b5726f5c tempest-ServerBootFromVolumeStableRescueTest-1450855139 tempest-ServerBootFromVolumeStableRescueTest-1450855139-project-member] Unable to create trust: no such option collect_timing in group [keystone_authtoken] Use the existing user token.
Jul 07 14:29:27.242888 np0000004730 devstack@g-api.service[102624]: DEBUG glance.api.middleware.version_negotiation [None req-194c2707-75ca-4b1e-9857-8ee141ab05c9 tempest-ServerBootFromVolumeStableRescueTest-1450855139 tempest-ServerBootFromVolumeStableRescueTest-1450855139-project-member] Determining version of request: GET /v2/images/93871e74-3995-4f4d-928f-e00be6e6b10f Accept: application/json {{(pid=102624) process_request /opt/stack/glance/glance/api/middleware/version_negotiation.py:44}}
Jul 07 14:29:27.243455 np0000004730 devstack@g-api.service[102624]: DEBUG glance.api.middleware.version_negotiation [None req-194c2707-75ca-4b1e-9857-8ee141ab05c9 tempest-ServerBootFromVolumeStableRescueTest-1450855139 tempest-ServerBootFromVolumeStableRescueTest-1450855139-project-member] Using url versioning {{(pid=102624) process_request /opt/stack/glance/glance/api/middleware/version_negotiation.py:57}}
Jul 07 14:29:27.243455 np0000004730 devstack@g-api.service[102624]: DEBUG glance.api.middleware.version_negotiation [None req-194c2707-75ca-4b1e-9857-8ee141ab05c9 tempest-ServerBootFromVolumeStableRescueTest-1450855139 tempest-ServerBootFromVolumeStableRescueTest-1450855139-project-member] Matched version: v2 {{(pid=102624) process_request /opt/stack/glance/glance/api/middleware/version_negotiation.py:69}}
Jul 07 14:29:27.243455 np0000004730 devstack@g-api.service[102624]: DEBUG glance.api.middleware.version_negotiation [None req-194c2707-75ca-4b1e-9857-8ee141ab05c9 tempest-ServerBootFromVolumeStableRescueTest-1450855139 tempest-ServerBootFromVolumeStableRescueTest-1450855139-project-member] new path /v2/images/93871e74-3995-4f4d-928f-e00be6e6b10f {{(pid=102624) process_request /opt/stack/glance/glance/api/middleware/version_negotiation.py:70}}
Jul 07 14:29:27.261444 np0000004730 devstack@g-api.service[102624]: [pid: 102624|app: 0|req: 54/223] 127.0.0.1 () {40 vars in 838 bytes} [Tue Jul 7 14:29:27 2026] GET /v2/images/93871e74-3995-4f4d-928f-e00be6e6b10f => generated 649 bytes in 19 msecs (HTTP/1.1 200) 4 headers in 157 bytes (1 switches on core 0)
Jul 07 14:29:27.357449 np0000004730 devstack@g-api.service[102625]: DEBUG glance.api.middleware.version_negotiation [None req-6d43c46c-46f5-455c-a555-5eb3b5726f5c tempest-ServerBootFromVolumeStableRescueTest-1450855139 tempest-ServerBootFromVolumeStableRescueTest-1450855139-project-member] Determining version of request: GET /v2/images/156e08ce-d41c-4e46-994c-8bde4defe1d6 Accept: application/json {{(pid=102625) process_request /opt/stack/glance/glance/api/middleware/version_negotiation.py:44}}
Jul 07 14:29:27.357831 np0000004730 devstack@g-api.service[102625]: DEBUG glance.api.middleware.version_negotiation [None req-6d43c46c-46f5-455c-a555-5eb3b5726f5c tempest-ServerBootFromVolumeStableRescueTest-1450855139 tempest-ServerBootFromVolumeStableRescueTest-1450855139-project-member] Using url versioning {{(pid=102625) process_request /opt/stack/glance/glance/api/middleware/version_negotiation.py:57}}
Jul 07 14:29:27.357831 np0000004730 devstack@g-api.service[102625]: DEBUG glance.api.middleware.version_negotiation [None req-6d43c46c-46f5-455c-a555-5eb3b5726f5c tempest-ServerBootFromVolumeStableRescueTest-1450855139 tempest-ServerBootFromVolumeStableRescueTest-1450855139-project-member] Matched version: v2 {{(pid=102625) process_request /opt/stack/glance/glance/api/middleware/version_negotiation.py:69}}
Jul 07 14:29:27.357997 np0000004730 devstack@g-api.service[102625]: DEBUG glance.api.middleware.version_negotiation [None req-6d43c46c-46f5-455c-a555-5eb3b5726f5c tempest-ServerBootFromVolumeStableRescueTest-1450855139 tempest-ServerBootFromVolumeStableRescueTest-1450855139-project-member] new path /v2/images/156e08ce-d41c-4e46-994c-8bde4defe1d6 {{(pid=102625) process_request /opt/stack/glance/glance/api/middleware/version_negotiation.py:70}}
Jul 07 14:29:27.376932 np0000004730 devstack@g-api.service[102625]: [pid: 102625|app: 0|req: 57/224] 127.0.0.1 () {40 vars in 838 bytes} [Tue Jul 7 14:29:27 2026] GET /v2/images/156e08ce-d41c-4e46-994c-8bde4defe1d6 => generated 1471 bytes in 19 msecs (HTTP/1.1 200) 4 headers in 158 bytes (1 switches on core 0)
Jul 07 14:29:27.781106 np0000004730 devstack@g-api.service[102622]: DEBUG glance.location [None req-6d43c46c-46f5-455c-a555-5eb3b5726f5c tempest-ServerBootFromVolumeStableRescueTest-1450855139 tempest-ServerBootFromVolumeStableRescueTest-1450855139-project-member] Enabling in-flight format inspection for qcow2 {{(pid=102622) set_data /opt/stack/glance/glance/location.py:596}}
Jul 07 14:29:27.781106 np0000004730 devstack@g-api.service[102622]: DEBUG glance_store.backend [None req-6d43c46c-46f5-455c-a555-5eb3b5726f5c tempest-ServerBootFromVolumeStableRescueTest-1450855139 tempest-ServerBootFromVolumeStableRescueTest-1450855139-project-member] Attempting to import store swift {{(pid=102622) _load_store /opt/stack/data/venv/lib/python3.12/site-packages/glance_store/backend.py:215}}
Jul 07 14:29:27.782620 np0000004730 devstack@g-api.service[102622]: DEBUG glance_store.capabilities [None req-6d43c46c-46f5-455c-a555-5eb3b5726f5c tempest-ServerBootFromVolumeStableRescueTest-1450855139 tempest-ServerBootFromVolumeStableRescueTest-1450855139-project-member] Store glance_store._drivers.swift.store.SingleTenantStore doesn't support updating dynamic storage capabilities. Please overwrite 'update_capabilities' method of the store to implement updating logics if needed. {{(pid=102622) update_capabilities /opt/stack/data/venv/lib/python3.12/site-packages/glance_store/capabilities.py:91}}
Jul 07 14:29:27.782743 np0000004730 devstack@g-api.service[102622]: DEBUG glance_store.driver [None req-6d43c46c-46f5-455c-a555-5eb3b5726f5c tempest-ServerBootFromVolumeStableRescueTest-1450855139 tempest-ServerBootFromVolumeStableRescueTest-1450855139-project-member] Late loading location class glance_store._drivers.swift.store.StoreLocation {{(pid=102622) get_store_location_class /opt/stack/data/venv/lib/python3.12/site-packages/glance_store/driver.py:134}}
Jul 07 14:29:27.782794 np0000004730 devstack@g-api.service[102622]: DEBUG glance_store.location [None req-6d43c46c-46f5-455c-a555-5eb3b5726f5c tempest-ServerBootFromVolumeStableRescueTest-1450855139 tempest-ServerBootFromVolumeStableRescueTest-1450855139-project-member] Registering scheme swift+https with {'store': , 'location_class': , 'store_entry': 'swift'} {{(pid=102622) register_scheme_map /opt/stack/data/venv/lib/python3.12/site-packages/glance_store/location.py:146}}
Jul 07 14:29:27.782919 np0000004730 devstack@g-api.service[102622]: DEBUG glance_store.location [None req-6d43c46c-46f5-455c-a555-5eb3b5726f5c tempest-ServerBootFromVolumeStableRescueTest-1450855139 tempest-ServerBootFromVolumeStableRescueTest-1450855139-project-member] Registering scheme swift+https with {'store': , 'location_class': , 'store_entry': 'swift'} {{(pid=102622) register_scheme_map /opt/stack/data/venv/lib/python3.12/site-packages/glance_store/location.py:146}}
Jul 07 14:29:27.783772 np0000004730 devstack@g-api.service[102622]: DEBUG glance_store.location [None req-6d43c46c-46f5-455c-a555-5eb3b5726f5c tempest-ServerBootFromVolumeStableRescueTest-1450855139 tempest-ServerBootFromVolumeStableRescueTest-1450855139-project-member] Registering scheme swift with {'store': , 'location_class': , 'store_entry': 'swift'} {{(pid=102622) register_scheme_map /opt/stack/data/venv/lib/python3.12/site-packages/glance_store/location.py:146}}
Jul 07 14:29:27.784037 np0000004730 devstack@g-api.service[102622]: DEBUG glance_store.location [None req-6d43c46c-46f5-455c-a555-5eb3b5726f5c tempest-ServerBootFromVolumeStableRescueTest-1450855139 tempest-ServerBootFromVolumeStableRescueTest-1450855139-project-member] Registering scheme swift+https with {'store': , 'location_class': , 'store_entry': 'swift'} {{(pid=102622) register_scheme_map /opt/stack/data/venv/lib/python3.12/site-packages/glance_store/location.py:146}}
Jul 07 14:29:27.784132 np0000004730 devstack@g-api.service[102622]: DEBUG glance_store.location [None req-6d43c46c-46f5-455c-a555-5eb3b5726f5c tempest-ServerBootFromVolumeStableRescueTest-1450855139 tempest-ServerBootFromVolumeStableRescueTest-1450855139-project-member] Registering scheme swift with {'store': , 'location_class': , 'store_entry': 'swift'} {{(pid=102622) register_scheme_map /opt/stack/data/venv/lib/python3.12/site-packages/glance_store/location.py:146}}
Jul 07 14:29:27.784215 np0000004730 devstack@g-api.service[102622]: DEBUG glance_store.location [None req-6d43c46c-46f5-455c-a555-5eb3b5726f5c tempest-ServerBootFromVolumeStableRescueTest-1450855139 tempest-ServerBootFromVolumeStableRescueTest-1450855139-project-member] Registering scheme swift+http with {'store': , 'location_class': , 'store_entry': 'swift'} {{(pid=102622) register_scheme_map /opt/stack/data/venv/lib/python3.12/site-packages/glance_store/location.py:146}}
Jul 07 14:29:27.784307 np0000004730 devstack@g-api.service[102622]: DEBUG glance_store.location [None req-6d43c46c-46f5-455c-a555-5eb3b5726f5c tempest-ServerBootFromVolumeStableRescueTest-1450855139 tempest-ServerBootFromVolumeStableRescueTest-1450855139-project-member] Registering scheme swift+https with {'store': , 'location_class': , 'store_entry': 'swift'} {{(pid=102622) register_scheme_map /opt/stack/data/venv/lib/python3.12/site-packages/glance_store/location.py:146}}
Jul 07 14:29:27.787064 np0000004730 devstack@g-api.service[102622]: DEBUG glance_store.location [None req-6d43c46c-46f5-455c-a555-5eb3b5726f5c tempest-ServerBootFromVolumeStableRescueTest-1450855139 tempest-ServerBootFromVolumeStableRescueTest-1450855139-project-member] Registering scheme swift with {'store': , 'location_class': , 'store_entry': 'swift'} {{(pid=102622) register_scheme_map /opt/stack/data/venv/lib/python3.12/site-packages/glance_store/location.py:146}}
Jul 07 14:29:27.787064 np0000004730 devstack@g-api.service[102622]: DEBUG glance_store.location [None req-6d43c46c-46f5-455c-a555-5eb3b5726f5c tempest-ServerBootFromVolumeStableRescueTest-1450855139 tempest-ServerBootFromVolumeStableRescueTest-1450855139-project-member] Registering scheme swift+http with {'store': , 'location_class': , 'store_entry': 'swift'} {{(pid=102622) register_scheme_map /opt/stack/data/venv/lib/python3.12/site-packages/glance_store/location.py:146}}
Jul 07 14:29:27.787064 np0000004730 devstack@g-api.service[102622]: DEBUG glance_store.location [None req-6d43c46c-46f5-455c-a555-5eb3b5726f5c tempest-ServerBootFromVolumeStableRescueTest-1450855139 tempest-ServerBootFromVolumeStableRescueTest-1450855139-project-member] Registering scheme swift+config with {'store': , 'location_class': , 'store_entry': 'swift'} {{(pid=102622) register_scheme_map /opt/stack/data/venv/lib/python3.12/site-packages/glance_store/location.py:146}}
Jul 07 14:29:28.034528 np0000004730 devstack@g-api.service[102622]: DEBUG swiftclient [None req-6d43c46c-46f5-455c-a555-5eb3b5726f5c tempest-ServerBootFromVolumeStableRescueTest-1450855139 tempest-ServerBootFromVolumeStableRescueTest-1450855139-project-member] REQ: curl -i https://10.4.3.195:8080/v1/AUTH_47728fc30be040028d8f88ce69c171e1/glance -I -H "X-Auth-Token: gAAAAABqTQ1HfVfl..." {{(pid=102622) http_log /opt/stack/data/venv/lib/python3.12/site-packages/swiftclient/client.py:160}}
Jul 07 14:29:28.035014 np0000004730 devstack@g-api.service[102622]: DEBUG swiftclient [None req-6d43c46c-46f5-455c-a555-5eb3b5726f5c tempest-ServerBootFromVolumeStableRescueTest-1450855139 tempest-ServerBootFromVolumeStableRescueTest-1450855139-project-member] RESP STATUS: 204 No Content {{(pid=102622) http_log /opt/stack/data/venv/lib/python3.12/site-packages/swiftclient/client.py:161}}
Jul 07 14:29:28.035014 np0000004730 devstack@g-api.service[102622]: DEBUG swiftclient [None req-6d43c46c-46f5-455c-a555-5eb3b5726f5c tempest-ServerBootFromVolumeStableRescueTest-1450855139 tempest-ServerBootFromVolumeStableRescueTest-1450855139-project-member] RESP HEADERS: {'Date': 'Tue, 07 Jul 2026 14:29:28 GMT', 'Server': 'Apache/2.4.58 (Ubuntu)', 'Content-Type': 'text/plain; charset=utf-8', 'X-Container-Object-Count': '5', 'X-Container-Bytes-Used': '87883776', 'X-Timestamp': '1783434214.26022', 'Last-Modified': 'Tue, 07 Jul 2026 14:23:35 GMT', 'Accept-Ranges': 'bytes', 'X-Storage-Policy': 'Policy-0', 'X-Container-Sharding': 'False', 'Vary': 'Accept', 'X-Trans-Id': 'tx7c25c8c9196446a884013-006a4d0d47', 'X-Openstack-Request-Id': 'tx7c25c8c9196446a884013-006a4d0d47', 'Connection': 'close'} {{(pid=102622) http_log /opt/stack/data/venv/lib/python3.12/site-packages/swiftclient/client.py:162}}
Jul 07 14:29:28.035140 np0000004730 devstack@g-api.service[102622]: DEBUG glance_store._drivers.swift.store [None req-6d43c46c-46f5-455c-a555-5eb3b5726f5c tempest-ServerBootFromVolumeStableRescueTest-1450855139 tempest-ServerBootFromVolumeStableRescueTest-1450855139-project-member] Adding image object '156e08ce-d41c-4e46-994c-8bde4defe1d6' to Swift {{(pid=102622) add /opt/stack/data/venv/lib/python3.12/site-packages/glance_store/_drivers/swift/store.py:970}}
Jul 07 14:29:28.035140 np0000004730 devstack@g-api.service[102622]: DEBUG glance_store._drivers.swift.store [None req-6d43c46c-46f5-455c-a555-5eb3b5726f5c tempest-ServerBootFromVolumeStableRescueTest-1450855139 tempest-ServerBootFromVolumeStableRescueTest-1450855139-project-member] Cannot determine image size because it is either not provided in the request or chunked-transfer encoding is used. Adding image as a segmented object to Swift. {{(pid=102622) add /opt/stack/data/venv/lib/python3.12/site-packages/glance_store/_drivers/swift/store.py:994}}
Jul 07 14:29:28.050268 np0000004730 devstack@g-api.service[102622]: DEBUG oslo_utils.imageutils.format_inspector [None req-6d43c46c-46f5-455c-a555-5eb3b5726f5c tempest-ServerBootFromVolumeStableRescueTest-1450855139 tempest-ServerBootFromVolumeStableRescueTest-1450855139-project-member] Format inspector for vmdk does not match, excluding from consideration (Signature KDMV not found: b'QFI\xfb') {{(pid=102622) _process_chunk /opt/stack/data/venv/lib/python3.12/site-packages/oslo_utils/imageutils/format_inspector.py:1758}}
Jul 07 14:29:28.052877 np0000004730 devstack@g-api.service[102622]: DEBUG oslo_utils.imageutils.format_inspector [None req-6d43c46c-46f5-455c-a555-5eb3b5726f5c tempest-ServerBootFromVolumeStableRescueTest-1450855139 tempest-ServerBootFromVolumeStableRescueTest-1450855139-project-member] Format inspector for vhdx does not match, excluding from consideration (Region signature not found at 30000) {{(pid=102622) _process_chunk /opt/stack/data/venv/lib/python3.12/site-packages/oslo_utils/imageutils/format_inspector.py:1758}}
Jul 07 14:29:28.270440 np0000004730 devstack@g-api.service[102623]: DEBUG glance.api.middleware.version_negotiation [None req-6d43c46c-46f5-455c-a555-5eb3b5726f5c tempest-ServerBootFromVolumeStableRescueTest-1450855139 tempest-ServerBootFromVolumeStableRescueTest-1450855139-project-member] Determining version of request: GET /v2/images/93871e74-3995-4f4d-928f-e00be6e6b10f Accept: application/json {{(pid=102623) process_request /opt/stack/glance/glance/api/middleware/version_negotiation.py:44}}
Jul 07 14:29:28.270881 np0000004730 devstack@g-api.service[102623]: DEBUG glance.api.middleware.version_negotiation [None req-6d43c46c-46f5-455c-a555-5eb3b5726f5c tempest-ServerBootFromVolumeStableRescueTest-1450855139 tempest-ServerBootFromVolumeStableRescueTest-1450855139-project-member] Using url versioning {{(pid=102623) process_request /opt/stack/glance/glance/api/middleware/version_negotiation.py:57}}
Jul 07 14:29:28.270881 np0000004730 devstack@g-api.service[102623]: DEBUG glance.api.middleware.version_negotiation [None req-6d43c46c-46f5-455c-a555-5eb3b5726f5c tempest-ServerBootFromVolumeStableRescueTest-1450855139 tempest-ServerBootFromVolumeStableRescueTest-1450855139-project-member] Matched version: v2 {{(pid=102623) process_request /opt/stack/glance/glance/api/middleware/version_negotiation.py:69}}
Jul 07 14:29:28.270953 np0000004730 devstack@g-api.service[102623]: DEBUG glance.api.middleware.version_negotiation [None req-6d43c46c-46f5-455c-a555-5eb3b5726f5c tempest-ServerBootFromVolumeStableRescueTest-1450855139 tempest-ServerBootFromVolumeStableRescueTest-1450855139-project-member] new path /v2/images/93871e74-3995-4f4d-928f-e00be6e6b10f {{(pid=102623) process_request /opt/stack/glance/glance/api/middleware/version_negotiation.py:70}}
Jul 07 14:29:28.283052 np0000004730 devstack@g-api.service[102623]: [pid: 102623|app: 0|req: 58/225] 127.0.0.1 () {40 vars in 838 bytes} [Tue Jul 7 14:29:28 2026] GET /v2/images/93871e74-3995-4f4d-928f-e00be6e6b10f => generated 649 bytes in 13 msecs (HTTP/1.1 200) 4 headers in 157 bytes (1 switches on core 0)
Jul 07 14:29:28.316428 np0000004730 devstack@g-api.service[102622]: DEBUG swiftclient [None req-6d43c46c-46f5-455c-a555-5eb3b5726f5c tempest-ServerBootFromVolumeStableRescueTest-1450855139 tempest-ServerBootFromVolumeStableRescueTest-1450855139-project-member] REQ: curl -i https://10.4.3.195:8080/v1/AUTH_47728fc30be040028d8f88ce69c171e1/glance/156e08ce-d41c-4e46-994c-8bde4defe1d6-00001 -X PUT -H "X-Auth-Token: gAAAAABqTQ1HfVfl..." {{(pid=102622) http_log /opt/stack/data/venv/lib/python3.12/site-packages/swiftclient/client.py:160}}
Jul 07 14:29:28.316599 np0000004730 devstack@g-api.service[102622]: DEBUG swiftclient [None req-6d43c46c-46f5-455c-a555-5eb3b5726f5c tempest-ServerBootFromVolumeStableRescueTest-1450855139 tempest-ServerBootFromVolumeStableRescueTest-1450855139-project-member] RESP STATUS: 201 Created {{(pid=102622) http_log /opt/stack/data/venv/lib/python3.12/site-packages/swiftclient/client.py:161}}
Jul 07 14:29:28.316748 np0000004730 devstack@g-api.service[102622]: DEBUG swiftclient [None req-6d43c46c-46f5-455c-a555-5eb3b5726f5c tempest-ServerBootFromVolumeStableRescueTest-1450855139 tempest-ServerBootFromVolumeStableRescueTest-1450855139-project-member] RESP HEADERS: {'Date': 'Tue, 07 Jul 2026 14:29:28 GMT', 'Server': 'Apache/2.4.58 (Ubuntu)', 'Content-Type': 'text/html; charset=UTF-8', 'Content-Length': '0', 'Etag': '4fa343ee581d8d2e78533191fd1ac3e1', 'Last-Modified': 'Tue, 07 Jul 2026 14:29:29 GMT', 'X-Trans-Id': 'txf54040bbcbec4ac991d58-006a4d0d48', 'X-Openstack-Request-Id': 'txf54040bbcbec4ac991d58-006a4d0d48', 'Connection': 'close'} {{(pid=102622) http_log /opt/stack/data/venv/lib/python3.12/site-packages/swiftclient/client.py:162}}
Jul 07 14:29:28.316810 np0000004730 devstack@g-api.service[102622]: DEBUG glance_store._drivers.swift.store [None req-6d43c46c-46f5-455c-a555-5eb3b5726f5c tempest-ServerBootFromVolumeStableRescueTest-1450855139 tempest-ServerBootFromVolumeStableRescueTest-1450855139-project-member] Wrote chunk 156e08ce-d41c-4e46-994c-8bde4defe1d6-00001 (1/?) of length 23527424 to Swift returning MD5 of content: 4fa343ee581d8d2e78533191fd1ac3e1 {{(pid=102622) add /opt/stack/data/venv/lib/python3.12/site-packages/glance_store/_drivers/swift/store.py:1059}}
Jul 07 14:29:28.317038 np0000004730 devstack@g-api.service[102622]: DEBUG glance_store._drivers.swift.store [None req-6d43c46c-46f5-455c-a555-5eb3b5726f5c tempest-ServerBootFromVolumeStableRescueTest-1450855139 tempest-ServerBootFromVolumeStableRescueTest-1450855139-project-member] Not writing zero-length chunk. {{(pid=102622) add /opt/stack/data/venv/lib/python3.12/site-packages/glance_store/_drivers/swift/store.py:1028}}
Jul 07 14:29:28.345526 np0000004730 devstack@g-api.service[102622]: DEBUG swiftclient [None req-6d43c46c-46f5-455c-a555-5eb3b5726f5c tempest-ServerBootFromVolumeStableRescueTest-1450855139 tempest-ServerBootFromVolumeStableRescueTest-1450855139-project-member] REQ: curl -i https://10.4.3.195:8080/v1/AUTH_47728fc30be040028d8f88ce69c171e1/glance/156e08ce-d41c-4e46-994c-8bde4defe1d6 -X PUT -H "X-Object-Manifest: glance/156e08ce-d41c-4e46-994c-8bde4defe1d6-" -H "X-Auth-Token: gAAAAABqTQ1HfVfl..." -H "Content-Length: 0" {{(pid=102622) http_log /opt/stack/data/venv/lib/python3.12/site-packages/swiftclient/client.py:160}}
Jul 07 14:29:28.345646 np0000004730 devstack@g-api.service[102622]: DEBUG swiftclient [None req-6d43c46c-46f5-455c-a555-5eb3b5726f5c tempest-ServerBootFromVolumeStableRescueTest-1450855139 tempest-ServerBootFromVolumeStableRescueTest-1450855139-project-member] RESP STATUS: 201 Created {{(pid=102622) http_log /opt/stack/data/venv/lib/python3.12/site-packages/swiftclient/client.py:161}}
Jul 07 14:29:28.345742 np0000004730 devstack@g-api.service[102622]: DEBUG swiftclient [None req-6d43c46c-46f5-455c-a555-5eb3b5726f5c tempest-ServerBootFromVolumeStableRescueTest-1450855139 tempest-ServerBootFromVolumeStableRescueTest-1450855139-project-member] RESP HEADERS: {'Date': 'Tue, 07 Jul 2026 14:29:28 GMT', 'Server': 'Apache/2.4.58 (Ubuntu)', 'Content-Type': 'text/html; charset=UTF-8', 'Content-Length': '0', 'Etag': 'd41d8cd98f00b204e9800998ecf8427e', 'Last-Modified': 'Tue, 07 Jul 2026 14:29:29 GMT', 'X-Trans-Id': 'txacc19699af554a119460d-006a4d0d48', 'X-Openstack-Request-Id': 'txacc19699af554a119460d-006a4d0d48', 'Connection': 'close'} {{(pid=102622) http_log /opt/stack/data/venv/lib/python3.12/site-packages/swiftclient/client.py:162}}
Jul 07 14:29:28.346308 np0000004730 devstack@g-api.service[102622]: INFO glance.location [None req-6d43c46c-46f5-455c-a555-5eb3b5726f5c tempest-ServerBootFromVolumeStableRescueTest-1450855139 tempest-ServerBootFromVolumeStableRescueTest-1450855139-project-member] Image format matched and virtual size computed: 1073741824
Jul 07 14:29:28.385802 np0000004730 devstack@g-api.service[102624]: DEBUG glance.api.middleware.version_negotiation [None req-68cee275-da17-4aac-91c2-6c7d9e26f95d tempest-VolumesActionsTest-374119322 tempest-VolumesActionsTest-374119322-project-member] Determining version of request: GET /v2/images/156e08ce-d41c-4e46-994c-8bde4defe1d6 Accept: application/json {{(pid=102624) process_request /opt/stack/glance/glance/api/middleware/version_negotiation.py:44}}
Jul 07 14:29:28.386397 np0000004730 devstack@g-api.service[102624]: DEBUG glance.api.middleware.version_negotiation [None req-68cee275-da17-4aac-91c2-6c7d9e26f95d tempest-VolumesActionsTest-374119322 tempest-VolumesActionsTest-374119322-project-member] Using url versioning {{(pid=102624) process_request /opt/stack/glance/glance/api/middleware/version_negotiation.py:57}}
Jul 07 14:29:28.386397 np0000004730 devstack@g-api.service[102624]: DEBUG glance.api.middleware.version_negotiation [None req-68cee275-da17-4aac-91c2-6c7d9e26f95d tempest-VolumesActionsTest-374119322 tempest-VolumesActionsTest-374119322-project-member] Matched version: v2 {{(pid=102624) process_request /opt/stack/glance/glance/api/middleware/version_negotiation.py:69}}
Jul 07 14:29:28.386626 np0000004730 devstack@g-api.service[102624]: DEBUG glance.api.middleware.version_negotiation [None req-68cee275-da17-4aac-91c2-6c7d9e26f95d tempest-VolumesActionsTest-374119322 tempest-VolumesActionsTest-374119322-project-member] new path /v2/images/156e08ce-d41c-4e46-994c-8bde4defe1d6 {{(pid=102624) process_request /opt/stack/glance/glance/api/middleware/version_negotiation.py:70}}
Jul 07 14:29:28.396820 np0000004730 devstack@g-api.service[102622]: DEBUG glance_store.backend [None req-6d43c46c-46f5-455c-a555-5eb3b5726f5c tempest-ServerBootFromVolumeStableRescueTest-1450855139 tempest-ServerBootFromVolumeStableRescueTest-1450855139-project-member] Attempting to import store swift {{(pid=102622) _load_store /opt/stack/data/venv/lib/python3.12/site-packages/glance_store/backend.py:215}}
Jul 07 14:29:28.398269 np0000004730 devstack@g-api.service[102624]: [pid: 102624|app: 0|req: 55/226] 127.0.0.1 () {40 vars in 838 bytes} [Tue Jul 7 14:29:28 2026] GET /v2/images/156e08ce-d41c-4e46-994c-8bde4defe1d6 => generated 1641 bytes in 13 msecs (HTTP/1.1 200) 4 headers in 158 bytes (1 switches on core 0)
Jul 07 14:29:28.398738 np0000004730 devstack@g-api.service[102622]: DEBUG glance_store.capabilities [None req-6d43c46c-46f5-455c-a555-5eb3b5726f5c tempest-ServerBootFromVolumeStableRescueTest-1450855139 tempest-ServerBootFromVolumeStableRescueTest-1450855139-project-member] Store glance_store._drivers.swift.store.SingleTenantStore doesn't support updating dynamic storage capabilities. Please overwrite 'update_capabilities' method of the store to implement updating logics if needed. {{(pid=102622) update_capabilities /opt/stack/data/venv/lib/python3.12/site-packages/glance_store/capabilities.py:91}}
Jul 07 14:29:28.398894 np0000004730 devstack@g-api.service[102622]: DEBUG glance_store.driver [None req-6d43c46c-46f5-455c-a555-5eb3b5726f5c tempest-ServerBootFromVolumeStableRescueTest-1450855139 tempest-ServerBootFromVolumeStableRescueTest-1450855139-project-member] Late loading location class glance_store._drivers.swift.store.StoreLocation {{(pid=102622) get_store_location_class /opt/stack/data/venv/lib/python3.12/site-packages/glance_store/driver.py:134}}
Jul 07 14:29:28.399062 np0000004730 devstack@g-api.service[102622]: DEBUG glance_store.location [None req-6d43c46c-46f5-455c-a555-5eb3b5726f5c tempest-ServerBootFromVolumeStableRescueTest-1450855139 tempest-ServerBootFromVolumeStableRescueTest-1450855139-project-member] Registering scheme swift+https with {'store': , 'location_class': , 'store_entry': 'swift'} {{(pid=102622) register_scheme_map /opt/stack/data/venv/lib/python3.12/site-packages/glance_store/location.py:146}}
Jul 07 14:29:28.399188 np0000004730 devstack@g-api.service[102622]: DEBUG glance_store.location [None req-6d43c46c-46f5-455c-a555-5eb3b5726f5c tempest-ServerBootFromVolumeStableRescueTest-1450855139 tempest-ServerBootFromVolumeStableRescueTest-1450855139-project-member] Registering scheme swift+https with {'store': , 'location_class': , 'store_entry': 'swift'} {{(pid=102622) register_scheme_map /opt/stack/data/venv/lib/python3.12/site-packages/glance_store/location.py:146}}
Jul 07 14:29:28.399271 np0000004730 devstack@g-api.service[102622]: DEBUG glance_store.location [None req-6d43c46c-46f5-455c-a555-5eb3b5726f5c tempest-ServerBootFromVolumeStableRescueTest-1450855139 tempest-ServerBootFromVolumeStableRescueTest-1450855139-project-member] Registering scheme swift with {'store': , 'location_class': , 'store_entry': 'swift'} {{(pid=102622) register_scheme_map /opt/stack/data/venv/lib/python3.12/site-packages/glance_store/location.py:146}}
Jul 07 14:29:28.399389 np0000004730 devstack@g-api.service[102622]: DEBUG glance_store.location [None req-6d43c46c-46f5-455c-a555-5eb3b5726f5c tempest-ServerBootFromVolumeStableRescueTest-1450855139 tempest-ServerBootFromVolumeStableRescueTest-1450855139-project-member] Registering scheme swift+https with {'store': , 'location_class': , 'store_entry': 'swift'} {{(pid=102622) register_scheme_map /opt/stack/data/venv/lib/python3.12/site-packages/glance_store/location.py:146}}
Jul 07 14:29:28.399460 np0000004730 devstack@g-api.service[102622]: DEBUG glance_store.location [None req-6d43c46c-46f5-455c-a555-5eb3b5726f5c tempest-ServerBootFromVolumeStableRescueTest-1450855139 tempest-ServerBootFromVolumeStableRescueTest-1450855139-project-member] Registering scheme swift with {'store': , 'location_class': , 'store_entry': 'swift'} {{(pid=102622) register_scheme_map /opt/stack/data/venv/lib/python3.12/site-packages/glance_store/location.py:146}}
Jul 07 14:29:28.399561 np0000004730 devstack@g-api.service[102622]: DEBUG glance_store.location [None req-6d43c46c-46f5-455c-a555-5eb3b5726f5c tempest-ServerBootFromVolumeStableRescueTest-1450855139 tempest-ServerBootFromVolumeStableRescueTest-1450855139-project-member] Registering scheme swift+http with {'store': , 'location_class': , 'store_entry': 'swift'} {{(pid=102622) register_scheme_map /opt/stack/data/venv/lib/python3.12/site-packages/glance_store/location.py:146}}
Jul 07 14:29:28.399673 np0000004730 devstack@g-api.service[102622]: DEBUG glance_store.location [None req-6d43c46c-46f5-455c-a555-5eb3b5726f5c tempest-ServerBootFromVolumeStableRescueTest-1450855139 tempest-ServerBootFromVolumeStableRescueTest-1450855139-project-member] Registering scheme swift+https with {'store': , 'location_class': , 'store_entry': 'swift'} {{(pid=102622) register_scheme_map /opt/stack/data/venv/lib/python3.12/site-packages/glance_store/location.py:146}}
Jul 07 14:29:28.399786 np0000004730 devstack@g-api.service[102622]: DEBUG glance_store.location [None req-6d43c46c-46f5-455c-a555-5eb3b5726f5c tempest-ServerBootFromVolumeStableRescueTest-1450855139 tempest-ServerBootFromVolumeStableRescueTest-1450855139-project-member] Registering scheme swift with {'store': , 'location_class': , 'store_entry': 'swift'} {{(pid=102622) register_scheme_map /opt/stack/data/venv/lib/python3.12/site-packages/glance_store/location.py:146}}
Jul 07 14:29:28.399897 np0000004730 devstack@g-api.service[102622]: DEBUG glance_store.location [None req-6d43c46c-46f5-455c-a555-5eb3b5726f5c tempest-ServerBootFromVolumeStableRescueTest-1450855139 tempest-ServerBootFromVolumeStableRescueTest-1450855139-project-member] Registering scheme swift+http with {'store': , 'location_class': , 'store_entry': 'swift'} {{(pid=102622) register_scheme_map /opt/stack/data/venv/lib/python3.12/site-packages/glance_store/location.py:146}}
Jul 07 14:29:28.400037 np0000004730 devstack@g-api.service[102622]: DEBUG glance_store.location [None req-6d43c46c-46f5-455c-a555-5eb3b5726f5c tempest-ServerBootFromVolumeStableRescueTest-1450855139 tempest-ServerBootFromVolumeStableRescueTest-1450855139-project-member] Registering scheme swift+config with {'store': , 'location_class': , 'store_entry': 'swift'} {{(pid=102622) register_scheme_map /opt/stack/data/venv/lib/python3.12/site-packages/glance_store/location.py:146}}
Jul 07 14:29:28.400170 np0000004730 devstack@g-api.service[102622]: DEBUG glance_store.backend [None req-6d43c46c-46f5-455c-a555-5eb3b5726f5c tempest-ServerBootFromVolumeStableRescueTest-1450855139 tempest-ServerBootFromVolumeStableRescueTest-1450855139-project-member] Skipping store.set_acls... not implemented. {{(pid=102622) set_acls /opt/stack/data/venv/lib/python3.12/site-packages/glance_store/backend.py:507}}
Jul 07 14:29:28.402523 np0000004730 devstack@g-api.service[102622]: [pid: 102622|app: 0|req: 57/227] 127.0.0.1 () {46 vars in 1158 bytes} [Tue Jul 7 14:29:26 2026] PUT /v2/images/156e08ce-d41c-4e46-994c-8bde4defe1d6/file => generated 0 bytes in 1957 msecs (HTTP/1.1 204) 4 headers in 171 bytes (1 switches on core 0)
Jul 07 14:29:28.405750 np0000004730 devstack@g-api.service[102625]: DEBUG glance.api.middleware.version_negotiation [None req-8b4f7753-bf92-469b-9080-3418b297a2eb tempest-ServerBootFromVolumeStableRescueTest-1450855139 tempest-ServerBootFromVolumeStableRescueTest-1450855139-project-member] Determining version of request: GET /v2/images/156e08ce-d41c-4e46-994c-8bde4defe1d6 Accept: application/json {{(pid=102625) process_request /opt/stack/glance/glance/api/middleware/version_negotiation.py:44}}
Jul 07 14:29:28.406140 np0000004730 devstack@g-api.service[102625]: DEBUG glance.api.middleware.version_negotiation [None req-8b4f7753-bf92-469b-9080-3418b297a2eb tempest-ServerBootFromVolumeStableRescueTest-1450855139 tempest-ServerBootFromVolumeStableRescueTest-1450855139-project-member] Using url versioning {{(pid=102625) process_request /opt/stack/glance/glance/api/middleware/version_negotiation.py:57}}
Jul 07 14:29:28.406140 np0000004730 devstack@g-api.service[102625]: DEBUG glance.api.middleware.version_negotiation [None req-8b4f7753-bf92-469b-9080-3418b297a2eb tempest-ServerBootFromVolumeStableRescueTest-1450855139 tempest-ServerBootFromVolumeStableRescueTest-1450855139-project-member] Matched version: v2 {{(pid=102625) process_request /opt/stack/glance/glance/api/middleware/version_negotiation.py:69}}
Jul 07 14:29:28.406222 np0000004730 devstack@g-api.service[102625]: DEBUG glance.api.middleware.version_negotiation [None req-8b4f7753-bf92-469b-9080-3418b297a2eb tempest-ServerBootFromVolumeStableRescueTest-1450855139 tempest-ServerBootFromVolumeStableRescueTest-1450855139-project-member] new path /v2/images/156e08ce-d41c-4e46-994c-8bde4defe1d6 {{(pid=102625) process_request /opt/stack/glance/glance/api/middleware/version_negotiation.py:70}}
Jul 07 14:29:28.416460 np0000004730 devstack@g-api.service[102625]: [pid: 102625|app: 0|req: 58/228] 127.0.0.1 () {40 vars in 838 bytes} [Tue Jul 7 14:29:28 2026] GET /v2/images/156e08ce-d41c-4e46-994c-8bde4defe1d6 => generated 1641 bytes in 11 msecs (HTTP/1.1 200) 4 headers in 158 bytes (1 switches on core 0)
Jul 07 14:29:28.441799 np0000004730 devstack@g-api.service[102623]: DEBUG glance.api.middleware.version_negotiation [None req-6360b7c6-feed-46c9-95b0-64c7801f79f7 tempest-VolumesActionsTest-374119322 tempest-VolumesActionsTest-374119322-project-member] Determining version of request: GET /v2/images/156e08ce-d41c-4e46-994c-8bde4defe1d6 Accept: */* {{(pid=102623) process_request /opt/stack/glance/glance/api/middleware/version_negotiation.py:44}}
