Jul 07 14:23:05.451496 np0000004730 nova-scheduler[96338]: DEBUG cotyledon.oslo_config_glue [-] oslo_messaging_metrics.metrics_thread_stop_timeout = 10 {{(pid=96338) log_opt_values /opt/stack/data/venv/lib/python3.12/site-packages/oslo_config/cfg.py:3253}}
Jul 07 14:23:05.451496 np0000004730 nova-scheduler[96338]: DEBUG cotyledon.oslo_config_glue [-] profiler.connection_string = messaging:// {{(pid=96338) log_opt_values /opt/stack/data/venv/lib/python3.12/site-packages/oslo_config/cfg.py:3253}}
Jul 07 14:23:05.451496 np0000004730 nova-scheduler[96338]: DEBUG cotyledon.oslo_config_glue [-] profiler.enabled = False {{(pid=96338) log_opt_values /opt/stack/data/venv/lib/python3.12/site-packages/oslo_config/cfg.py:3253}}
Jul 07 14:23:05.451496 np0000004730 nova-scheduler[96338]: DEBUG cotyledon.oslo_config_glue [-] profiler.es_doc_type = notification {{(pid=96338) log_opt_values /opt/stack/data/venv/lib/python3.12/site-packages/oslo_config/cfg.py:3253}}
Jul 07 14:23:05.451496 np0000004730 nova-scheduler[96338]: DEBUG cotyledon.oslo_config_glue [-] profiler.es_scroll_size = 10000 {{(pid=96338) log_opt_values /opt/stack/data/venv/lib/python3.12/site-packages/oslo_config/cfg.py:3253}}
Jul 07 14:23:05.451496 np0000004730 nova-scheduler[96338]: DEBUG cotyledon.oslo_config_glue [-] profiler.es_scroll_time = 2m {{(pid=96338) log_opt_values /opt/stack/data/venv/lib/python3.12/site-packages/oslo_config/cfg.py:3253}}
Jul 07 14:23:05.451496 np0000004730 nova-scheduler[96338]: DEBUG cotyledon.oslo_config_glue [-] profiler.filter_error_trace = False {{(pid=96338) log_opt_values /opt/stack/data/venv/lib/python3.12/site-packages/oslo_config/cfg.py:3253}}
Jul 07 14:23:05.451496 np0000004730 nova-scheduler[96338]: DEBUG cotyledon.oslo_config_glue [-] profiler.hmac_keys = **** {{(pid=96338) log_opt_values /opt/stack/data/venv/lib/python3.12/site-packages/oslo_config/cfg.py:3253}}
Jul 07 14:23:05.451806 np0000004730 nova-scheduler[96338]: DEBUG cotyledon.oslo_config_glue [-] profiler.sentinel_service_name = mymaster {{(pid=96338) log_opt_values /opt/stack/data/venv/lib/python3.12/site-packages/oslo_config/cfg.py:3253}}
Jul 07 14:23:05.451806 np0000004730 nova-scheduler[96338]: DEBUG cotyledon.oslo_config_glue [-] profiler.socket_timeout = 0.1 {{(pid=96338) log_opt_values /opt/stack/data/venv/lib/python3.12/site-packages/oslo_config/cfg.py:3253}}
Jul 07 14:23:05.451806 np0000004730 nova-scheduler[96338]: DEBUG cotyledon.oslo_config_glue [-] profiler.trace_requests = False {{(pid=96338) log_opt_values /opt/stack/data/venv/lib/python3.12/site-packages/oslo_config/cfg.py:3253}}
Jul 07 14:23:05.451806 np0000004730 nova-scheduler[96338]: DEBUG cotyledon.oslo_config_glue [-] profiler.trace_sqlalchemy = False {{(pid=96338) log_opt_values /opt/stack/data/venv/lib/python3.12/site-packages/oslo_config/cfg.py:3253}}
Jul 07 14:23:05.451806 np0000004730 nova-scheduler[96338]: DEBUG cotyledon.oslo_config_glue [-] profiler_jaeger.process_tags = {} {{(pid=96338) log_opt_values /opt/stack/data/venv/lib/python3.12/site-packages/oslo_config/cfg.py:3253}}
Jul 07 14:23:05.451806 np0000004730 nova-scheduler[96338]: DEBUG cotyledon.oslo_config_glue [-] profiler_jaeger.service_name_prefix = None {{(pid=96338) log_opt_values /opt/stack/data/venv/lib/python3.12/site-packages/oslo_config/cfg.py:3253}}
Jul 07 14:23:05.451806 np0000004730 nova-scheduler[96338]: DEBUG cotyledon.oslo_config_glue [-] profiler_otlp.service_name_prefix = None {{(pid=96338) log_opt_values /opt/stack/data/venv/lib/python3.12/site-packages/oslo_config/cfg.py:3253}}
Jul 07 14:23:05.451806 np0000004730 nova-scheduler[96338]: DEBUG cotyledon.oslo_config_glue [-] oslo_messaging_rabbit.amqp_auto_delete = False {{(pid=96338) log_opt_values /opt/stack/data/venv/lib/python3.12/site-packages/oslo_config/cfg.py:3253}}
Jul 07 14:23:05.451806 np0000004730 nova-scheduler[96338]: DEBUG cotyledon.oslo_config_glue [-] oslo_messaging_rabbit.amqp_durable_queues = False {{(pid=96338) log_opt_values /opt/stack/data/venv/lib/python3.12/site-packages/oslo_config/cfg.py:3253}}
Jul 07 14:23:05.452134 np0000004730 nova-scheduler[96338]: DEBUG cotyledon.oslo_config_glue [-] oslo_messaging_rabbit.conn_pool_min_size = 2 {{(pid=96338) log_opt_values /opt/stack/data/venv/lib/python3.12/site-packages/oslo_config/cfg.py:3253}}
Jul 07 14:23:05.452134 np0000004730 nova-scheduler[96338]: DEBUG cotyledon.oslo_config_glue [-] oslo_messaging_rabbit.conn_pool_ttl = 1200 {{(pid=96338) log_opt_values /opt/stack/data/venv/lib/python3.12/site-packages/oslo_config/cfg.py:3253}}
Jul 07 14:23:05.452134 np0000004730 nova-scheduler[96338]: DEBUG cotyledon.oslo_config_glue [-] oslo_messaging_rabbit.direct_mandatory_flag = True {{(pid=96338) log_opt_values /opt/stack/data/venv/lib/python3.12/site-packages/oslo_config/cfg.py:3253}}
Jul 07 14:23:05.452134 np0000004730 nova-scheduler[96338]: DEBUG cotyledon.oslo_config_glue [-] oslo_messaging_rabbit.enable_cancel_on_failover = False {{(pid=96338) log_opt_values /opt/stack/data/venv/lib/python3.12/site-packages/oslo_config/cfg.py:3253}}
Jul 07 14:23:05.452134 np0000004730 nova-scheduler[96338]: DEBUG cotyledon.oslo_config_glue [-] oslo_messaging_rabbit.heartbeat_rate = 3 {{(pid=96338) log_opt_values /opt/stack/data/venv/lib/python3.12/site-packages/oslo_config/cfg.py:3253}}
Jul 07 14:23:05.452134 np0000004730 nova-scheduler[96338]: DEBUG cotyledon.oslo_config_glue [-] oslo_messaging_rabbit.heartbeat_timeout_threshold = 60 {{(pid=96338) log_opt_values /opt/stack/data/venv/lib/python3.12/site-packages/oslo_config/cfg.py:3253}}
Jul 07 14:23:05.452134 np0000004730 nova-scheduler[96338]: DEBUG cotyledon.oslo_config_glue [-] oslo_messaging_rabbit.hostname = np0000004730 {{(pid=96338) log_opt_values /opt/stack/data/venv/lib/python3.12/site-packages/oslo_config/cfg.py:3253}}
Jul 07 14:23:05.452134 np0000004730 nova-scheduler[96338]: DEBUG cotyledon.oslo_config_glue [-] oslo_messaging_rabbit.kombu_compression = None {{(pid=96338) log_opt_values /opt/stack/data/venv/lib/python3.12/site-packages/oslo_config/cfg.py:3253}}
Jul 07 14:23:05.452134 np0000004730 nova-scheduler[96338]: DEBUG cotyledon.oslo_config_glue [-] oslo_messaging_rabbit.kombu_failover_strategy = round-robin {{(pid=96338) log_opt_values /opt/stack/data/venv/lib/python3.12/site-packages/oslo_config/cfg.py:3253}}
Jul 07 14:23:05.452482 np0000004730 nova-scheduler[96338]: DEBUG cotyledon.oslo_config_glue [-] oslo_messaging_rabbit.kombu_missing_consumer_retry_timeout = 60 {{(pid=96338) log_opt_values /opt/stack/data/venv/lib/python3.12/site-packages/oslo_config/cfg.py:3253}}
Jul 07 14:23:05.452482 np0000004730 nova-scheduler[96338]: DEBUG cotyledon.oslo_config_glue [-] oslo_messaging_rabbit.kombu_reconnect_delay = 1.0 {{(pid=96338) log_opt_values /opt/stack/data/venv/lib/python3.12/site-packages/oslo_config/cfg.py:3253}}
Jul 07 14:23:05.452482 np0000004730 nova-scheduler[96338]: DEBUG cotyledon.oslo_config_glue [-] oslo_messaging_rabbit.kombu_reconnect_splay = 0.0 {{(pid=96338) log_opt_values /opt/stack/data/venv/lib/python3.12/site-packages/oslo_config/cfg.py:3253}}
Jul 07 14:23:05.452482 np0000004730 nova-scheduler[96338]: DEBUG cotyledon.oslo_config_glue [-] oslo_messaging_rabbit.processname = nova-scheduler {{(pid=96338) log_opt_values /opt/stack/data/venv/lib/python3.12/site-packages/oslo_config/cfg.py:3253}}
Jul 07 14:23:05.452482 np0000004730 nova-scheduler[96338]: DEBUG cotyledon.oslo_config_glue [-] oslo_messaging_rabbit.rabbit_ha_queues = False {{(pid=96338) log_opt_values /opt/stack/data/venv/lib/python3.12/site-packages/oslo_config/cfg.py:3253}}
Jul 07 14:23:05.452482 np0000004730 nova-scheduler[96338]: DEBUG cotyledon.oslo_config_glue [-] oslo_messaging_rabbit.rabbit_interval_max = 30 {{(pid=96338) log_opt_values /opt/stack/data/venv/lib/python3.12/site-packages/oslo_config/cfg.py:3253}}
Jul 07 14:23:05.452482 np0000004730 nova-scheduler[96338]: DEBUG cotyledon.oslo_config_glue [-] oslo_messaging_rabbit.rabbit_login_method = AMQPLAIN {{(pid=96338) log_opt_values /opt/stack/data/venv/lib/python3.12/site-packages/oslo_config/cfg.py:3253}}
Jul 07 14:23:05.452482 np0000004730 nova-scheduler[96338]: DEBUG cotyledon.oslo_config_glue [-] oslo_messaging_rabbit.rabbit_qos_prefetch_count = 0 {{(pid=96338) log_opt_values /opt/stack/data/venv/lib/python3.12/site-packages/oslo_config/cfg.py:3253}}
Jul 07 14:23:05.452482 np0000004730 nova-scheduler[96338]: DEBUG cotyledon.oslo_config_glue [-] oslo_messaging_rabbit.rabbit_quorum_delivery_limit = 0 {{(pid=96338) log_opt_values /opt/stack/data/venv/lib/python3.12/site-packages/oslo_config/cfg.py:3253}}
Jul 07 14:23:05.452912 np0000004730 nova-scheduler[96338]: DEBUG cotyledon.oslo_config_glue [-] oslo_messaging_rabbit.rabbit_quorum_max_memory_bytes = 0 {{(pid=96338) log_opt_values /opt/stack/data/venv/lib/python3.12/site-packages/oslo_config/cfg.py:3253}}
Jul 07 14:23:05.452912 np0000004730 nova-scheduler[96338]: DEBUG cotyledon.oslo_config_glue [-] oslo_messaging_rabbit.rabbit_quorum_max_memory_length = 0 {{(pid=96338) log_opt_values /opt/stack/data/venv/lib/python3.12/site-packages/oslo_config/cfg.py:3253}}
Jul 07 14:23:05.452912 np0000004730 nova-scheduler[96338]: DEBUG cotyledon.oslo_config_glue [-] oslo_messaging_rabbit.rabbit_quorum_queue = False {{(pid=96338) log_opt_values /opt/stack/data/venv/lib/python3.12/site-packages/oslo_config/cfg.py:3253}}
Jul 07 14:23:05.452912 np0000004730 nova-scheduler[96338]: DEBUG cotyledon.oslo_config_glue [-] oslo_messaging_rabbit.rabbit_retry_backoff = 2 {{(pid=96338) log_opt_values /opt/stack/data/venv/lib/python3.12/site-packages/oslo_config/cfg.py:3253}}
Jul 07 14:23:05.452912 np0000004730 nova-scheduler[96338]: DEBUG cotyledon.oslo_config_glue [-] oslo_messaging_rabbit.rabbit_retry_interval = 1 {{(pid=96338) log_opt_values /opt/stack/data/venv/lib/python3.12/site-packages/oslo_config/cfg.py:3253}}
Jul 07 14:23:05.452912 np0000004730 nova-scheduler[96338]: DEBUG cotyledon.oslo_config_glue [-] oslo_messaging_rabbit.rabbit_stream_fanout = False {{(pid=96338) log_opt_values /opt/stack/data/venv/lib/python3.12/site-packages/oslo_config/cfg.py:3253}}
Jul 07 14:23:05.452912 np0000004730 nova-scheduler[96338]: DEBUG cotyledon.oslo_config_glue [-] oslo_messaging_rabbit.rabbit_transient_queues_ttl = 1800 {{(pid=96338) log_opt_values /opt/stack/data/venv/lib/python3.12/site-packages/oslo_config/cfg.py:3253}}
Jul 07 14:23:05.452912 np0000004730 nova-scheduler[96338]: DEBUG cotyledon.oslo_config_glue [-] oslo_messaging_rabbit.rabbit_transient_quorum_queue = False {{(pid=96338) log_opt_values /opt/stack/data/venv/lib/python3.12/site-packages/oslo_config/cfg.py:3253}}
Jul 07 14:23:05.453184 np0000004730 nova-scheduler[96338]: DEBUG cotyledon.oslo_config_glue [-] oslo_messaging_rabbit.rpc_conn_pool_size = 30 {{(pid=96338) log_opt_values /opt/stack/data/venv/lib/python3.12/site-packages/oslo_config/cfg.py:3253}}
Jul 07 14:23:05.453184 np0000004730 nova-scheduler[96338]: DEBUG cotyledon.oslo_config_glue [-] oslo_messaging_rabbit.ssl = False {{(pid=96338) log_opt_values /opt/stack/data/venv/lib/python3.12/site-packages/oslo_config/cfg.py:3253}}
Jul 07 14:23:05.453184 np0000004730 nova-scheduler[96338]: DEBUG cotyledon.oslo_config_glue [-] oslo_messaging_rabbit.ssl_ca_file = {{(pid=96338) log_opt_values /opt/stack/data/venv/lib/python3.12/site-packages/oslo_config/cfg.py:3253}}
Jul 07 14:23:05.453184 np0000004730 nova-scheduler[96338]: DEBUG cotyledon.oslo_config_glue [-] oslo_messaging_rabbit.ssl_cert_file = {{(pid=96338) log_opt_values /opt/stack/data/venv/lib/python3.12/site-packages/oslo_config/cfg.py:3253}}
Jul 07 14:23:05.453184 np0000004730 nova-scheduler[96338]: DEBUG cotyledon.oslo_config_glue [-] oslo_messaging_rabbit.ssl_enforce_fips_mode = False {{(pid=96338) log_opt_values /opt/stack/data/venv/lib/python3.12/site-packages/oslo_config/cfg.py:3253}}
Jul 07 14:23:05.453184 np0000004730 nova-scheduler[96338]: DEBUG cotyledon.oslo_config_glue [-] oslo_messaging_rabbit.ssl_enforce_hostname_verification = True {{(pid=96338) log_opt_values /opt/stack/data/venv/lib/python3.12/site-packages/oslo_config/cfg.py:3253}}
Jul 07 14:23:05.453184 np0000004730 nova-scheduler[96338]: DEBUG cotyledon.oslo_config_glue [-] oslo_messaging_rabbit.ssl_key_file = {{(pid=96338) log_opt_values /opt/stack/data/venv/lib/python3.12/site-packages/oslo_config/cfg.py:3253}}
Jul 07 14:23:05.453184 np0000004730 nova-scheduler[96338]: DEBUG cotyledon.oslo_config_glue [-] oslo_messaging_rabbit.ssl_version = {{(pid=96338) log_opt_values /opt/stack/data/venv/lib/python3.12/site-packages/oslo_config/cfg.py:3253}}
Jul 07 14:23:05.453184 np0000004730 nova-scheduler[96338]: DEBUG cotyledon.oslo_config_glue [-] oslo_messaging_rabbit.use_queue_manager = False {{(pid=96338) log_opt_values /opt/stack/data/venv/lib/python3.12/site-packages/oslo_config/cfg.py:3253}}
Jul 07 14:23:05.453479 np0000004730 nova-scheduler[96338]: DEBUG cotyledon.oslo_config_glue [-] oslo_messaging_notifications.driver = ['messagingv2'] {{(pid=96338) log_opt_values /opt/stack/data/venv/lib/python3.12/site-packages/oslo_config/cfg.py:3253}}
Jul 07 14:23:05.453479 np0000004730 nova-scheduler[96338]: DEBUG cotyledon.oslo_config_glue [-] oslo_messaging_notifications.retry = -1 {{(pid=96338) log_opt_values /opt/stack/data/venv/lib/python3.12/site-packages/oslo_config/cfg.py:3253}}
Jul 07 14:23:05.453479 np0000004730 nova-scheduler[96338]: DEBUG cotyledon.oslo_config_glue [-] oslo_messaging_notifications.topics = ['notifications'] {{(pid=96338) log_opt_values /opt/stack/data/venv/lib/python3.12/site-packages/oslo_config/cfg.py:3253}}
Jul 07 14:23:05.453479 np0000004730 nova-scheduler[96338]: DEBUG cotyledon.oslo_config_glue [-] oslo_messaging_notifications.transport_url = **** {{(pid=96338) log_opt_values /opt/stack/data/venv/lib/python3.12/site-packages/oslo_config/cfg.py:3253}}
Jul 07 14:23:05.453479 np0000004730 nova-scheduler[96338]: DEBUG cotyledon.oslo_config_glue [-] oslo_limit.auth_section = None {{(pid=96338) log_opt_values /opt/stack/data/venv/lib/python3.12/site-packages/oslo_config/cfg.py:3253}}
Jul 07 14:23:05.453479 np0000004730 nova-scheduler[96338]: DEBUG cotyledon.oslo_config_glue [-] oslo_limit.auth_type = None {{(pid=96338) log_opt_values /opt/stack/data/venv/lib/python3.12/site-packages/oslo_config/cfg.py:3253}}
Jul 07 14:23:05.453479 np0000004730 nova-scheduler[96338]: DEBUG cotyledon.oslo_config_glue [-] oslo_limit.cafile = None {{(pid=96338) log_opt_values /opt/stack/data/venv/lib/python3.12/site-packages/oslo_config/cfg.py:3253}}
Jul 07 14:23:05.453479 np0000004730 nova-scheduler[96338]: DEBUG cotyledon.oslo_config_glue [-] oslo_limit.certfile = None {{(pid=96338) log_opt_values /opt/stack/data/venv/lib/python3.12/site-packages/oslo_config/cfg.py:3253}}
Jul 07 14:23:05.453479 np0000004730 nova-scheduler[96338]: DEBUG cotyledon.oslo_config_glue [-] oslo_limit.collect_timing = False {{(pid=96338) log_opt_values /opt/stack/data/venv/lib/python3.12/site-packages/oslo_config/cfg.py:3253}}
Jul 07 14:23:05.453751 np0000004730 nova-scheduler[96338]: DEBUG cotyledon.oslo_config_glue [-] oslo_limit.connect_retries = None {{(pid=96338) log_opt_values /opt/stack/data/venv/lib/python3.12/site-packages/oslo_config/cfg.py:3253}}
Jul 07 14:23:05.453751 np0000004730 nova-scheduler[96338]: DEBUG cotyledon.oslo_config_glue [-] oslo_limit.connect_retry_delay = None {{(pid=96338) log_opt_values /opt/stack/data/venv/lib/python3.12/site-packages/oslo_config/cfg.py:3253}}
Jul 07 14:23:05.453751 np0000004730 nova-scheduler[96338]: DEBUG cotyledon.oslo_config_glue [-] oslo_limit.endpoint_id = None {{(pid=96338) log_opt_values /opt/stack/data/venv/lib/python3.12/site-packages/oslo_config/cfg.py:3253}}
Jul 07 14:23:05.453751 np0000004730 nova-scheduler[96338]: DEBUG cotyledon.oslo_config_glue [-] oslo_limit.endpoint_interface = public {{(pid=96338) log_opt_values /opt/stack/data/venv/lib/python3.12/site-packages/oslo_config/cfg.py:3253}}
Jul 07 14:23:05.453751 np0000004730 nova-scheduler[96338]: DEBUG cotyledon.oslo_config_glue [-] oslo_limit.endpoint_override = None {{(pid=96338) log_opt_values /opt/stack/data/venv/lib/python3.12/site-packages/oslo_config/cfg.py:3253}}
Jul 07 14:23:05.453751 np0000004730 nova-scheduler[96338]: DEBUG cotyledon.oslo_config_glue [-] oslo_limit.endpoint_region_name = None {{(pid=96338) log_opt_values /opt/stack/data/venv/lib/python3.12/site-packages/oslo_config/cfg.py:3253}}
Jul 07 14:23:05.453751 np0000004730 nova-scheduler[96338]: DEBUG cotyledon.oslo_config_glue [-] oslo_limit.endpoint_service_name = None {{(pid=96338) log_opt_values /opt/stack/data/venv/lib/python3.12/site-packages/oslo_config/cfg.py:3253}}
Jul 07 14:23:05.453751 np0000004730 nova-scheduler[96338]: DEBUG cotyledon.oslo_config_glue [-] oslo_limit.endpoint_service_type = None {{(pid=96338) log_opt_values /opt/stack/data/venv/lib/python3.12/site-packages/oslo_config/cfg.py:3253}}
Jul 07 14:23:05.453751 np0000004730 nova-scheduler[96338]: DEBUG cotyledon.oslo_config_glue [-] oslo_limit.insecure = False {{(pid=96338) log_opt_values /opt/stack/data/venv/lib/python3.12/site-packages/oslo_config/cfg.py:3253}}
Jul 07 14:23:05.454100 np0000004730 nova-scheduler[96338]: DEBUG cotyledon.oslo_config_glue [-] oslo_limit.keyfile = None {{(pid=96338) log_opt_values /opt/stack/data/venv/lib/python3.12/site-packages/oslo_config/cfg.py:3253}}
Jul 07 14:23:05.454100 np0000004730 nova-scheduler[96338]: DEBUG cotyledon.oslo_config_glue [-] oslo_limit.max_version = None {{(pid=96338) log_opt_values /opt/stack/data/venv/lib/python3.12/site-packages/oslo_config/cfg.py:3253}}
Jul 07 14:23:05.454100 np0000004730 nova-scheduler[96338]: DEBUG cotyledon.oslo_config_glue [-] oslo_limit.min_version = None {{(pid=96338) log_opt_values /opt/stack/data/venv/lib/python3.12/site-packages/oslo_config/cfg.py:3253}}
Jul 07 14:23:05.454100 np0000004730 nova-scheduler[96338]: DEBUG cotyledon.oslo_config_glue [-] oslo_limit.region_name = None {{(pid=96338) log_opt_values /opt/stack/data/venv/lib/python3.12/site-packages/oslo_config/cfg.py:3253}}
Jul 07 14:23:05.454100 np0000004730 nova-scheduler[96338]: DEBUG cotyledon.oslo_config_glue [-] oslo_limit.retriable_status_codes = None {{(pid=96338) log_opt_values /opt/stack/data/venv/lib/python3.12/site-packages/oslo_config/cfg.py:3253}}
Jul 07 14:23:05.454100 np0000004730 nova-scheduler[96338]: DEBUG cotyledon.oslo_config_glue [-] oslo_limit.service_name = None {{(pid=96338) log_opt_values /opt/stack/data/venv/lib/python3.12/site-packages/oslo_config/cfg.py:3253}}
Jul 07 14:23:05.454100 np0000004730 nova-scheduler[96338]: DEBUG cotyledon.oslo_config_glue [-] oslo_limit.service_type = None {{(pid=96338) log_opt_values /opt/stack/data/venv/lib/python3.12/site-packages/oslo_config/cfg.py:3253}}
Jul 07 14:23:05.454100 np0000004730 nova-scheduler[96338]: DEBUG cotyledon.oslo_config_glue [-] oslo_limit.split_loggers = False {{(pid=96338) log_opt_values /opt/stack/data/venv/lib/python3.12/site-packages/oslo_config/cfg.py:3253}}
Jul 07 14:23:05.454100 np0000004730 nova-scheduler[96338]: DEBUG cotyledon.oslo_config_glue [-] oslo_limit.status_code_retries = None {{(pid=96338) log_opt_values /opt/stack/data/venv/lib/python3.12/site-packages/oslo_config/cfg.py:3253}}
Jul 07 14:23:05.454398 np0000004730 nova-scheduler[96338]: DEBUG cotyledon.oslo_config_glue [-] oslo_limit.status_code_retry_delay = None {{(pid=96338) log_opt_values /opt/stack/data/venv/lib/python3.12/site-packages/oslo_config/cfg.py:3253}}
Jul 07 14:23:05.454398 np0000004730 nova-scheduler[96338]: DEBUG cotyledon.oslo_config_glue [-] oslo_limit.timeout = None {{(pid=96338) log_opt_values /opt/stack/data/venv/lib/python3.12/site-packages/oslo_config/cfg.py:3253}}
Jul 07 14:23:05.454398 np0000004730 nova-scheduler[96338]: DEBUG cotyledon.oslo_config_glue [-] oslo_limit.valid_interfaces = None {{(pid=96338) log_opt_values /opt/stack/data/venv/lib/python3.12/site-packages/oslo_config/cfg.py:3253}}
Jul 07 14:23:05.454398 np0000004730 nova-scheduler[96338]: DEBUG cotyledon.oslo_config_glue [-] oslo_limit.version = None {{(pid=96338) log_opt_values /opt/stack/data/venv/lib/python3.12/site-packages/oslo_config/cfg.py:3253}}
Jul 07 14:23:05.454398 np0000004730 nova-scheduler[96338]: DEBUG cotyledon.oslo_config_glue [-] oslo_reports.file_event_handler = None {{(pid=96338) log_opt_values /opt/stack/data/venv/lib/python3.12/site-packages/oslo_config/cfg.py:3253}}
Jul 07 14:23:05.454398 np0000004730 nova-scheduler[96338]: DEBUG cotyledon.oslo_config_glue [-] oslo_reports.file_event_handler_interval = 1 {{(pid=96338) log_opt_values /opt/stack/data/venv/lib/python3.12/site-packages/oslo_config/cfg.py:3253}}
Jul 07 14:23:05.454398 np0000004730 nova-scheduler[96338]: DEBUG cotyledon.oslo_config_glue [-] oslo_reports.log_dir = None {{(pid=96338) log_opt_values /opt/stack/data/venv/lib/python3.12/site-packages/oslo_config/cfg.py:3253}}
Jul 07 14:23:05.454398 np0000004730 nova-scheduler[96338]: DEBUG cotyledon.oslo_config_glue [-] ******************************************************************************** {{(pid=96338) log_opt_values /opt/stack/data/venv/lib/python3.12/site-packages/oslo_config/cfg.py:3260}}
Jul 07 14:23:05.454398 np0000004730 nova-scheduler[96338]: DEBUG cotyledon._service_worker [-] Run service ServiceWrapper(3) [96338] {{(pid=96338) wait_forever /opt/stack/data/venv/lib/python3.12/site-packages/cotyledon/_service_worker.py:218}}
Jul 07 14:23:05.454686 np0000004730 nova-scheduler[96338]: INFO nova.service [-] Starting scheduler node (version 33.1.0)
Jul 07 14:23:05.454731 np0000004730 nova-scheduler[96301]: DEBUG oslo_db.sqlalchemy.engines [None req-916adab8-91c8-43da-a92f-67eac157aa4b None None] MySQL server mode set to STRICT_TRANS_TABLES,STRICT_ALL_TABLES,NO_ZERO_IN_DATE,NO_ZERO_DATE,ERROR_FOR_DIVISION_BY_ZERO,TRADITIONAL,NO_ENGINE_SUBSTITUTION {{(pid=96301) _check_effective_sql_mode /opt/stack/data/venv/lib/python3.12/site-packages/oslo_db/sqlalchemy/engines.py:325}}
Jul 07 14:23:05.454777 np0000004730 nova-scheduler[96338]: INFO dbcounter [None req-e3353a99-bc9d-42cd-ac2b-d01980534709 None None] Registered counter for database nova_cell0
Jul 07 14:23:05.454828 np0000004730 nova-scheduler[96301]: DEBUG dbcounter [-] [96301] Writer thread running {{(pid=96301) stat_writer /opt/stack/data/venv/lib/python3.12/site-packages/dbcounter.py:102}}
Jul 07 14:23:05.454877 np0000004730 nova-scheduler[96314]: DEBUG oslo_db.sqlalchemy.engines [None req-d5522227-4e6b-404c-9795-4fcccfbf04c1 None None] MySQL server mode set to STRICT_TRANS_TABLES,STRICT_ALL_TABLES,NO_ZERO_IN_DATE,NO_ZERO_DATE,ERROR_FOR_DIVISION_BY_ZERO,TRADITIONAL,NO_ENGINE_SUBSTITUTION {{(pid=96314) _check_effective_sql_mode /opt/stack/data/venv/lib/python3.12/site-packages/oslo_db/sqlalchemy/engines.py:325}}
Jul 07 14:23:05.455831 np0000004730 nova-scheduler[96301]: DEBUG nova.service [None req-916adab8-91c8-43da-a92f-67eac157aa4b None None] Creating RPC server for service: nova-scheduler on topic: scheduler {{(pid=96301) start /opt/stack/nova/nova/service.py:196}}
Jul 07 14:23:05.465009 np0000004730 nova-scheduler[96314]: DEBUG dbcounter [-] [96314] Writer thread running {{(pid=96314) stat_writer /opt/stack/data/venv/lib/python3.12/site-packages/dbcounter.py:102}}
Jul 07 14:23:05.468648 np0000004730 nova-scheduler[96314]: DEBUG nova.service [None req-d5522227-4e6b-404c-9795-4fcccfbf04c1 None None] Creating RPC server for service: nova-scheduler on topic: scheduler {{(pid=96314) start /opt/stack/nova/nova/service.py:196}}
Jul 07 14:23:05.469742 np0000004730 nova-scheduler[96263]: DEBUG oslo_db.sqlalchemy.engines [None req-9e806a8e-5192-43d4-85cd-51cdf8ee0528 None None] MySQL server mode set to STRICT_TRANS_TABLES,STRICT_ALL_TABLES,NO_ZERO_IN_DATE,NO_ZERO_DATE,ERROR_FOR_DIVISION_BY_ZERO,TRADITIONAL,NO_ENGINE_SUBSTITUTION {{(pid=96263) _check_effective_sql_mode /opt/stack/data/venv/lib/python3.12/site-packages/oslo_db/sqlalchemy/engines.py:325}}
Jul 07 14:23:05.478780 np0000004730 nova-scheduler[96263]: DEBUG dbcounter [-] [96263] Writer thread running {{(pid=96263) stat_writer /opt/stack/data/venv/lib/python3.12/site-packages/dbcounter.py:102}}
Jul 07 14:23:05.481404 np0000004730 nova-scheduler[96263]: DEBUG nova.service [None req-9e806a8e-5192-43d4-85cd-51cdf8ee0528 None None] Creating RPC server for service: nova-scheduler on topic: scheduler {{(pid=96263) start /opt/stack/nova/nova/service.py:196}}
Jul 07 14:23:05.485534 np0000004730 nova-scheduler[96338]: DEBUG oslo_db.sqlalchemy.engines [None req-e3353a99-bc9d-42cd-ac2b-d01980534709 None None] MySQL server mode set to STRICT_TRANS_TABLES,STRICT_ALL_TABLES,NO_ZERO_IN_DATE,NO_ZERO_DATE,ERROR_FOR_DIVISION_BY_ZERO,TRADITIONAL,NO_ENGINE_SUBSTITUTION {{(pid=96338) _check_effective_sql_mode /opt/stack/data/venv/lib/python3.12/site-packages/oslo_db/sqlalchemy/engines.py:325}}
Jul 07 14:23:05.493881 np0000004730 nova-scheduler[96314]: DEBUG nova.service [None req-d5522227-4e6b-404c-9795-4fcccfbf04c1 None None] Join ServiceGroup membership for this service scheduler {{(pid=96314) start /opt/stack/nova/nova/service.py:222}}
Jul 07 14:23:05.494302 np0000004730 nova-scheduler[96314]: DEBUG nova.servicegroup.drivers.db [None req-d5522227-4e6b-404c-9795-4fcccfbf04c1 None None] DB_Driver: join new ServiceGroup member np0000004730 to the scheduler group, service = {{(pid=96314) join /opt/stack/nova/nova/servicegroup/drivers/db.py:44}}
Jul 07 14:23:05.494971 np0000004730 nova-scheduler[96338]: DEBUG dbcounter [-] [96338] Writer thread running {{(pid=96338) stat_writer /opt/stack/data/venv/lib/python3.12/site-packages/dbcounter.py:102}}
Jul 07 14:23:05.497048 np0000004730 nova-scheduler[96301]: DEBUG nova.service [None req-916adab8-91c8-43da-a92f-67eac157aa4b None None] Join ServiceGroup membership for this service scheduler {{(pid=96301) start /opt/stack/nova/nova/service.py:222}}
Jul 07 14:23:05.497285 np0000004730 nova-scheduler[96301]: DEBUG nova.servicegroup.drivers.db [None req-916adab8-91c8-43da-a92f-67eac157aa4b None None] DB_Driver: join new ServiceGroup member np0000004730 to the scheduler group, service = {{(pid=96301) join /opt/stack/nova/nova/servicegroup/drivers/db.py:44}}
Jul 07 14:23:05.497851 np0000004730 nova-scheduler[96338]: DEBUG nova.service [None req-e3353a99-bc9d-42cd-ac2b-d01980534709 None None] Creating RPC server for service: nova-scheduler on topic: scheduler {{(pid=96338) start /opt/stack/nova/nova/service.py:196}}
Jul 07 14:23:05.500266 np0000004730 nova-scheduler[96263]: DEBUG nova.service [None req-9e806a8e-5192-43d4-85cd-51cdf8ee0528 None None] Join ServiceGroup membership for this service scheduler {{(pid=96263) start /opt/stack/nova/nova/service.py:222}}
Jul 07 14:23:05.500664 np0000004730 nova-scheduler[96263]: DEBUG nova.servicegroup.drivers.db [None req-9e806a8e-5192-43d4-85cd-51cdf8ee0528 None None] DB_Driver: join new ServiceGroup member np0000004730 to the scheduler group, service = {{(pid=96263) join /opt/stack/nova/nova/servicegroup/drivers/db.py:44}}
Jul 07 14:23:05.514811 np0000004730 nova-scheduler[96338]: DEBUG nova.service [None req-e3353a99-bc9d-42cd-ac2b-d01980534709 None None] Join ServiceGroup membership for this service scheduler {{(pid=96338) start /opt/stack/nova/nova/service.py:222}}
Jul 07 14:23:05.515000 np0000004730 nova-scheduler[96338]: DEBUG nova.servicegroup.drivers.db [None req-e3353a99-bc9d-42cd-ac2b-d01980534709 None None] DB_Driver: join new ServiceGroup member np0000004730 to the scheduler group, service = {{(pid=96338) join /opt/stack/nova/nova/servicegroup/drivers/db.py:44}}
Jul 07 14:23:10.504356 np0000004730 nova-scheduler[96263]: DEBUG oslo.service.backend._threading.loopingcall [None req-1ba7318f-f4de-4d5d-91ca-221da910cfd6 None None] Dynamic interval looping call 'nova.service.Service.periodic_tasks' sleeping for 60.00 seconds {{(pid=96263) _run_loop /opt/stack/data/venv/lib/python3.12/site-packages/oslo_service/backend/_threading/loopingcall.py:125}}
Jul 07 14:23:10.511019 np0000004730 nova-scheduler[96301]: DEBUG oslo.service.backend._threading.loopingcall [-] Fixed interval looping call 'nova.servicegroup.drivers.db.DbDriver._report_state' sleeping for 119.99 seconds {{(pid=96301) _run_loop /opt/stack/data/venv/lib/python3.12/site-packages/oslo_service/backend/_threading/loopingcall.py:125}}
Jul 07 14:23:10.511297 np0000004730 nova-scheduler[96314]: DEBUG oslo.service.backend._threading.loopingcall [-] Fixed interval looping call 'nova.servicegroup.drivers.db.DbDriver._report_state' sleeping for 119.99 seconds {{(pid=96314) _run_loop /opt/stack/data/venv/lib/python3.12/site-packages/oslo_service/backend/_threading/loopingcall.py:125}}
Jul 07 14:23:10.515054 np0000004730 nova-scheduler[96263]: DEBUG oslo.service.backend._threading.loopingcall [-] Fixed interval looping call 'nova.servicegroup.drivers.db.DbDriver._report_state' sleeping for 119.99 seconds {{(pid=96263) _run_loop /opt/stack/data/venv/lib/python3.12/site-packages/oslo_service/backend/_threading/loopingcall.py:125}}
Jul 07 14:23:10.525260 np0000004730 nova-scheduler[96338]: DEBUG oslo.service.backend._threading.loopingcall [-] Fixed interval looping call 'nova.servicegroup.drivers.db.DbDriver._report_state' sleeping for 119.99 seconds {{(pid=96338) _run_loop /opt/stack/data/venv/lib/python3.12/site-packages/oslo_service/backend/_threading/loopingcall.py:125}}
Jul 07 14:23:14.060803 np0000004730 nova-scheduler[95054]: DEBUG dbcounter [-] [95054] Writing DB stats nova_api:SELECT=3 {{(pid=95054) stat_writer /opt/stack/data/venv/lib/python3.12/site-packages/dbcounter.py:115}}
Jul 07 14:23:14.189199 np0000004730 nova-scheduler[95054]: DEBUG dbcounter [-] [95054] Writing DB stats nova_cell1:SELECT=1 {{(pid=95054) stat_writer /opt/stack/data/venv/lib/python3.12/site-packages/dbcounter.py:115}}
Jul 07 14:23:14.200484 np0000004730 nova-scheduler[95054]: DEBUG dbcounter [-] [95054] Writing DB stats nova_cell0:SELECT=1 {{(pid=95054) stat_writer /opt/stack/data/venv/lib/python3.12/site-packages/dbcounter.py:115}}
Jul 07 14:23:19.499744 np0000004730 nova-scheduler[96301]: DEBUG oslo.service.backend._threading.loopingcall [None req-8b682bda-755e-4c5d-aea8-88c3600f3bc1 None None] Dynamic interval looping call 'nova.service.Service.periodic_tasks' sleeping for 60.00 seconds {{(pid=96301) _run_loop /opt/stack/data/venv/lib/python3.12/site-packages/oslo_service/backend/_threading/loopingcall.py:125}}
Jul 07 14:23:20.505246 np0000004730 nova-scheduler[96314]: DEBUG dbcounter [-] [96314] Writing DB stats nova_cell0:SELECT=3,nova_cell0:UPDATE=1 {{(pid=96314) stat_writer /opt/stack/data/venv/lib/python3.12/site-packages/dbcounter.py:115}}
Jul 07 14:23:20.509328 np0000004730 nova-scheduler[96301]: DEBUG dbcounter [-] [96301] Writing DB stats nova_cell0:SELECT=4,nova_cell0:INSERT=1,nova_cell0:UPDATE=1 {{(pid=96301) stat_writer /opt/stack/data/venv/lib/python3.12/site-packages/dbcounter.py:115}}
Jul 07 14:23:20.511173 np0000004730 nova-scheduler[96263]: DEBUG dbcounter [-] [96263] Writing DB stats nova_cell0:SELECT=3 {{(pid=96263) stat_writer /opt/stack/data/venv/lib/python3.12/site-packages/dbcounter.py:115}}
Jul 07 14:23:20.523337 np0000004730 nova-scheduler[96338]: DEBUG dbcounter [-] [96338] Writing DB stats nova_cell0:SELECT=3 {{(pid=96338) stat_writer /opt/stack/data/venv/lib/python3.12/site-packages/dbcounter.py:115}}
Jul 07 14:23:45.496581 np0000004730 nova-scheduler[96314]: DEBUG oslo.service.backend._threading.loopingcall [None req-ff5d3178-bfd0-4119-9970-b744d16f9272 None None] Dynamic interval looping call 'nova.service.Service.periodic_tasks' sleeping for 60.00 seconds {{(pid=96314) _run_loop /opt/stack/data/venv/lib/python3.12/site-packages/oslo_service/backend/_threading/loopingcall.py:125}}
Jul 07 14:23:51.517206 np0000004730 nova-scheduler[96338]: DEBUG oslo.service.backend._threading.loopingcall [None req-3c0c03dc-69aa-45ec-bc2e-d7b3c6c9b0d7 None None] Dynamic interval looping call 'nova.service.Service.periodic_tasks' sleeping for 60.00 seconds {{(pid=96338) _run_loop /opt/stack/data/venv/lib/python3.12/site-packages/oslo_service/backend/_threading/loopingcall.py:125}}
Jul 07 14:24:10.505032 np0000004730 nova-scheduler[96263]: DEBUG oslo.service.backend._threading.loopingcall [None req-1ba7318f-f4de-4d5d-91ca-221da910cfd6 None None] Dynamic interval looping call 'nova.service.Service.periodic_tasks' sleeping for 60.00 seconds {{(pid=96263) _run_loop /opt/stack/data/venv/lib/python3.12/site-packages/oslo_service/backend/_threading/loopingcall.py:125}}
Jul 07 14:24:19.500311 np0000004730 nova-scheduler[96301]: DEBUG oslo.service.backend._threading.loopingcall [None req-8b682bda-755e-4c5d-aea8-88c3600f3bc1 None None] Dynamic interval looping call 'nova.service.Service.periodic_tasks' sleeping for 60.00 seconds {{(pid=96301) _run_loop /opt/stack/data/venv/lib/python3.12/site-packages/oslo_service/backend/_threading/loopingcall.py:125}}
Jul 07 14:24:45.497441 np0000004730 nova-scheduler[96314]: DEBUG oslo.service.backend._threading.loopingcall [None req-ff5d3178-bfd0-4119-9970-b744d16f9272 None None] Dynamic interval looping call 'nova.service.Service.periodic_tasks' sleeping for 60.00 seconds {{(pid=96314) _run_loop /opt/stack/data/venv/lib/python3.12/site-packages/oslo_service/backend/_threading/loopingcall.py:125}}
Jul 07 14:24:51.517802 np0000004730 nova-scheduler[96338]: DEBUG oslo.service.backend._threading.loopingcall [None req-3c0c03dc-69aa-45ec-bc2e-d7b3c6c9b0d7 None None] Dynamic interval looping call 'nova.service.Service.periodic_tasks' sleeping for 60.00 seconds {{(pid=96338) _run_loop /opt/stack/data/venv/lib/python3.12/site-packages/oslo_service/backend/_threading/loopingcall.py:125}}
Jul 07 14:25:10.505715 np0000004730 nova-scheduler[96263]: DEBUG oslo.service.backend._threading.loopingcall [None req-1ba7318f-f4de-4d5d-91ca-221da910cfd6 None None] Dynamic interval looping call 'nova.service.Service.periodic_tasks' sleeping for 60.00 seconds {{(pid=96263) _run_loop /opt/stack/data/venv/lib/python3.12/site-packages/oslo_service/backend/_threading/loopingcall.py:125}}
Jul 07 14:25:10.510734 np0000004730 nova-scheduler[96314]: DEBUG oslo.service.backend._threading.loopingcall [-] Fixed interval looping call 'nova.servicegroup.drivers.db.DbDriver._report_state' sleeping for 119.99 seconds {{(pid=96314) _run_loop /opt/stack/data/venv/lib/python3.12/site-packages/oslo_service/backend/_threading/loopingcall.py:125}}
Jul 07 14:25:10.512269 np0000004730 nova-scheduler[96301]: DEBUG oslo.service.backend._threading.loopingcall [-] Fixed interval looping call 'nova.servicegroup.drivers.db.DbDriver._report_state' sleeping for 119.99 seconds {{(pid=96301) _run_loop /opt/stack/data/venv/lib/python3.12/site-packages/oslo_service/backend/_threading/loopingcall.py:125}}
Jul 07 14:25:10.512746 np0000004730 nova-scheduler[96263]: DEBUG oslo.service.backend._threading.loopingcall [-] Fixed interval looping call 'nova.servicegroup.drivers.db.DbDriver._report_state' sleeping for 119.99 seconds {{(pid=96263) _run_loop /opt/stack/data/venv/lib/python3.12/site-packages/oslo_service/backend/_threading/loopingcall.py:125}}
Jul 07 14:25:10.519719 np0000004730 nova-scheduler[96338]: DEBUG oslo.service.backend._threading.loopingcall [-] Fixed interval looping call 'nova.servicegroup.drivers.db.DbDriver._report_state' sleeping for 120.00 seconds {{(pid=96338) _run_loop /opt/stack/data/venv/lib/python3.12/site-packages/oslo_service/backend/_threading/loopingcall.py:125}}
Jul 07 14:25:19.500768 np0000004730 nova-scheduler[96301]: DEBUG oslo.service.backend._threading.loopingcall [None req-8b682bda-755e-4c5d-aea8-88c3600f3bc1 None None] Dynamic interval looping call 'nova.service.Service.periodic_tasks' sleeping for 60.00 seconds {{(pid=96301) _run_loop /opt/stack/data/venv/lib/python3.12/site-packages/oslo_service/backend/_threading/loopingcall.py:125}}
Jul 07 14:25:20.505513 np0000004730 nova-scheduler[96301]: DEBUG dbcounter [-] [96301] Writing DB stats nova_cell0:SELECT=1,nova_cell0:UPDATE=1 {{(pid=96301) stat_writer /opt/stack/data/venv/lib/python3.12/site-packages/dbcounter.py:115}}
Jul 07 14:25:20.506103 np0000004730 nova-scheduler[96314]: DEBUG dbcounter [-] [96314] Writing DB stats nova_cell0:SELECT=1,nova_cell0:UPDATE=1 {{(pid=96314) stat_writer /opt/stack/data/venv/lib/python3.12/site-packages/dbcounter.py:115}}
Jul 07 14:25:20.510788 np0000004730 nova-scheduler[96263]: DEBUG dbcounter [-] [96263] Writing DB stats nova_cell0:SELECT=1,nova_cell0:UPDATE=1 {{(pid=96263) stat_writer /opt/stack/data/venv/lib/python3.12/site-packages/dbcounter.py:115}}
Jul 07 14:25:20.517533 np0000004730 nova-scheduler[96338]: DEBUG dbcounter [-] [96338] Writing DB stats nova_cell0:SELECT=1 {{(pid=96338) stat_writer /opt/stack/data/venv/lib/python3.12/site-packages/dbcounter.py:115}}
Jul 07 14:25:40.449410 np0000004730 nova-scheduler[96314]: DEBUG nova.scheduler.manager [None req-1c8be36f-be0f-41fd-8671-de5e92b6bf1d tempest-ServerActionsTestOtherA-396040031 tempest-ServerActionsTestOtherA-396040031-project-member] Starting to schedule for instances: ['411cb517-9537-4135-8415-ef76d9ad1a0f'] {{(pid=96314) select_destinations /opt/stack/nova/nova/scheduler/manager.py:209}}
Jul 07 14:25:40.450339 np0000004730 nova-scheduler[96314]: DEBUG nova.scheduler.request_filter [None req-1c8be36f-be0f-41fd-8671-de5e92b6bf1d tempest-ServerActionsTestOtherA-396040031 tempest-ServerActionsTestOtherA-396040031-project-member] compute_status_filter request filter added forbidden trait COMPUTE_STATUS_DISABLED {{(pid=96314) compute_status_filter /opt/stack/nova/nova/scheduler/request_filter.py:253}}
Jul 07 14:25:40.450933 np0000004730 nova-scheduler[96314]: DEBUG nova.scheduler.request_filter [None req-1c8be36f-be0f-41fd-8671-de5e92b6bf1d tempest-ServerActionsTestOtherA-396040031 tempest-ServerActionsTestOtherA-396040031-project-member] Request filter 'compute_status_filter' took 0.0 seconds {{(pid=96314) wrapper /opt/stack/nova/nova/scheduler/request_filter.py:46}}
Jul 07 14:25:40.451445 np0000004730 nova-scheduler[96314]: DEBUG nova.scheduler.request_filter [None req-1c8be36f-be0f-41fd-8671-de5e92b6bf1d tempest-ServerActionsTestOtherA-396040031 tempest-ServerActionsTestOtherA-396040031-project-member] Request filter 'accelerators_filter' took 0.0 seconds {{(pid=96314) wrapper /opt/stack/nova/nova/scheduler/request_filter.py:46}}
Jul 07 14:25:40.451802 np0000004730 nova-scheduler[96314]: DEBUG nova.scheduler.request_filter [None req-1c8be36f-be0f-41fd-8671-de5e92b6bf1d tempest-ServerActionsTestOtherA-396040031 tempest-ServerActionsTestOtherA-396040031-project-member] Request filter 'packed_virtqueue_filter' took 0.0 seconds {{(pid=96314) wrapper /opt/stack/nova/nova/scheduler/request_filter.py:46}}
Jul 07 14:25:40.454144 np0000004730 nova-scheduler[96314]: DEBUG nova.scheduler.request_filter [None req-1c8be36f-be0f-41fd-8671-de5e92b6bf1d tempest-ServerActionsTestOtherA-396040031 tempest-ServerActionsTestOtherA-396040031-project-member] Request filter 'remote_managed_ports_filter' took 0.0 seconds {{(pid=96314) wrapper /opt/stack/nova/nova/scheduler/request_filter.py:46}}
Jul 07 14:25:40.454144 np0000004730 nova-scheduler[96314]: DEBUG nova.scheduler.request_filter [None req-1c8be36f-be0f-41fd-8671-de5e92b6bf1d tempest-ServerActionsTestOtherA-396040031 tempest-ServerActionsTestOtherA-396040031-project-member] ephemeral_encryption_filter skipped {{(pid=96314) ephemeral_encryption_filter /opt/stack/nova/nova/scheduler/request_filter.py:426}}
Jul 07 14:25:40.454144 np0000004730 nova-scheduler[96314]: DEBUG nova.scheduler.request_filter [None req-1c8be36f-be0f-41fd-8671-de5e92b6bf1d tempest-ServerActionsTestOtherA-396040031 tempest-ServerActionsTestOtherA-396040031-project-member] virtio_sound_filter skipped {{(pid=96314) virtio_sound_filter /opt/stack/nova/nova/scheduler/request_filter.py:460}}
Jul 07 14:25:40.454144 np0000004730 nova-scheduler[96314]: DEBUG nova.scheduler.request_filter [None req-1c8be36f-be0f-41fd-8671-de5e92b6bf1d tempest-ServerActionsTestOtherA-396040031 tempest-ServerActionsTestOtherA-396040031-project-member] tpm_secret_security_filter skipped {{(pid=96314) tpm_secret_security_filter /opt/stack/nova/nova/scheduler/request_filter.py:477}}
Jul 07 14:25:41.304526 np0000004730 nova-scheduler[96314]: INFO nova.utils [None req-1c8be36f-be0f-41fd-8671-de5e92b6bf1d tempest-ServerActionsTestOtherA-396040031 tempest-ServerActionsTestOtherA-396040031-project-member] The cell worker thread pool ForkProcess-3.cell_worker is initialized
Jul 07 14:25:41.304526 np0000004730 nova-scheduler[96314]: DEBUG oslo_concurrency.lockutils [None req-1c8be36f-be0f-41fd-8671-de5e92b6bf1d tempest-ServerActionsTestOtherA-396040031 tempest-ServerActionsTestOtherA-396040031-project-member] Acquiring lock "372d2f05-8cb2-4946-91e6-b81068047225" by "nova.context.set_target_cell..get_or_set_cached_cell_and_set_connections" {{(pid=96314) inner /opt/stack/data/venv/lib/python3.12/site-packages/oslo_concurrency/lockutils.py:511}}
Jul 07 14:25:41.304526 np0000004730 nova-scheduler[96314]: DEBUG oslo_concurrency.lockutils [None req-1c8be36f-be0f-41fd-8671-de5e92b6bf1d tempest-ServerActionsTestOtherA-396040031 tempest-ServerActionsTestOtherA-396040031-project-member] Lock "372d2f05-8cb2-4946-91e6-b81068047225" acquired by "nova.context.set_target_cell..get_or_set_cached_cell_and_set_connections" :: waited 0.000s {{(pid=96314) inner /opt/stack/data/venv/lib/python3.12/site-packages/oslo_concurrency/lockutils.py:524}}
Jul 07 14:25:41.306874 np0000004730 nova-scheduler[96314]: DEBUG oslo_concurrency.lockutils [None req-1c8be36f-be0f-41fd-8671-de5e92b6bf1d tempest-ServerActionsTestOtherA-396040031 tempest-ServerActionsTestOtherA-396040031-project-member] Lock "372d2f05-8cb2-4946-91e6-b81068047225" "released" by "nova.context.set_target_cell..get_or_set_cached_cell_and_set_connections" :: held 0.002s {{(pid=96314) inner /opt/stack/data/venv/lib/python3.12/site-packages/oslo_concurrency/lockutils.py:543}}
Jul 07 14:25:41.309664 np0000004730 nova-scheduler[96314]: INFO dbcounter [None req-1c8be36f-be0f-41fd-8671-de5e92b6bf1d tempest-ServerActionsTestOtherA-396040031 tempest-ServerActionsTestOtherA-396040031-project-member] Registered counter for database nova_cell1
Jul 07 14:25:41.371545 np0000004730 nova-scheduler[96314]: DEBUG oslo_db.sqlalchemy.engines [None req-1c8be36f-be0f-41fd-8671-de5e92b6bf1d tempest-ServerActionsTestOtherA-396040031 tempest-ServerActionsTestOtherA-396040031-project-member] MySQL server mode set to STRICT_TRANS_TABLES,STRICT_ALL_TABLES,NO_ZERO_IN_DATE,NO_ZERO_DATE,ERROR_FOR_DIVISION_BY_ZERO,TRADITIONAL,NO_ENGINE_SUBSTITUTION {{(pid=96314) _check_effective_sql_mode /opt/stack/data/venv/lib/python3.12/site-packages/oslo_db/sqlalchemy/engines.py:325}}
Jul 07 14:25:41.382619 np0000004730 nova-scheduler[96314]: DEBUG dbcounter [-] [96314] Writer thread running {{(pid=96314) stat_writer /opt/stack/data/venv/lib/python3.12/site-packages/dbcounter.py:102}}
Jul 07 14:25:41.403206 np0000004730 nova-scheduler[96314]: DEBUG oslo_db.sqlalchemy.engines [None req-1c8be36f-be0f-41fd-8671-de5e92b6bf1d tempest-ServerActionsTestOtherA-396040031 tempest-ServerActionsTestOtherA-396040031-project-member] Parent process 95054 forked (96314) with an open database connection, which is being discarded and recreated. {{(pid=96314) checkout /opt/stack/data/venv/lib/python3.12/site-packages/oslo_db/sqlalchemy/engines.py:402}}
Jul 07 14:25:41.483190 np0000004730 nova-scheduler[96314]: DEBUG dbcounter [-] [96314] Writer thread running {{(pid=96314) stat_writer /opt/stack/data/venv/lib/python3.12/site-packages/dbcounter.py:102}}
Jul 07 14:25:41.489657 np0000004730 nova-scheduler[96314]: DEBUG oslo_concurrency.lockutils [None req-1c8be36f-be0f-41fd-8671-de5e92b6bf1d tempest-ServerActionsTestOtherA-396040031 tempest-ServerActionsTestOtherA-396040031-project-member] Acquiring lock "372d2f05-8cb2-4946-91e6-b81068047225" by "nova.context.set_target_cell..get_or_set_cached_cell_and_set_connections" {{(pid=96314) inner /opt/stack/data/venv/lib/python3.12/site-packages/oslo_concurrency/lockutils.py:511}}
Jul 07 14:25:41.490147 np0000004730 nova-scheduler[96314]: DEBUG oslo_concurrency.lockutils [None req-1c8be36f-be0f-41fd-8671-de5e92b6bf1d tempest-ServerActionsTestOtherA-396040031 tempest-ServerActionsTestOtherA-396040031-project-member] Lock "372d2f05-8cb2-4946-91e6-b81068047225" acquired by "nova.context.set_target_cell..get_or_set_cached_cell_and_set_connections" :: waited 0.000s {{(pid=96314) inner /opt/stack/data/venv/lib/python3.12/site-packages/oslo_concurrency/lockutils.py:524}}
Jul 07 14:25:41.490552 np0000004730 nova-scheduler[96314]: DEBUG oslo_concurrency.lockutils [None req-1c8be36f-be0f-41fd-8671-de5e92b6bf1d tempest-ServerActionsTestOtherA-396040031 tempest-ServerActionsTestOtherA-396040031-project-member] Lock "372d2f05-8cb2-4946-91e6-b81068047225" "released" by "nova.context.set_target_cell..get_or_set_cached_cell_and_set_connections" :: held 0.000s {{(pid=96314) inner /opt/stack/data/venv/lib/python3.12/site-packages/oslo_concurrency/lockutils.py:543}}
Jul 07 14:25:41.499701 np0000004730 nova-scheduler[96314]: DEBUG oslo_concurrency.lockutils [None req-1c8be36f-be0f-41fd-8671-de5e92b6bf1d tempest-ServerActionsTestOtherA-396040031 tempest-ServerActionsTestOtherA-396040031-project-member] Acquiring lock "np0000004730-np0000004730" by "nova.scheduler.host_manager.HostState.update.._locked_update" {{(pid=96314) inner /opt/stack/data/venv/lib/python3.12/site-packages/oslo_concurrency/lockutils.py:511}}
Jul 07 14:25:41.499983 np0000004730 nova-scheduler[96314]: DEBUG oslo_concurrency.lockutils [None req-1c8be36f-be0f-41fd-8671-de5e92b6bf1d tempest-ServerActionsTestOtherA-396040031 tempest-ServerActionsTestOtherA-396040031-project-member] Lock "np0000004730-np0000004730" acquired by "nova.scheduler.host_manager.HostState.update.._locked_update" :: waited 0.000s {{(pid=96314) inner /opt/stack/data/venv/lib/python3.12/site-packages/oslo_concurrency/lockutils.py:524}}
