Jul 07 14:23:10.638097 np0000004730 nova-conductor[98716]: DEBUG cotyledon.oslo_config_glue [-] oslo_versionedobjects.fatal_exception_format_errors = False {{(pid=98716) log_opt_values /opt/stack/data/venv/lib/python3.12/site-packages/oslo_config/cfg.py:3253}}
Jul 07 14:23:10.638097 np0000004730 nova-conductor[98716]: DEBUG cotyledon.oslo_config_glue [-] oslo_middleware.http_basic_auth_user_file = /etc/htpasswd {{(pid=98716) log_opt_values /opt/stack/data/venv/lib/python3.12/site-packages/oslo_config/cfg.py:3253}}
Jul 07 14:23:10.638097 np0000004730 nova-conductor[98716]: DEBUG cotyledon.oslo_config_glue [-] profiler.connection_string = messaging:// {{(pid=98716) log_opt_values /opt/stack/data/venv/lib/python3.12/site-packages/oslo_config/cfg.py:3253}}
Jul 07 14:23:10.638097 np0000004730 nova-conductor[98716]: DEBUG cotyledon.oslo_config_glue [-] profiler.enabled = False {{(pid=98716) log_opt_values /opt/stack/data/venv/lib/python3.12/site-packages/oslo_config/cfg.py:3253}}
Jul 07 14:23:10.638097 np0000004730 nova-conductor[98716]: DEBUG cotyledon.oslo_config_glue [-] profiler.es_doc_type = notification {{(pid=98716) log_opt_values /opt/stack/data/venv/lib/python3.12/site-packages/oslo_config/cfg.py:3253}}
Jul 07 14:23:10.638097 np0000004730 nova-conductor[98716]: DEBUG cotyledon.oslo_config_glue [-] profiler.es_scroll_size = 10000 {{(pid=98716) log_opt_values /opt/stack/data/venv/lib/python3.12/site-packages/oslo_config/cfg.py:3253}}
Jul 07 14:23:10.638292 np0000004730 nova-conductor[98716]: DEBUG cotyledon.oslo_config_glue [-] profiler.es_scroll_time = 2m {{(pid=98716) log_opt_values /opt/stack/data/venv/lib/python3.12/site-packages/oslo_config/cfg.py:3253}}
Jul 07 14:23:10.638292 np0000004730 nova-conductor[98716]: DEBUG cotyledon.oslo_config_glue [-] profiler.filter_error_trace = False {{(pid=98716) log_opt_values /opt/stack/data/venv/lib/python3.12/site-packages/oslo_config/cfg.py:3253}}
Jul 07 14:23:10.638292 np0000004730 nova-conductor[98716]: DEBUG cotyledon.oslo_config_glue [-] profiler.hmac_keys = **** {{(pid=98716) log_opt_values /opt/stack/data/venv/lib/python3.12/site-packages/oslo_config/cfg.py:3253}}
Jul 07 14:23:10.638292 np0000004730 nova-conductor[98716]: DEBUG cotyledon.oslo_config_glue [-] profiler.sentinel_service_name = mymaster {{(pid=98716) log_opt_values /opt/stack/data/venv/lib/python3.12/site-packages/oslo_config/cfg.py:3253}}
Jul 07 14:23:10.638292 np0000004730 nova-conductor[98716]: DEBUG cotyledon.oslo_config_glue [-] profiler.socket_timeout = 0.1 {{(pid=98716) log_opt_values /opt/stack/data/venv/lib/python3.12/site-packages/oslo_config/cfg.py:3253}}
Jul 07 14:23:10.638292 np0000004730 nova-conductor[98716]: DEBUG cotyledon.oslo_config_glue [-] profiler.trace_requests = False {{(pid=98716) log_opt_values /opt/stack/data/venv/lib/python3.12/site-packages/oslo_config/cfg.py:3253}}
Jul 07 14:23:10.638292 np0000004730 nova-conductor[98716]: DEBUG cotyledon.oslo_config_glue [-] profiler.trace_sqlalchemy = False {{(pid=98716) log_opt_values /opt/stack/data/venv/lib/python3.12/site-packages/oslo_config/cfg.py:3253}}
Jul 07 14:23:10.638292 np0000004730 nova-conductor[98716]: DEBUG cotyledon.oslo_config_glue [-] profiler_jaeger.process_tags = {} {{(pid=98716) log_opt_values /opt/stack/data/venv/lib/python3.12/site-packages/oslo_config/cfg.py:3253}}
Jul 07 14:23:10.638292 np0000004730 nova-conductor[98716]: DEBUG cotyledon.oslo_config_glue [-] profiler_jaeger.service_name_prefix = None {{(pid=98716) log_opt_values /opt/stack/data/venv/lib/python3.12/site-packages/oslo_config/cfg.py:3253}}
Jul 07 14:23:10.638552 np0000004730 nova-conductor[98716]: DEBUG cotyledon.oslo_config_glue [-] profiler_otlp.service_name_prefix = None {{(pid=98716) log_opt_values /opt/stack/data/venv/lib/python3.12/site-packages/oslo_config/cfg.py:3253}}
Jul 07 14:23:10.638552 np0000004730 nova-conductor[98716]: DEBUG cotyledon.oslo_config_glue [-] oslo_messaging_rabbit.amqp_auto_delete = False {{(pid=98716) log_opt_values /opt/stack/data/venv/lib/python3.12/site-packages/oslo_config/cfg.py:3253}}
Jul 07 14:23:10.638552 np0000004730 nova-conductor[98716]: DEBUG cotyledon.oslo_config_glue [-] oslo_messaging_rabbit.amqp_durable_queues = False {{(pid=98716) log_opt_values /opt/stack/data/venv/lib/python3.12/site-packages/oslo_config/cfg.py:3253}}
Jul 07 14:23:10.638552 np0000004730 nova-conductor[98716]: DEBUG cotyledon.oslo_config_glue [-] oslo_messaging_rabbit.conn_pool_min_size = 2 {{(pid=98716) log_opt_values /opt/stack/data/venv/lib/python3.12/site-packages/oslo_config/cfg.py:3253}}
Jul 07 14:23:10.638552 np0000004730 nova-conductor[98716]: DEBUG cotyledon.oslo_config_glue [-] oslo_messaging_rabbit.conn_pool_ttl = 1200 {{(pid=98716) log_opt_values /opt/stack/data/venv/lib/python3.12/site-packages/oslo_config/cfg.py:3253}}
Jul 07 14:23:10.638552 np0000004730 nova-conductor[98716]: DEBUG cotyledon.oslo_config_glue [-] oslo_messaging_rabbit.direct_mandatory_flag = True {{(pid=98716) log_opt_values /opt/stack/data/venv/lib/python3.12/site-packages/oslo_config/cfg.py:3253}}
Jul 07 14:23:10.638552 np0000004730 nova-conductor[98716]: DEBUG cotyledon.oslo_config_glue [-] oslo_messaging_rabbit.enable_cancel_on_failover = False {{(pid=98716) log_opt_values /opt/stack/data/venv/lib/python3.12/site-packages/oslo_config/cfg.py:3253}}
Jul 07 14:23:10.638552 np0000004730 nova-conductor[98716]: DEBUG cotyledon.oslo_config_glue [-] oslo_messaging_rabbit.heartbeat_rate = 3 {{(pid=98716) log_opt_values /opt/stack/data/venv/lib/python3.12/site-packages/oslo_config/cfg.py:3253}}
Jul 07 14:23:10.638552 np0000004730 nova-conductor[98716]: DEBUG cotyledon.oslo_config_glue [-] oslo_messaging_rabbit.heartbeat_timeout_threshold = 60 {{(pid=98716) log_opt_values /opt/stack/data/venv/lib/python3.12/site-packages/oslo_config/cfg.py:3253}}
Jul 07 14:23:10.638767 np0000004730 nova-conductor[98716]: DEBUG cotyledon.oslo_config_glue [-] oslo_messaging_rabbit.hostname = np0000004730 {{(pid=98716) log_opt_values /opt/stack/data/venv/lib/python3.12/site-packages/oslo_config/cfg.py:3253}}
Jul 07 14:23:10.638767 np0000004730 nova-conductor[98716]: DEBUG cotyledon.oslo_config_glue [-] oslo_messaging_rabbit.kombu_compression = None {{(pid=98716) log_opt_values /opt/stack/data/venv/lib/python3.12/site-packages/oslo_config/cfg.py:3253}}
Jul 07 14:23:10.638767 np0000004730 nova-conductor[98716]: DEBUG cotyledon.oslo_config_glue [-] oslo_messaging_rabbit.kombu_failover_strategy = round-robin {{(pid=98716) log_opt_values /opt/stack/data/venv/lib/python3.12/site-packages/oslo_config/cfg.py:3253}}
Jul 07 14:23:10.638767 np0000004730 nova-conductor[98716]: DEBUG cotyledon.oslo_config_glue [-] oslo_messaging_rabbit.kombu_missing_consumer_retry_timeout = 60 {{(pid=98716) log_opt_values /opt/stack/data/venv/lib/python3.12/site-packages/oslo_config/cfg.py:3253}}
Jul 07 14:23:10.638767 np0000004730 nova-conductor[98716]: DEBUG cotyledon.oslo_config_glue [-] oslo_messaging_rabbit.kombu_reconnect_delay = 1.0 {{(pid=98716) log_opt_values /opt/stack/data/venv/lib/python3.12/site-packages/oslo_config/cfg.py:3253}}
Jul 07 14:23:10.638767 np0000004730 nova-conductor[98716]: DEBUG cotyledon.oslo_config_glue [-] oslo_messaging_rabbit.kombu_reconnect_splay = 0.0 {{(pid=98716) log_opt_values /opt/stack/data/venv/lib/python3.12/site-packages/oslo_config/cfg.py:3253}}
Jul 07 14:23:10.638767 np0000004730 nova-conductor[98716]: DEBUG cotyledon.oslo_config_glue [-] oslo_messaging_rabbit.processname = nova-conductor {{(pid=98716) log_opt_values /opt/stack/data/venv/lib/python3.12/site-packages/oslo_config/cfg.py:3253}}
Jul 07 14:23:10.638767 np0000004730 nova-conductor[98716]: DEBUG cotyledon.oslo_config_glue [-] oslo_messaging_rabbit.rabbit_ha_queues = False {{(pid=98716) log_opt_values /opt/stack/data/venv/lib/python3.12/site-packages/oslo_config/cfg.py:3253}}
Jul 07 14:23:10.638767 np0000004730 nova-conductor[98716]: DEBUG cotyledon.oslo_config_glue [-] oslo_messaging_rabbit.rabbit_interval_max = 30 {{(pid=98716) log_opt_values /opt/stack/data/venv/lib/python3.12/site-packages/oslo_config/cfg.py:3253}}
Jul 07 14:23:10.638972 np0000004730 nova-conductor[98716]: DEBUG cotyledon.oslo_config_glue [-] oslo_messaging_rabbit.rabbit_login_method = AMQPLAIN {{(pid=98716) log_opt_values /opt/stack/data/venv/lib/python3.12/site-packages/oslo_config/cfg.py:3253}}
Jul 07 14:23:10.638972 np0000004730 nova-conductor[98716]: DEBUG cotyledon.oslo_config_glue [-] oslo_messaging_rabbit.rabbit_qos_prefetch_count = 0 {{(pid=98716) log_opt_values /opt/stack/data/venv/lib/python3.12/site-packages/oslo_config/cfg.py:3253}}
Jul 07 14:23:10.638972 np0000004730 nova-conductor[98716]: DEBUG cotyledon.oslo_config_glue [-] oslo_messaging_rabbit.rabbit_quorum_delivery_limit = 0 {{(pid=98716) log_opt_values /opt/stack/data/venv/lib/python3.12/site-packages/oslo_config/cfg.py:3253}}
Jul 07 14:23:10.638972 np0000004730 nova-conductor[98716]: DEBUG cotyledon.oslo_config_glue [-] oslo_messaging_rabbit.rabbit_quorum_max_memory_bytes = 0 {{(pid=98716) log_opt_values /opt/stack/data/venv/lib/python3.12/site-packages/oslo_config/cfg.py:3253}}
Jul 07 14:23:10.638972 np0000004730 nova-conductor[98716]: DEBUG cotyledon.oslo_config_glue [-] oslo_messaging_rabbit.rabbit_quorum_max_memory_length = 0 {{(pid=98716) log_opt_values /opt/stack/data/venv/lib/python3.12/site-packages/oslo_config/cfg.py:3253}}
Jul 07 14:23:10.638972 np0000004730 nova-conductor[98716]: DEBUG cotyledon.oslo_config_glue [-] oslo_messaging_rabbit.rabbit_quorum_queue = False {{(pid=98716) log_opt_values /opt/stack/data/venv/lib/python3.12/site-packages/oslo_config/cfg.py:3253}}
Jul 07 14:23:10.638972 np0000004730 nova-conductor[98716]: DEBUG cotyledon.oslo_config_glue [-] oslo_messaging_rabbit.rabbit_retry_backoff = 2 {{(pid=98716) log_opt_values /opt/stack/data/venv/lib/python3.12/site-packages/oslo_config/cfg.py:3253}}
Jul 07 14:23:10.638972 np0000004730 nova-conductor[98716]: DEBUG cotyledon.oslo_config_glue [-] oslo_messaging_rabbit.rabbit_retry_interval = 1 {{(pid=98716) log_opt_values /opt/stack/data/venv/lib/python3.12/site-packages/oslo_config/cfg.py:3253}}
Jul 07 14:23:10.638972 np0000004730 nova-conductor[98716]: DEBUG cotyledon.oslo_config_glue [-] oslo_messaging_rabbit.rabbit_stream_fanout = False {{(pid=98716) log_opt_values /opt/stack/data/venv/lib/python3.12/site-packages/oslo_config/cfg.py:3253}}
Jul 07 14:23:10.639169 np0000004730 nova-conductor[98716]: DEBUG cotyledon.oslo_config_glue [-] oslo_messaging_rabbit.rabbit_transient_queues_ttl = 1800 {{(pid=98716) log_opt_values /opt/stack/data/venv/lib/python3.12/site-packages/oslo_config/cfg.py:3253}}
Jul 07 14:23:10.639169 np0000004730 nova-conductor[98716]: DEBUG cotyledon.oslo_config_glue [-] oslo_messaging_rabbit.rabbit_transient_quorum_queue = False {{(pid=98716) log_opt_values /opt/stack/data/venv/lib/python3.12/site-packages/oslo_config/cfg.py:3253}}
Jul 07 14:23:10.639169 np0000004730 nova-conductor[98716]: DEBUG cotyledon.oslo_config_glue [-] oslo_messaging_rabbit.rpc_conn_pool_size = 30 {{(pid=98716) log_opt_values /opt/stack/data/venv/lib/python3.12/site-packages/oslo_config/cfg.py:3253}}
Jul 07 14:23:10.639169 np0000004730 nova-conductor[98716]: DEBUG cotyledon.oslo_config_glue [-] oslo_messaging_rabbit.ssl = False {{(pid=98716) log_opt_values /opt/stack/data/venv/lib/python3.12/site-packages/oslo_config/cfg.py:3253}}
Jul 07 14:23:10.639169 np0000004730 nova-conductor[98716]: DEBUG cotyledon.oslo_config_glue [-] oslo_messaging_rabbit.ssl_ca_file = {{(pid=98716) log_opt_values /opt/stack/data/venv/lib/python3.12/site-packages/oslo_config/cfg.py:3253}}
Jul 07 14:23:10.639169 np0000004730 nova-conductor[98716]: DEBUG cotyledon.oslo_config_glue [-] oslo_messaging_rabbit.ssl_cert_file = {{(pid=98716) log_opt_values /opt/stack/data/venv/lib/python3.12/site-packages/oslo_config/cfg.py:3253}}
Jul 07 14:23:10.639169 np0000004730 nova-conductor[98716]: DEBUG cotyledon.oslo_config_glue [-] oslo_messaging_rabbit.ssl_enforce_fips_mode = False {{(pid=98716) log_opt_values /opt/stack/data/venv/lib/python3.12/site-packages/oslo_config/cfg.py:3253}}
Jul 07 14:23:10.639169 np0000004730 nova-conductor[98716]: DEBUG cotyledon.oslo_config_glue [-] oslo_messaging_rabbit.ssl_enforce_hostname_verification = True {{(pid=98716) log_opt_values /opt/stack/data/venv/lib/python3.12/site-packages/oslo_config/cfg.py:3253}}
Jul 07 14:23:10.639169 np0000004730 nova-conductor[98716]: DEBUG cotyledon.oslo_config_glue [-] oslo_messaging_rabbit.ssl_key_file = {{(pid=98716) log_opt_values /opt/stack/data/venv/lib/python3.12/site-packages/oslo_config/cfg.py:3253}}
Jul 07 14:23:10.639357 np0000004730 nova-conductor[98716]: DEBUG cotyledon.oslo_config_glue [-] oslo_messaging_rabbit.ssl_version = {{(pid=98716) log_opt_values /opt/stack/data/venv/lib/python3.12/site-packages/oslo_config/cfg.py:3253}}
Jul 07 14:23:10.639357 np0000004730 nova-conductor[98716]: DEBUG cotyledon.oslo_config_glue [-] oslo_messaging_rabbit.use_queue_manager = False {{(pid=98716) log_opt_values /opt/stack/data/venv/lib/python3.12/site-packages/oslo_config/cfg.py:3253}}
Jul 07 14:23:10.639357 np0000004730 nova-conductor[98716]: DEBUG cotyledon.oslo_config_glue [-] oslo_messaging_notifications.driver = ['messagingv2'] {{(pid=98716) log_opt_values /opt/stack/data/venv/lib/python3.12/site-packages/oslo_config/cfg.py:3253}}
Jul 07 14:23:10.639357 np0000004730 nova-conductor[98716]: DEBUG cotyledon.oslo_config_glue [-] oslo_messaging_notifications.retry = -1 {{(pid=98716) log_opt_values /opt/stack/data/venv/lib/python3.12/site-packages/oslo_config/cfg.py:3253}}
Jul 07 14:23:10.639357 np0000004730 nova-conductor[98716]: DEBUG cotyledon.oslo_config_glue [-] oslo_messaging_notifications.topics = ['notifications'] {{(pid=98716) log_opt_values /opt/stack/data/venv/lib/python3.12/site-packages/oslo_config/cfg.py:3253}}
Jul 07 14:23:10.639357 np0000004730 nova-conductor[98716]: DEBUG cotyledon.oslo_config_glue [-] oslo_messaging_notifications.transport_url = **** {{(pid=98716) log_opt_values /opt/stack/data/venv/lib/python3.12/site-packages/oslo_config/cfg.py:3253}}
Jul 07 14:23:10.639357 np0000004730 nova-conductor[98716]: DEBUG cotyledon.oslo_config_glue [-] oslo_limit.auth_section = None {{(pid=98716) log_opt_values /opt/stack/data/venv/lib/python3.12/site-packages/oslo_config/cfg.py:3253}}
Jul 07 14:23:10.639357 np0000004730 nova-conductor[98716]: DEBUG cotyledon.oslo_config_glue [-] oslo_limit.auth_type = None {{(pid=98716) log_opt_values /opt/stack/data/venv/lib/python3.12/site-packages/oslo_config/cfg.py:3253}}
Jul 07 14:23:10.639357 np0000004730 nova-conductor[98716]: DEBUG cotyledon.oslo_config_glue [-] oslo_limit.cafile = None {{(pid=98716) log_opt_values /opt/stack/data/venv/lib/python3.12/site-packages/oslo_config/cfg.py:3253}}
Jul 07 14:23:10.639553 np0000004730 nova-conductor[98716]: DEBUG cotyledon.oslo_config_glue [-] oslo_limit.certfile = None {{(pid=98716) log_opt_values /opt/stack/data/venv/lib/python3.12/site-packages/oslo_config/cfg.py:3253}}
Jul 07 14:23:10.639553 np0000004730 nova-conductor[98716]: DEBUG cotyledon.oslo_config_glue [-] oslo_limit.collect_timing = False {{(pid=98716) log_opt_values /opt/stack/data/venv/lib/python3.12/site-packages/oslo_config/cfg.py:3253}}
Jul 07 14:23:10.639553 np0000004730 nova-conductor[98716]: DEBUG cotyledon.oslo_config_glue [-] oslo_limit.connect_retries = None {{(pid=98716) log_opt_values /opt/stack/data/venv/lib/python3.12/site-packages/oslo_config/cfg.py:3253}}
Jul 07 14:23:10.639553 np0000004730 nova-conductor[98716]: DEBUG cotyledon.oslo_config_glue [-] oslo_limit.connect_retry_delay = None {{(pid=98716) log_opt_values /opt/stack/data/venv/lib/python3.12/site-packages/oslo_config/cfg.py:3253}}
Jul 07 14:23:10.639553 np0000004730 nova-conductor[98716]: DEBUG cotyledon.oslo_config_glue [-] oslo_limit.endpoint_id = None {{(pid=98716) log_opt_values /opt/stack/data/venv/lib/python3.12/site-packages/oslo_config/cfg.py:3253}}
Jul 07 14:23:10.639553 np0000004730 nova-conductor[98716]: DEBUG cotyledon.oslo_config_glue [-] oslo_limit.endpoint_interface = public {{(pid=98716) log_opt_values /opt/stack/data/venv/lib/python3.12/site-packages/oslo_config/cfg.py:3253}}
Jul 07 14:23:10.639553 np0000004730 nova-conductor[98716]: DEBUG cotyledon.oslo_config_glue [-] oslo_limit.endpoint_override = None {{(pid=98716) log_opt_values /opt/stack/data/venv/lib/python3.12/site-packages/oslo_config/cfg.py:3253}}
Jul 07 14:23:10.639553 np0000004730 nova-conductor[98716]: DEBUG cotyledon.oslo_config_glue [-] oslo_limit.endpoint_region_name = None {{(pid=98716) log_opt_values /opt/stack/data/venv/lib/python3.12/site-packages/oslo_config/cfg.py:3253}}
Jul 07 14:23:10.639553 np0000004730 nova-conductor[98716]: DEBUG cotyledon.oslo_config_glue [-] oslo_limit.endpoint_service_name = None {{(pid=98716) log_opt_values /opt/stack/data/venv/lib/python3.12/site-packages/oslo_config/cfg.py:3253}}
Jul 07 14:23:10.639771 np0000004730 nova-conductor[98716]: DEBUG cotyledon.oslo_config_glue [-] oslo_limit.endpoint_service_type = None {{(pid=98716) log_opt_values /opt/stack/data/venv/lib/python3.12/site-packages/oslo_config/cfg.py:3253}}
Jul 07 14:23:10.639771 np0000004730 nova-conductor[98716]: DEBUG cotyledon.oslo_config_glue [-] oslo_limit.insecure = False {{(pid=98716) log_opt_values /opt/stack/data/venv/lib/python3.12/site-packages/oslo_config/cfg.py:3253}}
Jul 07 14:23:10.639771 np0000004730 nova-conductor[98716]: DEBUG cotyledon.oslo_config_glue [-] oslo_limit.keyfile = None {{(pid=98716) log_opt_values /opt/stack/data/venv/lib/python3.12/site-packages/oslo_config/cfg.py:3253}}
Jul 07 14:23:10.639771 np0000004730 nova-conductor[98716]: DEBUG cotyledon.oslo_config_glue [-] oslo_limit.max_version = None {{(pid=98716) log_opt_values /opt/stack/data/venv/lib/python3.12/site-packages/oslo_config/cfg.py:3253}}
Jul 07 14:23:10.639771 np0000004730 nova-conductor[98716]: DEBUG cotyledon.oslo_config_glue [-] oslo_limit.min_version = None {{(pid=98716) log_opt_values /opt/stack/data/venv/lib/python3.12/site-packages/oslo_config/cfg.py:3253}}
Jul 07 14:23:10.639771 np0000004730 nova-conductor[98716]: DEBUG cotyledon.oslo_config_glue [-] oslo_limit.region_name = None {{(pid=98716) log_opt_values /opt/stack/data/venv/lib/python3.12/site-packages/oslo_config/cfg.py:3253}}
Jul 07 14:23:10.639771 np0000004730 nova-conductor[98716]: DEBUG cotyledon.oslo_config_glue [-] oslo_limit.retriable_status_codes = None {{(pid=98716) log_opt_values /opt/stack/data/venv/lib/python3.12/site-packages/oslo_config/cfg.py:3253}}
Jul 07 14:23:10.639771 np0000004730 nova-conductor[98716]: DEBUG cotyledon.oslo_config_glue [-] oslo_limit.service_name = None {{(pid=98716) log_opt_values /opt/stack/data/venv/lib/python3.12/site-packages/oslo_config/cfg.py:3253}}
Jul 07 14:23:10.639771 np0000004730 nova-conductor[98716]: DEBUG cotyledon.oslo_config_glue [-] oslo_limit.service_type = None {{(pid=98716) log_opt_values /opt/stack/data/venv/lib/python3.12/site-packages/oslo_config/cfg.py:3253}}
Jul 07 14:23:10.640026 np0000004730 nova-conductor[98716]: DEBUG cotyledon.oslo_config_glue [-] oslo_limit.split_loggers = False {{(pid=98716) log_opt_values /opt/stack/data/venv/lib/python3.12/site-packages/oslo_config/cfg.py:3253}}
Jul 07 14:23:10.640026 np0000004730 nova-conductor[98716]: DEBUG cotyledon.oslo_config_glue [-] oslo_limit.status_code_retries = None {{(pid=98716) log_opt_values /opt/stack/data/venv/lib/python3.12/site-packages/oslo_config/cfg.py:3253}}
Jul 07 14:23:10.640026 np0000004730 nova-conductor[98716]: DEBUG cotyledon.oslo_config_glue [-] oslo_limit.status_code_retry_delay = None {{(pid=98716) log_opt_values /opt/stack/data/venv/lib/python3.12/site-packages/oslo_config/cfg.py:3253}}
Jul 07 14:23:10.640026 np0000004730 nova-conductor[98716]: DEBUG cotyledon.oslo_config_glue [-] oslo_limit.timeout = None {{(pid=98716) log_opt_values /opt/stack/data/venv/lib/python3.12/site-packages/oslo_config/cfg.py:3253}}
Jul 07 14:23:10.640026 np0000004730 nova-conductor[98716]: DEBUG cotyledon.oslo_config_glue [-] oslo_limit.valid_interfaces = None {{(pid=98716) log_opt_values /opt/stack/data/venv/lib/python3.12/site-packages/oslo_config/cfg.py:3253}}
Jul 07 14:23:10.640026 np0000004730 nova-conductor[98716]: DEBUG cotyledon.oslo_config_glue [-] oslo_limit.version = None {{(pid=98716) log_opt_values /opt/stack/data/venv/lib/python3.12/site-packages/oslo_config/cfg.py:3253}}
Jul 07 14:23:10.640026 np0000004730 nova-conductor[98716]: DEBUG cotyledon.oslo_config_glue [-] oslo_reports.file_event_handler = None {{(pid=98716) log_opt_values /opt/stack/data/venv/lib/python3.12/site-packages/oslo_config/cfg.py:3253}}
Jul 07 14:23:10.640026 np0000004730 nova-conductor[98716]: DEBUG cotyledon.oslo_config_glue [-] oslo_reports.file_event_handler_interval = 1 {{(pid=98716) log_opt_values /opt/stack/data/venv/lib/python3.12/site-packages/oslo_config/cfg.py:3253}}
Jul 07 14:23:10.640026 np0000004730 nova-conductor[98716]: DEBUG cotyledon.oslo_config_glue [-] oslo_reports.log_dir = None {{(pid=98716) log_opt_values /opt/stack/data/venv/lib/python3.12/site-packages/oslo_config/cfg.py:3253}}
Jul 07 14:23:10.640448 np0000004730 nova-conductor[98716]: DEBUG cotyledon.oslo_config_glue [-] ******************************************************************************** {{(pid=98716) log_opt_values /opt/stack/data/venv/lib/python3.12/site-packages/oslo_config/cfg.py:3260}}
Jul 07 14:23:10.640448 np0000004730 nova-conductor[98716]: DEBUG cotyledon._service_worker [-] Run service ServiceWrapper(3) [98716] {{(pid=98716) wait_forever /opt/stack/data/venv/lib/python3.12/site-packages/cotyledon/_service_worker.py:218}}
Jul 07 14:23:10.640448 np0000004730 nova-conductor[98716]: INFO nova.service [-] Starting conductor node (version 33.1.0)
Jul 07 14:23:10.640448 np0000004730 nova-conductor[98716]: INFO dbcounter [None req-1241e3e1-9f7c-48c7-85d2-ef73489b6493 None None] Registered counter for database nova_cell0
Jul 07 14:23:10.640539 np0000004730 nova-conductor[98698]: DEBUG oslo_db.sqlalchemy.engines [None req-5899944a-7db7-4233-8ab2-64930fac4c41 None None] MySQL server mode set to STRICT_TRANS_TABLES,STRICT_ALL_TABLES,NO_ZERO_IN_DATE,NO_ZERO_DATE,ERROR_FOR_DIVISION_BY_ZERO,TRADITIONAL,NO_ENGINE_SUBSTITUTION {{(pid=98698) _check_effective_sql_mode /opt/stack/data/venv/lib/python3.12/site-packages/oslo_db/sqlalchemy/engines.py:325}}
Jul 07 14:23:10.640577 np0000004730 nova-conductor[98711]: DEBUG oslo_db.sqlalchemy.engines [None req-f8d10f8d-660e-4c5e-aefc-a6cff4b5b49f None None] MySQL server mode set to STRICT_TRANS_TABLES,STRICT_ALL_TABLES,NO_ZERO_IN_DATE,NO_ZERO_DATE,ERROR_FOR_DIVISION_BY_ZERO,TRADITIONAL,NO_ENGINE_SUBSTITUTION {{(pid=98711) _check_effective_sql_mode /opt/stack/data/venv/lib/python3.12/site-packages/oslo_db/sqlalchemy/engines.py:325}}
Jul 07 14:23:10.642547 np0000004730 nova-conductor[98698]: DEBUG dbcounter [-] [98698] Writer thread running {{(pid=98698) stat_writer /opt/stack/data/venv/lib/python3.12/site-packages/dbcounter.py:102}}
Jul 07 14:23:10.646622 np0000004730 nova-conductor[98711]: DEBUG dbcounter [-] [98711] Writer thread running {{(pid=98711) stat_writer /opt/stack/data/venv/lib/python3.12/site-packages/dbcounter.py:102}}
Jul 07 14:23:10.657388 np0000004730 nova-conductor[98703]: DEBUG oslo_db.sqlalchemy.engines [None req-4ea119d6-fd58-4aed-bfd2-4925507d0485 None None] MySQL server mode set to STRICT_TRANS_TABLES,STRICT_ALL_TABLES,NO_ZERO_IN_DATE,NO_ZERO_DATE,ERROR_FOR_DIVISION_BY_ZERO,TRADITIONAL,NO_ENGINE_SUBSTITUTION {{(pid=98703) _check_effective_sql_mode /opt/stack/data/venv/lib/python3.12/site-packages/oslo_db/sqlalchemy/engines.py:325}}
Jul 07 14:23:10.660367 np0000004730 nova-conductor[98716]: DEBUG oslo_db.sqlalchemy.engines [None req-1241e3e1-9f7c-48c7-85d2-ef73489b6493 None None] MySQL server mode set to STRICT_TRANS_TABLES,STRICT_ALL_TABLES,NO_ZERO_IN_DATE,NO_ZERO_DATE,ERROR_FOR_DIVISION_BY_ZERO,TRADITIONAL,NO_ENGINE_SUBSTITUTION {{(pid=98716) _check_effective_sql_mode /opt/stack/data/venv/lib/python3.12/site-packages/oslo_db/sqlalchemy/engines.py:325}}
Jul 07 14:23:10.661469 np0000004730 nova-conductor[98698]: DEBUG nova.service [None req-5899944a-7db7-4233-8ab2-64930fac4c41 None None] Creating RPC server for service: nova-conductor on topic: conductor {{(pid=98698) start /opt/stack/nova/nova/service.py:196}}
Jul 07 14:23:10.667405 np0000004730 nova-conductor[98711]: DEBUG nova.service [None req-f8d10f8d-660e-4c5e-aefc-a6cff4b5b49f None None] Creating RPC server for service: nova-conductor on topic: conductor {{(pid=98711) start /opt/stack/nova/nova/service.py:196}}
Jul 07 14:23:10.668145 np0000004730 nova-conductor[98703]: DEBUG dbcounter [-] [98703] Writer thread running {{(pid=98703) stat_writer /opt/stack/data/venv/lib/python3.12/site-packages/dbcounter.py:102}}
Jul 07 14:23:10.671148 np0000004730 nova-conductor[98716]: DEBUG dbcounter [-] [98716] Writer thread running {{(pid=98716) stat_writer /opt/stack/data/venv/lib/python3.12/site-packages/dbcounter.py:102}}
Jul 07 14:23:10.671846 np0000004730 nova-conductor[98703]: DEBUG nova.service [None req-4ea119d6-fd58-4aed-bfd2-4925507d0485 None None] Creating RPC server for service: nova-conductor on topic: conductor {{(pid=98703) start /opt/stack/nova/nova/service.py:196}}
Jul 07 14:23:10.674082 np0000004730 nova-conductor[98716]: DEBUG nova.service [None req-1241e3e1-9f7c-48c7-85d2-ef73489b6493 None None] Creating RPC server for service: nova-conductor on topic: conductor {{(pid=98716) start /opt/stack/nova/nova/service.py:196}}
Jul 07 14:23:10.686095 np0000004730 nova-conductor[98711]: DEBUG nova.service [None req-f8d10f8d-660e-4c5e-aefc-a6cff4b5b49f None None] Join ServiceGroup membership for this service conductor {{(pid=98711) start /opt/stack/nova/nova/service.py:222}}
Jul 07 14:23:10.687013 np0000004730 nova-conductor[98698]: DEBUG nova.service [None req-5899944a-7db7-4233-8ab2-64930fac4c41 None None] Join ServiceGroup membership for this service conductor {{(pid=98698) start /opt/stack/nova/nova/service.py:222}}
Jul 07 14:23:10.687310 np0000004730 nova-conductor[98711]: DEBUG nova.servicegroup.drivers.db [None req-f8d10f8d-660e-4c5e-aefc-a6cff4b5b49f None None] DB_Driver: join new ServiceGroup member np0000004730 to the conductor group, service = {{(pid=98711) join /opt/stack/nova/nova/servicegroup/drivers/db.py:44}}
Jul 07 14:23:10.687391 np0000004730 nova-conductor[98698]: DEBUG nova.servicegroup.drivers.db [None req-5899944a-7db7-4233-8ab2-64930fac4c41 None None] DB_Driver: join new ServiceGroup member np0000004730 to the conductor group, service = {{(pid=98698) join /opt/stack/nova/nova/servicegroup/drivers/db.py:44}}
Jul 07 14:23:10.691724 np0000004730 nova-conductor[98703]: DEBUG nova.service [None req-4ea119d6-fd58-4aed-bfd2-4925507d0485 None None] Join ServiceGroup membership for this service conductor {{(pid=98703) start /opt/stack/nova/nova/service.py:222}}
Jul 07 14:23:10.691983 np0000004730 nova-conductor[98703]: DEBUG nova.servicegroup.drivers.db [None req-4ea119d6-fd58-4aed-bfd2-4925507d0485 None None] DB_Driver: join new ServiceGroup member np0000004730 to the conductor group, service = {{(pid=98703) join /opt/stack/nova/nova/servicegroup/drivers/db.py:44}}
Jul 07 14:23:10.694136 np0000004730 nova-conductor[98716]: DEBUG nova.service [None req-1241e3e1-9f7c-48c7-85d2-ef73489b6493 None None] Join ServiceGroup membership for this service conductor {{(pid=98716) start /opt/stack/nova/nova/service.py:222}}
Jul 07 14:23:10.694314 np0000004730 nova-conductor[98716]: DEBUG nova.servicegroup.drivers.db [None req-1241e3e1-9f7c-48c7-85d2-ef73489b6493 None None] DB_Driver: join new ServiceGroup member np0000004730 to the conductor group, service = {{(pid=98716) join /opt/stack/nova/nova/servicegroup/drivers/db.py:44}}
Jul 07 14:23:15.698742 np0000004730 nova-conductor[98698]: DEBUG oslo.service.backend._threading.loopingcall [-] Fixed interval looping call 'nova.servicegroup.drivers.db.DbDriver._report_state' sleeping for 119.99 seconds {{(pid=98698) _run_loop /opt/stack/data/venv/lib/python3.12/site-packages/oslo_service/backend/_threading/loopingcall.py:125}}
Jul 07 14:23:15.702581 np0000004730 nova-conductor[98711]: DEBUG oslo.service.backend._threading.loopingcall [-] Fixed interval looping call 'nova.servicegroup.drivers.db.DbDriver._report_state' sleeping for 119.99 seconds {{(pid=98711) _run_loop /opt/stack/data/venv/lib/python3.12/site-packages/oslo_service/backend/_threading/loopingcall.py:125}}
Jul 07 14:23:15.706794 np0000004730 nova-conductor[98703]: DEBUG oslo.service.backend._threading.loopingcall [-] Fixed interval looping call 'nova.servicegroup.drivers.db.DbDriver._report_state' sleeping for 119.99 seconds {{(pid=98703) _run_loop /opt/stack/data/venv/lib/python3.12/site-packages/oslo_service/backend/_threading/loopingcall.py:125}}
Jul 07 14:23:15.710423 np0000004730 nova-conductor[98716]: DEBUG oslo.service.backend._threading.loopingcall [-] Fixed interval looping call 'nova.servicegroup.drivers.db.DbDriver._report_state' sleeping for 119.99 seconds {{(pid=98716) _run_loop /opt/stack/data/venv/lib/python3.12/site-packages/oslo_service/backend/_threading/loopingcall.py:125}}
Jul 07 14:23:18.696211 np0000004730 nova-conductor[98716]: DEBUG oslo.service.backend._threading.loopingcall [None req-fb527701-68a6-46ed-ac83-7730e4e30681 None None] Dynamic interval looping call 'nova.service.Service.periodic_tasks' sleeping for 60.00 seconds {{(pid=98716) _run_loop /opt/stack/data/venv/lib/python3.12/site-packages/oslo_service/backend/_threading/loopingcall.py:125}}
Jul 07 14:23:19.260783 np0000004730 nova-conductor[97205]: DEBUG dbcounter [-] [97205] Writing DB stats nova_api:SELECT=1 {{(pid=97205) stat_writer /opt/stack/data/venv/lib/python3.12/site-packages/dbcounter.py:115}}
Jul 07 14:23:19.398217 np0000004730 nova-conductor[97205]: DEBUG dbcounter [-] [97205] Writing DB stats nova_cell0:SELECT=1 {{(pid=97205) stat_writer /opt/stack/data/venv/lib/python3.12/site-packages/dbcounter.py:115}}
Jul 07 14:23:19.401965 np0000004730 nova-conductor[97205]: DEBUG dbcounter [-] [97205] Writing DB stats nova_cell1:SELECT=1 {{(pid=97205) stat_writer /opt/stack/data/venv/lib/python3.12/site-packages/dbcounter.py:115}}
Jul 07 14:23:25.695473 np0000004730 nova-conductor[98698]: DEBUG dbcounter [-] [98698] Writing DB stats nova_cell0:SELECT=4,nova_cell0:INSERT=1,nova_cell0:UPDATE=1 {{(pid=98698) stat_writer /opt/stack/data/venv/lib/python3.12/site-packages/dbcounter.py:115}}
Jul 07 14:23:25.699307 np0000004730 nova-conductor[98711]: DEBUG dbcounter [-] [98711] Writing DB stats nova_cell0:SELECT=5,nova_cell0:INSERT=1,nova_cell0:UPDATE=1 {{(pid=98711) stat_writer /opt/stack/data/venv/lib/python3.12/site-packages/dbcounter.py:115}}
Jul 07 14:23:25.701383 np0000004730 nova-conductor[98703]: DEBUG dbcounter [-] [98703] Writing DB stats nova_cell0:SELECT=3 {{(pid=98703) stat_writer /opt/stack/data/venv/lib/python3.12/site-packages/dbcounter.py:115}}
Jul 07 14:23:25.704275 np0000004730 nova-conductor[98716]: DEBUG dbcounter [-] [98716] Writing DB stats nova_cell0:SELECT=3 {{(pid=98716) stat_writer /opt/stack/data/venv/lib/python3.12/site-packages/dbcounter.py:115}}
Jul 07 14:23:31.688159 np0000004730 nova-conductor[98698]: DEBUG oslo.service.backend._threading.loopingcall [None req-5379fb2e-e4f9-49a1-bf82-16162e7a0f47 None None] Dynamic interval looping call 'nova.service.Service.periodic_tasks' sleeping for 60.00 seconds {{(pid=98698) _run_loop /opt/stack/data/venv/lib/python3.12/site-packages/oslo_service/backend/_threading/loopingcall.py:125}}
Jul 07 14:23:49.688286 np0000004730 nova-conductor[98711]: DEBUG oslo.service.backend._threading.loopingcall [None req-45dc681b-cad5-4a8c-9308-f4927fd79720 None None] Dynamic interval looping call 'nova.service.Service.periodic_tasks' sleeping for 60.00 seconds {{(pid=98711) _run_loop /opt/stack/data/venv/lib/python3.12/site-packages/oslo_service/backend/_threading/loopingcall.py:125}}
Jul 07 14:23:51.693936 np0000004730 nova-conductor[98703]: DEBUG oslo.service.backend._threading.loopingcall [None req-d39dc004-60fa-472f-873f-8624f7c41385 None None] Dynamic interval looping call 'nova.service.Service.periodic_tasks' sleeping for 60.00 seconds {{(pid=98703) _run_loop /opt/stack/data/venv/lib/python3.12/site-packages/oslo_service/backend/_threading/loopingcall.py:125}}
Jul 07 14:24:18.696659 np0000004730 nova-conductor[98716]: DEBUG oslo.service.backend._threading.loopingcall [None req-fb527701-68a6-46ed-ac83-7730e4e30681 None None] Dynamic interval looping call 'nova.service.Service.periodic_tasks' sleeping for 60.00 seconds {{(pid=98716) _run_loop /opt/stack/data/venv/lib/python3.12/site-packages/oslo_service/backend/_threading/loopingcall.py:125}}
Jul 07 14:24:31.688762 np0000004730 nova-conductor[98698]: DEBUG oslo.service.backend._threading.loopingcall [None req-5379fb2e-e4f9-49a1-bf82-16162e7a0f47 None None] Dynamic interval looping call 'nova.service.Service.periodic_tasks' sleeping for 60.00 seconds {{(pid=98698) _run_loop /opt/stack/data/venv/lib/python3.12/site-packages/oslo_service/backend/_threading/loopingcall.py:125}}
Jul 07 14:24:49.688779 np0000004730 nova-conductor[98711]: DEBUG oslo.service.backend._threading.loopingcall [None req-45dc681b-cad5-4a8c-9308-f4927fd79720 None None] Dynamic interval looping call 'nova.service.Service.periodic_tasks' sleeping for 60.00 seconds {{(pid=98711) _run_loop /opt/stack/data/venv/lib/python3.12/site-packages/oslo_service/backend/_threading/loopingcall.py:125}}
Jul 07 14:24:51.694489 np0000004730 nova-conductor[98703]: DEBUG oslo.service.backend._threading.loopingcall [None req-d39dc004-60fa-472f-873f-8624f7c41385 None None] Dynamic interval looping call 'nova.service.Service.periodic_tasks' sleeping for 60.00 seconds {{(pid=98703) _run_loop /opt/stack/data/venv/lib/python3.12/site-packages/oslo_service/backend/_threading/loopingcall.py:125}}
Jul 07 14:25:15.701654 np0000004730 nova-conductor[98698]: DEBUG oslo.service.backend._threading.loopingcall [-] Fixed interval looping call 'nova.servicegroup.drivers.db.DbDriver._report_state' sleeping for 119.99 seconds {{(pid=98698) _run_loop /opt/stack/data/venv/lib/python3.12/site-packages/oslo_service/backend/_threading/loopingcall.py:125}}
Jul 07 14:25:15.702453 np0000004730 nova-conductor[98711]: DEBUG oslo.service.backend._threading.loopingcall [-] Fixed interval looping call 'nova.servicegroup.drivers.db.DbDriver._report_state' sleeping for 119.99 seconds {{(pid=98711) _run_loop /opt/stack/data/venv/lib/python3.12/site-packages/oslo_service/backend/_threading/loopingcall.py:125}}
Jul 07 14:25:15.703374 np0000004730 nova-conductor[98716]: DEBUG oslo.service.backend._threading.loopingcall [-] Fixed interval looping call 'nova.servicegroup.drivers.db.DbDriver._report_state' sleeping for 120.00 seconds {{(pid=98716) _run_loop /opt/stack/data/venv/lib/python3.12/site-packages/oslo_service/backend/_threading/loopingcall.py:125}}
Jul 07 14:25:15.704544 np0000004730 nova-conductor[98703]: DEBUG oslo.service.backend._threading.loopingcall [-] Fixed interval looping call 'nova.servicegroup.drivers.db.DbDriver._report_state' sleeping for 119.99 seconds {{(pid=98703) _run_loop /opt/stack/data/venv/lib/python3.12/site-packages/oslo_service/backend/_threading/loopingcall.py:125}}
Jul 07 14:25:18.697441 np0000004730 nova-conductor[98716]: DEBUG oslo.service.backend._threading.loopingcall [None req-fb527701-68a6-46ed-ac83-7730e4e30681 None None] Dynamic interval looping call 'nova.service.Service.periodic_tasks' sleeping for 60.00 seconds {{(pid=98716) _run_loop /opt/stack/data/venv/lib/python3.12/site-packages/oslo_service/backend/_threading/loopingcall.py:125}}
Jul 07 14:25:25.692996 np0000004730 nova-conductor[98698]: DEBUG dbcounter [-] [98698] Writing DB stats nova_cell0:SELECT=1,nova_cell0:UPDATE=1 {{(pid=98698) stat_writer /opt/stack/data/venv/lib/python3.12/site-packages/dbcounter.py:115}}
Jul 07 14:25:25.698342 np0000004730 nova-conductor[98711]: DEBUG dbcounter [-] [98711] Writing DB stats nova_cell0:SELECT=1,nova_cell0:UPDATE=1 {{(pid=98711) stat_writer /opt/stack/data/venv/lib/python3.12/site-packages/dbcounter.py:115}}
Jul 07 14:25:25.702142 np0000004730 nova-conductor[98716]: DEBUG dbcounter [-] [98716] Writing DB stats nova_cell0:SELECT=1 {{(pid=98716) stat_writer /opt/stack/data/venv/lib/python3.12/site-packages/dbcounter.py:115}}
Jul 07 14:25:25.703400 np0000004730 nova-conductor[98703]: DEBUG dbcounter [-] [98703] Writing DB stats nova_cell0:SELECT=1,nova_cell0:UPDATE=1 {{(pid=98703) stat_writer /opt/stack/data/venv/lib/python3.12/site-packages/dbcounter.py:115}}
Jul 07 14:25:31.689392 np0000004730 nova-conductor[98698]: DEBUG oslo.service.backend._threading.loopingcall [None req-5379fb2e-e4f9-49a1-bf82-16162e7a0f47 None None] Dynamic interval looping call 'nova.service.Service.periodic_tasks' sleeping for 60.00 seconds {{(pid=98698) _run_loop /opt/stack/data/venv/lib/python3.12/site-packages/oslo_service/backend/_threading/loopingcall.py:125}}
Jul 07 14:25:40.353550 np0000004730 nova-conductor[98711]: DEBUG oslo_db.sqlalchemy.engines [None req-1c8be36f-be0f-41fd-8671-de5e92b6bf1d tempest-ServerActionsTestOtherA-396040031 tempest-ServerActionsTestOtherA-396040031-project-member] Parent process 97205 forked (98711) with an open database connection, which is being discarded and recreated. {{(pid=98711) checkout /opt/stack/data/venv/lib/python3.12/site-packages/oslo_db/sqlalchemy/engines.py:402}}
Jul 07 14:25:40.405432 np0000004730 nova-conductor[98711]: DEBUG dbcounter [-] [98711] Writer thread running {{(pid=98711) stat_writer /opt/stack/data/venv/lib/python3.12/site-packages/dbcounter.py:102}}
Jul 07 14:25:41.945033 np0000004730 nova-conductor[98711]: DEBUG nova.conductor.manager [None req-1c8be36f-be0f-41fd-8671-de5e92b6bf1d tempest-ServerActionsTestOtherA-396040031 tempest-ServerActionsTestOtherA-396040031-project-member] Took 1.54 seconds to select destinations for 1 instance(s). {{(pid=98711) _schedule_instances /opt/stack/nova/nova/conductor/manager.py:968}}
Jul 07 14:25:41.977566 np0000004730 nova-conductor[98711]: DEBUG oslo_concurrency.lockutils [None req-1c8be36f-be0f-41fd-8671-de5e92b6bf1d tempest-ServerActionsTestOtherA-396040031 tempest-ServerActionsTestOtherA-396040031-project-member] Acquiring lock "372d2f05-8cb2-4946-91e6-b81068047225" by "nova.context.set_target_cell..get_or_set_cached_cell_and_set_connections" {{(pid=98711) inner /opt/stack/data/venv/lib/python3.12/site-packages/oslo_concurrency/lockutils.py:511}}
Jul 07 14:25:41.977826 np0000004730 nova-conductor[98711]: DEBUG oslo_concurrency.lockutils [None req-1c8be36f-be0f-41fd-8671-de5e92b6bf1d tempest-ServerActionsTestOtherA-396040031 tempest-ServerActionsTestOtherA-396040031-project-member] Lock "372d2f05-8cb2-4946-91e6-b81068047225" acquired by "nova.context.set_target_cell..get_or_set_cached_cell_and_set_connections" :: waited 0.000s {{(pid=98711) inner /opt/stack/data/venv/lib/python3.12/site-packages/oslo_concurrency/lockutils.py:524}}
Jul 07 14:25:41.980316 np0000004730 nova-conductor[98711]: DEBUG oslo_concurrency.lockutils [None req-1c8be36f-be0f-41fd-8671-de5e92b6bf1d tempest-ServerActionsTestOtherA-396040031 tempest-ServerActionsTestOtherA-396040031-project-member] Lock "372d2f05-8cb2-4946-91e6-b81068047225" "released" by "nova.context.set_target_cell..get_or_set_cached_cell_and_set_connections" :: held 0.002s {{(pid=98711) inner /opt/stack/data/venv/lib/python3.12/site-packages/oslo_concurrency/lockutils.py:543}}
Jul 07 14:25:41.982597 np0000004730 nova-conductor[98711]: INFO dbcounter [None req-1c8be36f-be0f-41fd-8671-de5e92b6bf1d tempest-ServerActionsTestOtherA-396040031 tempest-ServerActionsTestOtherA-396040031-project-member] Registered counter for database nova_cell1
Jul 07 14:25:42.035098 np0000004730 nova-conductor[98711]: DEBUG oslo_db.sqlalchemy.engines [None req-1c8be36f-be0f-41fd-8671-de5e92b6bf1d tempest-ServerActionsTestOtherA-396040031 tempest-ServerActionsTestOtherA-396040031-project-member] MySQL server mode set to STRICT_TRANS_TABLES,STRICT_ALL_TABLES,NO_ZERO_IN_DATE,NO_ZERO_DATE,ERROR_FOR_DIVISION_BY_ZERO,TRADITIONAL,NO_ENGINE_SUBSTITUTION {{(pid=98711) _check_effective_sql_mode /opt/stack/data/venv/lib/python3.12/site-packages/oslo_db/sqlalchemy/engines.py:325}}
Jul 07 14:25:42.044389 np0000004730 nova-conductor[98711]: DEBUG dbcounter [-] [98711] Writer thread running {{(pid=98711) stat_writer /opt/stack/data/venv/lib/python3.12/site-packages/dbcounter.py:102}}
Jul 07 14:25:42.114317 np0000004730 nova-conductor[98711]: INFO nova.utils [None req-1c8be36f-be0f-41fd-8671-de5e92b6bf1d tempest-ServerActionsTestOtherA-396040031 tempest-ServerActionsTestOtherA-396040031-project-member] The cell worker thread pool ForkProcess-3.cell_worker is initialized
Jul 07 14:25:42.114632 np0000004730 nova-conductor[98711]: DEBUG oslo_concurrency.lockutils [None req-1c8be36f-be0f-41fd-8671-de5e92b6bf1d tempest-ServerActionsTestOtherA-396040031 tempest-ServerActionsTestOtherA-396040031-project-member] Acquiring lock "00000000-0000-0000-0000-000000000000" by "nova.context.set_target_cell..get_or_set_cached_cell_and_set_connections" {{(pid=98711) inner /opt/stack/data/venv/lib/python3.12/site-packages/oslo_concurrency/lockutils.py:511}}
Jul 07 14:25:42.114792 np0000004730 nova-conductor[98711]: DEBUG oslo_concurrency.lockutils [None req-1c8be36f-be0f-41fd-8671-de5e92b6bf1d tempest-ServerActionsTestOtherA-396040031 tempest-ServerActionsTestOtherA-396040031-project-member] Lock "00000000-0000-0000-0000-000000000000" acquired by "nova.context.set_target_cell..get_or_set_cached_cell_and_set_connections" :: waited 0.000s {{(pid=98711) inner /opt/stack/data/venv/lib/python3.12/site-packages/oslo_concurrency/lockutils.py:524}}
Jul 07 14:25:42.115223 np0000004730 nova-conductor[98711]: DEBUG oslo_concurrency.lockutils [None req-1c8be36f-be0f-41fd-8671-de5e92b6bf1d tempest-ServerActionsTestOtherA-396040031 tempest-ServerActionsTestOtherA-396040031-project-member] Lock "00000000-0000-0000-0000-000000000000" "released" by "nova.context.set_target_cell..get_or_set_cached_cell_and_set_connections" :: held 0.000s {{(pid=98711) inner /opt/stack/data/venv/lib/python3.12/site-packages/oslo_concurrency/lockutils.py:543}}
Jul 07 14:25:42.115957 np0000004730 nova-conductor[98711]: DEBUG oslo_concurrency.lockutils [None req-1c8be36f-be0f-41fd-8671-de5e92b6bf1d tempest-ServerActionsTestOtherA-396040031 tempest-ServerActionsTestOtherA-396040031-project-member] Acquiring lock "372d2f05-8cb2-4946-91e6-b81068047225" by "nova.context.set_target_cell..get_or_set_cached_cell_and_set_connections" {{(pid=98711) inner /opt/stack/data/venv/lib/python3.12/site-packages/oslo_concurrency/lockutils.py:511}}
Jul 07 14:25:42.116119 np0000004730 nova-conductor[98711]: DEBUG oslo_concurrency.lockutils [None req-1c8be36f-be0f-41fd-8671-de5e92b6bf1d tempest-ServerActionsTestOtherA-396040031 tempest-ServerActionsTestOtherA-396040031-project-member] Lock "372d2f05-8cb2-4946-91e6-b81068047225" acquired by "nova.context.set_target_cell..get_or_set_cached_cell_and_set_connections" :: waited 0.000s {{(pid=98711) inner /opt/stack/data/venv/lib/python3.12/site-packages/oslo_concurrency/lockutils.py:524}}
Jul 07 14:25:42.116256 np0000004730 nova-conductor[98711]: DEBUG oslo_concurrency.lockutils [None req-1c8be36f-be0f-41fd-8671-de5e92b6bf1d tempest-ServerActionsTestOtherA-396040031 tempest-ServerActionsTestOtherA-396040031-project-member] Lock "372d2f05-8cb2-4946-91e6-b81068047225" "released" by "nova.context.set_target_cell..get_or_set_cached_cell_and_set_connections" :: held 0.000s {{(pid=98711) inner /opt/stack/data/venv/lib/python3.12/site-packages/oslo_concurrency/lockutils.py:543}}
Jul 07 14:25:42.118210 np0000004730 nova-conductor[98711]: INFO dbcounter [None req-1c8be36f-be0f-41fd-8671-de5e92b6bf1d tempest-ServerActionsTestOtherA-396040031 tempest-ServerActionsTestOtherA-396040031-project-member] Registered counter for database nova_cell0
Jul 07 14:25:42.169210 np0000004730 nova-conductor[98711]: DEBUG oslo_db.sqlalchemy.engines [None req-1c8be36f-be0f-41fd-8671-de5e92b6bf1d tempest-ServerActionsTestOtherA-396040031 tempest-ServerActionsTestOtherA-396040031-project-member] MySQL server mode set to STRICT_TRANS_TABLES,STRICT_ALL_TABLES,NO_ZERO_IN_DATE,NO_ZERO_DATE,ERROR_FOR_DIVISION_BY_ZERO,TRADITIONAL,NO_ENGINE_SUBSTITUTION {{(pid=98711) _check_effective_sql_mode /opt/stack/data/venv/lib/python3.12/site-packages/oslo_db/sqlalchemy/engines.py:325}}
Jul 07 14:25:42.176913 np0000004730 nova-conductor[98711]: DEBUG dbcounter [-] [98711] Writer thread running {{(pid=98711) stat_writer /opt/stack/data/venv/lib/python3.12/site-packages/dbcounter.py:102}}
Jul 07 14:25:42.189874 np0000004730 nova-conductor[98711]: DEBUG nova.quota [None req-1c8be36f-be0f-41fd-8671-de5e92b6bf1d tempest-ServerActionsTestOtherA-396040031 tempest-ServerActionsTestOtherA-396040031-project-member] Getting quotas for project 959ac658afb94389bc7cf3708a2bd58d. Resources: {'ram', 'instances', 'cores'} {{(pid=98711) _get_quotas /opt/stack/nova/nova/quota.py:389}}
Jul 07 14:25:42.193984 np0000004730 nova-conductor[98711]: DEBUG nova.quota [None req-1c8be36f-be0f-41fd-8671-de5e92b6bf1d tempest-ServerActionsTestOtherA-396040031 tempest-ServerActionsTestOtherA-396040031-project-member] Getting quotas for user 08284ee2f5d245049107e34f690078cc and project 959ac658afb94389bc7cf3708a2bd58d. Resources: {'ram', 'instances', 'cores'} {{(pid=98711) _get_quotas /opt/stack/nova/nova/quota.py:379}}
Jul 07 14:25:42.207502 np0000004730 nova-conductor[98711]: DEBUG nova.conductor.manager [None req-1c8be36f-be0f-41fd-8671-de5e92b6bf1d tempest-ServerActionsTestOtherA-396040031 tempest-ServerActionsTestOtherA-396040031-project-member] [instance: 411cb517-9537-4135-8415-ef76d9ad1a0f] Selected host: np0000004730; Selected node: np0000004730; Alternates: [] {{(pid=98711) schedule_and_build_instances /opt/stack/nova/nova/conductor/manager.py:1784}}
Jul 07 14:25:42.208180 np0000004730 nova-conductor[98711]: DEBUG oslo_concurrency.lockutils [None req-1c8be36f-be0f-41fd-8671-de5e92b6bf1d tempest-ServerActionsTestOtherA-396040031 tempest-ServerActionsTestOtherA-396040031-project-member] Acquiring lock "372d2f05-8cb2-4946-91e6-b81068047225" by "nova.context.set_target_cell..get_or_set_cached_cell_and_set_connections" {{(pid=98711) inner /opt/stack/data/venv/lib/python3.12/site-packages/oslo_concurrency/lockutils.py:511}}
Jul 07 14:25:42.208436 np0000004730 nova-conductor[98711]: DEBUG oslo_concurrency.lockutils [None req-1c8be36f-be0f-41fd-8671-de5e92b6bf1d tempest-ServerActionsTestOtherA-396040031 tempest-ServerActionsTestOtherA-396040031-project-member] Lock "372d2f05-8cb2-4946-91e6-b81068047225" acquired by "nova.context.set_target_cell..get_or_set_cached_cell_and_set_connections" :: waited 0.001s {{(pid=98711) inner /opt/stack/data/venv/lib/python3.12/site-packages/oslo_concurrency/lockutils.py:524}}
Jul 07 14:25:42.208707 np0000004730 nova-conductor[98711]: DEBUG oslo_concurrency.lockutils [None req-1c8be36f-be0f-41fd-8671-de5e92b6bf1d tempest-ServerActionsTestOtherA-396040031 tempest-ServerActionsTestOtherA-396040031-project-member] Lock "372d2f05-8cb2-4946-91e6-b81068047225" "released" by "nova.context.set_target_cell..get_or_set_cached_cell_and_set_connections" :: held 0.000s {{(pid=98711) inner /opt/stack/data/venv/lib/python3.12/site-packages/oslo_concurrency/lockutils.py:543}}
Jul 07 14:25:42.226804 np0000004730 nova-conductor[98711]: DEBUG nova.conductor.manager [None req-1c8be36f-be0f-41fd-8671-de5e92b6bf1d tempest-ServerActionsTestOtherA-396040031 tempest-ServerActionsTestOtherA-396040031-project-member] [instance: 411cb517-9537-4135-8415-ef76d9ad1a0f] block_device_mapping [BlockDeviceMapping(attachment_id=,boot_index=0,connection_info=None,created_at=,delete_on_termination=True,deleted=,deleted_at=,destination_type='local',device_name=None,device_type='disk',disk_bus=None,encrypted=False,encryption_format=None,encryption_options=None,encryption_secret_uuid=None,guest_format=None,id=,image_id='28fc660c-36af-4e2f-82d6-3a0be4f5ac24',instance=,instance_uuid=,no_device=False,snapshot_id=None,source_type='image',tag=None,updated_at=,uuid=,volume_id=None,volume_size=None,volume_type=None)] {{(pid=98711) _create_block_device_mapping /opt/stack/nova/nova/conductor/manager.py:1529}}
Jul 07 14:25:42.228506 np0000004730 nova-conductor[98711]: DEBUG oslo_concurrency.lockutils [None req-1c8be36f-be0f-41fd-8671-de5e92b6bf1d tempest-ServerActionsTestOtherA-396040031 tempest-ServerActionsTestOtherA-396040031-project-member] Acquiring lock "372d2f05-8cb2-4946-91e6-b81068047225" by "nova.context.set_target_cell..get_or_set_cached_cell_and_set_connections" {{(pid=98711) inner /opt/stack/data/venv/lib/python3.12/site-packages/oslo_concurrency/lockutils.py:511}}
Jul 07 14:25:42.228715 np0000004730 nova-conductor[98711]: DEBUG oslo_concurrency.lockutils [None req-1c8be36f-be0f-41fd-8671-de5e92b6bf1d tempest-ServerActionsTestOtherA-396040031 tempest-ServerActionsTestOtherA-396040031-project-member] Lock "372d2f05-8cb2-4946-91e6-b81068047225" acquired by "nova.context.set_target_cell..get_or_set_cached_cell_and_set_connections" :: waited 0.000s {{(pid=98711) inner /opt/stack/data/venv/lib/python3.12/site-packages/oslo_concurrency/lockutils.py:524}}
Jul 07 14:25:42.228875 np0000004730 nova-conductor[98711]: DEBUG oslo_concurrency.lockutils [None req-1c8be36f-be0f-41fd-8671-de5e92b6bf1d tempest-ServerActionsTestOtherA-396040031 tempest-ServerActionsTestOtherA-396040031-project-member] Lock "372d2f05-8cb2-4946-91e6-b81068047225" "released" by "nova.context.set_target_cell..get_or_set_cached_cell_and_set_connections" :: held 0.000s {{(pid=98711) inner /opt/stack/data/venv/lib/python3.12/site-packages/oslo_concurrency/lockutils.py:543}}
