Jul 07 14:22:39.905685 np0000004730 devstack@neutron-api.service[90474]: DEBUG neutron.api.extensions [None req-004d495e-7ee1-41d0-975e-0e00d8953f3d None None] Ext name="Subnet Allocation" alias="subnet_allocation" description="Enables allocation of subnets from a subnet pool" updated="2015-03-30T10:00:00-00:00" {{(pid=90474) _check_extension /opt/stack/neutron/neutron/api/extensions.py:415}}
Jul 07 14:22:39.905685 np0000004730 devstack@neutron-api.service[90474]: INFO neutron.api.extensions [None req-004d495e-7ee1-41d0-975e-0e00d8953f3d None None] Loaded extension: subnet_allocation
Jul 07 14:22:39.905685 np0000004730 devstack@neutron-api.service[90474]: DEBUG neutron.api.extensions [None req-004d495e-7ee1-41d0-975e-0e00d8953f3d None None] Loading extension file: subnetpool_prefix_ops.py {{(pid=90474) _load_all_extensions_from_path /opt/stack/neutron/neutron/api/extensions.py:449}}
Jul 07 14:22:39.905960 np0000004730 devstack@neutron-api.service[90471]: DEBUG neutron.api.extensions [None req-e901ad9e-3998-4c9a-83af-93ee80e3ee93 None None] Extended resource: tags {{(pid=90471) __init__ /opt/stack/neutron/neutron/api/extensions.py:156}}
Jul 07 14:22:39.906052 np0000004730 devstack@neutron-api.service[90474]: DEBUG neutron.api.extensions [None req-004d495e-7ee1-41d0-975e-0e00d8953f3d None None] Ext name="Subnet Pool Prefix Operations" alias="subnetpool-prefix-ops" description="Provides support for adjusting the prefix list of subnet pools" updated="2019-02-08T10:00:00-00:00" {{(pid=90474) _check_extension /opt/stack/neutron/neutron/api/extensions.py:415}}
Jul 07 14:22:39.906052 np0000004730 devstack@neutron-api.service[90474]: INFO neutron.api.extensions [None req-004d495e-7ee1-41d0-975e-0e00d8953f3d None None] Loaded extension: subnetpool-prefix-ops
Jul 07 14:22:39.906052 np0000004730 devstack@neutron-api.service[90474]: DEBUG neutron.api.extensions [None req-004d495e-7ee1-41d0-975e-0e00d8953f3d None None] Loading extension file: tag_creation.py {{(pid=90474) _load_all_extensions_from_path /opt/stack/neutron/neutron/api/extensions.py:449}}
Jul 07 14:22:39.906052 np0000004730 devstack@neutron-api.service[90474]: DEBUG neutron.api.extensions [None req-004d495e-7ee1-41d0-975e-0e00d8953f3d None None] Ext name="Tag creation extension" alias="tag-creation" description="Allow to create multiple tags for a resource" updated="2024-23-07T10:00:00-00:00" {{(pid=90474) _check_extension /opt/stack/neutron/neutron/api/extensions.py:415}}
Jul 07 14:22:39.906052 np0000004730 devstack@neutron-api.service[90474]: INFO neutron.api.extensions [None req-004d495e-7ee1-41d0-975e-0e00d8953f3d None None] Loaded extension: tag-creation
Jul 07 14:22:39.906052 np0000004730 devstack@neutron-api.service[90474]: DEBUG neutron.api.extensions [None req-004d495e-7ee1-41d0-975e-0e00d8953f3d None None] Loading extension file: tag_ports_during_bulk_creation.py {{(pid=90474) _load_all_extensions_from_path /opt/stack/neutron/neutron/api/extensions.py:449}}
Jul 07 14:22:39.906052 np0000004730 devstack@neutron-api.service[90474]: DEBUG neutron.api.extensions [None req-004d495e-7ee1-41d0-975e-0e00d8953f3d None None] Ext name="Tag Ports During Bulk Creation" alias="tag-ports-during-bulk-creation" description="Allow to tag ports during bulk creation" updated="2019-12-29T19:00:00-00:00" {{(pid=90474) _check_extension /opt/stack/neutron/neutron/api/extensions.py:415}}
Jul 07 14:22:39.906385 np0000004730 devstack@neutron-api.service[90471]: DEBUG neutron.api.extensions [None req-e901ad9e-3998-4c9a-83af-93ee80e3ee93 None None] Extended resource: tags {{(pid=90471) __init__ /opt/stack/neutron/neutron/api/extensions.py:156}}
Jul 07 14:22:39.906526 np0000004730 devstack@neutron-api.service[90474]: INFO neutron.api.extensions [None req-004d495e-7ee1-41d0-975e-0e00d8953f3d None None] Extension tag-ports-during-bulk-creation not supported by any of loaded plugins
Jul 07 14:22:39.906526 np0000004730 devstack@neutron-api.service[90474]: DEBUG neutron.api.extensions [None req-004d495e-7ee1-41d0-975e-0e00d8953f3d None None] Loading extension file: tagging.py {{(pid=90474) _load_all_extensions_from_path /opt/stack/neutron/neutron/api/extensions.py:449}}
Jul 07 14:22:39.906526 np0000004730 devstack@neutron-api.service[90474]: DEBUG neutron.api.extensions [None req-004d495e-7ee1-41d0-975e-0e00d8953f3d None None] Ext name="Tag support for resources with standard attribute: port, subnet, subnetpool, network, security_group, router, floatingip, policy, trunk, network_segment_range" alias="standard-attr-tag" description="Enables to set tag on resources with standard attribute." updated="2017-01-01T00:00:00-00:00" {{(pid=90474) _check_extension /opt/stack/neutron/neutron/api/extensions.py:415}}
Jul 07 14:22:39.906688 np0000004730 devstack@neutron-api.service[90471]: DEBUG neutron.api.extensions [None req-e901ad9e-3998-4c9a-83af-93ee80e3ee93 None None] Extended resource: tags {{(pid=90471) __init__ /opt/stack/neutron/neutron/api/extensions.py:156}}
Jul 07 14:22:39.906775 np0000004730 devstack@neutron-api.service[90474]: INFO neutron.api.extensions [None req-004d495e-7ee1-41d0-975e-0e00d8953f3d None None] Loaded extension: standard-attr-tag
Jul 07 14:22:39.906775 np0000004730 devstack@neutron-api.service[90474]: DEBUG neutron.api.extensions [None req-004d495e-7ee1-41d0-975e-0e00d8953f3d None None] Loading extension file: timestamp.py {{(pid=90474) _load_all_extensions_from_path /opt/stack/neutron/neutron/api/extensions.py:449}}
Jul 07 14:22:39.906775 np0000004730 devstack@neutron-api.service[90474]: DEBUG neutron.api.extensions [None req-004d495e-7ee1-41d0-975e-0e00d8953f3d None None] Ext name="Resource timestamps" alias="standard-attr-timestamp" description="Adds created_at and updated_at fields to all Neutron resources that have Neutron standard attributes." updated="2016-09-12T10:00:00-00:00" {{(pid=90474) _check_extension /opt/stack/neutron/neutron/api/extensions.py:415}}
Jul 07 14:22:39.906775 np0000004730 devstack@neutron-api.service[90474]: INFO neutron.api.extensions [None req-004d495e-7ee1-41d0-975e-0e00d8953f3d None None] Loaded extension: standard-attr-timestamp
Jul 07 14:22:39.906775 np0000004730 devstack@neutron-api.service[90474]: DEBUG neutron.api.extensions [None req-004d495e-7ee1-41d0-975e-0e00d8953f3d None None] Loading extension file: trunk.py {{(pid=90474) _load_all_extensions_from_path /opt/stack/neutron/neutron/api/extensions.py:449}}
Jul 07 14:22:39.906775 np0000004730 devstack@neutron-api.service[90474]: DEBUG neutron.api.extensions [None req-004d495e-7ee1-41d0-975e-0e00d8953f3d None None] Ext name="Trunk Extension" alias="trunk" description="Provides support for trunk ports" updated="2016-01-01T10:00:00-00:00" {{(pid=90474) _check_extension /opt/stack/neutron/neutron/api/extensions.py:415}}
Jul 07 14:22:39.906775 np0000004730 devstack@neutron-api.service[90474]: INFO neutron.api.extensions [None req-004d495e-7ee1-41d0-975e-0e00d8953f3d None None] Extension trunk not supported by any of loaded plugins
Jul 07 14:22:39.906775 np0000004730 devstack@neutron-api.service[90474]: DEBUG neutron.api.extensions [None req-004d495e-7ee1-41d0-975e-0e00d8953f3d None None] Loading extension file: trunk_details.py {{(pid=90474) _load_all_extensions_from_path /opt/stack/neutron/neutron/api/extensions.py:449}}
Jul 07 14:22:39.907066 np0000004730 devstack@neutron-api.service[90471]: DEBUG neutron.api.extensions [None req-e901ad9e-3998-4c9a-83af-93ee80e3ee93 None None] Extended resource: tags {{(pid=90471) __init__ /opt/stack/neutron/neutron/api/extensions.py:156}}
Jul 07 14:22:39.907142 np0000004730 devstack@neutron-api.service[90474]: DEBUG neutron.api.extensions [None req-004d495e-7ee1-41d0-975e-0e00d8953f3d None None] Ext name="Trunk port details" alias="trunk-details" description="Expose trunk port details" updated="2016-01-01T10:00:00-00:00" {{(pid=90474) _check_extension /opt/stack/neutron/neutron/api/extensions.py:415}}
Jul 07 14:22:39.907142 np0000004730 devstack@neutron-api.service[90474]: INFO neutron.api.extensions [None req-004d495e-7ee1-41d0-975e-0e00d8953f3d None None] Extension trunk-details not supported by any of loaded plugins
Jul 07 14:22:39.907142 np0000004730 devstack@neutron-api.service[90474]: DEBUG neutron.api.extensions [None req-004d495e-7ee1-41d0-975e-0e00d8953f3d None None] Loading extension file: uplink_status_propagation.py {{(pid=90474) _load_all_extensions_from_path /opt/stack/neutron/neutron/api/extensions.py:449}}
Jul 07 14:22:39.907142 np0000004730 devstack@neutron-api.service[90474]: DEBUG neutron.api.extensions [None req-004d495e-7ee1-41d0-975e-0e00d8953f3d None None] Ext name="Uplink status propagation extension" alias="uplink-status-propagation" description="Provides ability to propagate port uplink status." updated="2018-05-31T18:00:00-00:00" {{(pid=90474) _check_extension /opt/stack/neutron/neutron/api/extensions.py:415}}
Jul 07 14:22:39.907142 np0000004730 devstack@neutron-api.service[90474]: INFO neutron.api.extensions [None req-004d495e-7ee1-41d0-975e-0e00d8953f3d None None] Extension uplink-status-propagation not supported by any of loaded plugins
Jul 07 14:22:39.907142 np0000004730 devstack@neutron-api.service[90474]: DEBUG neutron.api.extensions [None req-004d495e-7ee1-41d0-975e-0e00d8953f3d None None] Loading extension file: uplink_status_propagation_updatable.py {{(pid=90474) _load_all_extensions_from_path /opt/stack/neutron/neutron/api/extensions.py:449}}
Jul 07 14:22:39.907388 np0000004730 devstack@neutron-api.service[90474]: DEBUG neutron.api.extensions [None req-004d495e-7ee1-41d0-975e-0e00d8953f3d None None] Ext name="Uplink status propagation updatable extension" alias="uplink-status-propagation-updatable" description="Provides ability to update the port uplink status." updated="2024-09-03T18:00:00-00:00" {{(pid=90474) _check_extension /opt/stack/neutron/neutron/api/extensions.py:415}}
Jul 07 14:22:39.907388 np0000004730 devstack@neutron-api.service[90474]: INFO neutron.api.extensions [None req-004d495e-7ee1-41d0-975e-0e00d8953f3d None None] Extension uplink-status-propagation-updatable not supported by any of loaded plugins
Jul 07 14:22:39.907388 np0000004730 devstack@neutron-api.service[90474]: DEBUG neutron.api.extensions [None req-004d495e-7ee1-41d0-975e-0e00d8953f3d None None] Loading extension file: vlantransparent.py {{(pid=90474) _load_all_extensions_from_path /opt/stack/neutron/neutron/api/extensions.py:449}}
Jul 07 14:22:39.907388 np0000004730 devstack@neutron-api.service[90474]: DEBUG neutron.api.extensions [None req-004d495e-7ee1-41d0-975e-0e00d8953f3d None None] Ext name="Vlantransparent" alias="vlan-transparent" description="Provides Vlan Transparent Networks" updated="2015-03-23T09:00:00-00:00" {{(pid=90474) _check_extension /opt/stack/neutron/neutron/api/extensions.py:415}}
Jul 07 14:22:39.907388 np0000004730 devstack@neutron-api.service[90474]: INFO neutron.api.extensions [None req-004d495e-7ee1-41d0-975e-0e00d8953f3d None None] Loaded extension: vlan-transparent
Jul 07 14:22:39.907388 np0000004730 devstack@neutron-api.service[90474]: INFO neutron.quota.resource_registry [None req-004d495e-7ee1-41d0-975e-0e00d8953f3d None None] Creating instance of TrackedResource for resource:network
Jul 07 14:22:39.907388 np0000004730 devstack@neutron-api.service[90474]: INFO neutron.quota.resource_registry [None req-004d495e-7ee1-41d0-975e-0e00d8953f3d None None] Creating instance of TrackedResource for resource:subnet
Jul 07 14:22:39.907388 np0000004730 devstack@neutron-api.service[90474]: INFO neutron.quota.resource_registry [None req-004d495e-7ee1-41d0-975e-0e00d8953f3d None None] Creating instance of TrackedResource for resource:subnetpool
Jul 07 14:22:39.907652 np0000004730 devstack@neutron-api.service[90474]: INFO neutron.quota.resource_registry [None req-004d495e-7ee1-41d0-975e-0e00d8953f3d None None] Creating instance of TrackedResource for resource:port
Jul 07 14:22:39.907652 np0000004730 devstack@neutron-api.service[90474]: INFO neutron.quota.resource_registry [None req-004d495e-7ee1-41d0-975e-0e00d8953f3d None None] Creating instance of CountableResource for resource:router_route
Jul 07 14:22:39.907652 np0000004730 devstack@neutron-api.service[90474]: DEBUG neutron.api.v2.resource_helper [None req-004d495e-7ee1-41d0-975e-0e00d8953f3d None None] Service L3_ROUTER_NAT assigned prefix: {{(pid=90474) build_resource_info /opt/stack/neutron/neutron/api/v2/resource_helper.py:77}}
Jul 07 14:22:39.907652 np0000004730 devstack@neutron-api.service[90474]: DEBUG neutron.api.v2.resource_helper [None req-004d495e-7ee1-41d0-975e-0e00d8953f3d None None] Service FLAVORS assigned prefix: {{(pid=90474) build_resource_info /opt/stack/neutron/neutron/api/v2/resource_helper.py:77}}
Jul 07 14:22:39.907652 np0000004730 devstack@neutron-api.service[90474]: DEBUG neutron.api.v2.resource_helper [None req-004d495e-7ee1-41d0-975e-0e00d8953f3d None None] Service L3_ROUTER_NAT assigned prefix: {{(pid=90474) build_resource_info /opt/stack/neutron/neutron/api/v2/resource_helper.py:77}}
Jul 07 14:22:39.907652 np0000004730 devstack@neutron-api.service[90474]: DEBUG neutron.api.v2.resource_helper [None req-004d495e-7ee1-41d0-975e-0e00d8953f3d None None] Service L3_ROUTER_NAT assigned prefix: {{(pid=90474) build_resource_info /opt/stack/neutron/neutron/api/v2/resource_helper.py:77}}
Jul 07 14:22:39.907652 np0000004730 devstack@neutron-api.service[90474]: INFO neutron.quota.resource_registry [None req-004d495e-7ee1-41d0-975e-0e00d8953f3d None None] Creating instance of TrackedResource for resource:router
Jul 07 14:22:39.907923 np0000004730 devstack@neutron-api.service[90471]: DEBUG neutron_lib.callbacks.manager [None req-e901ad9e-3998-4c9a-83af-93ee80e3ee93 None None] Publish callbacks ['neutron.plugins.ml2.drivers.ovn.mech_driver.mech_driver.OVNMechanismDriver.pre_fork_initialize-2055644'] for process (None), before_spawn {{(pid=90471) _notify_loop /opt/stack/data/venv/lib/python3.12/site-packages/neutron_lib/callbacks/manager.py:184}}
Jul 07 14:22:39.908011 np0000004730 devstack@neutron-api.service[90474]: INFO neutron.quota.resource_registry [None req-004d495e-7ee1-41d0-975e-0e00d8953f3d None None] Creating instance of TrackedResource for resource:floatingip
Jul 07 14:22:39.908085 np0000004730 devstack@neutron-api.service[90471]: DEBUG oslo_concurrency.processutils [None req-e901ad9e-3998-4c9a-83af-93ee80e3ee93 None None] Running cmd (subprocess): ovsdb-client transact ssl:10.4.3.195:6641 --timeout 180 -p /opt/stack/data/CA/int-ca/private/devstack-cert.key -c /opt/stack/data/CA/int-ca/devstack-cert.crt -C /opt/stack/data/CA/int-ca/ca-chain.pem ["OVN_Northbound", {"op": "wait", "timeout": 0, "table": "Port_Group", "where": [["name", "==", "neutron_pg_drop"]], "until": "==", "rows": []}, {"op": "insert", "table": "ACL", "row": {"action": "drop", "direction": "to-lport", "match": "outport == @neutron_pg_drop && ip", "priority": 1001}, "uuid-name": "droptoport"}, {"op": "insert", "table": "ACL", "row": {"action": "drop", "direction": "from-lport", "match": "inport == @neutron_pg_drop && ip", "priority": 1001}, "uuid-name": "dropfromport"}, {"op": "insert", "table": "Port_Group", "row": {"name": "neutron_pg_drop", "acls": ["set", [["named-uuid", "droptoport"], ["named-uuid", "dropfromport"]]]}}] {{(pid=90471) execute /opt/stack/data/venv/lib/python3.12/site-packages/oslo_concurrency/processutils.py:440}}
Jul 07 14:22:39.908199 np0000004730 devstack@neutron-api.service[90474]: INFO neutron.quota.resource_registry [None req-004d495e-7ee1-41d0-975e-0e00d8953f3d None None] Creating instance of CountableResource for resource:rbac_policy
Jul 07 14:22:39.908199 np0000004730 devstack@neutron-api.service[90474]: INFO neutron.quota.resource_registry [None req-004d495e-7ee1-41d0-975e-0e00d8953f3d None None] Creating instance of TrackedResource for resource:security_group
Jul 07 14:22:39.908199 np0000004730 devstack@neutron-api.service[90474]: INFO neutron.quota.resource_registry [None req-004d495e-7ee1-41d0-975e-0e00d8953f3d None None] Creating instance of TrackedResource for resource:security_group_rule
Jul 07 14:22:39.908199 np0000004730 devstack@neutron-api.service[90474]: DEBUG neutron.api.v2.resource_helper [None req-004d495e-7ee1-41d0-975e-0e00d8953f3d None None] Service CORE assigned prefix: {{(pid=90474) build_resource_info /opt/stack/neutron/neutron/api/v2/resource_helper.py:77}}
Jul 07 14:22:39.908199 np0000004730 devstack@neutron-api.service[90474]: INFO neutron.quota.resource_registry [None req-004d495e-7ee1-41d0-975e-0e00d8953f3d None None] Creating instance of TrackedResource for resource:subnetpool
Jul 07 14:22:39.908199 np0000004730 devstack@neutron-api.service[90474]: WARNING neutron.quota.resource_registry [None req-004d495e-7ee1-41d0-975e-0e00d8953f3d None None] subnetpool is already registered
Jul 07 14:22:39.908199 np0000004730 devstack@neutron-api.service[90474]: DEBUG neutron.api.v2.resource_helper [None req-004d495e-7ee1-41d0-975e-0e00d8953f3d None None] Service CORE assigned prefix: {{(pid=90474) build_resource_info /opt/stack/neutron/neutron/api/v2/resource_helper.py:77}}
Jul 07 14:22:39.908199 np0000004730 devstack@neutron-api.service[90474]: INFO neutron.quota.resource_registry [None req-004d495e-7ee1-41d0-975e-0e00d8953f3d None None] Creating instance of TrackedResource for resource:subnetpool
Jul 07 14:22:39.908199 np0000004730 devstack@neutron-api.service[90474]: WARNING neutron.quota.resource_registry [None req-004d495e-7ee1-41d0-975e-0e00d8953f3d None None] subnetpool is already registered
Jul 07 14:22:39.908199 np0000004730 devstack@neutron-api.service[90474]: INFO neutron.quota.resource_registry [None req-004d495e-7ee1-41d0-975e-0e00d8953f3d None None] Creating instance of CountableResource for resource:router_route
Jul 07 14:22:39.908507 np0000004730 devstack@neutron-api.service[90474]: WARNING neutron.quota.resource_registry [None req-004d495e-7ee1-41d0-975e-0e00d8953f3d None None] router_route is already registered
Jul 07 14:22:39.908507 np0000004730 devstack@neutron-api.service[90474]: DEBUG neutron.api.v2.resource_helper [None req-004d495e-7ee1-41d0-975e-0e00d8953f3d None None] Service L3_ROUTER_NAT assigned prefix: {{(pid=90474) build_resource_info /opt/stack/neutron/neutron/api/v2/resource_helper.py:77}}
Jul 07 14:22:39.908507 np0000004730 devstack@neutron-api.service[90474]: DEBUG neutron.api.v2.resource_helper [None req-004d495e-7ee1-41d0-975e-0e00d8953f3d None None] Service FLAVORS assigned prefix: {{(pid=90474) build_resource_info /opt/stack/neutron/neutron/api/v2/resource_helper.py:77}}
Jul 07 14:22:39.908507 np0000004730 devstack@neutron-api.service[90474]: DEBUG neutron.api.v2.resource_helper [None req-004d495e-7ee1-41d0-975e-0e00d8953f3d None None] Service L3_ROUTER_NAT assigned prefix: {{(pid=90474) build_resource_info /opt/stack/neutron/neutron/api/v2/resource_helper.py:77}}
Jul 07 14:22:39.908507 np0000004730 devstack@neutron-api.service[90474]: DEBUG neutron.api.v2.resource_helper [None req-004d495e-7ee1-41d0-975e-0e00d8953f3d None None] Service L3_ROUTER_NAT assigned prefix: {{(pid=90474) build_resource_info /opt/stack/neutron/neutron/api/v2/resource_helper.py:77}}
Jul 07 14:22:39.908507 np0000004730 devstack@neutron-api.service[90474]: INFO neutron.quota.resource_registry [None req-004d495e-7ee1-41d0-975e-0e00d8953f3d None None] Creating instance of TrackedResource for resource:router
Jul 07 14:22:39.908507 np0000004730 devstack@neutron-api.service[90474]: WARNING neutron.quota.resource_registry [None req-004d495e-7ee1-41d0-975e-0e00d8953f3d None None] router is already registered
Jul 07 14:22:39.908507 np0000004730 devstack@neutron-api.service[90474]: INFO neutron.quota.resource_registry [None req-004d495e-7ee1-41d0-975e-0e00d8953f3d None None] Creating instance of TrackedResource for resource:floatingip
Jul 07 14:22:39.908507 np0000004730 devstack@neutron-api.service[90474]: WARNING neutron.quota.resource_registry [None req-004d495e-7ee1-41d0-975e-0e00d8953f3d None None] floatingip is already registered
Jul 07 14:22:39.908856 np0000004730 devstack@neutron-api.service[90473]: DEBUG oslo_concurrency.processutils [None req-a7133249-4df5-4ed9-90b2-948e436a5755 None None] CMD "ovsdb-client transact ssl:10.4.3.195:6641 --timeout 180 -p /opt/stack/data/CA/int-ca/private/devstack-cert.key -c /opt/stack/data/CA/int-ca/devstack-cert.crt -C /opt/stack/data/CA/int-ca/ca-chain.pem ["OVN_Northbound", {"op": "wait", "timeout": 0, "table": "Port_Group", "where": [["name", "==", "neutron_pg_drop"]], "until": "==", "rows": []}, {"op": "insert", "table": "ACL", "row": {"action": "drop", "direction": "to-lport", "match": "outport == @neutron_pg_drop && ip", "priority": 1001}, "uuid-name": "droptoport"}, {"op": "insert", "table": "ACL", "row": {"action": "drop", "direction": "from-lport", "match": "inport == @neutron_pg_drop && ip", "priority": 1001}, "uuid-name": "dropfromport"}, {"op": "insert", "table": "Port_Group", "row": {"name": "neutron_pg_drop", "acls": ["set", [["named-uuid", "droptoport"], ["named-uuid", "dropfromport"]]]}}]" returned: 0 in 0.049s {{(pid=90473) execute /opt/stack/data/venv/lib/python3.12/site-packages/oslo_concurrency/processutils.py:468}}
Jul 07 14:22:39.909000 np0000004730 devstack@neutron-api.service[90474]: INFO neutron.quota.resource_registry [None req-004d495e-7ee1-41d0-975e-0e00d8953f3d None None] Creating instance of CountableResource for resource:rbac_policy
Jul 07 14:22:39.909000 np0000004730 devstack@neutron-api.service[90474]: WARNING neutron.quota.resource_registry [None req-004d495e-7ee1-41d0-975e-0e00d8953f3d None None] rbac_policy is already registered
Jul 07 14:22:39.909099 np0000004730 devstack@neutron-api.service[90473]: DEBUG neutron_lib.callbacks.manager [None req-a7133249-4df5-4ed9-90b2-948e436a5755 None None] Publish callbacks ['neutron.plugins.ml2.drivers.ovn.mech_driver.mech_driver.OVNMechanismDriver.post_fork_initialize-2053798', 'neutron.services.pvlan.drivers.ovn.driver._initialize_pvlan_pg_drop-8693201359322', 'neutron.services.ovn_l3.plugin.OVNL3RouterPlugin._post_fork_initialize-3819808'] for process (None), after_init {{(pid=90473) _notify_loop /opt/stack/data/venv/lib/python3.12/site-packages/neutron_lib/callbacks/manager.py:184}}
Jul 07 14:22:39.909197 np0000004730 devstack@neutron-api.service[90474]: INFO neutron.quota.resource_registry [None req-004d495e-7ee1-41d0-975e-0e00d8953f3d None None] Creating instance of TrackedResource for resource:security_group
Jul 07 14:22:39.909272 np0000004730 devstack@neutron-api.service[90473]: DEBUG oslo_concurrency.lockutils [None req-a7133249-4df5-4ed9-90b2-948e436a5755 None None] Acquiring lock "singleton_lock" {{(pid=90473) lock /opt/stack/data/venv/lib/python3.12/site-packages/oslo_concurrency/lockutils.py:395}}
Jul 07 14:22:39.909343 np0000004730 devstack@neutron-api.service[90474]: WARNING neutron.quota.resource_registry [None req-004d495e-7ee1-41d0-975e-0e00d8953f3d None None] security_group is already registered
Jul 07 14:22:39.909493 np0000004730 devstack@neutron-api.service[90473]: DEBUG oslo_concurrency.lockutils [None req-a7133249-4df5-4ed9-90b2-948e436a5755 None None] Acquired lock "singleton_lock" {{(pid=90473) lock /opt/stack/data/venv/lib/python3.12/site-packages/oslo_concurrency/lockutils.py:398}}
Jul 07 14:22:39.909493 np0000004730 devstack@neutron-api.service[90473]: DEBUG oslo_concurrency.lockutils [None req-a7133249-4df5-4ed9-90b2-948e436a5755 None None] Releasing lock "singleton_lock" {{(pid=90473) lock /opt/stack/data/venv/lib/python3.12/site-packages/oslo_concurrency/lockutils.py:418}}
Jul 07 14:22:39.909631 np0000004730 devstack@neutron-api.service[90474]: INFO neutron.quota.resource_registry [None req-004d495e-7ee1-41d0-975e-0e00d8953f3d None None] Creating instance of TrackedResource for resource:security_group_rule
Jul 07 14:22:39.909631 np0000004730 devstack@neutron-api.service[90474]: WARNING neutron.quota.resource_registry [None req-004d495e-7ee1-41d0-975e-0e00d8953f3d None None] security_group_rule is already registered
Jul 07 14:22:39.910119 np0000004730 devstack@neutron-api.service[90474]: DEBUG neutron.api.v2.resource_helper [None req-004d495e-7ee1-41d0-975e-0e00d8953f3d None None] Service CORE assigned prefix: {{(pid=90474) build_resource_info /opt/stack/neutron/neutron/api/v2/resource_helper.py:77}}
Jul 07 14:22:39.910280 np0000004730 devstack@neutron-api.service[90474]: INFO neutron.quota.resource_registry [None req-004d495e-7ee1-41d0-975e-0e00d8953f3d None None] Creating instance of TrackedResource for resource:subnetpool
Jul 07 14:22:39.910450 np0000004730 devstack@neutron-api.service[90474]: WARNING neutron.quota.resource_registry [None req-004d495e-7ee1-41d0-975e-0e00d8953f3d None None] subnetpool is already registered
Jul 07 14:22:39.910921 np0000004730 devstack@neutron-api.service[90474]: DEBUG neutron.api.v2.resource_helper [None req-004d495e-7ee1-41d0-975e-0e00d8953f3d None None] Service CORE assigned prefix: {{(pid=90474) build_resource_info /opt/stack/neutron/neutron/api/v2/resource_helper.py:77}}
Jul 07 14:22:39.911078 np0000004730 devstack@neutron-api.service[90474]: INFO neutron.quota.resource_registry [None req-004d495e-7ee1-41d0-975e-0e00d8953f3d None None] Creating instance of TrackedResource for resource:subnetpool
Jul 07 14:22:39.911224 np0000004730 devstack@neutron-api.service[90474]: WARNING neutron.quota.resource_registry [None req-004d495e-7ee1-41d0-975e-0e00d8953f3d None None] subnetpool is already registered
Jul 07 14:22:39.911671 np0000004730 devstack@neutron-api.service[90474]: DEBUG neutron.api.extensions [None req-004d495e-7ee1-41d0-975e-0e00d8953f3d None None] Extended resource: extensions {{(pid=90474) __init__ /opt/stack/neutron/neutron/api/extensions.py:156}}
Jul 07 14:22:39.912456 np0000004730 devstack@neutron-api.service[90474]: DEBUG neutron.api.extensions [None req-004d495e-7ee1-41d0-975e-0e00d8953f3d None None] Extended resource: address-groups {{(pid=90474) __init__ /opt/stack/neutron/neutron/api/extensions.py:156}}
Jul 07 14:22:39.913054 np0000004730 devstack@neutron-api.service[90474]: DEBUG neutron.api.extensions [None req-004d495e-7ee1-41d0-975e-0e00d8953f3d None None] Extended resource: address-scopes {{(pid=90474) __init__ /opt/stack/neutron/neutron/api/extensions.py:156}}
Jul 07 14:22:39.913758 np0000004730 devstack@neutron-api.service[90474]: DEBUG neutron.api.extensions [None req-004d495e-7ee1-41d0-975e-0e00d8953f3d None None] Extended resource: agents {{(pid=90474) __init__ /opt/stack/neutron/neutron/api/extensions.py:156}}
Jul 07 14:22:39.914016 np0000004730 devstack@neutron-api.service[90473]: DEBUG neutron.plugins.ml2.drivers.ovn.mech_driver.mech_driver [None req-a7133249-4df5-4ed9-90b2-948e436a5755 None None] Hash Ring setup using WSGI start time 2026-07-07 14:22:33+00:00 {{(pid=90473) _init_hash_ring /opt/stack/neutron/neutron/plugins/ml2/drivers/ovn/mech_driver/mech_driver.py:404}}
Jul 07 14:22:39.914225 np0000004730 devstack@neutron-api.service[90474]: DEBUG neutron.api.extensions [None req-004d495e-7ee1-41d0-975e-0e00d8953f3d None None] Extended resource: auto-allocated-topology {{(pid=90474) __init__ /opt/stack/neutron/neutron/api/extensions.py:156}}
Jul 07 14:22:39.914975 np0000004730 devstack@neutron-api.service[90474]: DEBUG neutron.api.extensions [None req-004d495e-7ee1-41d0-975e-0e00d8953f3d None None] Extended resource: availability_zones {{(pid=90474) __init__ /opt/stack/neutron/neutron/api/extensions.py:156}}
Jul 07 14:22:39.915599 np0000004730 devstack@neutron-api.service[90474]: DEBUG neutron.api.extensions [None req-004d495e-7ee1-41d0-975e-0e00d8953f3d None None] Extended resource: dhcp-networks {{(pid=90474) __init__ /opt/stack/neutron/neutron/api/extensions.py:156}}
Jul 07 14:22:39.916341 np0000004730 devstack@neutron-api.service[90474]: DEBUG neutron.api.extensions [None req-004d495e-7ee1-41d0-975e-0e00d8953f3d None None] Extended resource: dhcp-agents {{(pid=90474) __init__ /opt/stack/neutron/neutron/api/extensions.py:156}}
Jul 07 14:22:39.917212 np0000004730 devstack@neutron-api.service[90474]: DEBUG neutron.api.extensions [None req-004d495e-7ee1-41d0-975e-0e00d8953f3d None None] Extended resource: routers {{(pid=90474) __init__ /opt/stack/neutron/neutron/api/extensions.py:156}}
Jul 07 14:22:39.918409 np0000004730 devstack@neutron-api.service[90474]: DEBUG neutron.api.extensions [None req-004d495e-7ee1-41d0-975e-0e00d8953f3d None None] Extended resource: flavors {{(pid=90474) __init__ /opt/stack/neutron/neutron/api/extensions.py:156}}
Jul 07 14:22:39.919049 np0000004730 devstack@neutron-api.service[90474]: DEBUG neutron.api.extensions [None req-004d495e-7ee1-41d0-975e-0e00d8953f3d None None] Extended resource: service_profiles {{(pid=90474) __init__ /opt/stack/neutron/neutron/api/extensions.py:156}}
Jul 07 14:22:39.919833 np0000004730 devstack@neutron-api.service[90474]: DEBUG neutron.api.extensions [None req-004d495e-7ee1-41d0-975e-0e00d8953f3d None None] Extended resource: next_providers {{(pid=90474) __init__ /opt/stack/neutron/neutron/api/extensions.py:156}}
Jul 07 14:22:39.920359 np0000004730 devstack@neutron-api.service[90473]: INFO neutron.db.ovn_hash_ring_db [None req-a7133249-4df5-4ed9-90b2-948e436a5755 None None] Nodes from host "np0000004730" and group "mechanism_driver" removed from the Hash Ring created at 2026-07-07 14:22:33+00:00
Jul 07 14:22:39.920611 np0000004730 devstack@neutron-api.service[90474]: DEBUG neutron.api.extensions [None req-004d495e-7ee1-41d0-975e-0e00d8953f3d None None] Extended resource: service_profiles {{(pid=90474) __init__ /opt/stack/neutron/neutron/api/extensions.py:156}}
Jul 07 14:22:39.921437 np0000004730 devstack@neutron-api.service[90474]: DEBUG neutron.api.extensions [None req-004d495e-7ee1-41d0-975e-0e00d8953f3d None None] Extended resource: floatingip-pools {{(pid=90474) __init__ /opt/stack/neutron/neutron/api/extensions.py:156}}
Jul 07 14:22:39.922243 np0000004730 devstack@neutron-api.service[90474]: DEBUG neutron.api.extensions [None req-004d495e-7ee1-41d0-975e-0e00d8953f3d None None] Extended resource: routers {{(pid=90474) __init__ /opt/stack/neutron/neutron/api/extensions.py:156}}
Jul 07 14:22:39.923495 np0000004730 devstack@neutron-api.service[90474]: DEBUG neutron.api.extensions [None req-004d495e-7ee1-41d0-975e-0e00d8953f3d None None] Extended resource: floatingips {{(pid=90474) __init__ /opt/stack/neutron/neutron/api/extensions.py:156}}
Jul 07 14:22:39.924210 np0000004730 devstack@neutron-api.service[90474]: DEBUG neutron.api.extensions [None req-004d495e-7ee1-41d0-975e-0e00d8953f3d None None] Extended resource: l3-routers {{(pid=90474) __init__ /opt/stack/neutron/neutron/api/extensions.py:156}}
Jul 07 14:22:39.925123 np0000004730 devstack@neutron-api.service[90474]: DEBUG neutron.api.extensions [None req-004d495e-7ee1-41d0-975e-0e00d8953f3d None None] Extended resource: l3-agents {{(pid=90474) __init__ /opt/stack/neutron/neutron/api/extensions.py:156}}
Jul 07 14:22:39.925983 np0000004730 devstack@neutron-api.service[90474]: DEBUG neutron.api.extensions [None req-004d495e-7ee1-41d0-975e-0e00d8953f3d None None] Extended resource: network-ip-availabilities {{(pid=90474) __init__ /opt/stack/neutron/neutron/api/extensions.py:156}}
Jul 07 14:22:39.926085 np0000004730 devstack@neutron-api.service[90473]: INFO neutron.db.ovn_hash_ring_db [None req-a7133249-4df5-4ed9-90b2-948e436a5755 None None] Node b5f535b1ab505e6ca5a32b11073d25f0 from host "np0000004730" and group "mechanism_driver" added to the Hash Ring
Jul 07 14:22:39.926712 np0000004730 devstack@neutron-api.service[90474]: DEBUG neutron.api.extensions [None req-004d495e-7ee1-41d0-975e-0e00d8953f3d None None] Extended resource: network-ip-availabilities {{(pid=90474) __init__ /opt/stack/neutron/neutron/api/extensions.py:156}}
Jul 07 14:22:39.927571 np0000004730 devstack@neutron-api.service[90474]: DEBUG neutron.api.extensions [None req-004d495e-7ee1-41d0-975e-0e00d8953f3d None None] Extended resource: bindings {{(pid=90474) __init__ /opt/stack/neutron/neutron/api/extensions.py:156}}
Jul 07 14:22:39.928708 np0000004730 devstack@neutron-api.service[90474]: DEBUG neutron.api.extensions [None req-004d495e-7ee1-41d0-975e-0e00d8953f3d None None] Extended resource: quotas {{(pid=90474) __init__ /opt/stack/neutron/neutron/api/extensions.py:156}}
Jul 07 14:22:39.929857 np0000004730 devstack@neutron-api.service[90474]: DEBUG neutron.api.extensions [None req-004d495e-7ee1-41d0-975e-0e00d8953f3d None None] Extended resource: quotas {{(pid=90474) __init__ /opt/stack/neutron/neutron/api/extensions.py:156}}
Jul 07 14:22:39.930231 np0000004730 devstack@neutron-api.service[90473]: DEBUG neutron.plugins.ml2.drivers.ovn.mech_driver.mech_driver [None req-a7133249-4df5-4ed9-90b2-948e436a5755 None None] Hash Ring setup, this worker has detected 2 OVN hash ring registers in the database {{(pid=90473) _init_hash_ring /opt/stack/neutron/neutron/plugins/ml2/drivers/ovn/mech_driver/mech_driver.py:414}}
Jul 07 14:22:39.932117 np0000004730 devstack@neutron-api.service[90474]: DEBUG neutron.api.extensions [None req-004d495e-7ee1-41d0-975e-0e00d8953f3d None None] Extended resource: rbac-policies {{(pid=90474) __init__ /opt/stack/neutron/neutron/api/extensions.py:156}}
Jul 07 14:22:39.932841 np0000004730 devstack@neutron-api.service[90474]: DEBUG neutron.api.extensions [None req-004d495e-7ee1-41d0-975e-0e00d8953f3d None None] Extended resource: default-security-group-rules {{(pid=90474) __init__ /opt/stack/neutron/neutron/api/extensions.py:156}}
Jul 07 14:22:39.933701 np0000004730 devstack@neutron-api.service[90474]: DEBUG neutron.api.extensions [None req-004d495e-7ee1-41d0-975e-0e00d8953f3d None None] Extended resource: security-groups-default-statefulness {{(pid=90474) __init__ /opt/stack/neutron/neutron/api/extensions.py:156}}
Jul 07 14:22:39.934409 np0000004730 devstack@neutron-api.service[90471]: DEBUG oslo_concurrency.processutils [None req-e901ad9e-3998-4c9a-83af-93ee80e3ee93 None None] CMD "ovsdb-client transact ssl:10.4.3.195:6641 --timeout 180 -p /opt/stack/data/CA/int-ca/private/devstack-cert.key -c /opt/stack/data/CA/int-ca/devstack-cert.crt -C /opt/stack/data/CA/int-ca/ca-chain.pem ["OVN_Northbound", {"op": "wait", "timeout": 0, "table": "Port_Group", "where": [["name", "==", "neutron_pg_drop"]], "until": "==", "rows": []}, {"op": "insert", "table": "ACL", "row": {"action": "drop", "direction": "to-lport", "match": "outport == @neutron_pg_drop && ip", "priority": 1001}, "uuid-name": "droptoport"}, {"op": "insert", "table": "ACL", "row": {"action": "drop", "direction": "from-lport", "match": "inport == @neutron_pg_drop && ip", "priority": 1001}, "uuid-name": "dropfromport"}, {"op": "insert", "table": "Port_Group", "row": {"name": "neutron_pg_drop", "acls": ["set", [["named-uuid", "droptoport"], ["named-uuid", "dropfromport"]]]}}]" returned: 0 in 0.037s {{(pid=90471) execute /opt/stack/data/venv/lib/python3.12/site-packages/oslo_concurrency/processutils.py:468}}
Jul 07 14:22:39.934541 np0000004730 devstack@neutron-api.service[90474]: DEBUG neutron.api.extensions [None req-004d495e-7ee1-41d0-975e-0e00d8953f3d None None] Extended resource: security-groups {{(pid=90474) __init__ /opt/stack/neutron/neutron/api/extensions.py:156}}
Jul 07 14:22:39.935268 np0000004730 devstack@neutron-api.service[90471]: DEBUG neutron_lib.callbacks.manager [None req-e901ad9e-3998-4c9a-83af-93ee80e3ee93 None None] Publish callbacks ['neutron.plugins.ml2.drivers.ovn.mech_driver.mech_driver.OVNMechanismDriver.post_fork_initialize-2055668', 'neutron.services.pvlan.drivers.ovn.driver._initialize_pvlan_pg_drop-8693201359122', 'neutron.services.ovn_l3.plugin.OVNL3RouterPlugin._post_fork_initialize-3826109'] for process (None), after_init {{(pid=90471) _notify_loop /opt/stack/data/venv/lib/python3.12/site-packages/neutron_lib/callbacks/manager.py:184}}
Jul 07 14:22:39.935502 np0000004730 devstack@neutron-api.service[90474]: DEBUG neutron.api.extensions [None req-004d495e-7ee1-41d0-975e-0e00d8953f3d None None] Extended resource: security-group-rules {{(pid=90474) __init__ /opt/stack/neutron/neutron/api/extensions.py:156}}
Jul 07 14:22:39.935731 np0000004730 devstack@neutron-api.service[90471]: DEBUG oslo_concurrency.lockutils [None req-e901ad9e-3998-4c9a-83af-93ee80e3ee93 None None] Acquiring lock "singleton_lock" {{(pid=90471) lock /opt/stack/data/venv/lib/python3.12/site-packages/oslo_concurrency/lockutils.py:395}}
Jul 07 14:22:39.935919 np0000004730 devstack@neutron-api.service[90471]: DEBUG oslo_concurrency.lockutils [None req-e901ad9e-3998-4c9a-83af-93ee80e3ee93 None None] Acquired lock "singleton_lock" {{(pid=90471) lock /opt/stack/data/venv/lib/python3.12/site-packages/oslo_concurrency/lockutils.py:398}}
Jul 07 14:22:39.936017 np0000004730 devstack@neutron-api.service[90473]: DEBUG neutron.plugins.ml2.drivers.ovn.mech_driver.ovsdb.maintenance [None req-a7133249-4df5-4ed9-90b2-948e436a5755 None None] Periodic task found: HashRingHealthCheckPeriodics.touch_hash_ring_node {{(pid=90473) add_periodics /opt/stack/neutron/neutron/plugins/ml2/drivers/ovn/mech_driver/ovsdb/maintenance.py:146}}
Jul 07 14:22:39.936124 np0000004730 devstack@neutron-api.service[90474]: DEBUG neutron.api.extensions [None req-004d495e-7ee1-41d0-975e-0e00d8953f3d None None] Extended resource: service-providers {{(pid=90474) __init__ /opt/stack/neutron/neutron/api/extensions.py:156}}
Jul 07 14:22:39.936289 np0000004730 devstack@neutron-api.service[90471]: DEBUG oslo_concurrency.lockutils [None req-e901ad9e-3998-4c9a-83af-93ee80e3ee93 None None] Releasing lock "singleton_lock" {{(pid=90471) lock /opt/stack/data/venv/lib/python3.12/site-packages/oslo_concurrency/lockutils.py:418}}
Jul 07 14:22:39.936872 np0000004730 devstack@neutron-api.service[90474]: DEBUG neutron.api.extensions [None req-004d495e-7ee1-41d0-975e-0e00d8953f3d None None] Extended resource: subnetpools {{(pid=90474) __init__ /opt/stack/neutron/neutron/api/extensions.py:156}}
Jul 07 14:22:39.937015 np0000004730 devstack@neutron-api.service[90473]: INFO neutron.plugins.ml2.drivers.ovn.mech_driver.mech_driver [None req-a7133249-4df5-4ed9-90b2-948e436a5755 None None] Hash Ring probing thread for node b5f535b1ab505e6ca5a32b11073d25f0 has started
Jul 07 14:22:39.937488 np0000004730 devstack@neutron-api.service[90473]: INFO neutron.plugins.ml2.drivers.ovn.mech_driver.ovsdb.impl_idl_ovn [None req-a7133249-4df5-4ed9-90b2-948e436a5755 None None] Getting OvsdbNbOvnIdl for WorkerService with retry
Jul 07 14:22:39.937823 np0000004730 devstack@neutron-api.service[90474]: DEBUG neutron.api.extensions [None req-004d495e-7ee1-41d0-975e-0e00d8953f3d None None] Extended resource: subnetpools {{(pid=90474) __init__ /opt/stack/neutron/neutron/api/extensions.py:156}}
Jul 07 14:22:39.938665 np0000004730 devstack@neutron-api.service[90474]: DEBUG neutron.api.extensions [None req-004d495e-7ee1-41d0-975e-0e00d8953f3d None None] Extended resource: tags {{(pid=90474) __init__ /opt/stack/neutron/neutron/api/extensions.py:156}}
Jul 07 14:22:39.938930 np0000004730 devstack@neutron-api.service[90471]: DEBUG neutron.plugins.ml2.drivers.ovn.mech_driver.mech_driver [None req-e901ad9e-3998-4c9a-83af-93ee80e3ee93 None None] Hash Ring setup using WSGI start time 2026-07-07 14:22:33+00:00 {{(pid=90471) _init_hash_ring /opt/stack/neutron/neutron/plugins/ml2/drivers/ovn/mech_driver/mech_driver.py:404}}
Jul 07 14:22:39.939966 np0000004730 devstack@neutron-api.service[90474]: DEBUG neutron.api.extensions [None req-004d495e-7ee1-41d0-975e-0e00d8953f3d None None] Extended resource: tags {{(pid=90474) __init__ /opt/stack/neutron/neutron/api/extensions.py:156}}
Jul 07 14:22:39.940990 np0000004730 devstack@neutron-api.service[90474]: DEBUG neutron.api.extensions [None req-004d495e-7ee1-41d0-975e-0e00d8953f3d None None] Extended resource: tags {{(pid=90474) __init__ /opt/stack/neutron/neutron/api/extensions.py:156}}
Jul 07 14:22:39.942208 np0000004730 devstack@neutron-api.service[90474]: DEBUG neutron.api.extensions [None req-004d495e-7ee1-41d0-975e-0e00d8953f3d None None] Extended resource: tags {{(pid=90474) __init__ /opt/stack/neutron/neutron/api/extensions.py:156}}
Jul 07 14:22:39.943291 np0000004730 devstack@neutron-api.service[90474]: DEBUG neutron.api.extensions [None req-004d495e-7ee1-41d0-975e-0e00d8953f3d None None] Extended resource: tags {{(pid=90474) __init__ /opt/stack/neutron/neutron/api/extensions.py:156}}
Jul 07 14:22:39.944514 np0000004730 devstack@neutron-api.service[90474]: DEBUG neutron.api.extensions [None req-004d495e-7ee1-41d0-975e-0e00d8953f3d None None] Extended resource: tags {{(pid=90474) __init__ /opt/stack/neutron/neutron/api/extensions.py:156}}
Jul 07 14:22:39.945516 np0000004730 devstack@neutron-api.service[90474]: DEBUG neutron.api.extensions [None req-004d495e-7ee1-41d0-975e-0e00d8953f3d None None] Extended resource: tags {{(pid=90474) __init__ /opt/stack/neutron/neutron/api/extensions.py:156}}
Jul 07 14:22:39.946351 np0000004730 devstack@neutron-api.service[90471]: INFO neutron.db.ovn_hash_ring_db [None req-e901ad9e-3998-4c9a-83af-93ee80e3ee93 None None] Nodes from host "np0000004730" and group "mechanism_driver" removed from the Hash Ring created at 2026-07-07 14:22:33+00:00
Jul 07 14:22:39.946820 np0000004730 devstack@neutron-api.service[90474]: DEBUG neutron.api.extensions [None req-004d495e-7ee1-41d0-975e-0e00d8953f3d None None] Extended resource: tags {{(pid=90474) __init__ /opt/stack/neutron/neutron/api/extensions.py:156}}
Jul 07 14:22:39.947936 np0000004730 devstack@neutron-api.service[90474]: DEBUG neutron.api.extensions [None req-004d495e-7ee1-41d0-975e-0e00d8953f3d None None] Extended resource: tags {{(pid=90474) __init__ /opt/stack/neutron/neutron/api/extensions.py:156}}
Jul 07 14:22:39.949010 np0000004730 devstack@neutron-api.service[90474]: DEBUG neutron.api.extensions [None req-004d495e-7ee1-41d0-975e-0e00d8953f3d None None] Extended resource: tags {{(pid=90474) __init__ /opt/stack/neutron/neutron/api/extensions.py:156}}
Jul 07 14:22:39.952704 np0000004730 devstack@neutron-api.service[90471]: INFO neutron.db.ovn_hash_ring_db [None req-e901ad9e-3998-4c9a-83af-93ee80e3ee93 None None] Node d6dd2fb533c05881933e4296080712d4 from host "np0000004730" and group "mechanism_driver" added to the Hash Ring
Jul 07 14:22:39.957230 np0000004730 devstack@neutron-api.service[90471]: DEBUG neutron.plugins.ml2.drivers.ovn.mech_driver.mech_driver [None req-e901ad9e-3998-4c9a-83af-93ee80e3ee93 None None] Hash Ring setup, this worker has detected 3 OVN hash ring registers in the database {{(pid=90471) _init_hash_ring /opt/stack/neutron/neutron/plugins/ml2/drivers/ovn/mech_driver/mech_driver.py:414}}
Jul 07 14:22:39.960794 np0000004730 devstack@neutron-api.service[90474]: DEBUG neutron_lib.callbacks.manager [None req-004d495e-7ee1-41d0-975e-0e00d8953f3d None None] Publish callbacks ['neutron.plugins.ml2.drivers.ovn.mech_driver.mech_driver.OVNMechanismDriver.pre_fork_initialize-2055651'] for process (None), before_spawn {{(pid=90474) _notify_loop /opt/stack/data/venv/lib/python3.12/site-packages/neutron_lib/callbacks/manager.py:184}}
Jul 07 14:22:39.961297 np0000004730 devstack@neutron-api.service[90474]: DEBUG oslo_concurrency.processutils [None req-004d495e-7ee1-41d0-975e-0e00d8953f3d None None] Running cmd (subprocess): ovsdb-client transact ssl:10.4.3.195:6641 --timeout 180 -p /opt/stack/data/CA/int-ca/private/devstack-cert.key -c /opt/stack/data/CA/int-ca/devstack-cert.crt -C /opt/stack/data/CA/int-ca/ca-chain.pem ["OVN_Northbound", {"op": "wait", "timeout": 0, "table": "Port_Group", "where": [["name", "==", "neutron_pg_drop"]], "until": "==", "rows": []}, {"op": "insert", "table": "ACL", "row": {"action": "drop", "direction": "to-lport", "match": "outport == @neutron_pg_drop && ip", "priority": 1001}, "uuid-name": "droptoport"}, {"op": "insert", "table": "ACL", "row": {"action": "drop", "direction": "from-lport", "match": "inport == @neutron_pg_drop && ip", "priority": 1001}, "uuid-name": "dropfromport"}, {"op": "insert", "table": "Port_Group", "row": {"name": "neutron_pg_drop", "acls": ["set", [["named-uuid", "droptoport"], ["named-uuid", "dropfromport"]]]}}] {{(pid=90474) execute /opt/stack/data/venv/lib/python3.12/site-packages/oslo_concurrency/processutils.py:440}}
Jul 07 14:22:39.964897 np0000004730 devstack@neutron-api.service[90471]: DEBUG neutron.plugins.ml2.drivers.ovn.mech_driver.ovsdb.maintenance [None req-e901ad9e-3998-4c9a-83af-93ee80e3ee93 None None] Periodic task found: HashRingHealthCheckPeriodics.touch_hash_ring_node {{(pid=90471) add_periodics /opt/stack/neutron/neutron/plugins/ml2/drivers/ovn/mech_driver/ovsdb/maintenance.py:146}}
Jul 07 14:22:39.966257 np0000004730 devstack@neutron-api.service[90471]: INFO neutron.plugins.ml2.drivers.ovn.mech_driver.mech_driver [None req-e901ad9e-3998-4c9a-83af-93ee80e3ee93 None None] Hash Ring probing thread for node d6dd2fb533c05881933e4296080712d4 has started
Jul 07 14:22:39.967760 np0000004730 devstack@neutron-api.service[90471]: INFO neutron.plugins.ml2.drivers.ovn.mech_driver.ovsdb.impl_idl_ovn [None req-e901ad9e-3998-4c9a-83af-93ee80e3ee93 None None] Getting OvsdbNbOvnIdl for WorkerService with retry
Jul 07 14:22:40.002023 np0000004730 devstack@neutron-api.service[90473]: DEBUG ovsdbapp.backend.ovs_idl [None req-a7133249-4df5-4ed9-90b2-948e436a5755 None None] Created lookup_table index Logical_Switch.name {{(pid=90473) autocreate_indices /opt/stack/data/venv/lib/python3.12/site-packages/ovsdbapp/backend/ovs_idl/__init__.py:87}}
Jul 07 14:22:40.002127 np0000004730 devstack@neutron-api.service[90474]: DEBUG oslo_concurrency.processutils [None req-004d495e-7ee1-41d0-975e-0e00d8953f3d None None] CMD "ovsdb-client transact ssl:10.4.3.195:6641 --timeout 180 -p /opt/stack/data/CA/int-ca/private/devstack-cert.key -c /opt/stack/data/CA/int-ca/devstack-cert.crt -C /opt/stack/data/CA/int-ca/ca-chain.pem ["OVN_Northbound", {"op": "wait", "timeout": 0, "table": "Port_Group", "where": [["name", "==", "neutron_pg_drop"]], "until": "==", "rows": []}, {"op": "insert", "table": "ACL", "row": {"action": "drop", "direction": "to-lport", "match": "outport == @neutron_pg_drop && ip", "priority": 1001}, "uuid-name": "droptoport"}, {"op": "insert", "table": "ACL", "row": {"action": "drop", "direction": "from-lport", "match": "inport == @neutron_pg_drop && ip", "priority": 1001}, "uuid-name": "dropfromport"}, {"op": "insert", "table": "Port_Group", "row": {"name": "neutron_pg_drop", "acls": ["set", [["named-uuid", "droptoport"], ["named-uuid", "dropfromport"]]]}}]" returned: 0 in 0.039s {{(pid=90474) execute /opt/stack/data/venv/lib/python3.12/site-packages/oslo_concurrency/processutils.py:468}}
Jul 07 14:22:40.002219 np0000004730 devstack@neutron-api.service[90473]: DEBUG ovsdbapp.backend.ovs_idl [None req-a7133249-4df5-4ed9-90b2-948e436a5755 None None] Created lookup_table index Logical_Router.name {{(pid=90473) autocreate_indices /opt/stack/data/venv/lib/python3.12/site-packages/ovsdbapp/backend/ovs_idl/__init__.py:87}}
Jul 07 14:22:40.002219 np0000004730 devstack@neutron-api.service[90473]: DEBUG ovsdbapp.backend.ovs_idl [None req-a7133249-4df5-4ed9-90b2-948e436a5755 None None] Created lookup_table index Load_Balancer.name {{(pid=90473) autocreate_indices /opt/stack/data/venv/lib/python3.12/site-packages/ovsdbapp/backend/ovs_idl/__init__.py:87}}
Jul 07 14:22:40.002300 np0000004730 devstack@neutron-api.service[90474]: DEBUG neutron_lib.callbacks.manager [None req-004d495e-7ee1-41d0-975e-0e00d8953f3d None None] Publish callbacks ['neutron.plugins.ml2.drivers.ovn.mech_driver.mech_driver.OVNMechanismDriver.post_fork_initialize-2055563', 'neutron.services.pvlan.drivers.ovn.driver._initialize_pvlan_pg_drop-8693201439234', 'neutron.services.ovn_l3.plugin.OVNL3RouterPlugin._post_fork_initialize-3750619'] for process (None), after_init {{(pid=90474) _notify_loop /opt/stack/data/venv/lib/python3.12/site-packages/neutron_lib/callbacks/manager.py:184}}
Jul 07 14:22:40.002391 np0000004730 devstack@neutron-api.service[90473]: DEBUG ovsdbapp.backend.ovs_idl [None req-a7133249-4df5-4ed9-90b2-948e436a5755 None None] Created schema index Copp.name {{(pid=90473) autocreate_indices /opt/stack/data/venv/lib/python3.12/site-packages/ovsdbapp/backend/ovs_idl/__init__.py:106}}
Jul 07 14:22:40.002391 np0000004730 devstack@neutron-api.service[90473]: DEBUG ovsdbapp.backend.ovs_idl [None req-a7133249-4df5-4ed9-90b2-948e436a5755 None None] Created schema index Meter.name {{(pid=90473) autocreate_indices /opt/stack/data/venv/lib/python3.12/site-packages/ovsdbapp/backend/ovs_idl/__init__.py:106}}
Jul 07 14:22:40.002391 np0000004730 devstack@neutron-api.service[90473]: DEBUG ovsdbapp.backend.ovs_idl [None req-a7133249-4df5-4ed9-90b2-948e436a5755 None None] Created schema index Load_Balancer_Group.name {{(pid=90473) autocreate_indices /opt/stack/data/venv/lib/python3.12/site-packages/ovsdbapp/backend/ovs_idl/__init__.py:106}}
Jul 07 14:22:40.002500 np0000004730 devstack@neutron-api.service[90474]: DEBUG oslo_concurrency.lockutils [None req-004d495e-7ee1-41d0-975e-0e00d8953f3d None None] Acquiring lock "singleton_lock" {{(pid=90474) lock /opt/stack/data/venv/lib/python3.12/site-packages/oslo_concurrency/lockutils.py:395}}
Jul 07 14:22:40.002500 np0000004730 devstack@neutron-api.service[90474]: DEBUG oslo_concurrency.lockutils [None req-004d495e-7ee1-41d0-975e-0e00d8953f3d None None] Acquired lock "singleton_lock" {{(pid=90474) lock /opt/stack/data/venv/lib/python3.12/site-packages/oslo_concurrency/lockutils.py:398}}
Jul 07 14:22:40.002574 np0000004730 devstack@neutron-api.service[90473]: DEBUG ovsdbapp.backend.ovs_idl [None req-a7133249-4df5-4ed9-90b2-948e436a5755 None None] Created schema index HA_Chassis_Group.name {{(pid=90473) autocreate_indices /opt/stack/data/venv/lib/python3.12/site-packages/ovsdbapp/backend/ovs_idl/__init__.py:106}}
