Jun 18 14:07:32.195697 np0000003146 devstack@n-api.service[86697]: DEBUG nova.api.openstack.wsgi [None req-bdec703a-6b70-4c61-950b-28d23c28d759 admin admin] Action: 'create', calling method: >, body: {"flavor": {"ram": 8192, "disk": 80, "swap": 0, "os-flavor-access:is_public": true, "OS-FLV-EXT-DATA:ephemeral": 0, "vcpus": 4, "name": "m1.large", "id": "4"}} {{(pid=86697) _process_stack /opt/stack/nova/nova/api/openstack/wsgi.py:549}}
Jun 18 14:07:32.216607 np0000003146 devstack@n-api.service[86697]: INFO nova.api.openstack.requestlog [None req-bdec703a-6b70-4c61-950b-28d23c28d759 admin admin] 10.4.3.229 "POST /compute/v2.1/flavors" status: 200 len: 405 microversion: 2.61 time: 0.023146
Jun 18 14:07:32.217198 np0000003146 devstack@n-api.service[86697]: [pid: 86697|app: 0|req: 7/21] 10.4.3.229 () {72 vars in 1398 bytes} [Thu Jun 18 14:07:32 2026] POST /compute/v2.1/flavors => generated 405 bytes in 24 msecs (HTTP/1.1 200) 9 headers in 359 bytes (1 switches on core 0)
Jun 18 14:07:32.228063 np0000003146 devstack@n-api.service[86696]: DEBUG nova.api.openstack.wsgi [None req-d3d993d6-b679-43a8-9464-1dc6386afcd8 admin admin] Action: 'create', calling method: >, body: {"extra_specs": {"hw_rng:allowed": "True"}} {{(pid=86696) _process_stack /opt/stack/nova/nova/api/openstack/wsgi.py:549}}
Jun 18 14:07:32.249434 np0000003146 devstack@n-api.service[86696]: INFO nova.api.openstack.requestlog [None req-d3d993d6-b679-43a8-9464-1dc6386afcd8 admin admin] 10.4.3.229 "POST /compute/v2.1/flavors/4/os-extra_specs" status: 200 len: 43 microversion: 2.61 time: 0.023540
Jun 18 14:07:32.249588 np0000003146 devstack@n-api.service[86696]: [pid: 86696|app: 0|req: 7/22] 10.4.3.229 () {72 vars in 1448 bytes} [Thu Jun 18 14:07:32 2026] POST /compute/v2.1/flavors/4/os-extra_specs => generated 43 bytes in 24 msecs (HTTP/1.1 200) 9 headers in 358 bytes (1 switches on core 0)
Jun 18 14:07:32.479708 np0000003146 devstack@n-api.service[86698]: DEBUG nova.api.openstack.wsgi [None req-24d148e9-7aba-41d7-bea9-5c7dd5661c01 admin admin] Action: 'create', calling method: >, body: {"flavor": {"ram": 16384, "disk": 160, "swap": 0, "os-flavor-access:is_public": true, "OS-FLV-EXT-DATA:ephemeral": 0, "vcpus": 8, "name": "m1.xlarge", "id": "5"}} {{(pid=86698) _process_stack /opt/stack/nova/nova/api/openstack/wsgi.py:549}}
Jun 18 14:07:32.493780 np0000003146 devstack@n-api.service[86698]: INFO nova.api.openstack.requestlog [None req-24d148e9-7aba-41d7-bea9-5c7dd5661c01 admin admin] 10.4.3.229 "POST /compute/v2.1/flavors" status: 200 len: 408 microversion: 2.61 time: 0.016107
Jun 18 14:07:32.494150 np0000003146 devstack@n-api.service[86698]: [pid: 86698|app: 0|req: 9/23] 10.4.3.229 () {72 vars in 1398 bytes} [Thu Jun 18 14:07:32 2026] POST /compute/v2.1/flavors => generated 408 bytes in 17 msecs (HTTP/1.1 200) 9 headers in 359 bytes (1 switches on core 0)
Jun 18 14:07:32.505561 np0000003146 devstack@n-api.service[86697]: DEBUG nova.api.openstack.wsgi [None req-17c3f986-10a5-49e3-b177-89d9f6975ca7 admin admin] Action: 'create', calling method: >, body: {"extra_specs": {"hw_rng:allowed": "True"}} {{(pid=86697) _process_stack /opt/stack/nova/nova/api/openstack/wsgi.py:549}}
Jun 18 14:07:32.521258 np0000003146 devstack@n-api.service[86697]: INFO nova.api.openstack.requestlog [None req-17c3f986-10a5-49e3-b177-89d9f6975ca7 admin admin] 10.4.3.229 "POST /compute/v2.1/flavors/5/os-extra_specs" status: 200 len: 43 microversion: 2.61 time: 0.017531
Jun 18 14:07:32.521525 np0000003146 devstack@n-api.service[86697]: [pid: 86697|app: 0|req: 8/24] 10.4.3.229 () {72 vars in 1448 bytes} [Thu Jun 18 14:07:32 2026] POST /compute/v2.1/flavors/5/os-extra_specs => generated 43 bytes in 18 msecs (HTTP/1.1 200) 9 headers in 358 bytes (1 switches on core 0)
Jun 18 14:07:42.246044 np0000003146 devstack@n-api.service[86696]: DEBUG dbcounter [-] [86696] Writing DB stats nova_api:INSERT=7,nova_api:SELECT=15,nova_api:SAVEPOINT=4,nova_api:RELEASE=4 {{(pid=86696) stat_writer /opt/stack/data/venv/lib/python3.12/site-packages/dbcounter.py:115}}
Jun 18 14:07:42.488983 np0000003146 devstack@n-api.service[86698]: DEBUG dbcounter [-] [86698] Writing DB stats nova_api:SELECT=13,nova_api:SAVEPOINT=3,nova_api:INSERT=6,nova_api:RELEASE=3 {{(pid=86698) stat_writer /opt/stack/data/venv/lib/python3.12/site-packages/dbcounter.py:115}}
Jun 18 14:07:42.518476 np0000003146 devstack@n-api.service[86697]: DEBUG dbcounter [-] [86697] Writing DB stats nova_api:SELECT=14,nova_api:INSERT=7,nova_api:SAVEPOINT=3,nova_api:RELEASE=3 {{(pid=86697) stat_writer /opt/stack/data/venv/lib/python3.12/site-packages/dbcounter.py:115}}
Jun 18 14:07:59.017947 np0000003146 devstack@n-api.service[86696]: DEBUG nova.api.openstack.wsgi [None req-22825a80-b92a-4d1d-866a-e8753acdd94a admin admin] Calling method '>' {{(pid=86696) _process_stack /opt/stack/nova/nova/api/openstack/wsgi.py:551}}
Jun 18 14:07:59.020364 np0000003146 devstack@n-api.service[86696]: DEBUG oslo_concurrency.lockutils [None req-22825a80-b92a-4d1d-866a-e8753acdd94a admin admin] Acquiring lock "00000000-0000-0000-0000-000000000000" by "nova.context.set_target_cell..get_or_set_cached_cell_and_set_connections" {{(pid=86696) inner /opt/stack/data/venv/lib/python3.12/site-packages/oslo_concurrency/lockutils.py:511}}
Jun 18 14:07:59.021079 np0000003146 devstack@n-api.service[86696]: DEBUG oslo_concurrency.lockutils [None req-22825a80-b92a-4d1d-866a-e8753acdd94a admin admin] Lock "00000000-0000-0000-0000-000000000000" acquired by "nova.context.set_target_cell..get_or_set_cached_cell_and_set_connections" :: waited 0.000s {{(pid=86696) inner /opt/stack/data/venv/lib/python3.12/site-packages/oslo_concurrency/lockutils.py:524}}
Jun 18 14:07:59.021079 np0000003146 devstack@n-api.service[86696]: DEBUG oslo_concurrency.lockutils [None req-22825a80-b92a-4d1d-866a-e8753acdd94a admin admin] Lock "00000000-0000-0000-0000-000000000000" "released" by "nova.context.set_target_cell..get_or_set_cached_cell_and_set_connections" :: held 0.000s {{(pid=86696) inner /opt/stack/data/venv/lib/python3.12/site-packages/oslo_concurrency/lockutils.py:543}}
Jun 18 14:07:59.021855 np0000003146 devstack@n-api.service[86696]: DEBUG oslo_concurrency.lockutils [None req-22825a80-b92a-4d1d-866a-e8753acdd94a admin admin] Acquiring lock "fae5b4b8-8d0d-41da-b8eb-cef40163ed0c" by "nova.context.set_target_cell..get_or_set_cached_cell_and_set_connections" {{(pid=86696) inner /opt/stack/data/venv/lib/python3.12/site-packages/oslo_concurrency/lockutils.py:511}}
Jun 18 14:07:59.021855 np0000003146 devstack@n-api.service[86696]: DEBUG oslo_concurrency.lockutils [None req-22825a80-b92a-4d1d-866a-e8753acdd94a admin admin] Lock "fae5b4b8-8d0d-41da-b8eb-cef40163ed0c" acquired by "nova.context.set_target_cell..get_or_set_cached_cell_and_set_connections" :: waited 0.000s {{(pid=86696) inner /opt/stack/data/venv/lib/python3.12/site-packages/oslo_concurrency/lockutils.py:524}}
Jun 18 14:07:59.022097 np0000003146 devstack@n-api.service[86696]: DEBUG oslo_concurrency.lockutils [None req-22825a80-b92a-4d1d-866a-e8753acdd94a admin admin] Lock "fae5b4b8-8d0d-41da-b8eb-cef40163ed0c" "released" by "nova.context.set_target_cell..get_or_set_cached_cell_and_set_connections" :: held 0.000s {{(pid=86696) inner /opt/stack/data/venv/lib/python3.12/site-packages/oslo_concurrency/lockutils.py:543}}
Jun 18 14:07:59.072536 np0000003146 devstack@n-api.service[86696]: INFO nova.api.openstack.requestlog [None req-22825a80-b92a-4d1d-866a-e8753acdd94a admin admin] 10.4.3.229 "GET /compute/v2.1/os-services?binary=nova-compute&host=np0000003146" status: 200 len: 255 microversion: 2.69 time: 0.056094
Jun 18 14:07:59.072821 np0000003146 devstack@n-api.service[86696]: [pid: 86696|app: 0|req: 8/25] 10.4.3.229 () {68 vars in 1444 bytes} [Thu Jun 18 14:07:59 2026] GET /compute/v2.1/os-services?binary=nova-compute&host=np0000003146 => generated 255 bytes in 56 msecs (HTTP/1.1 200) 9 headers in 359 bytes (1 switches on core 0)
Jun 18 14:08:09.025937 np0000003146 devstack@n-api.service[86696]: DEBUG dbcounter [-] [86696] Writing DB stats nova_cell0:SELECT=1 {{(pid=86696) stat_writer /opt/stack/data/venv/lib/python3.12/site-packages/dbcounter.py:115}}
Jun 18 14:08:09.027192 np0000003146 devstack@n-api.service[86696]: DEBUG dbcounter [-] [86696] Writing DB stats nova_cell1:SELECT=1 {{(pid=86696) stat_writer /opt/stack/data/venv/lib/python3.12/site-packages/dbcounter.py:115}}
Jun 18 14:08:09.065988 np0000003146 devstack@n-api.service[86696]: DEBUG dbcounter [-] [86696] Writing DB stats nova_api:SELECT=2 {{(pid=86696) stat_writer /opt/stack/data/venv/lib/python3.12/site-packages/dbcounter.py:115}}
Jun 18 14:08:13.660800 np0000003146 devstack@n-api.service[86698]: DEBUG nova.api.openstack.wsgi [None req-338daf57-5a0c-4100-bf6a-2139dd0d15d5 admin admin] Calling method '>' {{(pid=86698) _process_stack /opt/stack/nova/nova/api/openstack/wsgi.py:551}}
Jun 18 14:08:13.674543 np0000003146 devstack@n-api.service[86698]: INFO nova.api.openstack.requestlog [None req-338daf57-5a0c-4100-bf6a-2139dd0d15d5 admin admin] 10.4.3.229 "GET /compute/v2.1/flavors/detail?is_public=True" status: 200 len: 4202 microversion: 2.61 time: 0.015327
Jun 18 14:08:13.674864 np0000003146 devstack@n-api.service[86698]: [pid: 86698|app: 0|req: 10/26] 10.4.3.229 () {68 vars in 1407 bytes} [Thu Jun 18 14:08:13 2026] GET /compute/v2.1/flavors/detail?is_public=True => generated 4202 bytes in 16 msecs (HTTP/1.1 200) 9 headers in 360 bytes (1 switches on core 0)
Jun 18 14:08:14.128057 np0000003146 devstack@n-api.service[86697]: DEBUG nova.api.openstack.wsgi [None req-c07ffe51-d59e-4f48-a669-60c3d8eeb55e admin admin] Action: 'create', calling method: >, body: {"flavor": {"ram": 192, "disk": 1, "swap": 0, "os-flavor-access:is_public": true, "OS-FLV-EXT-DATA:ephemeral": 0, "vcpus": 1, "name": "m1.nano", "id": "42"}} {{(pid=86697) _process_stack /opt/stack/nova/nova/api/openstack/wsgi.py:549}}
Jun 18 14:08:14.139966 np0000003146 devstack@n-api.service[86697]: INFO nova.api.openstack.requestlog [None req-c07ffe51-d59e-4f48-a669-60c3d8eeb55e admin admin] 10.4.3.229 "POST /compute/v2.1/flavors" status: 200 len: 405 microversion: 2.61 time: 0.013881
Jun 18 14:08:14.140210 np0000003146 devstack@n-api.service[86697]: [pid: 86697|app: 0|req: 9/27] 10.4.3.229 () {72 vars in 1398 bytes} [Thu Jun 18 14:08:14 2026] POST /compute/v2.1/flavors => generated 405 bytes in 14 msecs (HTTP/1.1 200) 9 headers in 359 bytes (1 switches on core 0)
Jun 18 14:08:14.150174 np0000003146 devstack@n-api.service[86696]: DEBUG nova.api.openstack.wsgi [None req-99181c1b-049e-4194-bac4-637234a50f07 admin admin] Action: 'create', calling method: >, body: {"extra_specs": {"hw_rng:allowed": "True"}} {{(pid=86696) _process_stack /opt/stack/nova/nova/api/openstack/wsgi.py:549}}
Jun 18 14:08:14.164352 np0000003146 devstack@n-api.service[86696]: INFO nova.api.openstack.requestlog [None req-99181c1b-049e-4194-bac4-637234a50f07 admin admin] 10.4.3.229 "POST /compute/v2.1/flavors/42/os-extra_specs" status: 200 len: 43 microversion: 2.61 time: 0.015982
Jun 18 14:08:14.164580 np0000003146 devstack@n-api.service[86696]: [pid: 86696|app: 0|req: 9/28] 10.4.3.229 () {72 vars in 1451 bytes} [Thu Jun 18 14:08:14 2026] POST /compute/v2.1/flavors/42/os-extra_specs => generated 43 bytes in 16 msecs (HTTP/1.1 200) 9 headers in 358 bytes (1 switches on core 0)
Jun 18 14:08:14.604971 np0000003146 devstack@n-api.service[86698]: DEBUG nova.api.openstack.wsgi [None req-d7e3cabd-d50d-420d-bb81-9151011b51f4 admin admin] Action: 'create', calling method: >, body: {"flavor": {"ram": 256, "disk": 1, "swap": 0, "os-flavor-access:is_public": true, "OS-FLV-EXT-DATA:ephemeral": 0, "vcpus": 1, "name": "m1.micro", "id": "84"}} {{(pid=86698) _process_stack /opt/stack/nova/nova/api/openstack/wsgi.py:549}}
Jun 18 14:08:14.618957 np0000003146 devstack@n-api.service[86698]: INFO nova.api.openstack.requestlog [None req-d7e3cabd-d50d-420d-bb81-9151011b51f4 admin admin] 10.4.3.229 "POST /compute/v2.1/flavors" status: 200 len: 406 microversion: 2.61 time: 0.015805
Jun 18 14:08:14.619269 np0000003146 devstack@n-api.service[86698]: [pid: 86698|app: 0|req: 11/29] 10.4.3.229 () {72 vars in 1398 bytes} [Thu Jun 18 14:08:14 2026] POST /compute/v2.1/flavors => generated 406 bytes in 16 msecs (HTTP/1.1 200) 9 headers in 359 bytes (1 switches on core 0)
Jun 18 14:08:14.629948 np0000003146 devstack@n-api.service[86697]: DEBUG nova.api.openstack.wsgi [None req-cb24cb08-7025-46fc-ba40-089ad0f966f2 admin admin] Action: 'create', calling method: >, body: {"extra_specs": {"hw_rng:allowed": "True"}} {{(pid=86697) _process_stack /opt/stack/nova/nova/api/openstack/wsgi.py:549}}
Jun 18 14:08:14.644498 np0000003146 devstack@n-api.service[86697]: INFO nova.api.openstack.requestlog [None req-cb24cb08-7025-46fc-ba40-089ad0f966f2 admin admin] 10.4.3.229 "POST /compute/v2.1/flavors/84/os-extra_specs" status: 200 len: 43 microversion: 2.61 time: 0.016171
Jun 18 14:08:14.644805 np0000003146 devstack@n-api.service[86697]: [pid: 86697|app: 0|req: 10/30] 10.4.3.229 () {72 vars in 1451 bytes} [Thu Jun 18 14:08:14 2026] POST /compute/v2.1/flavors/84/os-extra_specs => generated 43 bytes in 17 msecs (HTTP/1.1 200) 9 headers in 358 bytes (1 switches on core 0)
Jun 18 14:08:24.162038 np0000003146 devstack@n-api.service[86696]: DEBUG dbcounter [-] [86696] Writing DB stats nova_api:SELECT=3,nova_api:SAVEPOINT=1,nova_api:INSERT=1,nova_api:RELEASE=1 {{(pid=86696) stat_writer /opt/stack/data/venv/lib/python3.12/site-packages/dbcounter.py:115}}
Jun 18 14:08:24.613132 np0000003146 devstack@n-api.service[86698]: DEBUG dbcounter [-] [86698] Writing DB stats nova_api:SELECT=2,nova_api:INSERT=1 {{(pid=86698) stat_writer /opt/stack/data/venv/lib/python3.12/site-packages/dbcounter.py:115}}
Jun 18 14:08:24.641803 np0000003146 devstack@n-api.service[86697]: DEBUG dbcounter [-] [86697] Writing DB stats nova_api:INSERT=2,nova_api:SELECT=4,nova_api:SAVEPOINT=1,nova_api:RELEASE=1 {{(pid=86697) stat_writer /opt/stack/data/venv/lib/python3.12/site-packages/dbcounter.py:115}}
Jun 18 14:09:58.299553 np0000003146 devstack@n-api.service[86696]: DEBUG nova.api.openstack.wsgi [None req-eb00851f-9462-4e51-bcf6-b1ee2a635229 tempest-ServerActionsTestOtherA-198369786 tempest-ServerActionsTestOtherA-198369786-project-member] Action: 'create', calling method: >, body: {"keypair": {"name": "tempest-keypair-1985759059", "public_key": "ecdsa-sha2-nistp384 AAAAE2VjZHNhLXNoYTItbmlzdHAzODQAAAAIbmlzdHAzODQAAABhBEnbJXo7LFvO9rk2YWy0bo8bzJ+ABahMdTOgW3QgNykKyabi33hEkmW6agL3m1Ki5gxwGw51Yuzs/ljoARlF2eDvfSOcNSX9viBFvCq6a6R5OzlVKN/xC4RYCvxd3gTpJQ=="}} {{(pid=86696) _process_stack /opt/stack/nova/nova/api/openstack/wsgi.py:549}}
Jun 18 14:09:58.324413 np0000003146 devstack@n-api.service[86696]: DEBUG nova.quota [None req-eb00851f-9462-4e51-bcf6-b1ee2a635229 tempest-ServerActionsTestOtherA-198369786 tempest-ServerActionsTestOtherA-198369786-project-member] Getting quotas for project ccf89de0010f441bbaf7cb25bd033bec. Resources: {'key_pairs'} {{(pid=86696) _get_quotas /opt/stack/nova/nova/quota.py:392}}
Jun 18 14:09:58.330544 np0000003146 devstack@n-api.service[86696]: DEBUG nova.quota [None req-eb00851f-9462-4e51-bcf6-b1ee2a635229 tempest-ServerActionsTestOtherA-198369786 tempest-ServerActionsTestOtherA-198369786-project-member] Getting quotas for user 875ec63b908e4dfa850861b3e0318d2b and project ccf89de0010f441bbaf7cb25bd033bec. Resources: {'key_pairs'} {{(pid=86696) _get_quotas /opt/stack/nova/nova/quota.py:382}}
Jun 18 14:09:58.371901 np0000003146 devstack@n-api.service[86696]: INFO nova.api.openstack.requestlog [None req-eb00851f-9462-4e51-bcf6-b1ee2a635229 tempest-ServerActionsTestOtherA-198369786 tempest-ServerActionsTestOtherA-198369786-project-member] 10.4.3.229 "POST /compute/v2.1/os-keypairs" status: 200 len: 386 microversion: 2.1 time: 0.489252
Jun 18 14:09:58.372332 np0000003146 devstack@n-api.service[86696]: [pid: 86696|app: 0|req: 10/31] 10.4.3.229 () {68 vars in 1277 bytes} [Thu Jun 18 14:09:57 2026] POST /compute/v2.1/os-keypairs => generated 386 bytes in 490 msecs (HTTP/1.1 200) 9 headers in 357 bytes (1 switches on core 0)
Jun 18 14:10:00.620077 np0000003146 devstack@n-api.service[86698]: DEBUG nova.api.openstack.wsgi [None req-b4fbf498-b5af-40bf-ad70-9a6723758bdd tempest-AttachVolumeTestJSON-428472653 tempest-AttachVolumeTestJSON-428472653-project-member] Action: 'create', calling method: >, body: {"keypair": {"name": "tempest-keypair-1411078227", "public_key": "ecdsa-sha2-nistp384 AAAAE2VjZHNhLXNoYTItbmlzdHAzODQAAAAIbmlzdHAzODQAAABhBKGTovqeCVKKZJ5nkCk8k5fhH3DWGHyEkQk4dLemenYA5upZMusvq96kg8AlgZ99wDYsFxdpL7+65Z5fw9n2gIT/TyzKY/7yrDjMU932/ULWKec0KNSbMSuGkiyiVx6X4A=="}} {{(pid=86698) _process_stack /opt/stack/nova/nova/api/openstack/wsgi.py:549}}
Jun 18 14:10:00.635828 np0000003146 devstack@n-api.service[86698]: DEBUG nova.quota [None req-b4fbf498-b5af-40bf-ad70-9a6723758bdd tempest-AttachVolumeTestJSON-428472653 tempest-AttachVolumeTestJSON-428472653-project-member] Getting quotas for project 75e0f51b889e41178e8db2190cb53f75. Resources: {'key_pairs'} {{(pid=86698) _get_quotas /opt/stack/nova/nova/quota.py:392}}
Jun 18 14:10:00.640581 np0000003146 devstack@n-api.service[86698]: DEBUG nova.quota [None req-b4fbf498-b5af-40bf-ad70-9a6723758bdd tempest-AttachVolumeTestJSON-428472653 tempest-AttachVolumeTestJSON-428472653-project-member] Getting quotas for user b2a6ee2a0aeb461f8c7d3b67ff9f814a and project 75e0f51b889e41178e8db2190cb53f75. Resources: {'key_pairs'} {{(pid=86698) _get_quotas /opt/stack/nova/nova/quota.py:382}}
Jun 18 14:10:00.673458 np0000003146 devstack@n-api.service[86698]: INFO nova.api.openstack.requestlog [None req-b4fbf498-b5af-40bf-ad70-9a6723758bdd tempest-AttachVolumeTestJSON-428472653 tempest-AttachVolumeTestJSON-428472653-project-member] 10.4.3.229 "POST /compute/v2.1/os-keypairs" status: 200 len: 386 microversion: 2.1 time: 0.398129
Jun 18 14:10:00.673868 np0000003146 devstack@n-api.service[86698]: [pid: 86698|app: 0|req: 12/32] 10.4.3.229 () {68 vars in 1277 bytes} [Thu Jun 18 14:10:00 2026] POST /compute/v2.1/os-keypairs => generated 386 bytes in 400 msecs (HTTP/1.1 200) 9 headers in 357 bytes (1 switches on core 0)
Jun 18 14:10:01.229186 np0000003146 devstack@n-api.service[86697]: DEBUG nova.api.openstack.wsgi [None req-34d01d94-5450-4225-908c-ed22744b5623 tempest-ServerStableDeviceRescueTest-1171106952 tempest-ServerStableDeviceRescueTest-1171106952-project-member] Action: 'create', calling method: >, body: {"keypair": {"name": "tempest-keypair-1134895517", "public_key": "ecdsa-sha2-nistp384 AAAAE2VjZHNhLXNoYTItbmlzdHAzODQAAAAIbmlzdHAzODQAAABhBGixLGzHZ/g6dcji46Q3Cr4VR/4K7d/HB62qxFIePy1Tk9tjDTFP20HD4ATNOSWHbPGNJJDUPNt5JYiesxyg8O0oQl+9I4iMr8F6Y92nNWm7Zo5MruBrMKJBF/Muv4o6gw=="}} {{(pid=86697) _process_stack /opt/stack/nova/nova/api/openstack/wsgi.py:549}}
Jun 18 14:10:01.254883 np0000003146 devstack@n-api.service[86697]: DEBUG nova.quota [None req-34d01d94-5450-4225-908c-ed22744b5623 tempest-ServerStableDeviceRescueTest-1171106952 tempest-ServerStableDeviceRescueTest-1171106952-project-member] Getting quotas for project 94b2d2cb39784abf94aa9deb9a3867a9. Resources: {'key_pairs'} {{(pid=86697) _get_quotas /opt/stack/nova/nova/quota.py:392}}
Jun 18 14:10:01.260297 np0000003146 devstack@n-api.service[86697]: DEBUG nova.quota [None req-34d01d94-5450-4225-908c-ed22744b5623 tempest-ServerStableDeviceRescueTest-1171106952 tempest-ServerStableDeviceRescueTest-1171106952-project-member] Getting quotas for user b9a8f0f788934505b867a8db81b940a3 and project 94b2d2cb39784abf94aa9deb9a3867a9. Resources: {'key_pairs'} {{(pid=86697) _get_quotas /opt/stack/nova/nova/quota.py:382}}
Jun 18 14:10:01.306740 np0000003146 devstack@n-api.service[86697]: INFO nova.api.openstack.requestlog [None req-34d01d94-5450-4225-908c-ed22744b5623 tempest-ServerStableDeviceRescueTest-1171106952 tempest-ServerStableDeviceRescueTest-1171106952-project-member] 10.4.3.229 "POST /compute/v2.1/os-keypairs" status: 200 len: 386 microversion: 2.1 time: 0.079862
Jun 18 14:10:01.307784 np0000003146 devstack@n-api.service[86697]: [pid: 86697|app: 0|req: 11/33] 10.4.3.229 () {68 vars in 1277 bytes} [Thu Jun 18 14:10:01 2026] POST /compute/v2.1/os-keypairs => generated 386 bytes in 81 msecs (HTTP/1.1 200) 9 headers in 357 bytes (1 switches on core 0)
Jun 18 14:10:04.478695 np0000003146 devstack@n-api.service[86696]: DEBUG nova.api.openstack.wsgi [None req-c8c6137b-6e61-4d91-808a-a403a0e0ae66 tempest-ServerActionsTestOtherA-198369786 tempest-ServerActionsTestOtherA-198369786-project-member] Action: 'create', calling method: >, body: {"server": {"name": "tempest-ServerActionsTestOtherA-server-1235521065", "imageRef": "937a3e57-6414-4964-af6d-2584a4d258b7", "flavorRef": "42", "adminPass": "***", "networks": [{"uuid": "786b8fd1-af3c-45cf-8c45-0837a7591fb5"}], "security_groups": [{"name": "tempest-securitygroup--1070669749"}], "key_name": "tempest-keypair-1985759059", "user_data": "}} {{(pid=86696) _process_stack /opt/stack/nova/nova/api/openstack/wsgi.py:549}}
Jun 18 14:10:05.316803 np0000003146 devstack@n-api.service[86696]: DEBUG oslo_concurrency.lockutils [None req-c8c6137b-6e61-4d91-808a-a403a0e0ae66 tempest-ServerActionsTestOtherA-198369786 tempest-ServerActionsTestOtherA-198369786-project-member] Acquiring lock "00000000-0000-0000-0000-000000000000" by "nova.context.set_target_cell..get_or_set_cached_cell_and_set_connections" {{(pid=86696) inner /opt/stack/data/venv/lib/python3.12/site-packages/oslo_concurrency/lockutils.py:511}}
Jun 18 14:10:05.317231 np0000003146 devstack@n-api.service[86696]: DEBUG oslo_concurrency.lockutils [None req-c8c6137b-6e61-4d91-808a-a403a0e0ae66 tempest-ServerActionsTestOtherA-198369786 tempest-ServerActionsTestOtherA-198369786-project-member] Lock "00000000-0000-0000-0000-000000000000" acquired by "nova.context.set_target_cell..get_or_set_cached_cell_and_set_connections" :: waited 0.001s {{(pid=86696) inner /opt/stack/data/venv/lib/python3.12/site-packages/oslo_concurrency/lockutils.py:524}}
Jun 18 14:10:05.317519 np0000003146 devstack@n-api.service[86696]: DEBUG oslo_concurrency.lockutils [None req-c8c6137b-6e61-4d91-808a-a403a0e0ae66 tempest-ServerActionsTestOtherA-198369786 tempest-ServerActionsTestOtherA-198369786-project-member] Lock "00000000-0000-0000-0000-000000000000" "released" by "nova.context.set_target_cell..get_or_set_cached_cell_and_set_connections" :: held 0.000s {{(pid=86696) inner /opt/stack/data/venv/lib/python3.12/site-packages/oslo_concurrency/lockutils.py:543}}
Jun 18 14:10:05.318507 np0000003146 devstack@n-api.service[86696]: DEBUG oslo_concurrency.lockutils [None req-c8c6137b-6e61-4d91-808a-a403a0e0ae66 tempest-ServerActionsTestOtherA-198369786 tempest-ServerActionsTestOtherA-198369786-project-member] Acquiring lock "fae5b4b8-8d0d-41da-b8eb-cef40163ed0c" by "nova.context.set_target_cell..get_or_set_cached_cell_and_set_connections" {{(pid=86696) inner /opt/stack/data/venv/lib/python3.12/site-packages/oslo_concurrency/lockutils.py:511}}
Jun 18 14:10:05.318876 np0000003146 devstack@n-api.service[86696]: DEBUG oslo_concurrency.lockutils [None req-c8c6137b-6e61-4d91-808a-a403a0e0ae66 tempest-ServerActionsTestOtherA-198369786 tempest-ServerActionsTestOtherA-198369786-project-member] Lock "fae5b4b8-8d0d-41da-b8eb-cef40163ed0c" acquired by "nova.context.set_target_cell..get_or_set_cached_cell_and_set_connections" :: waited 0.000s {{(pid=86696) inner /opt/stack/data/venv/lib/python3.12/site-packages/oslo_concurrency/lockutils.py:524}}
Jun 18 14:10:05.319202 np0000003146 devstack@n-api.service[86696]: DEBUG oslo_concurrency.lockutils [None req-c8c6137b-6e61-4d91-808a-a403a0e0ae66 tempest-ServerActionsTestOtherA-198369786 tempest-ServerActionsTestOtherA-198369786-project-member] Lock "fae5b4b8-8d0d-41da-b8eb-cef40163ed0c" "released" by "nova.context.set_target_cell..get_or_set_cached_cell_and_set_connections" :: held 0.000s {{(pid=86696) inner /opt/stack/data/venv/lib/python3.12/site-packages/oslo_concurrency/lockutils.py:543}}
Jun 18 14:10:05.326078 np0000003146 devstack@n-api.service[86696]: WARNING neutronclient.v2_0.client [None req-c8c6137b-6e61-4d91-808a-a403a0e0ae66 tempest-ServerActionsTestOtherA-198369786 tempest-ServerActionsTestOtherA-198369786-project-member] The python binding code in neutronclient is deprecated in favor of OpenstackSDK, please use that as this will be removed in a future release.
Jun 18 14:10:08.341079 np0000003146 devstack@n-api.service[86696]: DEBUG dbcounter [-] [86696] Writing DB stats nova_cell0:SELECT=2 {{(pid=86696) stat_writer /opt/stack/data/venv/lib/python3.12/site-packages/dbcounter.py:115}}
Jun 18 14:10:08.533678 np0000003146 devstack@n-api.service[86696]: DEBUG nova.network.neutron [None req-c8c6137b-6e61-4d91-808a-a403a0e0ae66 tempest-ServerActionsTestOtherA-198369786 tempest-ServerActionsTestOtherA-198369786-project-member] validate_networks() for [('786b8fd1-af3c-45cf-8c45-0837a7591fb5', None, None, None, None, None)] {{(pid=86696) validate_networks /opt/stack/nova/nova/network/neutron.py:2685}}
Jun 18 14:10:08.534040 np0000003146 devstack@n-api.service[86696]: WARNING neutronclient.v2_0.client [None req-c8c6137b-6e61-4d91-808a-a403a0e0ae66 tempest-ServerActionsTestOtherA-198369786 tempest-ServerActionsTestOtherA-198369786-project-member] The python binding code in neutronclient is deprecated in favor of OpenstackSDK, please use that as this will be removed in a future release.
Jun 18 14:10:08.838800 np0000003146 devstack@n-api.service[86698]: DEBUG nova.api.openstack.wsgi [None req-40de87d0-07a8-42f3-a6b8-982a1b8caa30 tempest-AttachVolumeTestJSON-428472653 tempest-AttachVolumeTestJSON-428472653-project-member] Action: 'create', calling method: >, body: {"server": {"name": "tempest-AttachVolumeTestJSON-server-1856566940", "imageRef": "937a3e57-6414-4964-af6d-2584a4d258b7", "flavorRef": "42", "adminPass": "***", "networks": [{"uuid": "4abd277d-9bfb-40e1-9bdf-0bd776e60bc3"}], "security_groups": [{"name": "tempest-securitygroup--1132744140"}], "key_name": "tempest-keypair-1411078227", "user_data": "}} {{(pid=86698) _process_stack /opt/stack/nova/nova/api/openstack/wsgi.py:549}}
Jun 18 14:10:09.315180 np0000003146 devstack@n-api.service[86697]: DEBUG nova.api.openstack.wsgi [None req-15a17ab8-0a93-4ebf-9bbb-6415eb047e2b tempest-ServerStableDeviceRescueTest-1171106952 tempest-ServerStableDeviceRescueTest-1171106952-project-member] Action: 'create', calling method: >, body: {"server": {"name": "tempest-ServerStableDeviceRescueTest-server-1391721625", "imageRef": "937a3e57-6414-4964-af6d-2584a4d258b7", "flavorRef": "42", "networks": [{"uuid": "5a0d986f-75a3-4d18-b7a8-7634e809955b"}], "security_groups": [{"name": "tempest-securitygroup--111987173"}], "key_name": "tempest-keypair-1134895517", "user_data": "IyEvYmluL3NoCmVjaG8gIlByaW50aW5nIGNpcnJvcyB1c2VyIGF1dGhvcml6ZWQga2V5cyIKY2F0IH5jaXJyb3MvLnNzaC9hdXRob3JpemVkX2tleXMgfHwgdHJ1ZQo="}} {{(pid=86697) _process_stack /opt/stack/nova/nova/api/openstack/wsgi.py:549}}
Jun 18 14:10:09.576866 np0000003146 devstack@n-api.service[86698]: DEBUG oslo_concurrency.lockutils [None req-40de87d0-07a8-42f3-a6b8-982a1b8caa30 tempest-AttachVolumeTestJSON-428472653 tempest-AttachVolumeTestJSON-428472653-project-member] Acquiring lock "00000000-0000-0000-0000-000000000000" by "nova.context.set_target_cell..get_or_set_cached_cell_and_set_connections" {{(pid=86698) inner /opt/stack/data/venv/lib/python3.12/site-packages/oslo_concurrency/lockutils.py:511}}
Jun 18 14:10:09.577157 np0000003146 devstack@n-api.service[86698]: DEBUG oslo_concurrency.lockutils [None req-40de87d0-07a8-42f3-a6b8-982a1b8caa30 tempest-AttachVolumeTestJSON-428472653 tempest-AttachVolumeTestJSON-428472653-project-member] Lock "00000000-0000-0000-0000-000000000000" acquired by "nova.context.set_target_cell..get_or_set_cached_cell_and_set_connections" :: waited 0.001s {{(pid=86698) inner /opt/stack/data/venv/lib/python3.12/site-packages/oslo_concurrency/lockutils.py:524}}
Jun 18 14:10:09.577584 np0000003146 devstack@n-api.service[86698]: DEBUG oslo_concurrency.lockutils [None req-40de87d0-07a8-42f3-a6b8-982a1b8caa30 tempest-AttachVolumeTestJSON-428472653 tempest-AttachVolumeTestJSON-428472653-project-member] Lock "00000000-0000-0000-0000-000000000000" "released" by "nova.context.set_target_cell..get_or_set_cached_cell_and_set_connections" :: held 0.000s {{(pid=86698) inner /opt/stack/data/venv/lib/python3.12/site-packages/oslo_concurrency/lockutils.py:543}}
Jun 18 14:10:09.579582 np0000003146 devstack@n-api.service[86698]: DEBUG oslo_concurrency.lockutils [None req-40de87d0-07a8-42f3-a6b8-982a1b8caa30 tempest-AttachVolumeTestJSON-428472653 tempest-AttachVolumeTestJSON-428472653-project-member] Acquiring lock "fae5b4b8-8d0d-41da-b8eb-cef40163ed0c" by "nova.context.set_target_cell..get_or_set_cached_cell_and_set_connections" {{(pid=86698) inner /opt/stack/data/venv/lib/python3.12/site-packages/oslo_concurrency/lockutils.py:511}}
Jun 18 14:10:09.581710 np0000003146 devstack@n-api.service[86698]: DEBUG oslo_concurrency.lockutils [None req-40de87d0-07a8-42f3-a6b8-982a1b8caa30 tempest-AttachVolumeTestJSON-428472653 tempest-AttachVolumeTestJSON-428472653-project-member] Lock "fae5b4b8-8d0d-41da-b8eb-cef40163ed0c" acquired by "nova.context.set_target_cell..get_or_set_cached_cell_and_set_connections" :: waited 0.002s {{(pid=86698) inner /opt/stack/data/venv/lib/python3.12/site-packages/oslo_concurrency/lockutils.py:524}}
Jun 18 14:10:09.582473 np0000003146 devstack@n-api.service[86698]: DEBUG oslo_concurrency.lockutils [None req-40de87d0-07a8-42f3-a6b8-982a1b8caa30 tempest-AttachVolumeTestJSON-428472653 tempest-AttachVolumeTestJSON-428472653-project-member] Lock "fae5b4b8-8d0d-41da-b8eb-cef40163ed0c" "released" by "nova.context.set_target_cell..get_or_set_cached_cell_and_set_connections" :: held 0.000s {{(pid=86698) inner /opt/stack/data/venv/lib/python3.12/site-packages/oslo_concurrency/lockutils.py:543}}
Jun 18 14:10:09.594431 np0000003146 devstack@n-api.service[86698]: WARNING neutronclient.v2_0.client [None req-40de87d0-07a8-42f3-a6b8-982a1b8caa30 tempest-AttachVolumeTestJSON-428472653 tempest-AttachVolumeTestJSON-428472653-project-member] The python binding code in neutronclient is deprecated in favor of OpenstackSDK, please use that as this will be removed in a future release.
Jun 18 14:10:10.034812 np0000003146 devstack@n-api.service[86697]: DEBUG oslo_concurrency.lockutils [None req-15a17ab8-0a93-4ebf-9bbb-6415eb047e2b tempest-ServerStableDeviceRescueTest-1171106952 tempest-ServerStableDeviceRescueTest-1171106952-project-member] Acquiring lock "00000000-0000-0000-0000-000000000000" by "nova.context.set_target_cell..get_or_set_cached_cell_and_set_connections" {{(pid=86697) inner /opt/stack/data/venv/lib/python3.12/site-packages/oslo_concurrency/lockutils.py:511}}
Jun 18 14:10:10.035449 np0000003146 devstack@n-api.service[86697]: DEBUG oslo_concurrency.lockutils [None req-15a17ab8-0a93-4ebf-9bbb-6415eb047e2b tempest-ServerStableDeviceRescueTest-1171106952 tempest-ServerStableDeviceRescueTest-1171106952-project-member] Lock "00000000-0000-0000-0000-000000000000" acquired by "nova.context.set_target_cell..get_or_set_cached_cell_and_set_connections" :: waited 0.001s {{(pid=86697) inner /opt/stack/data/venv/lib/python3.12/site-packages/oslo_concurrency/lockutils.py:524}}
Jun 18 14:10:10.035502 np0000003146 devstack@n-api.service[86697]: DEBUG oslo_concurrency.lockutils [None req-15a17ab8-0a93-4ebf-9bbb-6415eb047e2b tempest-ServerStableDeviceRescueTest-1171106952 tempest-ServerStableDeviceRescueTest-1171106952-project-member] Lock "00000000-0000-0000-0000-000000000000" "released" by "nova.context.set_target_cell..get_or_set_cached_cell_and_set_connections" :: held 0.000s {{(pid=86697) inner /opt/stack/data/venv/lib/python3.12/site-packages/oslo_concurrency/lockutils.py:543}}
Jun 18 14:10:10.036519 np0000003146 devstack@n-api.service[86697]: DEBUG oslo_concurrency.lockutils [None req-15a17ab8-0a93-4ebf-9bbb-6415eb047e2b tempest-ServerStableDeviceRescueTest-1171106952 tempest-ServerStableDeviceRescueTest-1171106952-project-member] Acquiring lock "fae5b4b8-8d0d-41da-b8eb-cef40163ed0c" by "nova.context.set_target_cell..get_or_set_cached_cell_and_set_connections" {{(pid=86697) inner /opt/stack/data/venv/lib/python3.12/site-packages/oslo_concurrency/lockutils.py:511}}
Jun 18 14:10:10.036955 np0000003146 devstack@n-api.service[86697]: DEBUG oslo_concurrency.lockutils [None req-15a17ab8-0a93-4ebf-9bbb-6415eb047e2b tempest-ServerStableDeviceRescueTest-1171106952 tempest-ServerStableDeviceRescueTest-1171106952-project-member] Lock "fae5b4b8-8d0d-41da-b8eb-cef40163ed0c" acquired by "nova.context.set_target_cell..get_or_set_cached_cell_and_set_connections" :: waited 0.000s {{(pid=86697) inner /opt/stack/data/venv/lib/python3.12/site-packages/oslo_concurrency/lockutils.py:524}}
Jun 18 14:10:10.037276 np0000003146 devstack@n-api.service[86697]: DEBUG oslo_concurrency.lockutils [None req-15a17ab8-0a93-4ebf-9bbb-6415eb047e2b tempest-ServerStableDeviceRescueTest-1171106952 tempest-ServerStableDeviceRescueTest-1171106952-project-member] Lock "fae5b4b8-8d0d-41da-b8eb-cef40163ed0c" "released" by "nova.context.set_target_cell..get_or_set_cached_cell_and_set_connections" :: held 0.000s {{(pid=86697) inner /opt/stack/data/venv/lib/python3.12/site-packages/oslo_concurrency/lockutils.py:543}}
Jun 18 14:10:10.046893 np0000003146 devstack@n-api.service[86697]: WARNING neutronclient.v2_0.client [None req-15a17ab8-0a93-4ebf-9bbb-6415eb047e2b tempest-ServerStableDeviceRescueTest-1171106952 tempest-ServerStableDeviceRescueTest-1171106952-project-member] The python binding code in neutronclient is deprecated in favor of OpenstackSDK, please use that as this will be removed in a future release.
Jun 18 14:10:10.056839 np0000003146 devstack@n-api.service[86698]: DEBUG nova.network.neutron [None req-40de87d0-07a8-42f3-a6b8-982a1b8caa30 tempest-AttachVolumeTestJSON-428472653 tempest-AttachVolumeTestJSON-428472653-project-member] validate_networks() for [('4abd277d-9bfb-40e1-9bdf-0bd776e60bc3', None, None, None, None, None)] {{(pid=86698) validate_networks /opt/stack/nova/nova/network/neutron.py:2685}}
Jun 18 14:10:10.057431 np0000003146 devstack@n-api.service[86698]: WARNING neutronclient.v2_0.client [None req-40de87d0-07a8-42f3-a6b8-982a1b8caa30 tempest-AttachVolumeTestJSON-428472653 tempest-AttachVolumeTestJSON-428472653-project-member] The python binding code in neutronclient is deprecated in favor of OpenstackSDK, please use that as this will be removed in a future release.
Jun 18 14:10:10.072141 np0000003146 devstack@n-api.service[86696]: WARNING neutronclient.v2_0.client [None req-c8c6137b-6e61-4d91-808a-a403a0e0ae66 tempest-ServerActionsTestOtherA-198369786 tempest-ServerActionsTestOtherA-198369786-project-member] The python binding code in neutronclient is deprecated in favor of OpenstackSDK, please use that as this will be removed in a future release.
Jun 18 14:10:10.646453 np0000003146 devstack@n-api.service[86698]: DEBUG dbcounter [-] [86698] Writing DB stats nova_cell0:SELECT=2 {{(pid=86698) stat_writer /opt/stack/data/venv/lib/python3.12/site-packages/dbcounter.py:115}}
Jun 18 14:10:10.698102 np0000003146 devstack@n-api.service[86697]: DEBUG nova.network.neutron [None req-15a17ab8-0a93-4ebf-9bbb-6415eb047e2b tempest-ServerStableDeviceRescueTest-1171106952 tempest-ServerStableDeviceRescueTest-1171106952-project-member] validate_networks() for [('5a0d986f-75a3-4d18-b7a8-7634e809955b', None, None, None, None, None)] {{(pid=86697) validate_networks /opt/stack/nova/nova/network/neutron.py:2685}}
Jun 18 14:10:10.698520 np0000003146 devstack@n-api.service[86697]: WARNING neutronclient.v2_0.client [None req-15a17ab8-0a93-4ebf-9bbb-6415eb047e2b tempest-ServerStableDeviceRescueTest-1171106952 tempest-ServerStableDeviceRescueTest-1171106952-project-member] The python binding code in neutronclient is deprecated in favor of OpenstackSDK, please use that as this will be removed in a future release.
Jun 18 14:10:11.268059 np0000003146 devstack@n-api.service[86697]: DEBUG dbcounter [-] [86697] Writing DB stats nova_cell0:SELECT=2 {{(pid=86697) stat_writer /opt/stack/data/venv/lib/python3.12/site-packages/dbcounter.py:115}}
Jun 18 14:10:12.545347 np0000003146 devstack@n-api.service[86698]: WARNING neutronclient.v2_0.client [None req-40de87d0-07a8-42f3-a6b8-982a1b8caa30 tempest-AttachVolumeTestJSON-428472653 tempest-AttachVolumeTestJSON-428472653-project-member] The python binding code in neutronclient is deprecated in favor of OpenstackSDK, please use that as this will be removed in a future release.
Jun 18 14:10:12.566220 np0000003146 devstack@n-api.service[86696]: DEBUG nova.virt.hardware [None req-c8c6137b-6e61-4d91-808a-a403a0e0ae66 tempest-ServerActionsTestOtherA-198369786 tempest-ServerActionsTestOtherA-198369786-project-member] Flavor limits 0:0:0 {{(pid=86696) get_cpu_topology_constraints /opt/stack/nova/nova/virt/hardware.py:488}}
Jun 18 14:10:12.566521 np0000003146 devstack@n-api.service[86696]: DEBUG nova.virt.hardware [None req-c8c6137b-6e61-4d91-808a-a403a0e0ae66 tempest-ServerActionsTestOtherA-198369786 tempest-ServerActionsTestOtherA-198369786-project-member] Image limits 0:0:0 {{(pid=86696) get_cpu_topology_constraints /opt/stack/nova/nova/virt/hardware.py:492}}
Jun 18 14:10:12.566640 np0000003146 devstack@n-api.service[86696]: DEBUG nova.virt.hardware [None req-c8c6137b-6e61-4d91-808a-a403a0e0ae66 tempest-ServerActionsTestOtherA-198369786 tempest-ServerActionsTestOtherA-198369786-project-member] Flavor pref 0:0:0 {{(pid=86696) get_cpu_topology_constraints /opt/stack/nova/nova/virt/hardware.py:528}}
Jun 18 14:10:12.566862 np0000003146 devstack@n-api.service[86696]: DEBUG nova.virt.hardware [None req-c8c6137b-6e61-4d91-808a-a403a0e0ae66 tempest-ServerActionsTestOtherA-198369786 tempest-ServerActionsTestOtherA-198369786-project-member] Image pref 0:0:0 {{(pid=86696) get_cpu_topology_constraints /opt/stack/nova/nova/virt/hardware.py:532}}
Jun 18 14:10:12.567086 np0000003146 devstack@n-api.service[86696]: DEBUG nova.virt.hardware [None req-c8c6137b-6e61-4d91-808a-a403a0e0ae66 tempest-ServerActionsTestOtherA-198369786 tempest-ServerActionsTestOtherA-198369786-project-member] Chose sockets=0, cores=0, threads=0; limits were sockets=65536, cores=65536, threads=65536 {{(pid=86696) get_cpu_topology_constraints /opt/stack/nova/nova/virt/hardware.py:570}}
Jun 18 14:10:12.578039 np0000003146 devstack@n-api.service[86696]: DEBUG oslo_concurrency.lockutils [None req-c8c6137b-6e61-4d91-808a-a403a0e0ae66 tempest-ServerActionsTestOtherA-198369786 tempest-ServerActionsTestOtherA-198369786-project-member] Acquiring lock "00000000-0000-0000-0000-000000000000" by "nova.context.set_target_cell..get_or_set_cached_cell_and_set_connections" {{(pid=86696) inner /opt/stack/data/venv/lib/python3.12/site-packages/oslo_concurrency/lockutils.py:511}}
Jun 18 14:10:12.578286 np0000003146 devstack@n-api.service[86696]: DEBUG oslo_concurrency.lockutils [None req-c8c6137b-6e61-4d91-808a-a403a0e0ae66 tempest-ServerActionsTestOtherA-198369786 tempest-ServerActionsTestOtherA-198369786-project-member] Lock "00000000-0000-0000-0000-000000000000" acquired by "nova.context.set_target_cell..get_or_set_cached_cell_and_set_connections" :: waited 0.000s {{(pid=86696) inner /opt/stack/data/venv/lib/python3.12/site-packages/oslo_concurrency/lockutils.py:524}}
Jun 18 14:10:12.578451 np0000003146 devstack@n-api.service[86696]: DEBUG oslo_concurrency.lockutils [None req-c8c6137b-6e61-4d91-808a-a403a0e0ae66 tempest-ServerActionsTestOtherA-198369786 tempest-ServerActionsTestOtherA-198369786-project-member] Lock "00000000-0000-0000-0000-000000000000" "released" by "nova.context.set_target_cell..get_or_set_cached_cell_and_set_connections" :: held 0.000s {{(pid=86696) inner /opt/stack/data/venv/lib/python3.12/site-packages/oslo_concurrency/lockutils.py:543}}
Jun 18 14:10:12.579035 np0000003146 devstack@n-api.service[86696]: DEBUG oslo_concurrency.lockutils [None req-c8c6137b-6e61-4d91-808a-a403a0e0ae66 tempest-ServerActionsTestOtherA-198369786 tempest-ServerActionsTestOtherA-198369786-project-member] Acquiring lock "fae5b4b8-8d0d-41da-b8eb-cef40163ed0c" by "nova.context.set_target_cell..get_or_set_cached_cell_and_set_connections" {{(pid=86696) inner /opt/stack/data/venv/lib/python3.12/site-packages/oslo_concurrency/lockutils.py:511}}
Jun 18 14:10:12.579290 np0000003146 devstack@n-api.service[86696]: DEBUG oslo_concurrency.lockutils [None req-c8c6137b-6e61-4d91-808a-a403a0e0ae66 tempest-ServerActionsTestOtherA-198369786 tempest-ServerActionsTestOtherA-198369786-project-member] Lock "fae5b4b8-8d0d-41da-b8eb-cef40163ed0c" acquired by "nova.context.set_target_cell..get_or_set_cached_cell_and_set_connections" :: waited 0.000s {{(pid=86696) inner /opt/stack/data/venv/lib/python3.12/site-packages/oslo_concurrency/lockutils.py:524}}
Jun 18 14:10:12.579290 np0000003146 devstack@n-api.service[86696]: DEBUG oslo_concurrency.lockutils [None req-c8c6137b-6e61-4d91-808a-a403a0e0ae66 tempest-ServerActionsTestOtherA-198369786 tempest-ServerActionsTestOtherA-198369786-project-member] Lock "fae5b4b8-8d0d-41da-b8eb-cef40163ed0c" "released" by "nova.context.set_target_cell..get_or_set_cached_cell_and_set_connections" :: held 0.000s {{(pid=86696) inner /opt/stack/data/venv/lib/python3.12/site-packages/oslo_concurrency/lockutils.py:543}}
Jun 18 14:10:12.598967 np0000003146 devstack@n-api.service[86696]: DEBUG nova.quota [None req-c8c6137b-6e61-4d91-808a-a403a0e0ae66 tempest-ServerActionsTestOtherA-198369786 tempest-ServerActionsTestOtherA-198369786-project-member] Getting quotas for project ccf89de0010f441bbaf7cb25bd033bec. Resources: {'cores', 'ram', 'instances'} {{(pid=86696) _get_quotas /opt/stack/nova/nova/quota.py:392}}
Jun 18 14:10:12.602306 np0000003146 devstack@n-api.service[86696]: DEBUG nova.quota [None req-c8c6137b-6e61-4d91-808a-a403a0e0ae66 tempest-ServerActionsTestOtherA-198369786 tempest-ServerActionsTestOtherA-198369786-project-member] Getting quotas for user 875ec63b908e4dfa850861b3e0318d2b and project ccf89de0010f441bbaf7cb25bd033bec. Resources: {'cores', 'ram', 'instances'} {{(pid=86696) _get_quotas /opt/stack/nova/nova/quota.py:382}}
Jun 18 14:10:12.611747 np0000003146 devstack@n-api.service[86696]: DEBUG nova.compute.api [None req-c8c6137b-6e61-4d91-808a-a403a0e0ae66 tempest-ServerActionsTestOtherA-198369786 tempest-ServerActionsTestOtherA-198369786-project-member] Going to run 1 instances... {{(pid=86696) _provision_instances /opt/stack/nova/nova/compute/api.py:1480}}
Jun 18 14:10:12.615197 np0000003146 devstack@n-api.service[86696]: DEBUG nova.compute.api [None req-c8c6137b-6e61-4d91-808a-a403a0e0ae66 tempest-ServerActionsTestOtherA-198369786 tempest-ServerActionsTestOtherA-198369786-project-member] [instance: f2f1b726-3a3e-4d4e-9558-8bf68d8f66be] block_device_mapping [BlockDeviceMapping(attachment_id=,boot_index=0,connection_info=None,created_at=,delete_on_termination=True,deleted=,deleted_at=,destination_type='local',device_name=None,device_type='disk',disk_bus=None,encrypted=False,encryption_format=None,encryption_options=None,encryption_secret_uuid=None,guest_format=None,id=,image_id='937a3e57-6414-4964-af6d-2584a4d258b7',instance=,instance_uuid=,no_device=False,snapshot_id=None,source_type='image',tag=None,updated_at=,uuid=,volume_id=None,volume_size=None,volume_type=None)] {{(pid=86696) _bdm_validate_set_size_and_instance /opt/stack/nova/nova/compute/api.py:1942}}
Jun 18 14:10:12.688574 np0000003146 devstack@n-api.service[86696]: INFO nova.api.openstack.requestlog [None req-c8c6137b-6e61-4d91-808a-a403a0e0ae66 tempest-ServerActionsTestOtherA-198369786 tempest-ServerActionsTestOtherA-198369786-project-member] 10.4.3.229 "POST /compute/v2.1/servers" status: 202 len: 409 microversion: 2.1 time: 8.213109
Jun 18 14:10:12.688754 np0000003146 devstack@n-api.service[86696]: [pid: 86696|app: 0|req: 11/34] 10.4.3.229 () {68 vars in 1265 bytes} [Thu Jun 18 14:10:04 2026] POST /compute/v2.1/servers => generated 409 bytes in 8214 msecs (HTTP/1.1 202) 10 headers in 451 bytes (1 switches on core 0)
Jun 18 14:10:12.694343 np0000003146 devstack@n-api.service[86696]: DEBUG nova.api.openstack.wsgi [None req-58107572-9306-49ee-be64-f0185c448207 tempest-TaggedAttachmentsTest-533922683 tempest-TaggedAttachmentsTest-533922683-project-member] Action: 'create', calling method: >, body: {"keypair": {"name": "tempest-keypair-53278446", "public_key": "ecdsa-sha2-nistp384 AAAAE2VjZHNhLXNoYTItbmlzdHAzODQAAAAIbmlzdHAzODQAAABhBMACD677RzDJLpEcNx4sqciwqiJC5o2LF7YGFUW6VEsbHOc0ow41/M7O0KxdnP0RLQjAMxNwvxKUnqdvCOqRaq8InlWJnaNGG+rEYEhdHQ61CwuI/aBWTtp1lEac7dXeuA=="}} {{(pid=86696) _process_stack /opt/stack/nova/nova/api/openstack/wsgi.py:549}}
Jun 18 14:10:12.710118 np0000003146 devstack@n-api.service[86696]: DEBUG nova.quota [None req-58107572-9306-49ee-be64-f0185c448207 tempest-TaggedAttachmentsTest-533922683 tempest-TaggedAttachmentsTest-533922683-project-member] Getting quotas for project 5242dc7b5f434d669bda8f8b0e9ea8a3. Resources: {'key_pairs'} {{(pid=86696) _get_quotas /opt/stack/nova/nova/quota.py:392}}
Jun 18 14:10:12.713199 np0000003146 devstack@n-api.service[86696]: DEBUG nova.quota [None req-58107572-9306-49ee-be64-f0185c448207 tempest-TaggedAttachmentsTest-533922683 tempest-TaggedAttachmentsTest-533922683-project-member] Getting quotas for user a63fcaefa5164ecb9d964506a1a4ae76 and project 5242dc7b5f434d669bda8f8b0e9ea8a3. Resources: {'key_pairs'} {{(pid=86696) _get_quotas /opt/stack/nova/nova/quota.py:382}}
Jun 18 14:10:12.733099 np0000003146 devstack@n-api.service[86696]: INFO nova.api.openstack.requestlog [None req-58107572-9306-49ee-be64-f0185c448207 tempest-TaggedAttachmentsTest-533922683 tempest-TaggedAttachmentsTest-533922683-project-member] 10.4.3.229 "POST /compute/v2.1/os-keypairs" status: 201 len: 399 microversion: 2.49 time: 0.043459
Jun 18 14:10:12.733698 np0000003146 devstack@n-api.service[86696]: [pid: 86696|app: 0|req: 12/35] 10.4.3.229 () {70 vars in 1318 bytes} [Thu Jun 18 14:10:12 2026] POST /compute/v2.1/os-keypairs => generated 399 bytes in 44 msecs (HTTP/1.1 201) 9 headers in 364 bytes (1 switches on core 0)
Jun 18 14:10:12.735795 np0000003146 devstack@n-api.service[86696]: DEBUG nova.api.openstack.wsgi [None req-a7de78b3-2c50-44d5-9453-9ac157d794ce tempest-ServerActionsTestOtherA-198369786 tempest-ServerActionsTestOtherA-198369786-project-member] Calling method '>' {{(pid=86696) _process_stack /opt/stack/nova/nova/api/openstack/wsgi.py:551}}
Jun 18 14:10:12.737169 np0000003146 devstack@n-api.service[86696]: DEBUG nova.compute.api [None req-a7de78b3-2c50-44d5-9453-9ac157d794ce tempest-ServerActionsTestOtherA-198369786 tempest-ServerActionsTestOtherA-198369786-project-member] [instance: f2f1b726-3a3e-4d4e-9558-8bf68d8f66be] Fetching instance by UUID {{(pid=86696) get /opt/stack/nova/nova/compute/api.py:3069}}
Jun 18 14:10:12.753929 np0000003146 devstack@n-api.service[86696]: WARNING neutronclient.v2_0.client [None req-a7de78b3-2c50-44d5-9453-9ac157d794ce tempest-ServerActionsTestOtherA-198369786 tempest-ServerActionsTestOtherA-198369786-project-member] The python binding code in neutronclient is deprecated in favor of OpenstackSDK, please use that as this will be removed in a future release.
Jun 18 14:10:14.543202 np0000003146 devstack@n-api.service[86697]: WARNING neutronclient.v2_0.client [None req-15a17ab8-0a93-4ebf-9bbb-6415eb047e2b tempest-ServerStableDeviceRescueTest-1171106952 tempest-ServerStableDeviceRescueTest-1171106952-project-member] The python binding code in neutronclient is deprecated in favor of OpenstackSDK, please use that as this will be removed in a future release.
Jun 18 14:10:14.576707 np0000003146 devstack@n-api.service[86696]: DEBUG nova.policy [None req-a7de78b3-2c50-44d5-9453-9ac157d794ce tempest-ServerActionsTestOtherA-198369786 tempest-ServerActionsTestOtherA-198369786-project-member] Policy check for os_compute_api:os-extended-server-attributes failed with credentials {'is_admin': False, 'user_id': '875ec63b908e4dfa850861b3e0318d2b', 'user_domain_id': 'default', 'system_scope': None, 'domain_id': None, 'project_id': 'ccf89de0010f441bbaf7cb25bd033bec', 'project_domain_id': 'default', 'roles': ['reader', 'member'], 'is_admin_project': True, 'service_user_id': None, 'service_user_domain_id': None, 'service_project_id': None, 'service_project_domain_id': None, 'service_roles': []} {{(pid=86696) authorize /opt/stack/nova/nova/policy.py:192}}
Jun 18 14:10:14.587344 np0000003146 devstack@n-api.service[86696]: INFO nova.api.openstack.requestlog [None req-a7de78b3-2c50-44d5-9453-9ac157d794ce tempest-ServerActionsTestOtherA-198369786 tempest-ServerActionsTestOtherA-198369786-project-member] 10.4.3.229 "GET /compute/v2.1/servers/f2f1b726-3a3e-4d4e-9558-8bf68d8f66be" status: 200 len: 1239 microversion: 2.1 time: 1.853314
Jun 18 14:10:14.587889 np0000003146 devstack@n-api.service[86696]: [pid: 86696|app: 0|req: 13/36] 10.4.3.229 () {66 vars in 1354 bytes} [Thu Jun 18 14:10:12 2026] GET /compute/v2.1/servers/f2f1b726-3a3e-4d4e-9558-8bf68d8f66be => generated 1239 bytes in 1854 msecs (HTTP/1.1 200) 9 headers in 358 bytes (1 switches on core 0)
Jun 18 14:10:15.503894 np0000003146 devstack@n-api.service[86698]: DEBUG nova.virt.hardware [None req-40de87d0-07a8-42f3-a6b8-982a1b8caa30 tempest-AttachVolumeTestJSON-428472653 tempest-AttachVolumeTestJSON-428472653-project-member] Flavor limits 0:0:0 {{(pid=86698) get_cpu_topology_constraints /opt/stack/nova/nova/virt/hardware.py:488}}
Jun 18 14:10:15.504298 np0000003146 devstack@n-api.service[86698]: DEBUG nova.virt.hardware [None req-40de87d0-07a8-42f3-a6b8-982a1b8caa30 tempest-AttachVolumeTestJSON-428472653 tempest-AttachVolumeTestJSON-428472653-project-member] Image limits 0:0:0 {{(pid=86698) get_cpu_topology_constraints /opt/stack/nova/nova/virt/hardware.py:492}}
