Jun 29 20:03:57.664522 np0000003926 devstack@g-api.service[102747]: DEBUG glance.api.middleware.version_negotiation [None req-a7a03f32-9db6-4090-a0e5-89431b07eed0 tempest-ServerBootFromVolumeStableRescueTest-1004059263 tempest-ServerBootFromVolumeStableRescueTest-1004059263-project-member] new path /v2/schemas/image {{(pid=102747) process_request /opt/stack/glance/glance/api/middleware/version_negotiation.py:70}}
Jun 29 20:03:57.668337 np0000003926 devstack@g-api.service[102747]: [pid: 102747|app: 0|req: 72/295] 127.0.0.1 () {44 vars in 1051 bytes} [Mon Jun 29 20:03:57 2026] GET /v2/schemas/image => generated 6083 bytes in 4 msecs (HTTP/1.1 200) 4 headers in 158 bytes (1 switches on core 0)
Jun 29 20:03:58.097115 np0000003926 devstack@g-api.service[102744]: DEBUG glance.api.middleware.version_negotiation [None req-00cf6494-629d-4fdc-a30b-a6e0f5b65e8d tempest-ServerBootFromVolumeStableRescueTest-1004059263 tempest-ServerBootFromVolumeStableRescueTest-1004059263-project-member] Determining version of request: GET /v2/images/89ef507d-4b27-49d9-9964-07b7fa51c453 Accept: application/json {{(pid=102744) process_request /opt/stack/glance/glance/api/middleware/version_negotiation.py:44}}
Jun 29 20:03:58.099346 np0000003926 devstack@g-api.service[102744]: DEBUG glance.api.middleware.version_negotiation [None req-00cf6494-629d-4fdc-a30b-a6e0f5b65e8d tempest-ServerBootFromVolumeStableRescueTest-1004059263 tempest-ServerBootFromVolumeStableRescueTest-1004059263-project-member] Using url versioning {{(pid=102744) process_request /opt/stack/glance/glance/api/middleware/version_negotiation.py:57}}
Jun 29 20:03:58.099346 np0000003926 devstack@g-api.service[102744]: DEBUG glance.api.middleware.version_negotiation [None req-00cf6494-629d-4fdc-a30b-a6e0f5b65e8d tempest-ServerBootFromVolumeStableRescueTest-1004059263 tempest-ServerBootFromVolumeStableRescueTest-1004059263-project-member] Matched version: v2 {{(pid=102744) process_request /opt/stack/glance/glance/api/middleware/version_negotiation.py:69}}
Jun 29 20:03:58.099346 np0000003926 devstack@g-api.service[102744]: DEBUG glance.api.middleware.version_negotiation [None req-00cf6494-629d-4fdc-a30b-a6e0f5b65e8d tempest-ServerBootFromVolumeStableRescueTest-1004059263 tempest-ServerBootFromVolumeStableRescueTest-1004059263-project-member] new path /v2/images/89ef507d-4b27-49d9-9964-07b7fa51c453 {{(pid=102744) process_request /opt/stack/glance/glance/api/middleware/version_negotiation.py:70}}
Jun 29 20:03:58.120305 np0000003926 devstack@g-api.service[102744]: [pid: 102744|app: 0|req: 73/296] 127.0.0.1 () {40 vars in 834 bytes} [Mon Jun 29 20:03:58 2026] GET /v2/images/89ef507d-4b27-49d9-9964-07b7fa51c453 => generated 1359 bytes in 24 msecs (HTTP/1.1 200) 4 headers in 158 bytes (1 switches on core 0)
Jun 29 20:03:59.128806 np0000003926 devstack@g-api.service[102745]: DEBUG glance.api.middleware.version_negotiation [None req-83252d34-cf39-400a-a0f9-fab4eaa82786 tempest-ServerBootFromVolumeStableRescueTest-1004059263 tempest-ServerBootFromVolumeStableRescueTest-1004059263-project-member] Determining version of request: GET /v2/images/89ef507d-4b27-49d9-9964-07b7fa51c453 Accept: application/json {{(pid=102745) process_request /opt/stack/glance/glance/api/middleware/version_negotiation.py:44}}
Jun 29 20:03:59.129306 np0000003926 devstack@g-api.service[102745]: DEBUG glance.api.middleware.version_negotiation [None req-83252d34-cf39-400a-a0f9-fab4eaa82786 tempest-ServerBootFromVolumeStableRescueTest-1004059263 tempest-ServerBootFromVolumeStableRescueTest-1004059263-project-member] Using url versioning {{(pid=102745) process_request /opt/stack/glance/glance/api/middleware/version_negotiation.py:57}}
Jun 29 20:03:59.129306 np0000003926 devstack@g-api.service[102745]: DEBUG glance.api.middleware.version_negotiation [None req-83252d34-cf39-400a-a0f9-fab4eaa82786 tempest-ServerBootFromVolumeStableRescueTest-1004059263 tempest-ServerBootFromVolumeStableRescueTest-1004059263-project-member] Matched version: v2 {{(pid=102745) process_request /opt/stack/glance/glance/api/middleware/version_negotiation.py:69}}
Jun 29 20:03:59.129306 np0000003926 devstack@g-api.service[102745]: DEBUG glance.api.middleware.version_negotiation [None req-83252d34-cf39-400a-a0f9-fab4eaa82786 tempest-ServerBootFromVolumeStableRescueTest-1004059263 tempest-ServerBootFromVolumeStableRescueTest-1004059263-project-member] new path /v2/images/89ef507d-4b27-49d9-9964-07b7fa51c453 {{(pid=102745) process_request /opt/stack/glance/glance/api/middleware/version_negotiation.py:70}}
Jun 29 20:03:59.142487 np0000003926 devstack@g-api.service[102745]: [pid: 102745|app: 0|req: 76/297] 127.0.0.1 () {40 vars in 834 bytes} [Mon Jun 29 20:03:59 2026] GET /v2/images/89ef507d-4b27-49d9-9964-07b7fa51c453 => generated 1359 bytes in 14 msecs (HTTP/1.1 200) 4 headers in 158 bytes (1 switches on core 0)
Jun 29 20:04:00.158160 np0000003926 devstack@g-api.service[102746]: DEBUG glance.api.middleware.version_negotiation [None req-a7a03f32-9db6-4090-a0e5-89431b07eed0 tempest-ServerBootFromVolumeStableRescueTest-1004059263 tempest-ServerBootFromVolumeStableRescueTest-1004059263-project-member] Determining version of request: GET /v2/images/89ef507d-4b27-49d9-9964-07b7fa51c453 Accept: application/json {{(pid=102746) process_request /opt/stack/glance/glance/api/middleware/version_negotiation.py:44}}
Jun 29 20:04:00.158857 np0000003926 devstack@g-api.service[102746]: DEBUG glance.api.middleware.version_negotiation [None req-a7a03f32-9db6-4090-a0e5-89431b07eed0 tempest-ServerBootFromVolumeStableRescueTest-1004059263 tempest-ServerBootFromVolumeStableRescueTest-1004059263-project-member] Using url versioning {{(pid=102746) process_request /opt/stack/glance/glance/api/middleware/version_negotiation.py:57}}
Jun 29 20:04:00.158857 np0000003926 devstack@g-api.service[102746]: DEBUG glance.api.middleware.version_negotiation [None req-a7a03f32-9db6-4090-a0e5-89431b07eed0 tempest-ServerBootFromVolumeStableRescueTest-1004059263 tempest-ServerBootFromVolumeStableRescueTest-1004059263-project-member] Matched version: v2 {{(pid=102746) process_request /opt/stack/glance/glance/api/middleware/version_negotiation.py:69}}
Jun 29 20:04:00.158857 np0000003926 devstack@g-api.service[102746]: DEBUG glance.api.middleware.version_negotiation [None req-a7a03f32-9db6-4090-a0e5-89431b07eed0 tempest-ServerBootFromVolumeStableRescueTest-1004059263 tempest-ServerBootFromVolumeStableRescueTest-1004059263-project-member] new path /v2/images/89ef507d-4b27-49d9-9964-07b7fa51c453 {{(pid=102746) process_request /opt/stack/glance/glance/api/middleware/version_negotiation.py:70}}
Jun 29 20:04:00.178928 np0000003926 devstack@g-api.service[102746]: [pid: 102746|app: 0|req: 77/298] 127.0.0.1 () {40 vars in 834 bytes} [Mon Jun 29 20:04:00 2026] GET /v2/images/89ef507d-4b27-49d9-9964-07b7fa51c453 => generated 1359 bytes in 21 msecs (HTTP/1.1 200) 4 headers in 158 bytes (1 switches on core 0)
Jun 29 20:04:00.809338 np0000003926 devstack@g-api.service[102747]: DEBUG glance.api.middleware.version_negotiation [None req-a7a03f32-9db6-4090-a0e5-89431b07eed0 tempest-ServerBootFromVolumeStableRescueTest-1004059263 tempest-ServerBootFromVolumeStableRescueTest-1004059263-project-member] Determining version of request: GET /v2/images/89ef507d-4b27-49d9-9964-07b7fa51c453 Accept: */* {{(pid=102747) process_request /opt/stack/glance/glance/api/middleware/version_negotiation.py:44}}
Jun 29 20:04:00.809338 np0000003926 devstack@g-api.service[102747]: DEBUG glance.api.middleware.version_negotiation [None req-a7a03f32-9db6-4090-a0e5-89431b07eed0 tempest-ServerBootFromVolumeStableRescueTest-1004059263 tempest-ServerBootFromVolumeStableRescueTest-1004059263-project-member] Using url versioning {{(pid=102747) process_request /opt/stack/glance/glance/api/middleware/version_negotiation.py:57}}
Jun 29 20:04:00.809338 np0000003926 devstack@g-api.service[102747]: DEBUG glance.api.middleware.version_negotiation [None req-a7a03f32-9db6-4090-a0e5-89431b07eed0 tempest-ServerBootFromVolumeStableRescueTest-1004059263 tempest-ServerBootFromVolumeStableRescueTest-1004059263-project-member] Matched version: v2 {{(pid=102747) process_request /opt/stack/glance/glance/api/middleware/version_negotiation.py:69}}
Jun 29 20:04:00.809338 np0000003926 devstack@g-api.service[102747]: DEBUG glance.api.middleware.version_negotiation [None req-a7a03f32-9db6-4090-a0e5-89431b07eed0 tempest-ServerBootFromVolumeStableRescueTest-1004059263 tempest-ServerBootFromVolumeStableRescueTest-1004059263-project-member] new path /v2/images/89ef507d-4b27-49d9-9964-07b7fa51c453 {{(pid=102747) process_request /opt/stack/glance/glance/api/middleware/version_negotiation.py:70}}
Jun 29 20:04:00.819473 np0000003926 devstack@g-api.service[102747]: [pid: 102747|app: 0|req: 73/299] 127.0.0.1 () {44 vars in 1111 bytes} [Mon Jun 29 20:04:00 2026] GET /v2/images/89ef507d-4b27-49d9-9964-07b7fa51c453 => generated 1359 bytes in 12 msecs (HTTP/1.1 200) 4 headers in 158 bytes (1 switches on core 0)
Jun 29 20:04:00.868590 np0000003926 devstack@g-api.service[102744]: DEBUG glance.api.middleware.version_negotiation [None req-d0bd42fe-accd-44dc-a0fb-480c12bbd3f1 tempest-ServerBootFromVolumeStableRescueTest-1004059263 tempest-ServerBootFromVolumeStableRescueTest-1004059263-project-member] Determining version of request: GET /v2/schemas/image Accept: */* {{(pid=102744) process_request /opt/stack/glance/glance/api/middleware/version_negotiation.py:44}}
Jun 29 20:04:00.870166 np0000003926 devstack@g-api.service[102744]: DEBUG glance.api.middleware.version_negotiation [None req-d0bd42fe-accd-44dc-a0fb-480c12bbd3f1 tempest-ServerBootFromVolumeStableRescueTest-1004059263 tempest-ServerBootFromVolumeStableRescueTest-1004059263-project-member] Using url versioning {{(pid=102744) process_request /opt/stack/glance/glance/api/middleware/version_negotiation.py:57}}
Jun 29 20:04:00.870166 np0000003926 devstack@g-api.service[102744]: DEBUG glance.api.middleware.version_negotiation [None req-d0bd42fe-accd-44dc-a0fb-480c12bbd3f1 tempest-ServerBootFromVolumeStableRescueTest-1004059263 tempest-ServerBootFromVolumeStableRescueTest-1004059263-project-member] Matched version: v2 {{(pid=102744) process_request /opt/stack/glance/glance/api/middleware/version_negotiation.py:69}}
Jun 29 20:04:00.870166 np0000003926 devstack@g-api.service[102744]: DEBUG glance.api.middleware.version_negotiation [None req-d0bd42fe-accd-44dc-a0fb-480c12bbd3f1 tempest-ServerBootFromVolumeStableRescueTest-1004059263 tempest-ServerBootFromVolumeStableRescueTest-1004059263-project-member] new path /v2/schemas/image {{(pid=102744) process_request /opt/stack/glance/glance/api/middleware/version_negotiation.py:70}}
Jun 29 20:04:00.873323 np0000003926 devstack@g-api.service[102744]: [pid: 102744|app: 0|req: 74/300] 127.0.0.1 () {44 vars in 1051 bytes} [Mon Jun 29 20:04:00 2026] GET /v2/schemas/image => generated 6083 bytes in 5 msecs (HTTP/1.1 200) 4 headers in 158 bytes (1 switches on core 0)
Jun 29 20:04:00.930589 np0000003926 devstack@g-api.service[102745]: DEBUG glance.api.middleware.version_negotiation [None req-90a6c689-6244-406e-8642-6f734d980328 tempest-ServerBootFromVolumeStableRescueTest-1004059263 tempest-ServerBootFromVolumeStableRescueTest-1004059263-project-member] Determining version of request: GET /v2/schemas/image Accept: */* {{(pid=102745) process_request /opt/stack/glance/glance/api/middleware/version_negotiation.py:44}}
Jun 29 20:04:00.930959 np0000003926 devstack@g-api.service[102745]: DEBUG glance.api.middleware.version_negotiation [None req-90a6c689-6244-406e-8642-6f734d980328 tempest-ServerBootFromVolumeStableRescueTest-1004059263 tempest-ServerBootFromVolumeStableRescueTest-1004059263-project-member] Using url versioning {{(pid=102745) process_request /opt/stack/glance/glance/api/middleware/version_negotiation.py:57}}
Jun 29 20:04:00.931050 np0000003926 devstack@g-api.service[102745]: DEBUG glance.api.middleware.version_negotiation [None req-90a6c689-6244-406e-8642-6f734d980328 tempest-ServerBootFromVolumeStableRescueTest-1004059263 tempest-ServerBootFromVolumeStableRescueTest-1004059263-project-member] Matched version: v2 {{(pid=102745) process_request /opt/stack/glance/glance/api/middleware/version_negotiation.py:69}}
Jun 29 20:04:00.931302 np0000003926 devstack@g-api.service[102745]: DEBUG glance.api.middleware.version_negotiation [None req-90a6c689-6244-406e-8642-6f734d980328 tempest-ServerBootFromVolumeStableRescueTest-1004059263 tempest-ServerBootFromVolumeStableRescueTest-1004059263-project-member] new path /v2/schemas/image {{(pid=102745) process_request /opt/stack/glance/glance/api/middleware/version_negotiation.py:70}}
Jun 29 20:04:00.935310 np0000003926 devstack@g-api.service[102745]: [pid: 102745|app: 0|req: 77/301] 127.0.0.1 () {44 vars in 1051 bytes} [Mon Jun 29 20:04:00 2026] GET /v2/schemas/image => generated 6083 bytes in 5 msecs (HTTP/1.1 200) 4 headers in 158 bytes (1 switches on core 0)
Jun 29 20:04:00.984604 np0000003926 devstack@g-api.service[102746]: DEBUG glance.api.middleware.version_negotiation [None req-a5d65e5d-7673-403e-8793-9377dac61216 tempest-ServerBootFromVolumeStableRescueTest-1004059263 tempest-ServerBootFromVolumeStableRescueTest-1004059263-project-member] Determining version of request: GET /v2/schemas/image Accept: */* {{(pid=102746) process_request /opt/stack/glance/glance/api/middleware/version_negotiation.py:44}}
Jun 29 20:04:00.984837 np0000003926 devstack@g-api.service[102746]: DEBUG glance.api.middleware.version_negotiation [None req-a5d65e5d-7673-403e-8793-9377dac61216 tempest-ServerBootFromVolumeStableRescueTest-1004059263 tempest-ServerBootFromVolumeStableRescueTest-1004059263-project-member] Using url versioning {{(pid=102746) process_request /opt/stack/glance/glance/api/middleware/version_negotiation.py:57}}
Jun 29 20:04:00.985512 np0000003926 devstack@g-api.service[102746]: DEBUG glance.api.middleware.version_negotiation [None req-a5d65e5d-7673-403e-8793-9377dac61216 tempest-ServerBootFromVolumeStableRescueTest-1004059263 tempest-ServerBootFromVolumeStableRescueTest-1004059263-project-member] Matched version: v2 {{(pid=102746) process_request /opt/stack/glance/glance/api/middleware/version_negotiation.py:69}}
Jun 29 20:04:00.985512 np0000003926 devstack@g-api.service[102746]: DEBUG glance.api.middleware.version_negotiation [None req-a5d65e5d-7673-403e-8793-9377dac61216 tempest-ServerBootFromVolumeStableRescueTest-1004059263 tempest-ServerBootFromVolumeStableRescueTest-1004059263-project-member] new path /v2/schemas/image {{(pid=102746) process_request /opt/stack/glance/glance/api/middleware/version_negotiation.py:70}}
Jun 29 20:04:00.988498 np0000003926 devstack@g-api.service[102746]: [pid: 102746|app: 0|req: 78/302] 127.0.0.1 () {44 vars in 1051 bytes} [Mon Jun 29 20:04:00 2026] GET /v2/schemas/image => generated 6083 bytes in 4 msecs (HTTP/1.1 200) 4 headers in 158 bytes (1 switches on core 0)
Jun 29 20:04:00.996645 np0000003926 devstack@g-api.service[102747]: DEBUG glance.api.middleware.version_negotiation [None req-a7a03f32-9db6-4090-a0e5-89431b07eed0 tempest-ServerBootFromVolumeStableRescueTest-1004059263 tempest-ServerBootFromVolumeStableRescueTest-1004059263-project-member] Determining version of request: PATCH /v2/images/89ef507d-4b27-49d9-9964-07b7fa51c453 Accept: */* {{(pid=102747) process_request /opt/stack/glance/glance/api/middleware/version_negotiation.py:44}}
Jun 29 20:04:00.996972 np0000003926 devstack@g-api.service[102747]: DEBUG glance.api.middleware.version_negotiation [None req-a7a03f32-9db6-4090-a0e5-89431b07eed0 tempest-ServerBootFromVolumeStableRescueTest-1004059263 tempest-ServerBootFromVolumeStableRescueTest-1004059263-project-member] Using url versioning {{(pid=102747) process_request /opt/stack/glance/glance/api/middleware/version_negotiation.py:57}}
Jun 29 20:04:00.997049 np0000003926 devstack@g-api.service[102747]: DEBUG glance.api.middleware.version_negotiation [None req-a7a03f32-9db6-4090-a0e5-89431b07eed0 tempest-ServerBootFromVolumeStableRescueTest-1004059263 tempest-ServerBootFromVolumeStableRescueTest-1004059263-project-member] Matched version: v2 {{(pid=102747) process_request /opt/stack/glance/glance/api/middleware/version_negotiation.py:69}}
Jun 29 20:04:00.997156 np0000003926 devstack@g-api.service[102747]: DEBUG glance.api.middleware.version_negotiation [None req-a7a03f32-9db6-4090-a0e5-89431b07eed0 tempest-ServerBootFromVolumeStableRescueTest-1004059263 tempest-ServerBootFromVolumeStableRescueTest-1004059263-project-member] new path /v2/images/89ef507d-4b27-49d9-9964-07b7fa51c453 {{(pid=102747) process_request /opt/stack/glance/glance/api/middleware/version_negotiation.py:70}}
Jun 29 20:04:01.045655 np0000003926 devstack@g-api.service[102744]: DEBUG glance.api.middleware.version_negotiation [None req-a7a03f32-9db6-4090-a0e5-89431b07eed0 tempest-ServerBootFromVolumeStableRescueTest-1004059263 tempest-ServerBootFromVolumeStableRescueTest-1004059263-project-member] Determining version of request: POST /v2/images Accept: */* {{(pid=102744) process_request /opt/stack/glance/glance/api/middleware/version_negotiation.py:44}}
Jun 29 20:04:01.045957 np0000003926 devstack@g-api.service[102744]: DEBUG glance.api.middleware.version_negotiation [None req-a7a03f32-9db6-4090-a0e5-89431b07eed0 tempest-ServerBootFromVolumeStableRescueTest-1004059263 tempest-ServerBootFromVolumeStableRescueTest-1004059263-project-member] Using url versioning {{(pid=102744) process_request /opt/stack/glance/glance/api/middleware/version_negotiation.py:57}}
Jun 29 20:04:01.045957 np0000003926 devstack@g-api.service[102744]: DEBUG glance.api.middleware.version_negotiation [None req-a7a03f32-9db6-4090-a0e5-89431b07eed0 tempest-ServerBootFromVolumeStableRescueTest-1004059263 tempest-ServerBootFromVolumeStableRescueTest-1004059263-project-member] Matched version: v2 {{(pid=102744) process_request /opt/stack/glance/glance/api/middleware/version_negotiation.py:69}}
Jun 29 20:04:01.046106 np0000003926 devstack@g-api.service[102744]: DEBUG glance.api.middleware.version_negotiation [None req-a7a03f32-9db6-4090-a0e5-89431b07eed0 tempest-ServerBootFromVolumeStableRescueTest-1004059263 tempest-ServerBootFromVolumeStableRescueTest-1004059263-project-member] new path /v2/images {{(pid=102744) process_request /opt/stack/glance/glance/api/middleware/version_negotiation.py:70}}
Jun 29 20:04:01.192038 np0000003926 devstack@g-api.service[102745]: DEBUG glance.api.middleware.version_negotiation [None req-a7a03f32-9db6-4090-a0e5-89431b07eed0 tempest-ServerBootFromVolumeStableRescueTest-1004059263 tempest-ServerBootFromVolumeStableRescueTest-1004059263-project-member] Determining version of request: GET /v2/images/89ef507d-4b27-49d9-9964-07b7fa51c453 Accept: application/json {{(pid=102745) process_request /opt/stack/glance/glance/api/middleware/version_negotiation.py:44}}
Jun 29 20:04:01.192038 np0000003926 devstack@g-api.service[102745]: DEBUG glance.api.middleware.version_negotiation [None req-a7a03f32-9db6-4090-a0e5-89431b07eed0 tempest-ServerBootFromVolumeStableRescueTest-1004059263 tempest-ServerBootFromVolumeStableRescueTest-1004059263-project-member] Using url versioning {{(pid=102745) process_request /opt/stack/glance/glance/api/middleware/version_negotiation.py:57}}
Jun 29 20:04:01.192483 np0000003926 devstack@g-api.service[102745]: DEBUG glance.api.middleware.version_negotiation [None req-a7a03f32-9db6-4090-a0e5-89431b07eed0 tempest-ServerBootFromVolumeStableRescueTest-1004059263 tempest-ServerBootFromVolumeStableRescueTest-1004059263-project-member] Matched version: v2 {{(pid=102745) process_request /opt/stack/glance/glance/api/middleware/version_negotiation.py:69}}
Jun 29 20:04:01.192483 np0000003926 devstack@g-api.service[102745]: DEBUG glance.api.middleware.version_negotiation [None req-a7a03f32-9db6-4090-a0e5-89431b07eed0 tempest-ServerBootFromVolumeStableRescueTest-1004059263 tempest-ServerBootFromVolumeStableRescueTest-1004059263-project-member] new path /v2/images/89ef507d-4b27-49d9-9964-07b7fa51c453 {{(pid=102745) process_request /opt/stack/glance/glance/api/middleware/version_negotiation.py:70}}
Jun 29 20:04:01.201184 np0000003926 devstack@g-api.service[102747]: [pid: 102747|app: 0|req: 74/303] 127.0.0.1 () {46 vars in 1154 bytes} [Mon Jun 29 20:04:00 2026] PATCH /v2/images/89ef507d-4b27-49d9-9964-07b7fa51c453 => generated 1470 bytes in 204 msecs (HTTP/1.1 200) 4 headers in 158 bytes (1 switches on core 0)
Jun 29 20:04:01.207160 np0000003926 devstack@g-api.service[102745]: [pid: 102745|app: 0|req: 78/304] 127.0.0.1 () {40 vars in 834 bytes} [Mon Jun 29 20:04:01 2026] GET /v2/images/89ef507d-4b27-49d9-9964-07b7fa51c453 => generated 1470 bytes in 15 msecs (HTTP/1.1 200) 4 headers in 158 bytes (1 switches on core 0)
Jun 29 20:04:01.254616 np0000003926 devstack@g-api.service[102746]: DEBUG glance.api.middleware.version_negotiation [None req-ca4db4cd-75f2-4365-8e3b-a9a2f4911cef tempest-AttachVolumeShelveTestJSON-774846691 tempest-AttachVolumeShelveTestJSON-774846691-project-member] Determining version of request: GET /v2/images/89ef507d-4b27-49d9-9964-07b7fa51c453 Accept: */* {{(pid=102746) process_request /opt/stack/glance/glance/api/middleware/version_negotiation.py:44}}
Jun 29 20:04:01.255141 np0000003926 devstack@g-api.service[102746]: DEBUG glance.api.middleware.version_negotiation [None req-ca4db4cd-75f2-4365-8e3b-a9a2f4911cef tempest-AttachVolumeShelveTestJSON-774846691 tempest-AttachVolumeShelveTestJSON-774846691-project-member] Using url versioning {{(pid=102746) process_request /opt/stack/glance/glance/api/middleware/version_negotiation.py:57}}
Jun 29 20:04:01.255141 np0000003926 devstack@g-api.service[102746]: DEBUG glance.api.middleware.version_negotiation [None req-ca4db4cd-75f2-4365-8e3b-a9a2f4911cef tempest-AttachVolumeShelveTestJSON-774846691 tempest-AttachVolumeShelveTestJSON-774846691-project-member] Matched version: v2 {{(pid=102746) process_request /opt/stack/glance/glance/api/middleware/version_negotiation.py:69}}
Jun 29 20:04:01.255141 np0000003926 devstack@g-api.service[102746]: DEBUG glance.api.middleware.version_negotiation [None req-ca4db4cd-75f2-4365-8e3b-a9a2f4911cef tempest-AttachVolumeShelveTestJSON-774846691 tempest-AttachVolumeShelveTestJSON-774846691-project-member] new path /v2/images/89ef507d-4b27-49d9-9964-07b7fa51c453 {{(pid=102746) process_request /opt/stack/glance/glance/api/middleware/version_negotiation.py:70}}
Jun 29 20:04:01.270838 np0000003926 devstack@g-api.service[102746]: [pid: 102746|app: 0|req: 79/305] 127.0.0.1 () {44 vars in 1111 bytes} [Mon Jun 29 20:04:01 2026] GET /v2/images/89ef507d-4b27-49d9-9964-07b7fa51c453 => generated 1470 bytes in 16 msecs (HTTP/1.1 200) 4 headers in 158 bytes (1 switches on core 0)
Jun 29 20:04:01.380073 np0000003926 devstack@g-api.service[102747]: DEBUG glance.api.middleware.version_negotiation [None req-a7a03f32-9db6-4090-a0e5-89431b07eed0 tempest-ServerBootFromVolumeStableRescueTest-1004059263 tempest-ServerBootFromVolumeStableRescueTest-1004059263-project-member] Determining version of request: PUT /v2/images/89ef507d-4b27-49d9-9964-07b7fa51c453/file Accept: */* {{(pid=102747) process_request /opt/stack/glance/glance/api/middleware/version_negotiation.py:44}}
Jun 29 20:04:01.381307 np0000003926 devstack@g-api.service[102747]: DEBUG glance.api.middleware.version_negotiation [None req-a7a03f32-9db6-4090-a0e5-89431b07eed0 tempest-ServerBootFromVolumeStableRescueTest-1004059263 tempest-ServerBootFromVolumeStableRescueTest-1004059263-project-member] Using url versioning {{(pid=102747) process_request /opt/stack/glance/glance/api/middleware/version_negotiation.py:57}}
Jun 29 20:04:01.381307 np0000003926 devstack@g-api.service[102747]: DEBUG glance.api.middleware.version_negotiation [None req-a7a03f32-9db6-4090-a0e5-89431b07eed0 tempest-ServerBootFromVolumeStableRescueTest-1004059263 tempest-ServerBootFromVolumeStableRescueTest-1004059263-project-member] Matched version: v2 {{(pid=102747) process_request /opt/stack/glance/glance/api/middleware/version_negotiation.py:69}}
Jun 29 20:04:01.381307 np0000003926 devstack@g-api.service[102747]: DEBUG glance.api.middleware.version_negotiation [None req-a7a03f32-9db6-4090-a0e5-89431b07eed0 tempest-ServerBootFromVolumeStableRescueTest-1004059263 tempest-ServerBootFromVolumeStableRescueTest-1004059263-project-member] new path /v2/images/89ef507d-4b27-49d9-9964-07b7fa51c453/file {{(pid=102747) process_request /opt/stack/glance/glance/api/middleware/version_negotiation.py:70}}
Jun 29 20:04:02.134835 np0000003926 devstack@g-api.service[102744]: [pid: 102744|app: 0|req: 75/306] 127.0.0.1 () {46 vars in 1051 bytes} [Mon Jun 29 20:04:01 2026] POST /v2/images => generated 1337 bytes in 1089 msecs (HTTP/1.1 201) 6 headers in 316 bytes (1 switches on core 0)
Jun 29 20:04:02.222033 np0000003926 devstack@g-api.service[102745]: DEBUG glance.api.middleware.version_negotiation [None req-ca8ce647-e382-4e21-8eaf-f3660d0b7052 tempest-ServerBootFromVolumeStableRescueTest-1004059263 tempest-ServerBootFromVolumeStableRescueTest-1004059263-project-member] Determining version of request: GET /v2/images/89ef507d-4b27-49d9-9964-07b7fa51c453 Accept: application/json {{(pid=102745) process_request /opt/stack/glance/glance/api/middleware/version_negotiation.py:44}}
Jun 29 20:04:02.222667 np0000003926 devstack@g-api.service[102745]: DEBUG glance.api.middleware.version_negotiation [None req-ca8ce647-e382-4e21-8eaf-f3660d0b7052 tempest-ServerBootFromVolumeStableRescueTest-1004059263 tempest-ServerBootFromVolumeStableRescueTest-1004059263-project-member] Using url versioning {{(pid=102745) process_request /opt/stack/glance/glance/api/middleware/version_negotiation.py:57}}
Jun 29 20:04:02.222667 np0000003926 devstack@g-api.service[102745]: DEBUG glance.api.middleware.version_negotiation [None req-ca8ce647-e382-4e21-8eaf-f3660d0b7052 tempest-ServerBootFromVolumeStableRescueTest-1004059263 tempest-ServerBootFromVolumeStableRescueTest-1004059263-project-member] Matched version: v2 {{(pid=102745) process_request /opt/stack/glance/glance/api/middleware/version_negotiation.py:69}}
Jun 29 20:04:02.222667 np0000003926 devstack@g-api.service[102745]: DEBUG glance.api.middleware.version_negotiation [None req-ca8ce647-e382-4e21-8eaf-f3660d0b7052 tempest-ServerBootFromVolumeStableRescueTest-1004059263 tempest-ServerBootFromVolumeStableRescueTest-1004059263-project-member] new path /v2/images/89ef507d-4b27-49d9-9964-07b7fa51c453 {{(pid=102745) process_request /opt/stack/glance/glance/api/middleware/version_negotiation.py:70}}
Jun 29 20:04:02.238132 np0000003926 devstack@g-api.service[102747]: INFO glance.api.v2.image_data [None req-a7a03f32-9db6-4090-a0e5-89431b07eed0 tempest-ServerBootFromVolumeStableRescueTest-1004059263 tempest-ServerBootFromVolumeStableRescueTest-1004059263-project-member] Unable to create trust: no such option collect_timing in group [keystone_authtoken] Use the existing user token.
Jun 29 20:04:02.239103 np0000003926 devstack@g-api.service[102745]: [pid: 102745|app: 0|req: 79/307] 127.0.0.1 () {40 vars in 834 bytes} [Mon Jun 29 20:04:02 2026] GET /v2/images/89ef507d-4b27-49d9-9964-07b7fa51c453 => generated 1470 bytes in 17 msecs (HTTP/1.1 200) 4 headers in 158 bytes (1 switches on core 0)
Jun 29 20:04:02.881722 np0000003926 devstack@g-api.service[102747]: DEBUG glance.location [None req-a7a03f32-9db6-4090-a0e5-89431b07eed0 tempest-ServerBootFromVolumeStableRescueTest-1004059263 tempest-ServerBootFromVolumeStableRescueTest-1004059263-project-member] Enabling in-flight format inspection for qcow2 {{(pid=102747) set_data /opt/stack/glance/glance/location.py:616}}
Jun 29 20:04:02.882624 np0000003926 devstack@g-api.service[102747]: DEBUG glance_store.backend [None req-a7a03f32-9db6-4090-a0e5-89431b07eed0 tempest-ServerBootFromVolumeStableRescueTest-1004059263 tempest-ServerBootFromVolumeStableRescueTest-1004059263-project-member] Attempting to import store swift {{(pid=102747) _load_store /opt/stack/data/venv/lib/python3.12/site-packages/glance_store/backend.py:215}}
Jun 29 20:04:02.884916 np0000003926 devstack@g-api.service[102747]: DEBUG glance_store.capabilities [None req-a7a03f32-9db6-4090-a0e5-89431b07eed0 tempest-ServerBootFromVolumeStableRescueTest-1004059263 tempest-ServerBootFromVolumeStableRescueTest-1004059263-project-member] Store glance_store._drivers.swift.store.SingleTenantStore doesn't support updating dynamic storage capabilities. Please overwrite 'update_capabilities' method of the store to implement updating logics if needed. {{(pid=102747) update_capabilities /opt/stack/data/venv/lib/python3.12/site-packages/glance_store/capabilities.py:91}}
Jun 29 20:04:02.885073 np0000003926 devstack@g-api.service[102747]: DEBUG glance_store.driver [None req-a7a03f32-9db6-4090-a0e5-89431b07eed0 tempest-ServerBootFromVolumeStableRescueTest-1004059263 tempest-ServerBootFromVolumeStableRescueTest-1004059263-project-member] Late loading location class glance_store._drivers.swift.store.StoreLocation {{(pid=102747) get_store_location_class /opt/stack/data/venv/lib/python3.12/site-packages/glance_store/driver.py:134}}
Jun 29 20:04:02.885317 np0000003926 devstack@g-api.service[102747]: DEBUG glance_store.location [None req-a7a03f32-9db6-4090-a0e5-89431b07eed0 tempest-ServerBootFromVolumeStableRescueTest-1004059263 tempest-ServerBootFromVolumeStableRescueTest-1004059263-project-member] Registering scheme swift+https with {'store': , 'location_class': , 'store_entry': 'swift'} {{(pid=102747) register_scheme_map /opt/stack/data/venv/lib/python3.12/site-packages/glance_store/location.py:146}}
Jun 29 20:04:02.885529 np0000003926 devstack@g-api.service[102747]: DEBUG glance_store.location [None req-a7a03f32-9db6-4090-a0e5-89431b07eed0 tempest-ServerBootFromVolumeStableRescueTest-1004059263 tempest-ServerBootFromVolumeStableRescueTest-1004059263-project-member] Registering scheme swift+https with {'store': , 'location_class': , 'store_entry': 'swift'} {{(pid=102747) register_scheme_map /opt/stack/data/venv/lib/python3.12/site-packages/glance_store/location.py:146}}
Jun 29 20:04:02.885645 np0000003926 devstack@g-api.service[102747]: DEBUG glance_store.location [None req-a7a03f32-9db6-4090-a0e5-89431b07eed0 tempest-ServerBootFromVolumeStableRescueTest-1004059263 tempest-ServerBootFromVolumeStableRescueTest-1004059263-project-member] Registering scheme swift with {'store': , 'location_class': , 'store_entry': 'swift'} {{(pid=102747) register_scheme_map /opt/stack/data/venv/lib/python3.12/site-packages/glance_store/location.py:146}}
Jun 29 20:04:02.885822 np0000003926 devstack@g-api.service[102747]: DEBUG glance_store.location [None req-a7a03f32-9db6-4090-a0e5-89431b07eed0 tempest-ServerBootFromVolumeStableRescueTest-1004059263 tempest-ServerBootFromVolumeStableRescueTest-1004059263-project-member] Registering scheme swift+https with {'store': , 'location_class': , 'store_entry': 'swift'} {{(pid=102747) register_scheme_map /opt/stack/data/venv/lib/python3.12/site-packages/glance_store/location.py:146}}
Jun 29 20:04:02.886641 np0000003926 devstack@g-api.service[102747]: DEBUG glance_store.location [None req-a7a03f32-9db6-4090-a0e5-89431b07eed0 tempest-ServerBootFromVolumeStableRescueTest-1004059263 tempest-ServerBootFromVolumeStableRescueTest-1004059263-project-member] Registering scheme swift with {'store': , 'location_class': , 'store_entry': 'swift'} {{(pid=102747) register_scheme_map /opt/stack/data/venv/lib/python3.12/site-packages/glance_store/location.py:146}}
Jun 29 20:04:02.886641 np0000003926 devstack@g-api.service[102747]: DEBUG glance_store.location [None req-a7a03f32-9db6-4090-a0e5-89431b07eed0 tempest-ServerBootFromVolumeStableRescueTest-1004059263 tempest-ServerBootFromVolumeStableRescueTest-1004059263-project-member] Registering scheme swift+http with {'store': , 'location_class': , 'store_entry': 'swift'} {{(pid=102747) register_scheme_map /opt/stack/data/venv/lib/python3.12/site-packages/glance_store/location.py:146}}
Jun 29 20:04:02.887306 np0000003926 devstack@g-api.service[102747]: DEBUG glance_store.location [None req-a7a03f32-9db6-4090-a0e5-89431b07eed0 tempest-ServerBootFromVolumeStableRescueTest-1004059263 tempest-ServerBootFromVolumeStableRescueTest-1004059263-project-member] Registering scheme swift+https with {'store': , 'location_class': , 'store_entry': 'swift'} {{(pid=102747) register_scheme_map /opt/stack/data/venv/lib/python3.12/site-packages/glance_store/location.py:146}}
Jun 29 20:04:02.887473 np0000003926 devstack@g-api.service[102747]: DEBUG glance_store.location [None req-a7a03f32-9db6-4090-a0e5-89431b07eed0 tempest-ServerBootFromVolumeStableRescueTest-1004059263 tempest-ServerBootFromVolumeStableRescueTest-1004059263-project-member] Registering scheme swift with {'store': , 'location_class': , 'store_entry': 'swift'} {{(pid=102747) register_scheme_map /opt/stack/data/venv/lib/python3.12/site-packages/glance_store/location.py:146}}
Jun 29 20:04:02.887546 np0000003926 devstack@g-api.service[102747]: DEBUG glance_store.location [None req-a7a03f32-9db6-4090-a0e5-89431b07eed0 tempest-ServerBootFromVolumeStableRescueTest-1004059263 tempest-ServerBootFromVolumeStableRescueTest-1004059263-project-member] Registering scheme swift+http with {'store': , 'location_class': , 'store_entry': 'swift'} {{(pid=102747) register_scheme_map /opt/stack/data/venv/lib/python3.12/site-packages/glance_store/location.py:146}}
Jun 29 20:04:02.887667 np0000003926 devstack@g-api.service[102747]: DEBUG glance_store.location [None req-a7a03f32-9db6-4090-a0e5-89431b07eed0 tempest-ServerBootFromVolumeStableRescueTest-1004059263 tempest-ServerBootFromVolumeStableRescueTest-1004059263-project-member] Registering scheme swift+config with {'store': , 'location_class': , 'store_entry': 'swift'} {{(pid=102747) register_scheme_map /opt/stack/data/venv/lib/python3.12/site-packages/glance_store/location.py:146}}
Jun 29 20:04:03.214617 np0000003926 devstack@g-api.service[102747]: DEBUG swiftclient [None req-a7a03f32-9db6-4090-a0e5-89431b07eed0 tempest-ServerBootFromVolumeStableRescueTest-1004059263 tempest-ServerBootFromVolumeStableRescueTest-1004059263-project-member] REQ: curl -i https://10.4.3.92:8080/v1/AUTH_ca0fa0bd0f5148699bc65be8f16ed5a0/glance -I -H "X-Auth-Token: gAAAAABqQs-yhv0L..." {{(pid=102747) http_log /opt/stack/data/venv/lib/python3.12/site-packages/swiftclient/client.py:160}}
Jun 29 20:04:03.214617 np0000003926 devstack@g-api.service[102747]: DEBUG swiftclient [None req-a7a03f32-9db6-4090-a0e5-89431b07eed0 tempest-ServerBootFromVolumeStableRescueTest-1004059263 tempest-ServerBootFromVolumeStableRescueTest-1004059263-project-member] RESP STATUS: 204 No Content {{(pid=102747) http_log /opt/stack/data/venv/lib/python3.12/site-packages/swiftclient/client.py:161}}
Jun 29 20:04:03.216157 np0000003926 devstack@g-api.service[102747]: DEBUG swiftclient [None req-a7a03f32-9db6-4090-a0e5-89431b07eed0 tempest-ServerBootFromVolumeStableRescueTest-1004059263 tempest-ServerBootFromVolumeStableRescueTest-1004059263-project-member] RESP HEADERS: {'Date': 'Mon, 29 Jun 2026 20:04:03 GMT', 'Server': 'Apache/2.4.58 (Ubuntu)', 'Content-Type': 'text/plain; charset=utf-8', 'X-Container-Object-Count': '5', 'X-Container-Bytes-Used': '87883776', 'X-Timestamp': '1782762972.62314', 'Last-Modified': 'Mon, 29 Jun 2026 19:56:13 GMT', 'Accept-Ranges': 'bytes', 'X-Storage-Policy': 'Policy-0', 'X-Container-Sharding': 'False', 'Vary': 'Accept', 'X-Trans-Id': 'tx45fdecea30414bcabf78f-006a42cfb2', 'X-Openstack-Request-Id': 'tx45fdecea30414bcabf78f-006a42cfb2', 'Connection': 'close'} {{(pid=102747) http_log /opt/stack/data/venv/lib/python3.12/site-packages/swiftclient/client.py:162}}
Jun 29 20:04:03.216528 np0000003926 devstack@g-api.service[102747]: DEBUG glance_store._drivers.swift.store [None req-a7a03f32-9db6-4090-a0e5-89431b07eed0 tempest-ServerBootFromVolumeStableRescueTest-1004059263 tempest-ServerBootFromVolumeStableRescueTest-1004059263-project-member] Adding image object '89ef507d-4b27-49d9-9964-07b7fa51c453' to Swift {{(pid=102747) add /opt/stack/data/venv/lib/python3.12/site-packages/glance_store/_drivers/swift/store.py:970}}
Jun 29 20:04:03.216718 np0000003926 devstack@g-api.service[102747]: DEBUG glance_store._drivers.swift.store [None req-a7a03f32-9db6-4090-a0e5-89431b07eed0 tempest-ServerBootFromVolumeStableRescueTest-1004059263 tempest-ServerBootFromVolumeStableRescueTest-1004059263-project-member] Cannot determine image size because it is either not provided in the request or chunked-transfer encoding is used. Adding image as a segmented object to Swift. {{(pid=102747) add /opt/stack/data/venv/lib/python3.12/site-packages/glance_store/_drivers/swift/store.py:994}}
Jun 29 20:04:03.224578 np0000003926 devstack@g-api.service[102747]: DEBUG oslo_utils.imageutils.format_inspector [None req-a7a03f32-9db6-4090-a0e5-89431b07eed0 tempest-ServerBootFromVolumeStableRescueTest-1004059263 tempest-ServerBootFromVolumeStableRescueTest-1004059263-project-member] Format inspector for vmdk does not match, excluding from consideration (Signature KDMV not found: b'QFI\xfb') {{(pid=102747) _process_chunk /opt/stack/data/venv/lib/python3.12/site-packages/oslo_utils/imageutils/format_inspector.py:1758}}
Jun 29 20:04:03.228343 np0000003926 devstack@g-api.service[102747]: DEBUG oslo_utils.imageutils.format_inspector [None req-a7a03f32-9db6-4090-a0e5-89431b07eed0 tempest-ServerBootFromVolumeStableRescueTest-1004059263 tempest-ServerBootFromVolumeStableRescueTest-1004059263-project-member] Format inspector for vhdx does not match, excluding from consideration (Region signature not found at 30000) {{(pid=102747) _process_chunk /opt/stack/data/venv/lib/python3.12/site-packages/oslo_utils/imageutils/format_inspector.py:1758}}
Jun 29 20:04:03.253371 np0000003926 devstack@g-api.service[102746]: DEBUG glance.api.middleware.version_negotiation [None req-a7a03f32-9db6-4090-a0e5-89431b07eed0 tempest-ServerBootFromVolumeStableRescueTest-1004059263 tempest-ServerBootFromVolumeStableRescueTest-1004059263-project-member] Determining version of request: GET /v2/images/89ef507d-4b27-49d9-9964-07b7fa51c453 Accept: application/json {{(pid=102746) process_request /opt/stack/glance/glance/api/middleware/version_negotiation.py:44}}
Jun 29 20:04:03.253371 np0000003926 devstack@g-api.service[102746]: DEBUG glance.api.middleware.version_negotiation [None req-a7a03f32-9db6-4090-a0e5-89431b07eed0 tempest-ServerBootFromVolumeStableRescueTest-1004059263 tempest-ServerBootFromVolumeStableRescueTest-1004059263-project-member] Using url versioning {{(pid=102746) process_request /opt/stack/glance/glance/api/middleware/version_negotiation.py:57}}
Jun 29 20:04:03.253371 np0000003926 devstack@g-api.service[102746]: DEBUG glance.api.middleware.version_negotiation [None req-a7a03f32-9db6-4090-a0e5-89431b07eed0 tempest-ServerBootFromVolumeStableRescueTest-1004059263 tempest-ServerBootFromVolumeStableRescueTest-1004059263-project-member] Matched version: v2 {{(pid=102746) process_request /opt/stack/glance/glance/api/middleware/version_negotiation.py:69}}
Jun 29 20:04:03.253371 np0000003926 devstack@g-api.service[102746]: DEBUG glance.api.middleware.version_negotiation [None req-a7a03f32-9db6-4090-a0e5-89431b07eed0 tempest-ServerBootFromVolumeStableRescueTest-1004059263 tempest-ServerBootFromVolumeStableRescueTest-1004059263-project-member] new path /v2/images/89ef507d-4b27-49d9-9964-07b7fa51c453 {{(pid=102746) process_request /opt/stack/glance/glance/api/middleware/version_negotiation.py:70}}
Jun 29 20:04:03.270984 np0000003926 devstack@g-api.service[102746]: [pid: 102746|app: 0|req: 80/308] 127.0.0.1 () {40 vars in 834 bytes} [Mon Jun 29 20:04:03 2026] GET /v2/images/89ef507d-4b27-49d9-9964-07b7fa51c453 => generated 1470 bytes in 18 msecs (HTTP/1.1 200) 4 headers in 158 bytes (1 switches on core 0)
Jun 29 20:04:03.512873 np0000003926 devstack@g-api.service[102747]: DEBUG swiftclient [None req-a7a03f32-9db6-4090-a0e5-89431b07eed0 tempest-ServerBootFromVolumeStableRescueTest-1004059263 tempest-ServerBootFromVolumeStableRescueTest-1004059263-project-member] REQ: curl -i https://10.4.3.92:8080/v1/AUTH_ca0fa0bd0f5148699bc65be8f16ed5a0/glance/89ef507d-4b27-49d9-9964-07b7fa51c453-00001 -X PUT -H "X-Auth-Token: gAAAAABqQs-yhv0L..." {{(pid=102747) http_log /opt/stack/data/venv/lib/python3.12/site-packages/swiftclient/client.py:160}}
Jun 29 20:04:03.513322 np0000003926 devstack@g-api.service[102747]: DEBUG swiftclient [None req-a7a03f32-9db6-4090-a0e5-89431b07eed0 tempest-ServerBootFromVolumeStableRescueTest-1004059263 tempest-ServerBootFromVolumeStableRescueTest-1004059263-project-member] RESP STATUS: 201 Created {{(pid=102747) http_log /opt/stack/data/venv/lib/python3.12/site-packages/swiftclient/client.py:161}}
Jun 29 20:04:03.513322 np0000003926 devstack@g-api.service[102747]: DEBUG swiftclient [None req-a7a03f32-9db6-4090-a0e5-89431b07eed0 tempest-ServerBootFromVolumeStableRescueTest-1004059263 tempest-ServerBootFromVolumeStableRescueTest-1004059263-project-member] RESP HEADERS: {'Date': 'Mon, 29 Jun 2026 20:04:03 GMT', 'Server': 'Apache/2.4.58 (Ubuntu)', 'Content-Type': 'text/html; charset=UTF-8', 'Content-Length': '0', 'Etag': '4fa343ee581d8d2e78533191fd1ac3e1', 'Last-Modified': 'Mon, 29 Jun 2026 20:04:04 GMT', 'X-Trans-Id': 'txca2f6d5995c2463499c03-006a42cfb3', 'X-Openstack-Request-Id': 'txca2f6d5995c2463499c03-006a42cfb3', 'Connection': 'close'} {{(pid=102747) http_log /opt/stack/data/venv/lib/python3.12/site-packages/swiftclient/client.py:162}}
Jun 29 20:04:03.513322 np0000003926 devstack@g-api.service[102747]: DEBUG glance_store._drivers.swift.store [None req-a7a03f32-9db6-4090-a0e5-89431b07eed0 tempest-ServerBootFromVolumeStableRescueTest-1004059263 tempest-ServerBootFromVolumeStableRescueTest-1004059263-project-member] Wrote chunk 89ef507d-4b27-49d9-9964-07b7fa51c453-00001 (1/?) of length 23527424 to Swift returning MD5 of content: 4fa343ee581d8d2e78533191fd1ac3e1 {{(pid=102747) add /opt/stack/data/venv/lib/python3.12/site-packages/glance_store/_drivers/swift/store.py:1059}}
Jun 29 20:04:03.513566 np0000003926 devstack@g-api.service[102747]: DEBUG glance_store._drivers.swift.store [None req-a7a03f32-9db6-4090-a0e5-89431b07eed0 tempest-ServerBootFromVolumeStableRescueTest-1004059263 tempest-ServerBootFromVolumeStableRescueTest-1004059263-project-member] Not writing zero-length chunk. {{(pid=102747) add /opt/stack/data/venv/lib/python3.12/site-packages/glance_store/_drivers/swift/store.py:1028}}
Jun 29 20:04:03.540988 np0000003926 devstack@g-api.service[102747]: DEBUG swiftclient [None req-a7a03f32-9db6-4090-a0e5-89431b07eed0 tempest-ServerBootFromVolumeStableRescueTest-1004059263 tempest-ServerBootFromVolumeStableRescueTest-1004059263-project-member] REQ: curl -i https://10.4.3.92:8080/v1/AUTH_ca0fa0bd0f5148699bc65be8f16ed5a0/glance/89ef507d-4b27-49d9-9964-07b7fa51c453 -X PUT -H "X-Object-Manifest: glance/89ef507d-4b27-49d9-9964-07b7fa51c453-" -H "X-Auth-Token: gAAAAABqQs-yhv0L..." -H "Content-Length: 0" {{(pid=102747) http_log /opt/stack/data/venv/lib/python3.12/site-packages/swiftclient/client.py:160}}
Jun 29 20:04:03.541124 np0000003926 devstack@g-api.service[102747]: DEBUG swiftclient [None req-a7a03f32-9db6-4090-a0e5-89431b07eed0 tempest-ServerBootFromVolumeStableRescueTest-1004059263 tempest-ServerBootFromVolumeStableRescueTest-1004059263-project-member] RESP STATUS: 201 Created {{(pid=102747) http_log /opt/stack/data/venv/lib/python3.12/site-packages/swiftclient/client.py:161}}
Jun 29 20:04:03.541342 np0000003926 devstack@g-api.service[102747]: DEBUG swiftclient [None req-a7a03f32-9db6-4090-a0e5-89431b07eed0 tempest-ServerBootFromVolumeStableRescueTest-1004059263 tempest-ServerBootFromVolumeStableRescueTest-1004059263-project-member] RESP HEADERS: {'Date': 'Mon, 29 Jun 2026 20:04:03 GMT', 'Server': 'Apache/2.4.58 (Ubuntu)', 'Content-Type': 'text/html; charset=UTF-8', 'Content-Length': '0', 'Etag': 'd41d8cd98f00b204e9800998ecf8427e', 'Last-Modified': 'Mon, 29 Jun 2026 20:04:04 GMT', 'X-Trans-Id': 'tx86851555423b487e9904f-006a42cfb3', 'X-Openstack-Request-Id': 'tx86851555423b487e9904f-006a42cfb3', 'Connection': 'close'} {{(pid=102747) http_log /opt/stack/data/venv/lib/python3.12/site-packages/swiftclient/client.py:162}}
Jun 29 20:04:03.541986 np0000003926 devstack@g-api.service[102747]: INFO glance.location [None req-a7a03f32-9db6-4090-a0e5-89431b07eed0 tempest-ServerBootFromVolumeStableRescueTest-1004059263 tempest-ServerBootFromVolumeStableRescueTest-1004059263-project-member] Image format matched and virtual size computed: 1073741824
Jun 29 20:04:03.576829 np0000003926 devstack@g-api.service[102747]: DEBUG glance_store.backend [None req-a7a03f32-9db6-4090-a0e5-89431b07eed0 tempest-ServerBootFromVolumeStableRescueTest-1004059263 tempest-ServerBootFromVolumeStableRescueTest-1004059263-project-member] Attempting to import store swift {{(pid=102747) _load_store /opt/stack/data/venv/lib/python3.12/site-packages/glance_store/backend.py:215}}
Jun 29 20:04:03.578127 np0000003926 devstack@g-api.service[102747]: DEBUG glance_store.capabilities [None req-a7a03f32-9db6-4090-a0e5-89431b07eed0 tempest-ServerBootFromVolumeStableRescueTest-1004059263 tempest-ServerBootFromVolumeStableRescueTest-1004059263-project-member] Store glance_store._drivers.swift.store.SingleTenantStore doesn't support updating dynamic storage capabilities. Please overwrite 'update_capabilities' method of the store to implement updating logics if needed. {{(pid=102747) update_capabilities /opt/stack/data/venv/lib/python3.12/site-packages/glance_store/capabilities.py:91}}
Jun 29 20:04:03.578224 np0000003926 devstack@g-api.service[102747]: DEBUG glance_store.driver [None req-a7a03f32-9db6-4090-a0e5-89431b07eed0 tempest-ServerBootFromVolumeStableRescueTest-1004059263 tempest-ServerBootFromVolumeStableRescueTest-1004059263-project-member] Late loading location class glance_store._drivers.swift.store.StoreLocation {{(pid=102747) get_store_location_class /opt/stack/data/venv/lib/python3.12/site-packages/glance_store/driver.py:134}}
Jun 29 20:04:03.578321 np0000003926 devstack@g-api.service[102747]: DEBUG glance_store.location [None req-a7a03f32-9db6-4090-a0e5-89431b07eed0 tempest-ServerBootFromVolumeStableRescueTest-1004059263 tempest-ServerBootFromVolumeStableRescueTest-1004059263-project-member] Registering scheme swift+https with {'store': , 'location_class': , 'store_entry': 'swift'} {{(pid=102747) register_scheme_map /opt/stack/data/venv/lib/python3.12/site-packages/glance_store/location.py:146}}
Jun 29 20:04:03.578405 np0000003926 devstack@g-api.service[102747]: DEBUG glance_store.location [None req-a7a03f32-9db6-4090-a0e5-89431b07eed0 tempest-ServerBootFromVolumeStableRescueTest-1004059263 tempest-ServerBootFromVolumeStableRescueTest-1004059263-project-member] Registering scheme swift+https with {'store': , 'location_class': , 'store_entry': 'swift'} {{(pid=102747) register_scheme_map /opt/stack/data/venv/lib/python3.12/site-packages/glance_store/location.py:146}}
Jun 29 20:04:03.578497 np0000003926 devstack@g-api.service[102747]: DEBUG glance_store.location [None req-a7a03f32-9db6-4090-a0e5-89431b07eed0 tempest-ServerBootFromVolumeStableRescueTest-1004059263 tempest-ServerBootFromVolumeStableRescueTest-1004059263-project-member] Registering scheme swift with {'store': , 'location_class': , 'store_entry': 'swift'} {{(pid=102747) register_scheme_map /opt/stack/data/venv/lib/python3.12/site-packages/glance_store/location.py:146}}
Jun 29 20:04:03.578620 np0000003926 devstack@g-api.service[102747]: DEBUG glance_store.location [None req-a7a03f32-9db6-4090-a0e5-89431b07eed0 tempest-ServerBootFromVolumeStableRescueTest-1004059263 tempest-ServerBootFromVolumeStableRescueTest-1004059263-project-member] Registering scheme swift+https with {'store': , 'location_class': , 'store_entry': 'swift'} {{(pid=102747) register_scheme_map /opt/stack/data/venv/lib/python3.12/site-packages/glance_store/location.py:146}}
Jun 29 20:04:03.578750 np0000003926 devstack@g-api.service[102747]: DEBUG glance_store.location [None req-a7a03f32-9db6-4090-a0e5-89431b07eed0 tempest-ServerBootFromVolumeStableRescueTest-1004059263 tempest-ServerBootFromVolumeStableRescueTest-1004059263-project-member] Registering scheme swift with {'store': , 'location_class': , 'store_entry': 'swift'} {{(pid=102747) register_scheme_map /opt/stack/data/venv/lib/python3.12/site-packages/glance_store/location.py:146}}
Jun 29 20:04:03.578836 np0000003926 devstack@g-api.service[102747]: DEBUG glance_store.location [None req-a7a03f32-9db6-4090-a0e5-89431b07eed0 tempest-ServerBootFromVolumeStableRescueTest-1004059263 tempest-ServerBootFromVolumeStableRescueTest-1004059263-project-member] Registering scheme swift+http with {'store': , 'location_class': , 'store_entry': 'swift'} {{(pid=102747) register_scheme_map /opt/stack/data/venv/lib/python3.12/site-packages/glance_store/location.py:146}}
Jun 29 20:04:03.578912 np0000003926 devstack@g-api.service[102747]: DEBUG glance_store.location [None req-a7a03f32-9db6-4090-a0e5-89431b07eed0 tempest-ServerBootFromVolumeStableRescueTest-1004059263 tempest-ServerBootFromVolumeStableRescueTest-1004059263-project-member] Registering scheme swift+https with {'store': , 'location_class': , 'store_entry': 'swift'} {{(pid=102747) register_scheme_map /opt/stack/data/venv/lib/python3.12/site-packages/glance_store/location.py:146}}
Jun 29 20:04:03.578984 np0000003926 devstack@g-api.service[102747]: DEBUG glance_store.location [None req-a7a03f32-9db6-4090-a0e5-89431b07eed0 tempest-ServerBootFromVolumeStableRescueTest-1004059263 tempest-ServerBootFromVolumeStableRescueTest-1004059263-project-member] Registering scheme swift with {'store': , 'location_class': , 'store_entry': 'swift'} {{(pid=102747) register_scheme_map /opt/stack/data/venv/lib/python3.12/site-packages/glance_store/location.py:146}}
