Jun 17 10:50:37.883165 np0000003035 devstack@g-api.service[102056]: DEBUG glance_store.location [-] Registering scheme swift+config with {'store': , 'location_class': , 'store_entry': 'swift'} {{(pid=102056) register_scheme_map /opt/stack/data/venv/lib/python3.12/site-packages/glance_store/location.py:146}}
Jun 17 10:50:37.883248 np0000003035 devstack@g-api.service[102056]: DEBUG glance_store.backend [-] Attempting to import store file {{(pid=102056) _load_store /opt/stack/data/venv/lib/python3.12/site-packages/glance_store/backend.py:215}}
Jun 17 10:50:37.883781 np0000003035 devstack@g-api.service[102056]: DEBUG glance_store.capabilities [-] Store glance_store._drivers.filesystem.Store doesn't support updating dynamic storage capabilities. Please overwrite 'update_capabilities' method of the store to implement updating logics if needed. {{(pid=102056) update_capabilities /opt/stack/data/venv/lib/python3.12/site-packages/glance_store/capabilities.py:91}}
Jun 17 10:50:37.883869 np0000003035 devstack@g-api.service[102056]: DEBUG glance_store.backend [-] Registering store file with schemes ('file', 'filesystem') {{(pid=102056) create_stores /opt/stack/data/venv/lib/python3.12/site-packages/glance_store/backend.py:261}}
Jun 17 10:50:37.883970 np0000003035 devstack@g-api.service[102056]: DEBUG glance_store.driver [-] Late loading location class glance_store._drivers.filesystem.StoreLocation {{(pid=102056) get_store_location_class /opt/stack/data/venv/lib/python3.12/site-packages/glance_store/driver.py:134}}
Jun 17 10:50:37.884077 np0000003035 devstack@g-api.service[102056]: DEBUG glance_store.location [-] Registering scheme file with {'store': , 'location_class': , 'store_entry': 'file'} {{(pid=102056) register_scheme_map /opt/stack/data/venv/lib/python3.12/site-packages/glance_store/location.py:146}}
Jun 17 10:50:37.884155 np0000003035 devstack@g-api.service[102056]: DEBUG glance_store.location [-] Registering scheme filesystem with {'store': , 'location_class': , 'store_entry': 'file'} {{(pid=102056) register_scheme_map /opt/stack/data/venv/lib/python3.12/site-packages/glance_store/location.py:146}}
Jun 17 10:50:37.884239 np0000003035 devstack@g-api.service[102056]: DEBUG glance_store.backend [-] Attempting to import store http {{(pid=102056) _load_store /opt/stack/data/venv/lib/python3.12/site-packages/glance_store/backend.py:215}}
Jun 17 10:50:37.884456 np0000003035 devstack@g-api.service[102056]: DEBUG glance_store.capabilities [-] Store glance_store._drivers.http.Store doesn't support updating dynamic storage capabilities. Please overwrite 'update_capabilities' method of the store to implement updating logics if needed. {{(pid=102056) update_capabilities /opt/stack/data/venv/lib/python3.12/site-packages/glance_store/capabilities.py:91}}
Jun 17 10:50:37.884569 np0000003035 devstack@g-api.service[102056]: DEBUG glance_store.backend [-] Registering store http with schemes ('http', 'https') {{(pid=102056) create_stores /opt/stack/data/venv/lib/python3.12/site-packages/glance_store/backend.py:261}}
Jun 17 10:50:37.884641 np0000003035 devstack@g-api.service[102056]: DEBUG glance_store.driver [-] Late loading location class glance_store._drivers.http.StoreLocation {{(pid=102056) get_store_location_class /opt/stack/data/venv/lib/python3.12/site-packages/glance_store/driver.py:134}}
Jun 17 10:50:37.884729 np0000003035 devstack@g-api.service[102056]: DEBUG glance_store.location [-] Registering scheme http with {'store': , 'location_class': , 'store_entry': 'http'} {{(pid=102056) register_scheme_map /opt/stack/data/venv/lib/python3.12/site-packages/glance_store/location.py:146}}
Jun 17 10:50:37.884810 np0000003035 devstack@g-api.service[102056]: DEBUG glance_store.location [-] Registering scheme https with {'store': , 'location_class': , 'store_entry': 'http'} {{(pid=102056) register_scheme_map /opt/stack/data/venv/lib/python3.12/site-packages/glance_store/location.py:146}}
Jun 17 10:50:37.885001 np0000003035 devstack@g-api.service[102056]: DEBUG glance_store.backend [-] Attempting to import store swift {{(pid=102056) _load_store /opt/stack/data/venv/lib/python3.12/site-packages/glance_store/backend.py:215}}
Jun 17 10:50:37.886025 np0000003035 devstack@g-api.service[102056]: DEBUG glance_store.capabilities [-] Store glance_store._drivers.swift.store.SingleTenantStore doesn't support updating dynamic storage capabilities. Please overwrite 'update_capabilities' method of the store to implement updating logics if needed. {{(pid=102056) update_capabilities /opt/stack/data/venv/lib/python3.12/site-packages/glance_store/capabilities.py:91}}
Jun 17 10:50:37.886104 np0000003035 devstack@g-api.service[102056]: DEBUG glance_store.driver [-] Late loading location class glance_store._drivers.swift.store.StoreLocation {{(pid=102056) get_store_location_class /opt/stack/data/venv/lib/python3.12/site-packages/glance_store/driver.py:134}}
Jun 17 10:50:37.886206 np0000003035 devstack@g-api.service[102056]: DEBUG glance_store.location [-] Registering scheme swift+https with {'store': , 'location_class': , 'store_entry': 'swift'} {{(pid=102056) register_scheme_map /opt/stack/data/venv/lib/python3.12/site-packages/glance_store/location.py:146}}
Jun 17 10:50:37.886288 np0000003035 devstack@g-api.service[102056]: DEBUG glance_store.location [-] Registering scheme swift+https with {'store': , 'location_class': , 'store_entry': 'swift'} {{(pid=102056) register_scheme_map /opt/stack/data/venv/lib/python3.12/site-packages/glance_store/location.py:146}}
Jun 17 10:50:37.886381 np0000003035 devstack@g-api.service[102056]: DEBUG glance_store.location [-] Registering scheme swift with {'store': , 'location_class': , 'store_entry': 'swift'} {{(pid=102056) register_scheme_map /opt/stack/data/venv/lib/python3.12/site-packages/glance_store/location.py:146}}
Jun 17 10:50:37.886476 np0000003035 devstack@g-api.service[102056]: DEBUG glance_store.location [-] Registering scheme swift+https with {'store': , 'location_class': , 'store_entry': 'swift'} {{(pid=102056) register_scheme_map /opt/stack/data/venv/lib/python3.12/site-packages/glance_store/location.py:146}}
Jun 17 10:50:37.886563 np0000003035 devstack@g-api.service[102056]: DEBUG glance_store.location [-] Registering scheme swift with {'store': , 'location_class': , 'store_entry': 'swift'} {{(pid=102056) register_scheme_map /opt/stack/data/venv/lib/python3.12/site-packages/glance_store/location.py:146}}
Jun 17 10:50:37.886692 np0000003035 devstack@g-api.service[102056]: DEBUG glance_store.location [-] Registering scheme swift+http with {'store': , 'location_class': , 'store_entry': 'swift'} {{(pid=102056) register_scheme_map /opt/stack/data/venv/lib/python3.12/site-packages/glance_store/location.py:146}}
Jun 17 10:50:37.886744 np0000003035 devstack@g-api.service[102056]: DEBUG glance_store.location [-] Registering scheme swift+https with {'store': , 'location_class': , 'store_entry': 'swift'} {{(pid=102056) register_scheme_map /opt/stack/data/venv/lib/python3.12/site-packages/glance_store/location.py:146}}
Jun 17 10:50:37.886787 np0000003035 devstack@g-api.service[102056]: DEBUG glance_store.location [-] Registering scheme swift with {'store': , 'location_class': , 'store_entry': 'swift'} {{(pid=102056) register_scheme_map /opt/stack/data/venv/lib/python3.12/site-packages/glance_store/location.py:146}}
Jun 17 10:50:37.886872 np0000003035 devstack@g-api.service[102056]: DEBUG glance_store.location [-] Registering scheme swift+http with {'store': , 'location_class': , 'store_entry': 'swift'} {{(pid=102056) register_scheme_map /opt/stack/data/venv/lib/python3.12/site-packages/glance_store/location.py:146}}
Jun 17 10:50:37.886976 np0000003035 devstack@g-api.service[102056]: DEBUG glance_store.location [-] Registering scheme swift+config with {'store': , 'location_class': , 'store_entry': 'swift'} {{(pid=102056) register_scheme_map /opt/stack/data/venv/lib/python3.12/site-packages/glance_store/location.py:146}}
Jun 17 10:50:37.887278 np0000003035 devstack@g-api.service[102056]: DEBUG glance.sqlite_migration [-] SQLite caching database not located, skipping migration {{(pid=102056) get_db_path /opt/stack/glance/glance/sqlite_migration.py:68}}
Jun 17 10:50:37.887513 np0000003035 devstack@g-api.service[102056]: WARNING glance.common.wsgi_app [-] Import methods are enabled but staging directory /tmp/staging/ does not exist; Imports will fail!
Jun 17 10:50:38.095170 np0000003035 devstack@g-api.service[102057]: DEBUG glance.common.config [None req-acff7058-f303-4ec1-9b32-ad48faec4621 None None] Loading glance-api-keystone+cachemanagement from /etc/glance/glance-api-paste.ini {{(pid=102057) load_paste_app /opt/stack/glance/glance/common/config.py:758}}
Jun 17 10:50:38.099559 np0000003035 devstack@g-api.service[102055]: DEBUG glance.common.config [None req-cace6baf-eac7-4841-8091-a294099b12d4 None None] Loading glance-api-keystone+cachemanagement from /etc/glance/glance-api-paste.ini {{(pid=102055) load_paste_app /opt/stack/glance/glance/common/config.py:758}}
Jun 17 10:50:38.144965 np0000003035 devstack@g-api.service[102056]: DEBUG glance.common.config [None req-22e03a66-39a9-49b6-af58-c202b23b65c0 None None] Loading glance-api-keystone+cachemanagement from /etc/glance/glance-api-paste.ini {{(pid=102056) load_paste_app /opt/stack/glance/glance/common/config.py:758}}
Jun 17 10:50:38.676162 np0000003035 devstack@g-api.service[102055]: INFO glance.image_cache [None req-cace6baf-eac7-4841-8091-a294099b12d4 None None] Image cache loaded driver 'centralized_db'.
Jun 17 10:50:38.679628 np0000003035 devstack@g-api.service[102056]: INFO glance.image_cache [None req-22e03a66-39a9-49b6-af58-c202b23b65c0 None None] Image cache loaded driver 'centralized_db'.
Jun 17 10:50:38.681641 np0000003035 devstack@g-api.service[102057]: INFO glance.image_cache [None req-acff7058-f303-4ec1-9b32-ad48faec4621 None None] Image cache loaded driver 'centralized_db'.
Jun 17 10:50:38.719167 np0000003035 devstack@g-api.service[102055]: INFO dbcounter [None req-cace6baf-eac7-4841-8091-a294099b12d4 None None] Registered counter for database glance
Jun 17 10:50:38.721596 np0000003035 devstack@g-api.service[102056]: INFO dbcounter [None req-22e03a66-39a9-49b6-af58-c202b23b65c0 None None] Registered counter for database glance
Jun 17 10:50:38.726947 np0000003035 devstack@g-api.service[102057]: INFO dbcounter [None req-acff7058-f303-4ec1-9b32-ad48faec4621 None None] Registered counter for database glance
Jun 17 10:50:38.762039 np0000003035 devstack@g-api.service[102055]: DEBUG oslo_db.sqlalchemy.engines [None req-cace6baf-eac7-4841-8091-a294099b12d4 None None] MySQL server mode set to STRICT_TRANS_TABLES,STRICT_ALL_TABLES,NO_ZERO_IN_DATE,NO_ZERO_DATE,ERROR_FOR_DIVISION_BY_ZERO,TRADITIONAL,NO_ENGINE_SUBSTITUTION {{(pid=102055) _check_effective_sql_mode /opt/stack/data/venv/lib/python3.12/site-packages/oslo_db/sqlalchemy/engines.py:325}}
Jun 17 10:50:38.764719 np0000003035 devstack@g-api.service[102056]: DEBUG oslo_db.sqlalchemy.engines [None req-22e03a66-39a9-49b6-af58-c202b23b65c0 None None] MySQL server mode set to STRICT_TRANS_TABLES,STRICT_ALL_TABLES,NO_ZERO_IN_DATE,NO_ZERO_DATE,ERROR_FOR_DIVISION_BY_ZERO,TRADITIONAL,NO_ENGINE_SUBSTITUTION {{(pid=102056) _check_effective_sql_mode /opt/stack/data/venv/lib/python3.12/site-packages/oslo_db/sqlalchemy/engines.py:325}}
Jun 17 10:50:38.772822 np0000003035 devstack@g-api.service[102057]: DEBUG oslo_db.sqlalchemy.engines [None req-acff7058-f303-4ec1-9b32-ad48faec4621 None None] MySQL server mode set to STRICT_TRANS_TABLES,STRICT_ALL_TABLES,NO_ZERO_IN_DATE,NO_ZERO_DATE,ERROR_FOR_DIVISION_BY_ZERO,TRADITIONAL,NO_ENGINE_SUBSTITUTION {{(pid=102057) _check_effective_sql_mode /opt/stack/data/venv/lib/python3.12/site-packages/oslo_db/sqlalchemy/engines.py:325}}
Jun 17 10:50:38.782913 np0000003035 devstack@g-api.service[102055]: DEBUG dbcounter [-] [102055] Writer thread running {{(pid=102055) stat_writer /opt/stack/data/venv/lib/python3.12/site-packages/dbcounter.py:102}}
Jun 17 10:50:38.785875 np0000003035 devstack@g-api.service[102056]: DEBUG dbcounter [-] [102056] Writer thread running {{(pid=102056) stat_writer /opt/stack/data/venv/lib/python3.12/site-packages/dbcounter.py:102}}
Jun 17 10:50:38.789960 np0000003035 devstack@g-api.service[102056]: DEBUG glance.image_cache.drivers.centralized_db [None req-22e03a66-39a9-49b6-af58-c202b23b65c0 None None] Node reference is already recorded, ignoring it {{(pid=102056) configure /opt/stack/glance/glance/image_cache/drivers/centralized_db.py:71}}
Jun 17 10:50:38.794430 np0000003035 devstack@g-api.service[102055]: INFO glance.image_cache [None req-cace6baf-eac7-4841-8091-a294099b12d4 None None] Image cache loaded driver 'centralized_db'.
Jun 17 10:50:38.794735 np0000003035 devstack@g-api.service[102056]: INFO glance.image_cache [None req-22e03a66-39a9-49b6-af58-c202b23b65c0 None None] Image cache loaded driver 'centralized_db'.
Jun 17 10:50:38.794794 np0000003035 devstack@g-api.service[102057]: DEBUG dbcounter [-] [102057] Writer thread running {{(pid=102057) stat_writer /opt/stack/data/venv/lib/python3.12/site-packages/dbcounter.py:102}}
Jun 17 10:50:38.797788 np0000003035 devstack@g-api.service[102057]: DEBUG glance.image_cache.drivers.centralized_db [None req-acff7058-f303-4ec1-9b32-ad48faec4621 None None] Node reference is already recorded, ignoring it {{(pid=102057) configure /opt/stack/glance/glance/image_cache/drivers/centralized_db.py:71}}
Jun 17 10:50:38.801758 np0000003035 devstack@g-api.service[102056]: DEBUG glance.image_cache.drivers.centralized_db [None req-22e03a66-39a9-49b6-af58-c202b23b65c0 None None] Node reference is already recorded, ignoring it {{(pid=102056) configure /opt/stack/glance/glance/image_cache/drivers/centralized_db.py:71}}
Jun 17 10:50:38.801819 np0000003035 devstack@g-api.service[102055]: DEBUG glance.image_cache.drivers.centralized_db [None req-cace6baf-eac7-4841-8091-a294099b12d4 None None] Node reference is already recorded, ignoring it {{(pid=102055) configure /opt/stack/glance/glance/image_cache/drivers/centralized_db.py:71}}
Jun 17 10:50:38.803148 np0000003035 devstack@g-api.service[102057]: INFO glance.image_cache [None req-acff7058-f303-4ec1-9b32-ad48faec4621 None None] Image cache loaded driver 'centralized_db'.
Jun 17 10:50:38.806208 np0000003035 devstack@g-api.service[102056]: DEBUG glance.api.v2.cached_images [None req-22e03a66-39a9-49b6-af58-c202b23b65c0 None None] Started cache worker thread {{(pid=102056) __init__ /opt/stack/glance/glance/api/v2/cached_images.py:69}}
Jun 17 10:50:38.806487 np0000003035 devstack@g-api.service[102055]: DEBUG glance.api.v2.cached_images [None req-cace6baf-eac7-4841-8091-a294099b12d4 None None] Started cache worker thread {{(pid=102055) __init__ /opt/stack/glance/glance/api/v2/cached_images.py:69}}
Jun 17 10:50:38.806729 np0000003035 devstack@g-api.service[102056]: INFO glance.image_cache [None req-22e03a66-39a9-49b6-af58-c202b23b65c0 None None] Image cache loaded driver 'centralized_db'.
Jun 17 10:50:38.807175 np0000003035 devstack@g-api.service[102055]: INFO glance.image_cache [None req-cace6baf-eac7-4841-8091-a294099b12d4 None None] Image cache loaded driver 'centralized_db'.
Jun 17 10:50:38.810074 np0000003035 devstack@g-api.service[102057]: DEBUG glance.image_cache.drivers.centralized_db [None req-acff7058-f303-4ec1-9b32-ad48faec4621 None None] Node reference is already recorded, ignoring it {{(pid=102057) configure /opt/stack/glance/glance/image_cache/drivers/centralized_db.py:71}}
Jun 17 10:50:38.814532 np0000003035 devstack@g-api.service[102057]: DEBUG glance.api.v2.cached_images [None req-acff7058-f303-4ec1-9b32-ad48faec4621 None None] Started cache worker thread {{(pid=102057) __init__ /opt/stack/glance/glance/api/v2/cached_images.py:69}}
Jun 17 10:50:38.815094 np0000003035 devstack@g-api.service[102057]: INFO glance.image_cache [None req-acff7058-f303-4ec1-9b32-ad48faec4621 None None] Image cache loaded driver 'centralized_db'.
Jun 17 10:50:38.815141 np0000003035 devstack@g-api.service[102056]: DEBUG glance.image_cache.drivers.centralized_db [None req-22e03a66-39a9-49b6-af58-c202b23b65c0 None None] Node reference is already recorded, ignoring it {{(pid=102056) configure /opt/stack/glance/glance/image_cache/drivers/centralized_db.py:71}}
Jun 17 10:50:38.817636 np0000003035 devstack@g-api.service[102055]: DEBUG glance.image_cache.drivers.centralized_db [None req-cace6baf-eac7-4841-8091-a294099b12d4 None None] Node reference is already recorded, ignoring it {{(pid=102055) configure /opt/stack/glance/glance/image_cache/drivers/centralized_db.py:71}}
Jun 17 10:50:38.823984 np0000003035 devstack@g-api.service[102057]: DEBUG glance.image_cache.drivers.centralized_db [None req-acff7058-f303-4ec1-9b32-ad48faec4621 None None] Node reference is already recorded, ignoring it {{(pid=102057) configure /opt/stack/glance/glance/image_cache/drivers/centralized_db.py:71}}
Jun 17 10:50:38.910226 np0000003035 devstack@g-api.service[102056]: INFO glance.api.middleware.cache_manage [None req-22e03a66-39a9-49b6-af58-c202b23b65c0 None None] Initialized image cache management middleware
Jun 17 10:50:38.910388 np0000003035 devstack@g-api.service[102056]: INFO glance.image_cache [None req-22e03a66-39a9-49b6-af58-c202b23b65c0 None None] Image cache loaded driver 'centralized_db'.
Jun 17 10:50:38.916712 np0000003035 devstack@g-api.service[102056]: DEBUG glance.image_cache.drivers.centralized_db [None req-22e03a66-39a9-49b6-af58-c202b23b65c0 None None] Node reference is already recorded, ignoring it {{(pid=102056) configure /opt/stack/glance/glance/image_cache/drivers/centralized_db.py:71}}
Jun 17 10:50:38.919604 np0000003035 devstack@g-api.service[102055]: INFO glance.api.middleware.cache_manage [None req-cace6baf-eac7-4841-8091-a294099b12d4 None None] Initialized image cache management middleware
Jun 17 10:50:38.919769 np0000003035 devstack@g-api.service[102055]: INFO glance.image_cache [None req-cace6baf-eac7-4841-8091-a294099b12d4 None None] Image cache loaded driver 'centralized_db'.
Jun 17 10:50:38.920153 np0000003035 devstack@g-api.service[102056]: INFO glance.api.middleware.cache [None req-22e03a66-39a9-49b6-af58-c202b23b65c0 None None] Initialized image cache middleware
Jun 17 10:50:38.921152 np0000003035 devstack@g-api.service[102057]: INFO glance.api.middleware.cache_manage [None req-acff7058-f303-4ec1-9b32-ad48faec4621 None None] Initialized image cache management middleware
Jun 17 10:50:38.921361 np0000003035 devstack@g-api.service[102057]: INFO glance.image_cache [None req-acff7058-f303-4ec1-9b32-ad48faec4621 None None] Image cache loaded driver 'centralized_db'.
Jun 17 10:50:38.926097 np0000003035 devstack@g-api.service[102055]: DEBUG glance.image_cache.drivers.centralized_db [None req-cace6baf-eac7-4841-8091-a294099b12d4 None None] Node reference is already recorded, ignoring it {{(pid=102055) configure /opt/stack/glance/glance/image_cache/drivers/centralized_db.py:71}}
Jun 17 10:50:38.929221 np0000003035 devstack@g-api.service[102057]: DEBUG glance.image_cache.drivers.centralized_db [None req-acff7058-f303-4ec1-9b32-ad48faec4621 None None] Node reference is already recorded, ignoring it {{(pid=102057) configure /opt/stack/glance/glance/image_cache/drivers/centralized_db.py:71}}
Jun 17 10:50:38.929895 np0000003035 devstack@g-api.service[102055]: INFO glance.api.middleware.cache [None req-cace6baf-eac7-4841-8091-a294099b12d4 None None] Initialized image cache middleware
Jun 17 10:50:38.930979 np0000003035 devstack@g-api.service[102056]: DEBUG glance.common.config [None req-22e03a66-39a9-49b6-af58-c202b23b65c0 None None] ******************************************************************************** {{(pid=102056) log_opt_values /opt/stack/data/venv/lib/python3.12/site-packages/oslo_config/cfg.py:3226}}
Jun 17 10:50:38.931069 np0000003035 devstack@g-api.service[102056]: DEBUG glance.common.config [None req-22e03a66-39a9-49b6-af58-c202b23b65c0 None None] Configuration options gathered from: {{(pid=102056) log_opt_values /opt/stack/data/venv/lib/python3.12/site-packages/oslo_config/cfg.py:3227}}
Jun 17 10:50:38.931492 np0000003035 devstack@g-api.service[102056]: DEBUG glance.common.config [None req-22e03a66-39a9-49b6-af58-c202b23b65c0 None None] command line args: [] {{(pid=102056) log_opt_values /opt/stack/data/venv/lib/python3.12/site-packages/oslo_config/cfg.py:3228}}
Jun 17 10:50:38.931620 np0000003035 devstack@g-api.service[102056]: DEBUG glance.common.config [None req-22e03a66-39a9-49b6-af58-c202b23b65c0 None None] config files: ['/etc/glance/glance-image-import.conf', '/etc/glance/glance-api.conf'] {{(pid=102056) log_opt_values /opt/stack/data/venv/lib/python3.12/site-packages/oslo_config/cfg.py:3229}}
Jun 17 10:50:38.931693 np0000003035 devstack@g-api.service[102056]: DEBUG glance.common.config [None req-22e03a66-39a9-49b6-af58-c202b23b65c0 None None] ================================================================================ {{(pid=102056) log_opt_values /opt/stack/data/venv/lib/python3.12/site-packages/oslo_config/cfg.py:3234}}
Jun 17 10:50:38.931808 np0000003035 devstack@g-api.service[102056]: DEBUG glance.common.config [None req-22e03a66-39a9-49b6-af58-c202b23b65c0 None None] allow_anonymous_access = False {{(pid=102056) log_opt_values /opt/stack/data/venv/lib/python3.12/site-packages/oslo_config/cfg.py:3242}}
Jun 17 10:50:38.931905 np0000003035 devstack@g-api.service[102056]: DEBUG glance.common.config [None req-22e03a66-39a9-49b6-af58-c202b23b65c0 None None] api_limit_max = 1000 {{(pid=102056) log_opt_values /opt/stack/data/venv/lib/python3.12/site-packages/oslo_config/cfg.py:3242}}
Jun 17 10:50:38.932008 np0000003035 devstack@g-api.service[102056]: DEBUG glance.common.config [None req-22e03a66-39a9-49b6-af58-c202b23b65c0 None None] backlog = 4096 {{(pid=102056) log_opt_values /opt/stack/data/venv/lib/python3.12/site-packages/oslo_config/cfg.py:3242}}
Jun 17 10:50:38.932184 np0000003035 devstack@g-api.service[102056]: DEBUG glance.common.config [None req-22e03a66-39a9-49b6-af58-c202b23b65c0 None None] bind_host = 0.0.0.0 {{(pid=102056) log_opt_values /opt/stack/data/venv/lib/python3.12/site-packages/oslo_config/cfg.py:3242}}
Jun 17 10:50:38.932275 np0000003035 devstack@g-api.service[102056]: DEBUG glance.common.config [None req-22e03a66-39a9-49b6-af58-c202b23b65c0 None None] bind_port = 19292 {{(pid=102056) log_opt_values /opt/stack/data/venv/lib/python3.12/site-packages/oslo_config/cfg.py:3242}}
Jun 17 10:50:38.932372 np0000003035 devstack@g-api.service[102056]: DEBUG glance.common.config [None req-22e03a66-39a9-49b6-af58-c202b23b65c0 None None] client_socket_timeout = 900 {{(pid=102056) log_opt_values /opt/stack/data/venv/lib/python3.12/site-packages/oslo_config/cfg.py:3242}}
Jun 17 10:50:38.932478 np0000003035 devstack@g-api.service[102056]: DEBUG glance.common.config [None req-22e03a66-39a9-49b6-af58-c202b23b65c0 None None] config_dir = [] {{(pid=102056) log_opt_values /opt/stack/data/venv/lib/python3.12/site-packages/oslo_config/cfg.py:3242}}
Jun 17 10:50:38.932553 np0000003035 devstack@g-api.service[102056]: DEBUG glance.common.config [None req-22e03a66-39a9-49b6-af58-c202b23b65c0 None None] config_file = ['/etc/glance/glance-image-import.conf', '/etc/glance/glance-api.conf'] {{(pid=102056) log_opt_values /opt/stack/data/venv/lib/python3.12/site-packages/oslo_config/cfg.py:3242}}
Jun 17 10:50:38.932645 np0000003035 devstack@g-api.service[102056]: DEBUG glance.common.config [None req-22e03a66-39a9-49b6-af58-c202b23b65c0 None None] config_source = [] {{(pid=102056) log_opt_values /opt/stack/data/venv/lib/python3.12/site-packages/oslo_config/cfg.py:3242}}
Jun 17 10:50:38.932756 np0000003035 devstack@g-api.service[102056]: DEBUG glance.common.config [None req-22e03a66-39a9-49b6-af58-c202b23b65c0 None None] control_exchange = glance {{(pid=102056) log_opt_values /opt/stack/data/venv/lib/python3.12/site-packages/oslo_config/cfg.py:3242}}
Jun 17 10:50:38.932811 np0000003035 devstack@g-api.service[102056]: DEBUG glance.common.config [None req-22e03a66-39a9-49b6-af58-c202b23b65c0 None None] debug = True {{(pid=102056) log_opt_values /opt/stack/data/venv/lib/python3.12/site-packages/oslo_config/cfg.py:3242}}
Jun 17 10:50:38.932976 np0000003035 devstack@g-api.service[102056]: DEBUG glance.common.config [None req-22e03a66-39a9-49b6-af58-c202b23b65c0 None None] default_log_levels = ['amqp=WARN', 'boto=WARN', 'sqlalchemy=WARN', 'suds=INFO', 'oslo.messaging=INFO', 'oslo_messaging=INFO', 'iso8601=WARN', 'requests.packages.urllib3.connectionpool=WARN', 'urllib3.connectionpool=WARN', 'websocket=WARN', 'requests.packages.urllib3.util.retry=WARN', 'urllib3.util.retry=WARN', 'keystonemiddleware=WARN', 'routes.middleware=WARN', 'stevedore=WARN', 'taskflow=WARN', 'keystoneauth=WARN', 'oslo.cache=INFO', 'oslo_policy=INFO', 'dogpile.core.dogpile=INFO'] {{(pid=102056) log_opt_values /opt/stack/data/venv/lib/python3.12/site-packages/oslo_config/cfg.py:3242}}
Jun 17 10:50:38.933059 np0000003035 devstack@g-api.service[102056]: DEBUG glance.common.config [None req-22e03a66-39a9-49b6-af58-c202b23b65c0 None None] default_publisher_id = image.localhost {{(pid=102056) log_opt_values /opt/stack/data/venv/lib/python3.12/site-packages/oslo_config/cfg.py:3242}}
Jun 17 10:50:38.933128 np0000003035 devstack@g-api.service[102057]: INFO glance.api.middleware.cache [None req-acff7058-f303-4ec1-9b32-ad48faec4621 None None] Initialized image cache middleware
Jun 17 10:50:38.933166 np0000003035 devstack@g-api.service[102056]: DEBUG glance.common.config [None req-22e03a66-39a9-49b6-af58-c202b23b65c0 None None] delayed_delete = False {{(pid=102056) log_opt_values /opt/stack/data/venv/lib/python3.12/site-packages/oslo_config/cfg.py:3242}}
Jun 17 10:50:38.933234 np0000003035 devstack@g-api.service[102056]: DEBUG glance.common.config [None req-22e03a66-39a9-49b6-af58-c202b23b65c0 None None] digest_algorithm = sha256 {{(pid=102056) log_opt_values /opt/stack/data/venv/lib/python3.12/site-packages/oslo_config/cfg.py:3242}}
Jun 17 10:50:38.933322 np0000003035 devstack@g-api.service[102056]: DEBUG glance.common.config [None req-22e03a66-39a9-49b6-af58-c202b23b65c0 None None] disabled_notifications = [] {{(pid=102056) log_opt_values /opt/stack/data/venv/lib/python3.12/site-packages/oslo_config/cfg.py:3242}}
Jun 17 10:50:38.933404 np0000003035 devstack@g-api.service[102056]: DEBUG glance.common.config [None req-22e03a66-39a9-49b6-af58-c202b23b65c0 None None] do_secure_hash = True {{(pid=102056) log_opt_values /opt/stack/data/venv/lib/python3.12/site-packages/oslo_config/cfg.py:3242}}
Jun 17 10:50:38.933542 np0000003035 devstack@g-api.service[102056]: DEBUG glance.common.config [None req-22e03a66-39a9-49b6-af58-c202b23b65c0 None None] enabled_backends = None {{(pid=102056) log_opt_values /opt/stack/data/venv/lib/python3.12/site-packages/oslo_config/cfg.py:3242}}
Jun 17 10:50:38.933648 np0000003035 devstack@g-api.service[102056]: DEBUG glance.common.config [None req-22e03a66-39a9-49b6-af58-c202b23b65c0 None None] enabled_import_methods = ['glance-direct', 'web-download', 'copy-image'] {{(pid=102056) log_opt_values /opt/stack/data/venv/lib/python3.12/site-packages/oslo_config/cfg.py:3242}}
Jun 17 10:50:38.933743 np0000003035 devstack@g-api.service[102056]: DEBUG glance.common.config [None req-22e03a66-39a9-49b6-af58-c202b23b65c0 None None] fatal_deprecations = False {{(pid=102056) log_opt_values /opt/stack/data/venv/lib/python3.12/site-packages/oslo_config/cfg.py:3242}}
Jun 17 10:50:38.933831 np0000003035 devstack@g-api.service[102056]: DEBUG glance.common.config [None req-22e03a66-39a9-49b6-af58-c202b23b65c0 None None] hashing_algorithm = sha512 {{(pid=102056) log_opt_values /opt/stack/data/venv/lib/python3.12/site-packages/oslo_config/cfg.py:3242}}
Jun 17 10:50:38.933954 np0000003035 devstack@g-api.service[102056]: DEBUG glance.common.config [None req-22e03a66-39a9-49b6-af58-c202b23b65c0 None None] http_keepalive = True {{(pid=102056) log_opt_values /opt/stack/data/venv/lib/python3.12/site-packages/oslo_config/cfg.py:3242}}
Jun 17 10:50:38.934057 np0000003035 devstack@g-api.service[102056]: DEBUG glance.common.config [None req-22e03a66-39a9-49b6-af58-c202b23b65c0 None None] http_retries = 3 {{(pid=102056) log_opt_values /opt/stack/data/venv/lib/python3.12/site-packages/oslo_config/cfg.py:3242}}
Jun 17 10:50:38.934154 np0000003035 devstack@g-api.service[102056]: DEBUG glance.common.config [None req-22e03a66-39a9-49b6-af58-c202b23b65c0 None None] image_cache_dir = /opt/stack/data/glance/cache/ {{(pid=102056) log_opt_values /opt/stack/data/venv/lib/python3.12/site-packages/oslo_config/cfg.py:3242}}
Jun 17 10:50:38.934249 np0000003035 devstack@g-api.service[102056]: DEBUG glance.common.config [None req-22e03a66-39a9-49b6-af58-c202b23b65c0 None None] image_cache_driver = centralized_db {{(pid=102056) log_opt_values /opt/stack/data/venv/lib/python3.12/site-packages/oslo_config/cfg.py:3242}}
Jun 17 10:50:38.934335 np0000003035 devstack@g-api.service[102056]: DEBUG glance.common.config [None req-22e03a66-39a9-49b6-af58-c202b23b65c0 None None] image_cache_max_size = 10737418240 {{(pid=102056) log_opt_values /opt/stack/data/venv/lib/python3.12/site-packages/oslo_config/cfg.py:3242}}
Jun 17 10:50:38.934433 np0000003035 devstack@g-api.service[102056]: DEBUG glance.common.config [None req-22e03a66-39a9-49b6-af58-c202b23b65c0 None None] image_cache_sqlite_db = cache.db {{(pid=102056) log_opt_values /opt/stack/data/venv/lib/python3.12/site-packages/oslo_config/cfg.py:3242}}
Jun 17 10:50:38.934553 np0000003035 devstack@g-api.service[102056]: DEBUG glance.common.config [None req-22e03a66-39a9-49b6-af58-c202b23b65c0 None None] image_cache_stall_time = 86400 {{(pid=102056) log_opt_values /opt/stack/data/venv/lib/python3.12/site-packages/oslo_config/cfg.py:3242}}
Jun 17 10:50:38.934640 np0000003035 devstack@g-api.service[102056]: DEBUG glance.common.config [None req-22e03a66-39a9-49b6-af58-c202b23b65c0 None None] image_location_quota = 10 {{(pid=102056) log_opt_values /opt/stack/data/venv/lib/python3.12/site-packages/oslo_config/cfg.py:3242}}
Jun 17 10:50:38.934727 np0000003035 devstack@g-api.service[102056]: DEBUG glance.common.config [None req-22e03a66-39a9-49b6-af58-c202b23b65c0 None None] image_member_quota = 128 {{(pid=102056) log_opt_values /opt/stack/data/venv/lib/python3.12/site-packages/oslo_config/cfg.py:3242}}
Jun 17 10:50:38.934811 np0000003035 devstack@g-api.service[102056]: DEBUG glance.common.config [None req-22e03a66-39a9-49b6-af58-c202b23b65c0 None None] image_property_quota = 128 {{(pid=102056) log_opt_values /opt/stack/data/venv/lib/python3.12/site-packages/oslo_config/cfg.py:3242}}
Jun 17 10:50:38.934896 np0000003035 devstack@g-api.service[102056]: DEBUG glance.common.config [None req-22e03a66-39a9-49b6-af58-c202b23b65c0 None None] image_size_cap = 1099511627776 {{(pid=102056) log_opt_values /opt/stack/data/venv/lib/python3.12/site-packages/oslo_config/cfg.py:3242}}
Jun 17 10:50:38.934989 np0000003035 devstack@g-api.service[102056]: DEBUG glance.common.config [None req-22e03a66-39a9-49b6-af58-c202b23b65c0 None None] image_tag_quota = 128 {{(pid=102056) log_opt_values /opt/stack/data/venv/lib/python3.12/site-packages/oslo_config/cfg.py:3242}}
Jun 17 10:50:38.935079 np0000003035 devstack@g-api.service[102056]: DEBUG glance.common.config [None req-22e03a66-39a9-49b6-af58-c202b23b65c0 None None] instance_format = [instance: %(uuid)s] {{(pid=102056) log_opt_values /opt/stack/data/venv/lib/python3.12/site-packages/oslo_config/cfg.py:3242}}
Jun 17 10:50:38.935166 np0000003035 devstack@g-api.service[102056]: DEBUG glance.common.config [None req-22e03a66-39a9-49b6-af58-c202b23b65c0 None None] instance_uuid_format = [instance: %(uuid)s] {{(pid=102056) log_opt_values /opt/stack/data/venv/lib/python3.12/site-packages/oslo_config/cfg.py:3242}}
Jun 17 10:50:38.935279 np0000003035 devstack@g-api.service[102056]: DEBUG glance.common.config [None req-22e03a66-39a9-49b6-af58-c202b23b65c0 None None] limit_param_default = 25 {{(pid=102056) log_opt_values /opt/stack/data/venv/lib/python3.12/site-packages/oslo_config/cfg.py:3242}}
Jun 17 10:50:38.935376 np0000003035 devstack@g-api.service[102056]: DEBUG glance.common.config [None req-22e03a66-39a9-49b6-af58-c202b23b65c0 None None] log_color = False {{(pid=102056) log_opt_values /opt/stack/data/venv/lib/python3.12/site-packages/oslo_config/cfg.py:3242}}
Jun 17 10:50:38.935491 np0000003035 devstack@g-api.service[102056]: DEBUG glance.common.config [None req-22e03a66-39a9-49b6-af58-c202b23b65c0 None None] log_config_append = None {{(pid=102056) log_opt_values /opt/stack/data/venv/lib/python3.12/site-packages/oslo_config/cfg.py:3242}}
Jun 17 10:50:38.935588 np0000003035 devstack@g-api.service[102056]: DEBUG glance.common.config [None req-22e03a66-39a9-49b6-af58-c202b23b65c0 None None] log_date_format = %Y-%m-%d %H:%M:%S {{(pid=102056) log_opt_values /opt/stack/data/venv/lib/python3.12/site-packages/oslo_config/cfg.py:3242}}
Jun 17 10:50:38.935675 np0000003035 devstack@g-api.service[102056]: DEBUG glance.common.config [None req-22e03a66-39a9-49b6-af58-c202b23b65c0 None None] log_dir = None {{(pid=102056) log_opt_values /opt/stack/data/venv/lib/python3.12/site-packages/oslo_config/cfg.py:3242}}
Jun 17 10:50:38.935758 np0000003035 devstack@g-api.service[102056]: DEBUG glance.common.config [None req-22e03a66-39a9-49b6-af58-c202b23b65c0 None None] log_file = None {{(pid=102056) log_opt_values /opt/stack/data/venv/lib/python3.12/site-packages/oslo_config/cfg.py:3242}}
Jun 17 10:50:38.935841 np0000003035 devstack@g-api.service[102056]: DEBUG glance.common.config [None req-22e03a66-39a9-49b6-af58-c202b23b65c0 None None] log_rotate_interval = 1 {{(pid=102056) log_opt_values /opt/stack/data/venv/lib/python3.12/site-packages/oslo_config/cfg.py:3242}}
Jun 17 10:50:38.935931 np0000003035 devstack@g-api.service[102056]: DEBUG glance.common.config [None req-22e03a66-39a9-49b6-af58-c202b23b65c0 None None] log_rotate_interval_type = days {{(pid=102056) log_opt_values /opt/stack/data/venv/lib/python3.12/site-packages/oslo_config/cfg.py:3242}}
Jun 17 10:50:38.936042 np0000003035 devstack@g-api.service[102056]: DEBUG glance.common.config [None req-22e03a66-39a9-49b6-af58-c202b23b65c0 None None] log_rotation_type = none {{(pid=102056) log_opt_values /opt/stack/data/venv/lib/python3.12/site-packages/oslo_config/cfg.py:3242}}
Jun 17 10:50:38.936111 np0000003035 devstack@g-api.service[102056]: DEBUG glance.common.config [None req-22e03a66-39a9-49b6-af58-c202b23b65c0 None None] logging_context_format_string = %(color)s%(levelname)s %(name)s [%(global_request_id)s %(request_id)s %(project_name)s %(user_name)s%(color)s] %(instance)s%(color)s%(message)s {{(pid=102056) log_opt_values /opt/stack/data/venv/lib/python3.12/site-packages/oslo_config/cfg.py:3242}}
Jun 17 10:50:38.936176 np0000003035 devstack@g-api.service[102056]: DEBUG glance.common.config [None req-22e03a66-39a9-49b6-af58-c202b23b65c0 None None] logging_debug_format_suffix = {{(pid=%(process)d) %(funcName)s %(pathname)s:%(lineno)d}} {{(pid=102056) log_opt_values /opt/stack/data/venv/lib/python3.12/site-packages/oslo_config/cfg.py:3242}}
Jun 17 10:50:38.936267 np0000003035 devstack@g-api.service[102056]: DEBUG glance.common.config [None req-22e03a66-39a9-49b6-af58-c202b23b65c0 None None] logging_default_format_string = %(color)s%(levelname)s %(name)s [-%(color)s] %(instance)s%(color)s%(message)s {{(pid=102056) log_opt_values /opt/stack/data/venv/lib/python3.12/site-packages/oslo_config/cfg.py:3242}}
Jun 17 10:50:38.936355 np0000003035 devstack@g-api.service[102056]: DEBUG glance.common.config [None req-22e03a66-39a9-49b6-af58-c202b23b65c0 None None] logging_exception_prefix = ERROR %(name)s %(instance)s {{(pid=102056) log_opt_values /opt/stack/data/venv/lib/python3.12/site-packages/oslo_config/cfg.py:3242}}
Jun 17 10:50:38.936418 np0000003035 devstack@g-api.service[102056]: DEBUG glance.common.config [None req-22e03a66-39a9-49b6-af58-c202b23b65c0 None None] logging_user_identity_format = %(user)s %(project)s %(domain)s %(system_scope)s %(user_domain)s %(project_domain)s {{(pid=102056) log_opt_values /opt/stack/data/venv/lib/python3.12/site-packages/oslo_config/cfg.py:3242}}
Jun 17 10:50:38.936527 np0000003035 devstack@g-api.service[102056]: DEBUG glance.common.config [None req-22e03a66-39a9-49b6-af58-c202b23b65c0 None None] max_header_line = 16384 {{(pid=102056) log_opt_values /opt/stack/data/venv/lib/python3.12/site-packages/oslo_config/cfg.py:3242}}
Jun 17 10:50:38.936609 np0000003035 devstack@g-api.service[102056]: DEBUG glance.common.config [None req-22e03a66-39a9-49b6-af58-c202b23b65c0 None None] max_logfile_count = 30 {{(pid=102056) log_opt_values /opt/stack/data/venv/lib/python3.12/site-packages/oslo_config/cfg.py:3242}}
Jun 17 10:50:38.936690 np0000003035 devstack@g-api.service[102056]: DEBUG glance.common.config [None req-22e03a66-39a9-49b6-af58-c202b23b65c0 None None] max_logfile_size_mb = 200 {{(pid=102056) log_opt_values /opt/stack/data/venv/lib/python3.12/site-packages/oslo_config/cfg.py:3242}}
Jun 17 10:50:38.936775 np0000003035 devstack@g-api.service[102056]: DEBUG glance.common.config [None req-22e03a66-39a9-49b6-af58-c202b23b65c0 None None] max_request_id_length = 64 {{(pid=102056) log_opt_values /opt/stack/data/venv/lib/python3.12/site-packages/oslo_config/cfg.py:3242}}
Jun 17 10:50:38.936862 np0000003035 devstack@g-api.service[102056]: DEBUG glance.common.config [None req-22e03a66-39a9-49b6-af58-c202b23b65c0 None None] metadata_encryption_key = **** {{(pid=102056) log_opt_values /opt/stack/data/venv/lib/python3.12/site-packages/oslo_config/cfg.py:3242}}
Jun 17 10:50:38.936965 np0000003035 devstack@g-api.service[102056]: DEBUG glance.common.config [None req-22e03a66-39a9-49b6-af58-c202b23b65c0 None None] node_staging_uri = file:///tmp/staging/ {{(pid=102056) log_opt_values /opt/stack/data/venv/lib/python3.12/site-packages/oslo_config/cfg.py:3242}}
Jun 17 10:50:38.937051 np0000003035 devstack@g-api.service[102056]: DEBUG glance.common.config [None req-22e03a66-39a9-49b6-af58-c202b23b65c0 None None] property_protection_file = None {{(pid=102056) log_opt_values /opt/stack/data/venv/lib/python3.12/site-packages/oslo_config/cfg.py:3242}}
Jun 17 10:50:38.937142 np0000003035 devstack@g-api.service[102056]: DEBUG glance.common.config [None req-22e03a66-39a9-49b6-af58-c202b23b65c0 None None] property_protection_rule_format = roles {{(pid=102056) log_opt_values /opt/stack/data/venv/lib/python3.12/site-packages/oslo_config/cfg.py:3242}}
Jun 17 10:50:38.937233 np0000003035 devstack@g-api.service[102056]: DEBUG glance.common.config [None req-22e03a66-39a9-49b6-af58-c202b23b65c0 None None] public_endpoint = https://10.4.3.155/image {{(pid=102056) log_opt_values /opt/stack/data/venv/lib/python3.12/site-packages/oslo_config/cfg.py:3242}}
Jun 17 10:50:38.937321 np0000003035 devstack@g-api.service[102056]: DEBUG glance.common.config [None req-22e03a66-39a9-49b6-af58-c202b23b65c0 None None] publish_errors = False {{(pid=102056) log_opt_values /opt/stack/data/venv/lib/python3.12/site-packages/oslo_config/cfg.py:3242}}
Jun 17 10:50:38.937401 np0000003035 devstack@g-api.service[102056]: DEBUG glance.common.config [None req-22e03a66-39a9-49b6-af58-c202b23b65c0 None None] pydev_worker_debug_host = None {{(pid=102056) log_opt_values /opt/stack/data/venv/lib/python3.12/site-packages/oslo_config/cfg.py:3242}}
Jun 17 10:50:38.937531 np0000003035 devstack@g-api.service[102056]: DEBUG glance.common.config [None req-22e03a66-39a9-49b6-af58-c202b23b65c0 None None] pydev_worker_debug_port = 5678 {{(pid=102056) log_opt_values /opt/stack/data/venv/lib/python3.12/site-packages/oslo_config/cfg.py:3242}}
Jun 17 10:50:38.937616 np0000003035 devstack@g-api.service[102056]: DEBUG glance.common.config [None req-22e03a66-39a9-49b6-af58-c202b23b65c0 None None] rate_limit_burst = 0 {{(pid=102056) log_opt_values /opt/stack/data/venv/lib/python3.12/site-packages/oslo_config/cfg.py:3242}}
Jun 17 10:50:38.937711 np0000003035 devstack@g-api.service[102056]: DEBUG glance.common.config [None req-22e03a66-39a9-49b6-af58-c202b23b65c0 None None] rate_limit_except_level = CRITICAL {{(pid=102056) log_opt_values /opt/stack/data/venv/lib/python3.12/site-packages/oslo_config/cfg.py:3242}}
Jun 17 10:50:38.937796 np0000003035 devstack@g-api.service[102056]: DEBUG glance.common.config [None req-22e03a66-39a9-49b6-af58-c202b23b65c0 None None] rate_limit_interval = 0 {{(pid=102056) log_opt_values /opt/stack/data/venv/lib/python3.12/site-packages/oslo_config/cfg.py:3242}}
Jun 17 10:50:38.937881 np0000003035 devstack@g-api.service[102056]: DEBUG glance.common.config [None req-22e03a66-39a9-49b6-af58-c202b23b65c0 None None] scrub_pool_size = 1 {{(pid=102056) log_opt_values /opt/stack/data/venv/lib/python3.12/site-packages/oslo_config/cfg.py:3242}}
Jun 17 10:50:38.937973 np0000003035 devstack@g-api.service[102056]: DEBUG glance.common.config [None req-22e03a66-39a9-49b6-af58-c202b23b65c0 None None] scrub_time = 0 {{(pid=102056) log_opt_values /opt/stack/data/venv/lib/python3.12/site-packages/oslo_config/cfg.py:3242}}
Jun 17 10:50:38.938055 np0000003035 devstack@g-api.service[102056]: DEBUG glance.common.config [None req-22e03a66-39a9-49b6-af58-c202b23b65c0 None None] shell_completion = None {{(pid=102056) log_opt_values /opt/stack/data/venv/lib/python3.12/site-packages/oslo_config/cfg.py:3242}}
Jun 17 10:50:38.938147 np0000003035 devstack@g-api.service[102056]: DEBUG glance.common.config [None req-22e03a66-39a9-49b6-af58-c202b23b65c0 None None] show_image_direct_url = False {{(pid=102056) log_opt_values /opt/stack/data/venv/lib/python3.12/site-packages/oslo_config/cfg.py:3242}}
Jun 17 10:50:38.938343 np0000003035 devstack@g-api.service[102056]: WARNING oslo_config.cfg [None req-22e03a66-39a9-49b6-af58-c202b23b65c0 None None] Deprecated: Option "show_multiple_locations" from group "DEFAULT" is deprecated for removal (Use of this option, deprecated since Newton, is a security risk and will be removed once we figure out a way to satisfy those use cases that currently require it. An earlier announcement that the same functionality can be achieved with greater granularity by using policies is incorrect. You cannot work around this option via policy configuration at the present time, though that is the direction we believe the fix will take. Please keep an eye on the Glance release notes to stay up to date on progress in addressing this issue.). Its value may be silently ignored in the future.
Jun 17 10:50:38.938479 np0000003035 devstack@g-api.service[102056]: DEBUG glance.common.config [None req-22e03a66-39a9-49b6-af58-c202b23b65c0 None None] show_multiple_locations = False {{(pid=102056) log_opt_values /opt/stack/data/venv/lib/python3.12/site-packages/oslo_config/cfg.py:3242}}
Jun 17 10:50:38.938600 np0000003035 devstack@g-api.service[102056]: DEBUG glance.common.config [None req-22e03a66-39a9-49b6-af58-c202b23b65c0 None None] syslog_log_facility = LOG_USER {{(pid=102056) log_opt_values /opt/stack/data/venv/lib/python3.12/site-packages/oslo_config/cfg.py:3242}}
Jun 17 10:50:38.938723 np0000003035 devstack@g-api.service[102056]: DEBUG glance.common.config [None req-22e03a66-39a9-49b6-af58-c202b23b65c0 None None] tcp_keepidle = 600 {{(pid=102056) log_opt_values /opt/stack/data/venv/lib/python3.12/site-packages/oslo_config/cfg.py:3242}}
Jun 17 10:50:38.938818 np0000003035 devstack@g-api.service[102056]: DEBUG glance.common.config [None req-22e03a66-39a9-49b6-af58-c202b23b65c0 None None] transport_url = **** {{(pid=102056) log_opt_values /opt/stack/data/venv/lib/python3.12/site-packages/oslo_config/cfg.py:3242}}
Jun 17 10:50:38.938907 np0000003035 devstack@g-api.service[102056]: DEBUG glance.common.config [None req-22e03a66-39a9-49b6-af58-c202b23b65c0 None None] use_journal = False {{(pid=102056) log_opt_values /opt/stack/data/venv/lib/python3.12/site-packages/oslo_config/cfg.py:3242}}
Jun 17 10:50:38.939003 np0000003035 devstack@g-api.service[102056]: DEBUG glance.common.config [None req-22e03a66-39a9-49b6-af58-c202b23b65c0 None None] use_json = False {{(pid=102056) log_opt_values /opt/stack/data/venv/lib/python3.12/site-packages/oslo_config/cfg.py:3242}}
Jun 17 10:50:38.939097 np0000003035 devstack@g-api.service[102056]: DEBUG glance.common.config [None req-22e03a66-39a9-49b6-af58-c202b23b65c0 None None] use_keystone_limits = True {{(pid=102056) log_opt_values /opt/stack/data/venv/lib/python3.12/site-packages/oslo_config/cfg.py:3242}}
Jun 17 10:50:38.939182 np0000003035 devstack@g-api.service[102056]: DEBUG glance.common.config [None req-22e03a66-39a9-49b6-af58-c202b23b65c0 None None] use_stderr = False {{(pid=102056) log_opt_values /opt/stack/data/venv/lib/python3.12/site-packages/oslo_config/cfg.py:3242}}
Jun 17 10:50:38.939272 np0000003035 devstack@g-api.service[102056]: DEBUG glance.common.config [None req-22e03a66-39a9-49b6-af58-c202b23b65c0 None None] use_syslog = False {{(pid=102056) log_opt_values /opt/stack/data/venv/lib/python3.12/site-packages/oslo_config/cfg.py:3242}}
Jun 17 10:50:38.939358 np0000003035 devstack@g-api.service[102056]: DEBUG glance.common.config [None req-22e03a66-39a9-49b6-af58-c202b23b65c0 None None] user_storage_quota = 0 {{(pid=102056) log_opt_values /opt/stack/data/venv/lib/python3.12/site-packages/oslo_config/cfg.py:3242}}
Jun 17 10:50:38.939503 np0000003035 devstack@g-api.service[102056]: DEBUG glance.common.config [None req-22e03a66-39a9-49b6-af58-c202b23b65c0 None None] worker_self_reference_url = http://127.0.0.1:60999 {{(pid=102056) log_opt_values /opt/stack/data/venv/lib/python3.12/site-packages/oslo_config/cfg.py:3242}}
Jun 17 10:50:38.939600 np0000003035 devstack@g-api.service[102056]: DEBUG glance.common.config [None req-22e03a66-39a9-49b6-af58-c202b23b65c0 None None] workers = None {{(pid=102056) log_opt_values /opt/stack/data/venv/lib/python3.12/site-packages/oslo_config/cfg.py:3242}}
Jun 17 10:50:38.939701 np0000003035 devstack@g-api.service[102056]: DEBUG glance.common.config [None req-22e03a66-39a9-49b6-af58-c202b23b65c0 None None] oslo_concurrency.disable_process_locking = False {{(pid=102056) log_opt_values /opt/stack/data/venv/lib/python3.12/site-packages/oslo_config/cfg.py:3253}}
Jun 17 10:50:38.939800 np0000003035 devstack@g-api.service[102056]: DEBUG glance.common.config [None req-22e03a66-39a9-49b6-af58-c202b23b65c0 None None] oslo_concurrency.lock_path = /opt/stack/data/glance/locks {{(pid=102056) log_opt_values /opt/stack/data/venv/lib/python3.12/site-packages/oslo_config/cfg.py:3253}}
Jun 17 10:50:38.939889 np0000003035 devstack@g-api.service[102055]: DEBUG glance.common.config [None req-cace6baf-eac7-4841-8091-a294099b12d4 None None] ******************************************************************************** {{(pid=102055) log_opt_values /opt/stack/data/venv/lib/python3.12/site-packages/oslo_config/cfg.py:3226}}
Jun 17 10:50:38.939928 np0000003035 devstack@g-api.service[102056]: DEBUG glance.common.config [None req-22e03a66-39a9-49b6-af58-c202b23b65c0 None None] oslo_middleware.enable_proxy_headers_parsing = False {{(pid=102056) log_opt_values /opt/stack/data/venv/lib/python3.12/site-packages/oslo_config/cfg.py:3253}}
Jun 17 10:50:38.939991 np0000003035 devstack@g-api.service[102055]: DEBUG glance.common.config [None req-cace6baf-eac7-4841-8091-a294099b12d4 None None] Configuration options gathered from: {{(pid=102055) log_opt_values /opt/stack/data/venv/lib/python3.12/site-packages/oslo_config/cfg.py:3227}}
Jun 17 10:50:38.940023 np0000003035 devstack@g-api.service[102056]: DEBUG glance.common.config [None req-22e03a66-39a9-49b6-af58-c202b23b65c0 None None] oslo_middleware.http_basic_auth_user_file = /etc/htpasswd {{(pid=102056) log_opt_values /opt/stack/data/venv/lib/python3.12/site-packages/oslo_config/cfg.py:3253}}
Jun 17 10:50:38.940084 np0000003035 devstack@g-api.service[102056]: DEBUG glance.common.config [None req-22e03a66-39a9-49b6-af58-c202b23b65c0 None None] paste_deploy.config_file = None {{(pid=102056) log_opt_values /opt/stack/data/venv/lib/python3.12/site-packages/oslo_config/cfg.py:3253}}
Jun 17 10:50:38.940217 np0000003035 devstack@g-api.service[102056]: DEBUG glance.common.config [None req-22e03a66-39a9-49b6-af58-c202b23b65c0 None None] paste_deploy.flavor = keystone+cachemanagement {{(pid=102056) log_opt_values /opt/stack/data/venv/lib/python3.12/site-packages/oslo_config/cfg.py:3253}}
Jun 17 10:50:38.940268 np0000003035 devstack@g-api.service[102055]: DEBUG glance.common.config [None req-cace6baf-eac7-4841-8091-a294099b12d4 None None] command line args: [] {{(pid=102055) log_opt_values /opt/stack/data/venv/lib/python3.12/site-packages/oslo_config/cfg.py:3228}}
Jun 17 10:50:38.940346 np0000003035 devstack@g-api.service[102056]: DEBUG glance.common.config [None req-22e03a66-39a9-49b6-af58-c202b23b65c0 None None] image_format.container_formats = ['ami', 'ari', 'aki', 'bare', 'ovf', 'ova', 'docker', 'compressed'] {{(pid=102056) log_opt_values /opt/stack/data/venv/lib/python3.12/site-packages/oslo_config/cfg.py:3253}}
Jun 17 10:50:38.940384 np0000003035 devstack@g-api.service[102055]: DEBUG glance.common.config [None req-cace6baf-eac7-4841-8091-a294099b12d4 None None] config files: ['/etc/glance/glance-image-import.conf', '/etc/glance/glance-api.conf'] {{(pid=102055) log_opt_values /opt/stack/data/venv/lib/python3.12/site-packages/oslo_config/cfg.py:3229}}
Jun 17 10:50:38.940452 np0000003035 devstack@g-api.service[102055]: DEBUG glance.common.config [None req-cace6baf-eac7-4841-8091-a294099b12d4 None None] ================================================================================ {{(pid=102055) log_opt_values /opt/stack/data/venv/lib/python3.12/site-packages/oslo_config/cfg.py:3234}}
