Jun 17 10:50:15.122096 np0000003035 nova-scheduler[95692]: DEBUG cotyledon.oslo_config_glue [-] oslo_limit.cafile = None {{(pid=95692) log_opt_values /opt/stack/data/venv/lib/python3.12/site-packages/oslo_config/cfg.py:3253}}
Jun 17 10:50:15.122096 np0000003035 nova-scheduler[95692]: DEBUG cotyledon.oslo_config_glue [-] oslo_limit.certfile = None {{(pid=95692) log_opt_values /opt/stack/data/venv/lib/python3.12/site-packages/oslo_config/cfg.py:3253}}
Jun 17 10:50:15.122096 np0000003035 nova-scheduler[95692]: DEBUG cotyledon.oslo_config_glue [-] oslo_limit.collect_timing = False {{(pid=95692) log_opt_values /opt/stack/data/venv/lib/python3.12/site-packages/oslo_config/cfg.py:3253}}
Jun 17 10:50:15.122096 np0000003035 nova-scheduler[95692]: DEBUG cotyledon.oslo_config_glue [-] oslo_limit.connect_retries = None {{(pid=95692) log_opt_values /opt/stack/data/venv/lib/python3.12/site-packages/oslo_config/cfg.py:3253}}
Jun 17 10:50:15.122096 np0000003035 nova-scheduler[95692]: DEBUG cotyledon.oslo_config_glue [-] oslo_limit.connect_retry_delay = None {{(pid=95692) log_opt_values /opt/stack/data/venv/lib/python3.12/site-packages/oslo_config/cfg.py:3253}}
Jun 17 10:50:15.122096 np0000003035 nova-scheduler[95692]: DEBUG cotyledon.oslo_config_glue [-] oslo_limit.endpoint_id = None {{(pid=95692) log_opt_values /opt/stack/data/venv/lib/python3.12/site-packages/oslo_config/cfg.py:3253}}
Jun 17 10:50:15.122275 np0000003035 nova-scheduler[95692]: DEBUG cotyledon.oslo_config_glue [-] oslo_limit.endpoint_interface = public {{(pid=95692) log_opt_values /opt/stack/data/venv/lib/python3.12/site-packages/oslo_config/cfg.py:3253}}
Jun 17 10:50:15.122275 np0000003035 nova-scheduler[95692]: DEBUG cotyledon.oslo_config_glue [-] oslo_limit.endpoint_override = None {{(pid=95692) log_opt_values /opt/stack/data/venv/lib/python3.12/site-packages/oslo_config/cfg.py:3253}}
Jun 17 10:50:15.122275 np0000003035 nova-scheduler[95692]: DEBUG cotyledon.oslo_config_glue [-] oslo_limit.endpoint_region_name = None {{(pid=95692) log_opt_values /opt/stack/data/venv/lib/python3.12/site-packages/oslo_config/cfg.py:3253}}
Jun 17 10:50:15.122275 np0000003035 nova-scheduler[95692]: DEBUG cotyledon.oslo_config_glue [-] oslo_limit.endpoint_service_name = None {{(pid=95692) log_opt_values /opt/stack/data/venv/lib/python3.12/site-packages/oslo_config/cfg.py:3253}}
Jun 17 10:50:15.122275 np0000003035 nova-scheduler[95692]: DEBUG cotyledon.oslo_config_glue [-] oslo_limit.endpoint_service_type = None {{(pid=95692) log_opt_values /opt/stack/data/venv/lib/python3.12/site-packages/oslo_config/cfg.py:3253}}
Jun 17 10:50:15.122275 np0000003035 nova-scheduler[95692]: DEBUG cotyledon.oslo_config_glue [-] oslo_limit.insecure = False {{(pid=95692) log_opt_values /opt/stack/data/venv/lib/python3.12/site-packages/oslo_config/cfg.py:3253}}
Jun 17 10:50:15.122275 np0000003035 nova-scheduler[95692]: DEBUG cotyledon.oslo_config_glue [-] oslo_limit.keyfile = None {{(pid=95692) log_opt_values /opt/stack/data/venv/lib/python3.12/site-packages/oslo_config/cfg.py:3253}}
Jun 17 10:50:15.122275 np0000003035 nova-scheduler[95692]: DEBUG cotyledon.oslo_config_glue [-] oslo_limit.max_version = None {{(pid=95692) log_opt_values /opt/stack/data/venv/lib/python3.12/site-packages/oslo_config/cfg.py:3253}}
Jun 17 10:50:15.122275 np0000003035 nova-scheduler[95692]: DEBUG cotyledon.oslo_config_glue [-] oslo_limit.min_version = None {{(pid=95692) log_opt_values /opt/stack/data/venv/lib/python3.12/site-packages/oslo_config/cfg.py:3253}}
Jun 17 10:50:15.122510 np0000003035 nova-scheduler[95692]: DEBUG cotyledon.oslo_config_glue [-] oslo_limit.region_name = None {{(pid=95692) log_opt_values /opt/stack/data/venv/lib/python3.12/site-packages/oslo_config/cfg.py:3253}}
Jun 17 10:50:15.122510 np0000003035 nova-scheduler[95692]: DEBUG cotyledon.oslo_config_glue [-] oslo_limit.retriable_status_codes = None {{(pid=95692) log_opt_values /opt/stack/data/venv/lib/python3.12/site-packages/oslo_config/cfg.py:3253}}
Jun 17 10:50:15.122510 np0000003035 nova-scheduler[95692]: DEBUG cotyledon.oslo_config_glue [-] oslo_limit.service_name = None {{(pid=95692) log_opt_values /opt/stack/data/venv/lib/python3.12/site-packages/oslo_config/cfg.py:3253}}
Jun 17 10:50:15.122510 np0000003035 nova-scheduler[95692]: DEBUG cotyledon.oslo_config_glue [-] oslo_limit.service_type = None {{(pid=95692) log_opt_values /opt/stack/data/venv/lib/python3.12/site-packages/oslo_config/cfg.py:3253}}
Jun 17 10:50:15.122510 np0000003035 nova-scheduler[95692]: DEBUG cotyledon.oslo_config_glue [-] oslo_limit.split_loggers = False {{(pid=95692) log_opt_values /opt/stack/data/venv/lib/python3.12/site-packages/oslo_config/cfg.py:3253}}
Jun 17 10:50:15.122510 np0000003035 nova-scheduler[95692]: DEBUG cotyledon.oslo_config_glue [-] oslo_limit.status_code_retries = None {{(pid=95692) log_opt_values /opt/stack/data/venv/lib/python3.12/site-packages/oslo_config/cfg.py:3253}}
Jun 17 10:50:15.122510 np0000003035 nova-scheduler[95692]: DEBUG cotyledon.oslo_config_glue [-] oslo_limit.status_code_retry_delay = None {{(pid=95692) log_opt_values /opt/stack/data/venv/lib/python3.12/site-packages/oslo_config/cfg.py:3253}}
Jun 17 10:50:15.122510 np0000003035 nova-scheduler[95692]: DEBUG cotyledon.oslo_config_glue [-] oslo_limit.timeout = None {{(pid=95692) log_opt_values /opt/stack/data/venv/lib/python3.12/site-packages/oslo_config/cfg.py:3253}}
Jun 17 10:50:15.122510 np0000003035 nova-scheduler[95692]: DEBUG cotyledon.oslo_config_glue [-] oslo_limit.valid_interfaces = None {{(pid=95692) log_opt_values /opt/stack/data/venv/lib/python3.12/site-packages/oslo_config/cfg.py:3253}}
Jun 17 10:50:15.122732 np0000003035 nova-scheduler[95692]: DEBUG cotyledon.oslo_config_glue [-] oslo_limit.version = None {{(pid=95692) log_opt_values /opt/stack/data/venv/lib/python3.12/site-packages/oslo_config/cfg.py:3253}}
Jun 17 10:50:15.122732 np0000003035 nova-scheduler[95692]: DEBUG cotyledon.oslo_config_glue [-] oslo_reports.file_event_handler = None {{(pid=95692) log_opt_values /opt/stack/data/venv/lib/python3.12/site-packages/oslo_config/cfg.py:3253}}
Jun 17 10:50:15.122732 np0000003035 nova-scheduler[95692]: DEBUG cotyledon.oslo_config_glue [-] oslo_reports.file_event_handler_interval = 1 {{(pid=95692) log_opt_values /opt/stack/data/venv/lib/python3.12/site-packages/oslo_config/cfg.py:3253}}
Jun 17 10:50:15.122732 np0000003035 nova-scheduler[95692]: DEBUG cotyledon.oslo_config_glue [-] oslo_reports.log_dir = None {{(pid=95692) log_opt_values /opt/stack/data/venv/lib/python3.12/site-packages/oslo_config/cfg.py:3253}}
Jun 17 10:50:15.122732 np0000003035 nova-scheduler[95692]: DEBUG cotyledon.oslo_config_glue [-] ******************************************************************************** {{(pid=95692) log_opt_values /opt/stack/data/venv/lib/python3.12/site-packages/oslo_config/cfg.py:3260}}
Jun 17 10:50:15.122732 np0000003035 nova-scheduler[95692]: DEBUG cotyledon._service_worker [-] Run service ServiceWrapper(2) [95692] {{(pid=95692) wait_forever /opt/stack/data/venv/lib/python3.12/site-packages/cotyledon/_service_worker.py:218}}
Jun 17 10:50:15.122732 np0000003035 nova-scheduler[95692]: INFO nova.service [-] Starting scheduler node (version 33.1.0)
Jun 17 10:50:15.122732 np0000003035 nova-scheduler[95692]: INFO dbcounter [None req-54358c83-870e-477d-9a99-96269e24e58b None None] Registered counter for database nova_cell0
Jun 17 10:50:15.145275 np0000003035 nova-scheduler[95688]: DEBUG oslo_db.sqlalchemy.engines [None req-d4dfecaf-4839-43df-ad06-c0af70a2fea9 None None] MySQL server mode set to STRICT_TRANS_TABLES,STRICT_ALL_TABLES,NO_ZERO_IN_DATE,NO_ZERO_DATE,ERROR_FOR_DIVISION_BY_ZERO,TRADITIONAL,NO_ENGINE_SUBSTITUTION {{(pid=95688) _check_effective_sql_mode /opt/stack/data/venv/lib/python3.12/site-packages/oslo_db/sqlalchemy/engines.py:325}}
Jun 17 10:50:15.148094 np0000003035 nova-scheduler[95690]: DEBUG oslo_db.sqlalchemy.engines [None req-c825ba94-04a1-4621-a368-88c09b11cbae None None] MySQL server mode set to STRICT_TRANS_TABLES,STRICT_ALL_TABLES,NO_ZERO_IN_DATE,NO_ZERO_DATE,ERROR_FOR_DIVISION_BY_ZERO,TRADITIONAL,NO_ENGINE_SUBSTITUTION {{(pid=95690) _check_effective_sql_mode /opt/stack/data/venv/lib/python3.12/site-packages/oslo_db/sqlalchemy/engines.py:325}}
Jun 17 10:50:15.159688 np0000003035 nova-scheduler[95690]: DEBUG dbcounter [-] [95690] Writer thread running {{(pid=95690) stat_writer /opt/stack/data/venv/lib/python3.12/site-packages/dbcounter.py:102}}
Jun 17 10:50:15.171476 np0000003035 nova-scheduler[95688]: DEBUG dbcounter [-] [95688] Writer thread running {{(pid=95688) stat_writer /opt/stack/data/venv/lib/python3.12/site-packages/dbcounter.py:102}}
Jun 17 10:50:15.179010 np0000003035 nova-scheduler[95690]: DEBUG nova.service [None req-c825ba94-04a1-4621-a368-88c09b11cbae None None] Creating RPC server for service: nova-scheduler on topic: scheduler {{(pid=95690) start /opt/stack/nova/nova/service.py:196}}
Jun 17 10:50:15.188381 np0000003035 nova-scheduler[95692]: DEBUG oslo_db.sqlalchemy.engines [None req-54358c83-870e-477d-9a99-96269e24e58b None None] MySQL server mode set to STRICT_TRANS_TABLES,STRICT_ALL_TABLES,NO_ZERO_IN_DATE,NO_ZERO_DATE,ERROR_FOR_DIVISION_BY_ZERO,TRADITIONAL,NO_ENGINE_SUBSTITUTION {{(pid=95692) _check_effective_sql_mode /opt/stack/data/venv/lib/python3.12/site-packages/oslo_db/sqlalchemy/engines.py:325}}
Jun 17 10:50:15.192383 np0000003035 nova-scheduler[95688]: DEBUG nova.service [None req-d4dfecaf-4839-43df-ad06-c0af70a2fea9 None None] Creating RPC server for service: nova-scheduler on topic: scheduler {{(pid=95688) start /opt/stack/nova/nova/service.py:196}}
Jun 17 10:50:15.200793 np0000003035 nova-scheduler[95692]: DEBUG dbcounter [-] [95692] Writer thread running {{(pid=95692) stat_writer /opt/stack/data/venv/lib/python3.12/site-packages/dbcounter.py:102}}
Jun 17 10:50:15.204574 np0000003035 nova-scheduler[95692]: DEBUG nova.service [None req-54358c83-870e-477d-9a99-96269e24e58b None None] Creating RPC server for service: nova-scheduler on topic: scheduler {{(pid=95692) start /opt/stack/nova/nova/service.py:196}}
Jun 17 10:50:15.215080 np0000003035 nova-scheduler[95690]: DEBUG nova.service [None req-c825ba94-04a1-4621-a368-88c09b11cbae None None] Join ServiceGroup membership for this service scheduler {{(pid=95690) start /opt/stack/nova/nova/service.py:222}}
Jun 17 10:50:15.215381 np0000003035 nova-scheduler[95690]: DEBUG nova.servicegroup.drivers.db [None req-c825ba94-04a1-4621-a368-88c09b11cbae None None] DB_Driver: join new ServiceGroup member np0000003035 to the scheduler group, service = {{(pid=95690) join /opt/stack/nova/nova/servicegroup/drivers/db.py:44}}
Jun 17 10:50:15.218383 np0000003035 nova-scheduler[95688]: DEBUG nova.service [None req-d4dfecaf-4839-43df-ad06-c0af70a2fea9 None None] Join ServiceGroup membership for this service scheduler {{(pid=95688) start /opt/stack/nova/nova/service.py:222}}
Jun 17 10:50:15.218766 np0000003035 nova-scheduler[95688]: DEBUG nova.servicegroup.drivers.db [None req-d4dfecaf-4839-43df-ad06-c0af70a2fea9 None None] DB_Driver: join new ServiceGroup member np0000003035 to the scheduler group, service = {{(pid=95688) join /opt/stack/nova/nova/servicegroup/drivers/db.py:44}}
Jun 17 10:50:15.228767 np0000003035 nova-scheduler[95692]: DEBUG nova.service [None req-54358c83-870e-477d-9a99-96269e24e58b None None] Join ServiceGroup membership for this service scheduler {{(pid=95692) start /opt/stack/nova/nova/service.py:222}}
Jun 17 10:50:15.229016 np0000003035 nova-scheduler[95692]: DEBUG nova.servicegroup.drivers.db [None req-54358c83-870e-477d-9a99-96269e24e58b None None] DB_Driver: join new ServiceGroup member np0000003035 to the scheduler group, service = {{(pid=95692) join /opt/stack/nova/nova/servicegroup/drivers/db.py:44}}
Jun 17 10:50:16.232516 np0000003035 nova-scheduler[95692]: DEBUG oslo.service.backend._threading.loopingcall [None req-5ed373cb-3d2e-4676-947d-59b8d9f7d784 None None] Dynamic interval looping call 'nova.service.Service.periodic_tasks' sleeping for 60.00 seconds {{(pid=95692) _run_loop /opt/stack/data/venv/lib/python3.12/site-packages/oslo_service/backend/_threading/loopingcall.py:125}}
Jun 17 10:50:20.227280 np0000003035 nova-scheduler[95690]: DEBUG oslo.service.backend._threading.loopingcall [-] Fixed interval looping call 'nova.servicegroup.drivers.db.DbDriver._report_state' sleeping for 119.99 seconds {{(pid=95690) _run_loop /opt/stack/data/venv/lib/python3.12/site-packages/oslo_service/backend/_threading/loopingcall.py:125}}
Jun 17 10:50:20.228517 np0000003035 nova-scheduler[95688]: DEBUG oslo.service.backend._threading.loopingcall [-] Fixed interval looping call 'nova.servicegroup.drivers.db.DbDriver._report_state' sleeping for 119.99 seconds {{(pid=95688) _run_loop /opt/stack/data/venv/lib/python3.12/site-packages/oslo_service/backend/_threading/loopingcall.py:125}}
Jun 17 10:50:20.242471 np0000003035 nova-scheduler[95692]: DEBUG oslo.service.backend._threading.loopingcall [-] Fixed interval looping call 'nova.servicegroup.drivers.db.DbDriver._report_state' sleeping for 119.99 seconds {{(pid=95692) _run_loop /opt/stack/data/venv/lib/python3.12/site-packages/oslo_service/backend/_threading/loopingcall.py:125}}
Jun 17 10:50:23.744667 np0000003035 nova-scheduler[94495]: DEBUG dbcounter [-] [94495] Writing DB stats nova_api:SELECT=3 {{(pid=94495) stat_writer /opt/stack/data/venv/lib/python3.12/site-packages/dbcounter.py:115}}
Jun 17 10:50:23.888561 np0000003035 nova-scheduler[94495]: DEBUG dbcounter [-] [94495] Writing DB stats nova_cell0:SELECT=1 {{(pid=94495) stat_writer /opt/stack/data/venv/lib/python3.12/site-packages/dbcounter.py:115}}
Jun 17 10:50:23.889950 np0000003035 nova-scheduler[94495]: DEBUG dbcounter [-] [94495] Writing DB stats nova_cell1:SELECT=1 {{(pid=94495) stat_writer /opt/stack/data/venv/lib/python3.12/site-packages/dbcounter.py:115}}
Jun 17 10:50:24.217579 np0000003035 nova-scheduler[95690]: DEBUG oslo.service.backend._threading.loopingcall [None req-3441aa22-40b3-4dea-af40-096fa56f6ca3 None None] Dynamic interval looping call 'nova.service.Service.periodic_tasks' sleeping for 60.00 seconds {{(pid=95690) _run_loop /opt/stack/data/venv/lib/python3.12/site-packages/oslo_service/backend/_threading/loopingcall.py:125}}
Jun 17 10:50:30.224297 np0000003035 nova-scheduler[95690]: DEBUG dbcounter [-] [95690] Writing DB stats nova_cell0:SELECT=4,nova_cell0:INSERT=1,nova_cell0:UPDATE=1 {{(pid=95690) stat_writer /opt/stack/data/venv/lib/python3.12/site-packages/dbcounter.py:115}}
Jun 17 10:50:30.225618 np0000003035 nova-scheduler[95688]: DEBUG dbcounter [-] [95688] Writing DB stats nova_cell0:SELECT=4,nova_cell0:INSERT=1,nova_cell0:UPDATE=1 {{(pid=95688) stat_writer /opt/stack/data/venv/lib/python3.12/site-packages/dbcounter.py:115}}
Jun 17 10:50:30.239270 np0000003035 nova-scheduler[95692]: DEBUG dbcounter [-] [95692] Writing DB stats nova_cell0:SELECT=3 {{(pid=95692) stat_writer /opt/stack/data/venv/lib/python3.12/site-packages/dbcounter.py:115}}
Jun 17 10:51:06.222131 np0000003035 nova-scheduler[95688]: DEBUG oslo.service.backend._threading.loopingcall [None req-f3df09e0-53f6-4690-b5a5-f7adf877a68d None None] Dynamic interval looping call 'nova.service.Service.periodic_tasks' sleeping for 60.00 seconds {{(pid=95688) _run_loop /opt/stack/data/venv/lib/python3.12/site-packages/oslo_service/backend/_threading/loopingcall.py:125}}
Jun 17 10:51:16.232919 np0000003035 nova-scheduler[95692]: DEBUG oslo.service.backend._threading.loopingcall [None req-5ed373cb-3d2e-4676-947d-59b8d9f7d784 None None] Dynamic interval looping call 'nova.service.Service.periodic_tasks' sleeping for 60.00 seconds {{(pid=95692) _run_loop /opt/stack/data/venv/lib/python3.12/site-packages/oslo_service/backend/_threading/loopingcall.py:125}}
Jun 17 10:51:24.218218 np0000003035 nova-scheduler[95690]: DEBUG oslo.service.backend._threading.loopingcall [None req-3441aa22-40b3-4dea-af40-096fa56f6ca3 None None] Dynamic interval looping call 'nova.service.Service.periodic_tasks' sleeping for 60.00 seconds {{(pid=95690) _run_loop /opt/stack/data/venv/lib/python3.12/site-packages/oslo_service/backend/_threading/loopingcall.py:125}}
Jun 17 10:52:06.221834 np0000003035 nova-scheduler[95688]: DEBUG oslo.service.backend._threading.loopingcall [None req-f3df09e0-53f6-4690-b5a5-f7adf877a68d None None] Dynamic interval looping call 'nova.service.Service.periodic_tasks' sleeping for 60.00 seconds {{(pid=95688) _run_loop /opt/stack/data/venv/lib/python3.12/site-packages/oslo_service/backend/_threading/loopingcall.py:125}}
Jun 17 10:52:16.233355 np0000003035 nova-scheduler[95692]: DEBUG oslo.service.backend._threading.loopingcall [None req-5ed373cb-3d2e-4676-947d-59b8d9f7d784 None None] Dynamic interval looping call 'nova.service.Service.periodic_tasks' sleeping for 60.00 seconds {{(pid=95692) _run_loop /opt/stack/data/venv/lib/python3.12/site-packages/oslo_service/backend/_threading/loopingcall.py:125}}
Jun 17 10:52:20.224478 np0000003035 nova-scheduler[95690]: DEBUG oslo.service.backend._threading.loopingcall [-] Fixed interval looping call 'nova.servicegroup.drivers.db.DbDriver._report_state' sleeping for 119.99 seconds {{(pid=95690) _run_loop /opt/stack/data/venv/lib/python3.12/site-packages/oslo_service/backend/_threading/loopingcall.py:125}}
Jun 17 10:52:20.224995 np0000003035 nova-scheduler[95688]: DEBUG oslo.service.backend._threading.loopingcall [-] Fixed interval looping call 'nova.servicegroup.drivers.db.DbDriver._report_state' sleeping for 119.99 seconds {{(pid=95688) _run_loop /opt/stack/data/venv/lib/python3.12/site-packages/oslo_service/backend/_threading/loopingcall.py:125}}
Jun 17 10:52:20.236019 np0000003035 nova-scheduler[95692]: DEBUG oslo.service.backend._threading.loopingcall [-] Fixed interval looping call 'nova.servicegroup.drivers.db.DbDriver._report_state' sleeping for 120.00 seconds {{(pid=95692) _run_loop /opt/stack/data/venv/lib/python3.12/site-packages/oslo_service/backend/_threading/loopingcall.py:125}}
Jun 17 10:52:24.218789 np0000003035 nova-scheduler[95690]: DEBUG oslo.service.backend._threading.loopingcall [None req-3441aa22-40b3-4dea-af40-096fa56f6ca3 None None] Dynamic interval looping call 'nova.service.Service.periodic_tasks' sleeping for 60.00 seconds {{(pid=95690) _run_loop /opt/stack/data/venv/lib/python3.12/site-packages/oslo_service/backend/_threading/loopingcall.py:125}}
Jun 17 10:52:30.220946 np0000003035 nova-scheduler[95690]: DEBUG dbcounter [-] [95690] Writing DB stats nova_cell0:SELECT=1,nova_cell0:UPDATE=1 {{(pid=95690) stat_writer /opt/stack/data/venv/lib/python3.12/site-packages/dbcounter.py:115}}
Jun 17 10:52:30.222244 np0000003035 nova-scheduler[95688]: DEBUG dbcounter [-] [95688] Writing DB stats nova_cell0:SELECT=1,nova_cell0:UPDATE=1 {{(pid=95688) stat_writer /opt/stack/data/venv/lib/python3.12/site-packages/dbcounter.py:115}}
Jun 17 10:52:30.234249 np0000003035 nova-scheduler[95692]: DEBUG dbcounter [-] [95692] Writing DB stats nova_cell0:SELECT=1 {{(pid=95692) stat_writer /opt/stack/data/venv/lib/python3.12/site-packages/dbcounter.py:115}}
Jun 17 10:53:06.222297 np0000003035 nova-scheduler[95688]: DEBUG oslo.service.backend._threading.loopingcall [None req-f3df09e0-53f6-4690-b5a5-f7adf877a68d None None] Dynamic interval looping call 'nova.service.Service.periodic_tasks' sleeping for 60.00 seconds {{(pid=95688) _run_loop /opt/stack/data/venv/lib/python3.12/site-packages/oslo_service/backend/_threading/loopingcall.py:125}}
Jun 17 10:53:13.870134 np0000003035 nova-scheduler[95690]: DEBUG nova.scheduler.manager [None req-f90bab9e-eb6e-4d27-b072-f63c3a649cc6 tempest-ServersNegativeTestJSON-835626006 tempest-ServersNegativeTestJSON-835626006-project-member] Starting to schedule for instances: ['65157d71-b399-4f6f-81a6-94a69b7f9edb'] {{(pid=95690) select_destinations /opt/stack/nova/nova/scheduler/manager.py:210}}
Jun 17 10:53:13.870788 np0000003035 nova-scheduler[95690]: DEBUG nova.scheduler.request_filter [None req-f90bab9e-eb6e-4d27-b072-f63c3a649cc6 tempest-ServersNegativeTestJSON-835626006 tempest-ServersNegativeTestJSON-835626006-project-member] compute_status_filter request filter added forbidden trait COMPUTE_STATUS_DISABLED {{(pid=95690) compute_status_filter /opt/stack/nova/nova/scheduler/request_filter.py:253}}
Jun 17 10:53:13.870962 np0000003035 nova-scheduler[95690]: DEBUG nova.scheduler.request_filter [None req-f90bab9e-eb6e-4d27-b072-f63c3a649cc6 tempest-ServersNegativeTestJSON-835626006 tempest-ServersNegativeTestJSON-835626006-project-member] Request filter 'compute_status_filter' took 0.0 seconds {{(pid=95690) wrapper /opt/stack/nova/nova/scheduler/request_filter.py:46}}
Jun 17 10:53:13.871219 np0000003035 nova-scheduler[95690]: DEBUG nova.scheduler.request_filter [None req-f90bab9e-eb6e-4d27-b072-f63c3a649cc6 tempest-ServersNegativeTestJSON-835626006 tempest-ServersNegativeTestJSON-835626006-project-member] Request filter 'accelerators_filter' took 0.0 seconds {{(pid=95690) wrapper /opt/stack/nova/nova/scheduler/request_filter.py:46}}
Jun 17 10:53:13.871372 np0000003035 nova-scheduler[95690]: DEBUG nova.scheduler.request_filter [None req-f90bab9e-eb6e-4d27-b072-f63c3a649cc6 tempest-ServersNegativeTestJSON-835626006 tempest-ServersNegativeTestJSON-835626006-project-member] Request filter 'packed_virtqueue_filter' took 0.0 seconds {{(pid=95690) wrapper /opt/stack/nova/nova/scheduler/request_filter.py:46}}
Jun 17 10:53:13.871692 np0000003035 nova-scheduler[95690]: DEBUG nova.scheduler.request_filter [None req-f90bab9e-eb6e-4d27-b072-f63c3a649cc6 tempest-ServersNegativeTestJSON-835626006 tempest-ServersNegativeTestJSON-835626006-project-member] Request filter 'remote_managed_ports_filter' took 0.0 seconds {{(pid=95690) wrapper /opt/stack/nova/nova/scheduler/request_filter.py:46}}
Jun 17 10:53:13.871862 np0000003035 nova-scheduler[95690]: DEBUG nova.scheduler.request_filter [None req-f90bab9e-eb6e-4d27-b072-f63c3a649cc6 tempest-ServersNegativeTestJSON-835626006 tempest-ServersNegativeTestJSON-835626006-project-member] ephemeral_encryption_filter skipped {{(pid=95690) ephemeral_encryption_filter /opt/stack/nova/nova/scheduler/request_filter.py:426}}
Jun 17 10:53:13.872030 np0000003035 nova-scheduler[95690]: DEBUG nova.scheduler.request_filter [None req-f90bab9e-eb6e-4d27-b072-f63c3a649cc6 tempest-ServersNegativeTestJSON-835626006 tempest-ServersNegativeTestJSON-835626006-project-member] virtio_sound_filter skipped {{(pid=95690) virtio_sound_filter /opt/stack/nova/nova/scheduler/request_filter.py:460}}
Jun 17 10:53:13.872612 np0000003035 nova-scheduler[95690]: DEBUG nova.scheduler.request_filter [None req-f90bab9e-eb6e-4d27-b072-f63c3a649cc6 tempest-ServersNegativeTestJSON-835626006 tempest-ServersNegativeTestJSON-835626006-project-member] tpm_secret_security_filter skipped {{(pid=95690) tpm_secret_security_filter /opt/stack/nova/nova/scheduler/request_filter.py:477}}
Jun 17 10:53:14.645770 np0000003035 nova-scheduler[95690]: INFO nova.utils [None req-f90bab9e-eb6e-4d27-b072-f63c3a649cc6 tempest-ServersNegativeTestJSON-835626006 tempest-ServersNegativeTestJSON-835626006-project-member] The cell worker thread pool ForkProcess-2.cell_worker is initialized
Jun 17 10:53:14.646205 np0000003035 nova-scheduler[95690]: DEBUG oslo_concurrency.lockutils [None req-f90bab9e-eb6e-4d27-b072-f63c3a649cc6 tempest-ServersNegativeTestJSON-835626006 tempest-ServersNegativeTestJSON-835626006-project-member] Acquiring lock "f403aa7c-b896-408c-b2ed-07380d2c359b" by "nova.context.set_target_cell..get_or_set_cached_cell_and_set_connections" {{(pid=95690) inner /opt/stack/data/venv/lib/python3.12/site-packages/oslo_concurrency/lockutils.py:511}}
Jun 17 10:53:14.646520 np0000003035 nova-scheduler[95690]: DEBUG oslo_concurrency.lockutils [None req-f90bab9e-eb6e-4d27-b072-f63c3a649cc6 tempest-ServersNegativeTestJSON-835626006 tempest-ServersNegativeTestJSON-835626006-project-member] Lock "f403aa7c-b896-408c-b2ed-07380d2c359b" acquired by "nova.context.set_target_cell..get_or_set_cached_cell_and_set_connections" :: waited 0.000s {{(pid=95690) inner /opt/stack/data/venv/lib/python3.12/site-packages/oslo_concurrency/lockutils.py:524}}
Jun 17 10:53:14.648797 np0000003035 nova-scheduler[95690]: DEBUG oslo_concurrency.lockutils [None req-f90bab9e-eb6e-4d27-b072-f63c3a649cc6 tempest-ServersNegativeTestJSON-835626006 tempest-ServersNegativeTestJSON-835626006-project-member] Lock "f403aa7c-b896-408c-b2ed-07380d2c359b" "released" by "nova.context.set_target_cell..get_or_set_cached_cell_and_set_connections" :: held 0.002s {{(pid=95690) inner /opt/stack/data/venv/lib/python3.12/site-packages/oslo_concurrency/lockutils.py:543}}
Jun 17 10:53:14.650793 np0000003035 nova-scheduler[95690]: INFO dbcounter [None req-f90bab9e-eb6e-4d27-b072-f63c3a649cc6 tempest-ServersNegativeTestJSON-835626006 tempest-ServersNegativeTestJSON-835626006-project-member] Registered counter for database nova_cell1
Jun 17 10:53:14.710746 np0000003035 nova-scheduler[95690]: DEBUG oslo_db.sqlalchemy.engines [None req-f90bab9e-eb6e-4d27-b072-f63c3a649cc6 tempest-ServersNegativeTestJSON-835626006 tempest-ServersNegativeTestJSON-835626006-project-member] MySQL server mode set to STRICT_TRANS_TABLES,STRICT_ALL_TABLES,NO_ZERO_IN_DATE,NO_ZERO_DATE,ERROR_FOR_DIVISION_BY_ZERO,TRADITIONAL,NO_ENGINE_SUBSTITUTION {{(pid=95690) _check_effective_sql_mode /opt/stack/data/venv/lib/python3.12/site-packages/oslo_db/sqlalchemy/engines.py:325}}
Jun 17 10:53:14.716806 np0000003035 nova-scheduler[95690]: DEBUG dbcounter [-] [95690] Writer thread running {{(pid=95690) stat_writer /opt/stack/data/venv/lib/python3.12/site-packages/dbcounter.py:102}}
Jun 17 10:53:14.735393 np0000003035 nova-scheduler[95690]: DEBUG oslo_db.sqlalchemy.engines [None req-f90bab9e-eb6e-4d27-b072-f63c3a649cc6 tempest-ServersNegativeTestJSON-835626006 tempest-ServersNegativeTestJSON-835626006-project-member] Parent process 94495 forked (95690) with an open database connection, which is being discarded and recreated. {{(pid=95690) checkout /opt/stack/data/venv/lib/python3.12/site-packages/oslo_db/sqlalchemy/engines.py:402}}
Jun 17 10:53:14.791516 np0000003035 nova-scheduler[95690]: DEBUG dbcounter [-] [95690] Writer thread running {{(pid=95690) stat_writer /opt/stack/data/venv/lib/python3.12/site-packages/dbcounter.py:102}}
Jun 17 10:53:14.795655 np0000003035 nova-scheduler[95690]: DEBUG oslo_concurrency.lockutils [None req-f90bab9e-eb6e-4d27-b072-f63c3a649cc6 tempest-ServersNegativeTestJSON-835626006 tempest-ServersNegativeTestJSON-835626006-project-member] Acquiring lock "f403aa7c-b896-408c-b2ed-07380d2c359b" by "nova.context.set_target_cell..get_or_set_cached_cell_and_set_connections" {{(pid=95690) inner /opt/stack/data/venv/lib/python3.12/site-packages/oslo_concurrency/lockutils.py:511}}
Jun 17 10:53:14.795655 np0000003035 nova-scheduler[95690]: DEBUG oslo_concurrency.lockutils [None req-f90bab9e-eb6e-4d27-b072-f63c3a649cc6 tempest-ServersNegativeTestJSON-835626006 tempest-ServersNegativeTestJSON-835626006-project-member] Lock "f403aa7c-b896-408c-b2ed-07380d2c359b" acquired by "nova.context.set_target_cell..get_or_set_cached_cell_and_set_connections" :: waited 0.000s {{(pid=95690) inner /opt/stack/data/venv/lib/python3.12/site-packages/oslo_concurrency/lockutils.py:524}}
Jun 17 10:53:14.796167 np0000003035 nova-scheduler[95690]: DEBUG oslo_concurrency.lockutils [None req-f90bab9e-eb6e-4d27-b072-f63c3a649cc6 tempest-ServersNegativeTestJSON-835626006 tempest-ServersNegativeTestJSON-835626006-project-member] Lock "f403aa7c-b896-408c-b2ed-07380d2c359b" "released" by "nova.context.set_target_cell..get_or_set_cached_cell_and_set_connections" :: held 0.000s {{(pid=95690) inner /opt/stack/data/venv/lib/python3.12/site-packages/oslo_concurrency/lockutils.py:543}}
Jun 17 10:53:14.805065 np0000003035 nova-scheduler[95690]: DEBUG oslo_concurrency.lockutils [None req-f90bab9e-eb6e-4d27-b072-f63c3a649cc6 tempest-ServersNegativeTestJSON-835626006 tempest-ServersNegativeTestJSON-835626006-project-member] Acquiring lock "('np0000003035', 'np0000003035')" by "nova.scheduler.host_manager.HostState.update.._locked_update" {{(pid=95690) inner /opt/stack/data/venv/lib/python3.12/site-packages/oslo_concurrency/lockutils.py:511}}
Jun 17 10:53:14.805640 np0000003035 nova-scheduler[95690]: DEBUG oslo_concurrency.lockutils [None req-f90bab9e-eb6e-4d27-b072-f63c3a649cc6 tempest-ServersNegativeTestJSON-835626006 tempest-ServersNegativeTestJSON-835626006-project-member] Lock "('np0000003035', 'np0000003035')" acquired by "nova.scheduler.host_manager.HostState.update.._locked_update" :: waited 0.001s {{(pid=95690) inner /opt/stack/data/venv/lib/python3.12/site-packages/oslo_concurrency/lockutils.py:524}}
Jun 17 10:53:14.809970 np0000003035 nova-scheduler[95690]: DEBUG nova.scheduler.host_manager [None req-f90bab9e-eb6e-4d27-b072-f63c3a649cc6 tempest-ServersNegativeTestJSON-835626006 tempest-ServersNegativeTestJSON-835626006-project-member] Update host state from compute node: ComputeNode(cpu_allocation_ratio=4.0,cpu_info='{"arch": "x86_64", "model": "EPYC-Milan", "vendor": "AMD", "topology": {"cells": 1, "sockets": 12, "cores": 1, "threads": 1}, "maxphysaddr": {"mode": "emulate", "bits": 40}, "features": ["clflush", "x2apic", "mce", "abm", "no-nested-data-bp", "ssbd", "virt-ssbd", "clzero", "tsc", "adx", "vpclmulqdq", "pschange-mc-no", "pfthreshold", "de", "fxsr_opt", "ibpb", "pclmuldq", "amd-stibp", "pause-filter", "pni", "topoext", "amd-ssbd", "pcid", "pat", "pku", "sep", "xsaveerptr", "vme", "lfence-always-serializing", "sse4.1", "sse4a", "sse2", "clwb", "stibp", "erms", "umip", "lbrv", "rdseed", "avx2", "mca", "fsrm", "invpcid", "svm", "sha-ni", "v-vmsave-vmload", "xsave", "sse", "bmi1", "f16c", "smep", "tsc-scale", "stibp-always-on", "pge", "ibrs", "sse4.2", "skip-l1dfl-vmentry", "msr", "xsaves", "smap", "hypervisor", "rdctl-no", "aes", "mtrr", "lm", "3dnowprefetch", "xsaveopt", "misalignsse", "mds-no", "npt", "bmi2", "xgetbv1", "cmp_legacy", "fpu", "mmxext", "amd-psfd", "cx16", "xsavec", "osvw", "movbe", "pse36", "mmx", "syscall", "fxsr", "cx8", "vaes", "apic", "gds-no", "popcnt", "pdpe1gb", "avx", "fsgsbase", "rdpid", "wbnoinvd", "nx", "cmov", "cr8legacy", "clflushopt", "fma", "ssse3", "tsc-deadline", "lahf_lm", "rdtscp", "perfctr_core", "flushbyasid", "vmcb-clean", "pae", "vgif", "svme-addr-chk", "pse", "arat", "spec-ctrl", "nrip-save", "rdrand", "null-sel-clr-base", "arch-capabilities", "tsc_adjust"]}',created_at=2026-06-17T10:50:40Z,current_workload=0,deleted=False,deleted_at=None,disk_allocation_ratio=1.0,disk_available_least=74,free_disk_gb=95,free_ram_mb=23518,host='np0000003035',host_ip=10.4.3.155,hypervisor_hostname='np0000003035',hypervisor_type='QEMU',hypervisor_version=8002002,id=1,local_gb=95,local_gb_used=0,mapped=1,memory_mb=24030,memory_mb_used=512,metrics='[]',numa_topology='{"nova_object.name": "NUMATopology", "nova_object.namespace": "nova", "nova_object.version": "1.2", "nova_object.data": {"cells": [{"nova_object.name": "NUMACell", "nova_object.namespace": "nova", "nova_object.version": "1.5", "nova_object.data": {"id": 0, "cpuset": [0, 1, 2, 3, 4, 5, 6, 7, 8, 9, 10, 11], "pcpuset": [0, 1, 2, 3, 4, 5, 6, 7, 8, 9, 10, 11], "memory": 24030, "cpu_usage": 0, "memory_usage": 0, "pinned_cpus": [], "siblings": [[6], [2], [5], [11], [8], [4], [1], [7], [10], [0], [3], [9]], "mempages": [{"nova_object.name": "NUMAPagesTopology", "nova_object.namespace": "nova", "nova_object.version": "1.1", "nova_object.data": {"size_kb": 4, "total": 6151798, "used": 0, "reserved": 0}, "nova_object.changes": ["used", "total", "size_kb", "reserved"]}, {"nova_object.name": "NUMAPagesTopology", "nova_object.namespace": "nova", "nova_object.version": "1.1", "nova_object.data": {"size_kb": 2048, "total": 0, "used": 0, "reserved": 0}, "nova_object.changes": ["used", "total", "size_kb", "reserved"]}, {"nova_object.name": "NUMAPagesTopology", "nova_object.namespace": "nova", "nova_object.version": "1.1", "nova_object.data": {"size_kb": 1048576, "total": 0, "used": 0, "reserved": 0}, "nova_object.changes": ["used", "total", "size_kb", "reserved"]}], "network_metadata": {"nova_object.name": "NetworkMetadata", "nova_object.namespace": "nova", "nova_object.version": "1.0", "nova_object.data": {"physnets": [], "tunneled": false}, "nova_object.changes": ["physnets", "tunneled"]}, "socket": null}, "nova_object.changes": ["mempages", "memory_usage", "memory", "pcpuset", "socket", "id", "cpuset", "cpu_usage", "siblings", "network_metadata", "pinned_cpus"]}]}, "nova_object.changes": ["cells"]}',pci_device_pools=PciDevicePoolList,ram_allocation_ratio=1.0,running_vms=0,service_id=2,stats={failed_builds='0',uptime=' 10:52:26 up 26 min, 2 users, load average: 1.10, 1.46, 0.91
Jun 17 10:53:14.809970 np0000003035 nova-scheduler[95690]: '},supported_hv_specs=[HVSpec,HVSpec,HVSpec,HVSpec,HVSpec,HVSpec,HVSpec,HVSpec,HVSpec,HVSpec,HVSpec,HVSpec,HVSpec,HVSpec,HVSpec,HVSpec,HVSpec,HVSpec,HVSpec,HVSpec,HVSpec,HVSpec,HVSpec,HVSpec,HVSpec],updated_at=2026-06-17T10:52:28Z,uuid=097cba4c-da9e-4af0-8d9f-de8cd65ff3a2,vcpus=12,vcpus_used=0) {{(pid=95690) _locked_update /opt/stack/nova/nova/scheduler/host_manager.py:168}}
Jun 17 10:53:14.809970 np0000003035 nova-scheduler[95690]: DEBUG nova.scheduler.host_manager [None req-f90bab9e-eb6e-4d27-b072-f63c3a649cc6 tempest-ServersNegativeTestJSON-835626006 tempest-ServersNegativeTestJSON-835626006-project-member] Update host state with aggregates: [] {{(pid=95690) _locked_update /opt/stack/nova/nova/scheduler/host_manager.py:171}}
Jun 17 10:53:14.809970 np0000003035 nova-scheduler[95690]: DEBUG nova.scheduler.host_manager [None req-f90bab9e-eb6e-4d27-b072-f63c3a649cc6 tempest-ServersNegativeTestJSON-835626006 tempest-ServersNegativeTestJSON-835626006-project-member] Update host state with service dict: {'id': 2, 'uuid': '84579b7b-19f9-4105-a50e-b63d4b70df04', 'host': 'np0000003035', 'binary': 'nova-compute', 'topic': 'compute', 'report_count': 2, 'disabled': False, 'disabled_reason': None, 'last_seen_up': datetime.datetime(2026, 6, 17, 10, 52, 49, tzinfo=datetime.timezone.utc), 'forced_down': False, 'version': 72, 'created_at': datetime.datetime(2026, 6, 17, 10, 50, 39, tzinfo=datetime.timezone.utc), 'updated_at': datetime.datetime(2026, 6, 17, 10, 52, 49, tzinfo=datetime.timezone.utc), 'deleted_at': None, 'deleted': False} {{(pid=95690) _locked_update /opt/stack/nova/nova/scheduler/host_manager.py:174}}
Jun 17 10:53:14.809970 np0000003035 nova-scheduler[95690]: DEBUG nova.scheduler.host_manager [None req-f90bab9e-eb6e-4d27-b072-f63c3a649cc6 tempest-ServersNegativeTestJSON-835626006 tempest-ServersNegativeTestJSON-835626006-project-member] Update host state with instances: [] {{(pid=95690) _locked_update /opt/stack/nova/nova/scheduler/host_manager.py:177}}
Jun 17 10:53:14.810333 np0000003035 nova-scheduler[95690]: DEBUG oslo_concurrency.lockutils [None req-f90bab9e-eb6e-4d27-b072-f63c3a649cc6 tempest-ServersNegativeTestJSON-835626006 tempest-ServersNegativeTestJSON-835626006-project-member] Lock "('np0000003035', 'np0000003035')" "released" by "nova.scheduler.host_manager.HostState.update.._locked_update" :: held 0.004s {{(pid=95690) inner /opt/stack/data/venv/lib/python3.12/site-packages/oslo_concurrency/lockutils.py:543}}
Jun 17 10:53:14.810333 np0000003035 nova-scheduler[95690]: DEBUG nova.filters [None req-f90bab9e-eb6e-4d27-b072-f63c3a649cc6 tempest-ServersNegativeTestJSON-835626006 tempest-ServersNegativeTestJSON-835626006-project-member] Starting with 1 host(s) {{(pid=95690) get_filtered_objects /opt/stack/nova/nova/filters.py:70}}
Jun 17 10:53:14.810333 np0000003035 nova-scheduler[95690]: DEBUG nova.filters [None req-f90bab9e-eb6e-4d27-b072-f63c3a649cc6 tempest-ServersNegativeTestJSON-835626006 tempest-ServersNegativeTestJSON-835626006-project-member] Filter ComputeFilter returned 1 host(s) {{(pid=95690) get_filtered_objects /opt/stack/nova/nova/filters.py:102}}
Jun 17 10:53:14.810333 np0000003035 nova-scheduler[95690]: DEBUG nova.filters [None req-f90bab9e-eb6e-4d27-b072-f63c3a649cc6 tempest-ServersNegativeTestJSON-835626006 tempest-ServersNegativeTestJSON-835626006-project-member] Filter ComputeCapabilitiesFilter returned 1 host(s) {{(pid=95690) get_filtered_objects /opt/stack/nova/nova/filters.py:102}}
Jun 17 10:53:14.810617 np0000003035 nova-scheduler[95690]: DEBUG nova.filters [None req-f90bab9e-eb6e-4d27-b072-f63c3a649cc6 tempest-ServersNegativeTestJSON-835626006 tempest-ServersNegativeTestJSON-835626006-project-member] Filter ImagePropertiesFilter returned 1 host(s) {{(pid=95690) get_filtered_objects /opt/stack/nova/nova/filters.py:102}}
Jun 17 10:53:14.810685 np0000003035 nova-scheduler[95690]: DEBUG nova.filters [None req-f90bab9e-eb6e-4d27-b072-f63c3a649cc6 tempest-ServersNegativeTestJSON-835626006 tempest-ServersNegativeTestJSON-835626006-project-member] Filter ServerGroupAntiAffinityFilter returned 1 host(s) {{(pid=95690) get_filtered_objects /opt/stack/nova/nova/filters.py:102}}
Jun 17 10:53:14.810831 np0000003035 nova-scheduler[95690]: DEBUG nova.filters [None req-f90bab9e-eb6e-4d27-b072-f63c3a649cc6 tempest-ServersNegativeTestJSON-835626006 tempest-ServersNegativeTestJSON-835626006-project-member] Filter ServerGroupAffinityFilter returned 1 host(s) {{(pid=95690) get_filtered_objects /opt/stack/nova/nova/filters.py:102}}
Jun 17 10:53:14.811000 np0000003035 nova-scheduler[95690]: DEBUG nova.filters [None req-f90bab9e-eb6e-4d27-b072-f63c3a649cc6 tempest-ServersNegativeTestJSON-835626006 tempest-ServersNegativeTestJSON-835626006-project-member] Filter SameHostFilter returned 1 host(s) {{(pid=95690) get_filtered_objects /opt/stack/nova/nova/filters.py:102}}
Jun 17 10:53:14.811150 np0000003035 nova-scheduler[95690]: DEBUG nova.filters [None req-f90bab9e-eb6e-4d27-b072-f63c3a649cc6 tempest-ServersNegativeTestJSON-835626006 tempest-ServersNegativeTestJSON-835626006-project-member] Filter DifferentHostFilter returned 1 host(s) {{(pid=95690) get_filtered_objects /opt/stack/nova/nova/filters.py:102}}
Jun 17 10:53:14.811316 np0000003035 nova-scheduler[95690]: DEBUG nova.scheduler.manager [None req-f90bab9e-eb6e-4d27-b072-f63c3a649cc6 tempest-ServersNegativeTestJSON-835626006 tempest-ServersNegativeTestJSON-835626006-project-member] Filtered [(np0000003035, np0000003035) ram: 23518MB disk: 75776MB io_ops: 0 instances: 0, allocation_candidates: 1] {{(pid=95690) _get_sorted_hosts /opt/stack/nova/nova/scheduler/manager.py:743}}
Jun 17 10:53:14.811581 np0000003035 nova-scheduler[95690]: DEBUG nova.scheduler.manager [None req-f90bab9e-eb6e-4d27-b072-f63c3a649cc6 tempest-ServersNegativeTestJSON-835626006 tempest-ServersNegativeTestJSON-835626006-project-member] Weighed [WeighedHost [host: (np0000003035, np0000003035) ram: 23518MB disk: 75776MB io_ops: 0 instances: 0, allocation_candidates: 1, weight: 0.0]] {{(pid=95690) _get_sorted_hosts /opt/stack/nova/nova/scheduler/manager.py:765}}
Jun 17 10:53:14.811809 np0000003035 nova-scheduler[95690]: DEBUG nova.scheduler.utils [None req-f90bab9e-eb6e-4d27-b072-f63c3a649cc6 tempest-ServersNegativeTestJSON-835626006 tempest-ServersNegativeTestJSON-835626006-project-member] Attempting to claim resources in the placement API for instance 65157d71-b399-4f6f-81a6-94a69b7f9edb {{(pid=95690) claim_resources /opt/stack/nova/nova/scheduler/utils.py:1345}}
Jun 17 10:53:14.992393 np0000003035 nova-scheduler[95690]: DEBUG nova.scheduler.manager [None req-f90bab9e-eb6e-4d27-b072-f63c3a649cc6 tempest-ServersNegativeTestJSON-835626006 tempest-ServersNegativeTestJSON-835626006-project-member] [instance: 65157d71-b399-4f6f-81a6-94a69b7f9edb] Selected host: (np0000003035, np0000003035) ram: 23518MB disk: 75776MB io_ops: 0 instances: 0, allocation_candidates: 1 {{(pid=95690) _consume_selected_host /opt/stack/nova/nova/scheduler/manager.py:625}}
Jun 17 10:53:14.992887 np0000003035 nova-scheduler[95690]: DEBUG oslo_concurrency.lockutils [None req-f90bab9e-eb6e-4d27-b072-f63c3a649cc6 tempest-ServersNegativeTestJSON-835626006 tempest-ServersNegativeTestJSON-835626006-project-member] Acquiring lock "('np0000003035', 'np0000003035')" by "nova.scheduler.host_manager.HostState.consume_from_request.._locked" {{(pid=95690) inner /opt/stack/data/venv/lib/python3.12/site-packages/oslo_concurrency/lockutils.py:511}}
Jun 17 10:53:14.992887 np0000003035 nova-scheduler[95690]: DEBUG oslo_concurrency.lockutils [None req-f90bab9e-eb6e-4d27-b072-f63c3a649cc6 tempest-ServersNegativeTestJSON-835626006 tempest-ServersNegativeTestJSON-835626006-project-member] Lock "('np0000003035', 'np0000003035')" acquired by "nova.scheduler.host_manager.HostState.consume_from_request.._locked" :: waited 0.000s {{(pid=95690) inner /opt/stack/data/venv/lib/python3.12/site-packages/oslo_concurrency/lockutils.py:524}}
Jun 17 10:53:14.993057 np0000003035 nova-scheduler[95690]: DEBUG oslo_concurrency.lockutils [None req-f90bab9e-eb6e-4d27-b072-f63c3a649cc6 tempest-ServersNegativeTestJSON-835626006 tempest-ServersNegativeTestJSON-835626006-project-member] Lock "('np0000003035', 'np0000003035')" "released" by "nova.scheduler.host_manager.HostState.consume_from_request.._locked" :: held 0.000s {{(pid=95690) inner /opt/stack/data/venv/lib/python3.12/site-packages/oslo_concurrency/lockutils.py:543}}
Jun 17 10:53:16.233784 np0000003035 nova-scheduler[95692]: DEBUG oslo.service.backend._threading.loopingcall [None req-5ed373cb-3d2e-4676-947d-59b8d9f7d784 None None] Dynamic interval looping call 'nova.service.Service.periodic_tasks' sleeping for 60.00 seconds {{(pid=95692) _run_loop /opt/stack/data/venv/lib/python3.12/site-packages/oslo_service/backend/_threading/loopingcall.py:125}}
Jun 17 10:53:24.219402 np0000003035 nova-scheduler[95690]: DEBUG oslo.service.backend._threading.loopingcall [None req-3441aa22-40b3-4dea-af40-096fa56f6ca3 None None] Dynamic interval looping call 'nova.service.Service.periodic_tasks' sleeping for 60.00 seconds {{(pid=95690) _run_loop /opt/stack/data/venv/lib/python3.12/site-packages/oslo_service/backend/_threading/loopingcall.py:125}}
Jun 17 10:53:24.792020 np0000003035 nova-scheduler[95690]: DEBUG dbcounter [-] [95690] Writing DB stats nova_api:SELECT=1 {{(pid=95690) stat_writer /opt/stack/data/venv/lib/python3.12/site-packages/dbcounter.py:115}}
Jun 17 10:53:24.800623 np0000003035 nova-scheduler[95690]: DEBUG dbcounter [-] [95690] Writing DB stats nova_cell1:SELECT=3 {{(pid=95690) stat_writer /opt/stack/data/venv/lib/python3.12/site-packages/dbcounter.py:115}}
Jun 17 10:53:25.583786 np0000003035 nova-scheduler[95688]: DEBUG nova.scheduler.manager [None req-2e246bc7-89bb-4bc9-beed-8267dbebcaec tempest-TaggedAttachmentsTest-727072202 tempest-TaggedAttachmentsTest-727072202-project-member] Starting to schedule for instances: ['e438be43-2bd4-447b-80d2-60d5ebc0018a'] {{(pid=95688) select_destinations /opt/stack/nova/nova/scheduler/manager.py:210}}
Jun 17 10:53:25.584288 np0000003035 nova-scheduler[95688]: DEBUG nova.scheduler.request_filter [None req-2e246bc7-89bb-4bc9-beed-8267dbebcaec tempest-TaggedAttachmentsTest-727072202 tempest-TaggedAttachmentsTest-727072202-project-member] compute_status_filter request filter added forbidden trait COMPUTE_STATUS_DISABLED {{(pid=95688) compute_status_filter /opt/stack/nova/nova/scheduler/request_filter.py:253}}
Jun 17 10:53:25.584425 np0000003035 nova-scheduler[95688]: DEBUG nova.scheduler.request_filter [None req-2e246bc7-89bb-4bc9-beed-8267dbebcaec tempest-TaggedAttachmentsTest-727072202 tempest-TaggedAttachmentsTest-727072202-project-member] Request filter 'compute_status_filter' took 0.0 seconds {{(pid=95688) wrapper /opt/stack/nova/nova/scheduler/request_filter.py:46}}
Jun 17 10:53:25.585092 np0000003035 nova-scheduler[95688]: DEBUG nova.scheduler.request_filter [None req-2e246bc7-89bb-4bc9-beed-8267dbebcaec tempest-TaggedAttachmentsTest-727072202 tempest-TaggedAttachmentsTest-727072202-project-member] Request filter 'accelerators_filter' took 0.0 seconds {{(pid=95688) wrapper /opt/stack/nova/nova/scheduler/request_filter.py:46}}
Jun 17 10:53:25.585092 np0000003035 nova-scheduler[95688]: DEBUG nova.scheduler.request_filter [None req-2e246bc7-89bb-4bc9-beed-8267dbebcaec tempest-TaggedAttachmentsTest-727072202 tempest-TaggedAttachmentsTest-727072202-project-member] Request filter 'packed_virtqueue_filter' took 0.0 seconds {{(pid=95688) wrapper /opt/stack/nova/nova/scheduler/request_filter.py:46}}
Jun 17 10:53:25.585186 np0000003035 nova-scheduler[95688]: DEBUG nova.scheduler.request_filter [None req-2e246bc7-89bb-4bc9-beed-8267dbebcaec tempest-TaggedAttachmentsTest-727072202 tempest-TaggedAttachmentsTest-727072202-project-member] Request filter 'remote_managed_ports_filter' took 0.0 seconds {{(pid=95688) wrapper /opt/stack/nova/nova/scheduler/request_filter.py:46}}
Jun 17 10:53:25.585348 np0000003035 nova-scheduler[95688]: DEBUG nova.scheduler.request_filter [None req-2e246bc7-89bb-4bc9-beed-8267dbebcaec tempest-TaggedAttachmentsTest-727072202 tempest-TaggedAttachmentsTest-727072202-project-member] ephemeral_encryption_filter skipped {{(pid=95688) ephemeral_encryption_filter /opt/stack/nova/nova/scheduler/request_filter.py:426}}
Jun 17 10:53:25.585539 np0000003035 nova-scheduler[95688]: DEBUG nova.scheduler.request_filter [None req-2e246bc7-89bb-4bc9-beed-8267dbebcaec tempest-TaggedAttachmentsTest-727072202 tempest-TaggedAttachmentsTest-727072202-project-member] virtio_sound_filter skipped {{(pid=95688) virtio_sound_filter /opt/stack/nova/nova/scheduler/request_filter.py:460}}
Jun 17 10:53:25.588467 np0000003035 nova-scheduler[95688]: DEBUG nova.scheduler.request_filter [None req-2e246bc7-89bb-4bc9-beed-8267dbebcaec tempest-TaggedAttachmentsTest-727072202 tempest-TaggedAttachmentsTest-727072202-project-member] tpm_secret_security_filter skipped {{(pid=95688) tpm_secret_security_filter /opt/stack/nova/nova/scheduler/request_filter.py:477}}
Jun 17 10:53:25.649474 np0000003035 nova-scheduler[95692]: DEBUG nova.scheduler.manager [None req-b20ae9c4-db28-4bfa-b82d-0dd667d3d3c8 tempest-VolumesAdminNegativeTest-1492712399 tempest-VolumesAdminNegativeTest-1492712399-project-member] Starting to schedule for instances: ['b3a65073-1d7f-4c4e-bafc-adb87851ad52'] {{(pid=95692) select_destinations /opt/stack/nova/nova/scheduler/manager.py:210}}
Jun 17 10:53:25.649474 np0000003035 nova-scheduler[95692]: DEBUG nova.scheduler.request_filter [None req-b20ae9c4-db28-4bfa-b82d-0dd667d3d3c8 tempest-VolumesAdminNegativeTest-1492712399 tempest-VolumesAdminNegativeTest-1492712399-project-member] compute_status_filter request filter added forbidden trait COMPUTE_STATUS_DISABLED {{(pid=95692) compute_status_filter /opt/stack/nova/nova/scheduler/request_filter.py:253}}
Jun 17 10:53:25.649474 np0000003035 nova-scheduler[95692]: DEBUG nova.scheduler.request_filter [None req-b20ae9c4-db28-4bfa-b82d-0dd667d3d3c8 tempest-VolumesAdminNegativeTest-1492712399 tempest-VolumesAdminNegativeTest-1492712399-project-member] Request filter 'compute_status_filter' took 0.0 seconds {{(pid=95692) wrapper /opt/stack/nova/nova/scheduler/request_filter.py:46}}
Jun 17 10:53:25.652126 np0000003035 nova-scheduler[95692]: DEBUG nova.scheduler.request_filter [None req-b20ae9c4-db28-4bfa-b82d-0dd667d3d3c8 tempest-VolumesAdminNegativeTest-1492712399 tempest-VolumesAdminNegativeTest-1492712399-project-member] Request filter 'accelerators_filter' took 0.0 seconds {{(pid=95692) wrapper /opt/stack/nova/nova/scheduler/request_filter.py:46}}
Jun 17 10:53:25.652126 np0000003035 nova-scheduler[95692]: DEBUG nova.scheduler.request_filter [None req-b20ae9c4-db28-4bfa-b82d-0dd667d3d3c8 tempest-VolumesAdminNegativeTest-1492712399 tempest-VolumesAdminNegativeTest-1492712399-project-member] Request filter 'packed_virtqueue_filter' took 0.0 seconds {{(pid=95692) wrapper /opt/stack/nova/nova/scheduler/request_filter.py:46}}
Jun 17 10:53:25.652126 np0000003035 nova-scheduler[95692]: DEBUG nova.scheduler.request_filter [None req-b20ae9c4-db28-4bfa-b82d-0dd667d3d3c8 tempest-VolumesAdminNegativeTest-1492712399 tempest-VolumesAdminNegativeTest-1492712399-project-member] Request filter 'remote_managed_ports_filter' took 0.0 seconds {{(pid=95692) wrapper /opt/stack/nova/nova/scheduler/request_filter.py:46}}
Jun 17 10:53:25.652126 np0000003035 nova-scheduler[95692]: DEBUG nova.scheduler.request_filter [None req-b20ae9c4-db28-4bfa-b82d-0dd667d3d3c8 tempest-VolumesAdminNegativeTest-1492712399 tempest-VolumesAdminNegativeTest-1492712399-project-member] ephemeral_encryption_filter skipped {{(pid=95692) ephemeral_encryption_filter /opt/stack/nova/nova/scheduler/request_filter.py:426}}
Jun 17 10:53:25.652126 np0000003035 nova-scheduler[95692]: DEBUG nova.scheduler.request_filter [None req-b20ae9c4-db28-4bfa-b82d-0dd667d3d3c8 tempest-VolumesAdminNegativeTest-1492712399 tempest-VolumesAdminNegativeTest-1492712399-project-member] virtio_sound_filter skipped {{(pid=95692) virtio_sound_filter /opt/stack/nova/nova/scheduler/request_filter.py:460}}
Jun 17 10:53:25.652126 np0000003035 nova-scheduler[95692]: DEBUG nova.scheduler.request_filter [None req-b20ae9c4-db28-4bfa-b82d-0dd667d3d3c8 tempest-VolumesAdminNegativeTest-1492712399 tempest-VolumesAdminNegativeTest-1492712399-project-member] tpm_secret_security_filter skipped {{(pid=95692) tpm_secret_security_filter /opt/stack/nova/nova/scheduler/request_filter.py:477}}
Jun 17 10:53:25.740626 np0000003035 nova-scheduler[95688]: INFO nova.utils [None req-2e246bc7-89bb-4bc9-beed-8267dbebcaec tempest-TaggedAttachmentsTest-727072202 tempest-TaggedAttachmentsTest-727072202-project-member] The cell worker thread pool ForkProcess-1.cell_worker is initialized
