Jun 17 10:49:51.659550 np0000003035 devstack@placement-api.service[92315]: DEBUG oslo_concurrency.lockutils [-] Releasing lock "trait_sync" {{(pid=92315) lock /opt/stack/data/venv/lib/python3.12/site-packages/oslo_concurrency/lockutils.py:418}}
Jun 17 10:49:51.659992 np0000003035 devstack@placement-api.service[92315]: DEBUG oslo_concurrency.lockutils [-] Acquiring lock "resource_classes_sync" {{(pid=92315) lock /opt/stack/data/venv/lib/python3.12/site-packages/oslo_concurrency/lockutils.py:395}}
Jun 17 10:49:51.659992 np0000003035 devstack@placement-api.service[92315]: DEBUG oslo_concurrency.lockutils [-] Acquired lock "resource_classes_sync" {{(pid=92315) lock /opt/stack/data/venv/lib/python3.12/site-packages/oslo_concurrency/lockutils.py:398}}
Jun 17 10:49:51.661733 np0000003035 devstack@placement-api.service[92315]: DEBUG placement.objects.resource_class [-] Found existing resource classes in db: ['DISK_GB', 'FPGA', 'IPV4_ADDRESS', 'MEMORY_MB', 'MEM_ENCRYPTION_CONTEXT', 'NET_BW_EGR_KILOBIT_PER_SEC', 'NET_BW_IGR_KILOBIT_PER_SEC', 'NET_PACKET_RATE_EGR_KILOPACKET_PER_SEC', 'NET_PACKET_RATE_IGR_KILOPACKET_PER_SEC', 'NET_PACKET_RATE_KILOPACKET_PER_SEC', 'NUMA_CORE', 'NUMA_MEMORY_MB', 'NUMA_SOCKET', 'NUMA_THREAD', 'PCI_DEVICE', 'PCPU', 'PGPU', 'SRIOV_NET_VF', 'VCPU', 'VGPU', 'VGPU_DISPLAY_HEAD'] {{(pid=92315) _resource_classes_sync /opt/stack/placement/placement/objects/resource_class.py:233}}
Jun 17 10:49:51.662470 np0000003035 devstack@placement-api.service[92315]: DEBUG oslo_concurrency.lockutils [-] Releasing lock "resource_classes_sync" {{(pid=92315) lock /opt/stack/data/venv/lib/python3.12/site-packages/oslo_concurrency/lockutils.py:418}}
Jun 17 10:49:51.662640 np0000003035 devstack@placement-api.service[92315]: WSGI app 0 (mountpoint='') ready in 2 seconds on interpreter 0x7204116a3668 pid: 92315 (default app)
Jun 17 10:50:00.658463 np0000003035 devstack@placement-api.service[92314]: DEBUG dbcounter [-] [92314] Writing DB stats placement:SELECT=2,placement:INSERT=2,placement:SET=1 {{(pid=92314) stat_writer /opt/stack/data/venv/lib/python3.12/site-packages/dbcounter.py:115}}
Jun 17 10:50:00.677976 np0000003035 devstack@placement-api.service[92316]: DEBUG dbcounter [-] [92316] Writing DB stats placement:SELECT=2 {{(pid=92316) stat_writer /opt/stack/data/venv/lib/python3.12/site-packages/dbcounter.py:115}}
Jun 17 10:50:01.661275 np0000003035 devstack@placement-api.service[92315]: DEBUG dbcounter [-] [92315] Writing DB stats placement:SELECT=3,placement:INSERT=1 {{(pid=92315) stat_writer /opt/stack/data/venv/lib/python3.12/site-packages/dbcounter.py:115}}
Jun 17 10:50:13.737726 np0000003035 devstack@placement-api.service[92314]: DEBUG placement.requestlog [None req-4bb212f5-882f-45fc-9ac0-33a50599dbdf None None] Starting request: 10.4.3.155 "GET /placement/" {{(pid=92314) __call__ /opt/stack/placement/placement/requestlog.py:55}}
Jun 17 10:50:13.738190 np0000003035 devstack@placement-api.service[92314]: INFO placement.requestlog [None req-4bb212f5-882f-45fc-9ac0-33a50599dbdf None None] 10.4.3.155 "GET /placement/" status: 200 len: 136 microversion: 1.0
Jun 17 10:50:13.738386 np0000003035 devstack@placement-api.service[92314]: [pid: 92314|app: 0|req: 2/2] 10.4.3.155 () {62 vars in 1037 bytes} [Wed Jun 17 10:50:13 2026] GET /placement => generated 136 bytes in 1 msecs (HTTP/1.1 200) 6 headers in 224 bytes (1 switches on core 0)
Jun 17 10:50:19.251522 np0000003035 devstack@placement-api.service[92316]: DEBUG placement.requestlog [None req-631bb178-3299-4f91-91b4-4638eac4353b None None] Starting request: 10.4.3.155 "GET /placement/" {{(pid=92316) __call__ /opt/stack/placement/placement/requestlog.py:55}}
Jun 17 10:50:19.257169 np0000003035 devstack@placement-api.service[92316]: INFO placement.requestlog [None req-631bb178-3299-4f91-91b4-4638eac4353b None None] 10.4.3.155 "GET /placement/" status: 200 len: 136 microversion: 1.0
Jun 17 10:50:19.257527 np0000003035 devstack@placement-api.service[92316]: [pid: 92316|app: 0|req: 1/3] 10.4.3.155 () {62 vars in 1037 bytes} [Wed Jun 17 10:50:19 2026] GET /placement => generated 136 bytes in 6 msecs (HTTP/1.1 200) 6 headers in 224 bytes (1 switches on core 0)
Jun 17 10:50:20.800363 np0000003035 devstack@placement-api.service[92315]: DEBUG placement.requestlog [None req-0bcdfc8d-5911-4a93-9883-a08a4ad73610 None None] Starting request: 10.4.3.155 "GET /placement/" {{(pid=92315) __call__ /opt/stack/placement/placement/requestlog.py:55}}
Jun 17 10:50:20.807181 np0000003035 devstack@placement-api.service[92315]: INFO placement.requestlog [None req-0bcdfc8d-5911-4a93-9883-a08a4ad73610 None None] 10.4.3.155 "GET /placement/" status: 200 len: 136 microversion: 1.0
Jun 17 10:50:20.807434 np0000003035 devstack@placement-api.service[92315]: [pid: 92315|app: 0|req: 1/4] 10.4.3.155 () {62 vars in 1037 bytes} [Wed Jun 17 10:50:20 2026] GET /placement => generated 136 bytes in 8 msecs (HTTP/1.1 200) 6 headers in 224 bytes (1 switches on core 0)
Jun 17 10:50:24.033860 np0000003035 devstack@placement-api.service[92314]: DEBUG placement.requestlog [None req-c1a3ee11-7f2b-4845-9f87-6bd466289205 None None] Starting request: 10.4.3.155 "GET /placement/" {{(pid=92314) __call__ /opt/stack/placement/placement/requestlog.py:55}}
Jun 17 10:50:24.034309 np0000003035 devstack@placement-api.service[92314]: INFO placement.requestlog [None req-c1a3ee11-7f2b-4845-9f87-6bd466289205 None None] 10.4.3.155 "GET /placement/" status: 200 len: 136 microversion: 1.0
Jun 17 10:50:24.034432 np0000003035 devstack@placement-api.service[92314]: [pid: 92314|app: 0|req: 3/5] 10.4.3.155 () {62 vars in 1035 bytes} [Wed Jun 17 10:50:24 2026] GET /placement => generated 136 bytes in 1 msecs (HTTP/1.1 200) 6 headers in 224 bytes (1 switches on core 0)
Jun 17 10:50:42.407286 np0000003035 devstack@placement-api.service[92316]: DEBUG placement.requestlog [req-aeed2655-dd6b-4053-a896-367d343d42e8 req-01b19e2b-f359-4789-aaef-4c823a73570d None None] Starting request: 10.4.3.155 "GET /placement/resource_providers?in_tree=097cba4c-da9e-4af0-8d9f-de8cd65ff3a2" {{(pid=92316) __call__ /opt/stack/placement/placement/requestlog.py:55}}
Jun 17 10:50:42.750219 np0000003035 devstack@placement-api.service[92316]: INFO placement.requestlog [req-aeed2655-dd6b-4053-a896-367d343d42e8 req-01b19e2b-f359-4789-aaef-4c823a73570d service nova] 10.4.3.155 "GET /placement/resource_providers?in_tree=097cba4c-da9e-4af0-8d9f-de8cd65ff3a2" status: 200 len: 26 microversion: 1.14
Jun 17 10:50:42.750426 np0000003035 devstack@placement-api.service[92316]: [pid: 92316|app: 0|req: 2/6] 10.4.3.155 () {68 vars in 1498 bytes} [Wed Jun 17 10:50:42 2026] GET /placement/resource_providers?in_tree=097cba4c-da9e-4af0-8d9f-de8cd65ff3a2 => generated 26 bytes in 343 msecs (HTTP/1.1 200) 6 headers in 224 bytes (1 switches on core 0)
Jun 17 10:50:42.784538 np0000003035 devstack@placement-api.service[92315]: DEBUG placement.requestlog [req-aeed2655-dd6b-4053-a896-367d343d42e8 req-966a000e-1699-4480-9aac-aaf4fc75ca59 None None] Starting request: 10.4.3.155 "POST /placement/resource_providers" {{(pid=92315) __call__ /opt/stack/placement/placement/requestlog.py:55}}
Jun 17 10:50:42.809319 np0000003035 devstack@placement-api.service[92315]: INFO placement.requestlog [req-aeed2655-dd6b-4053-a896-367d343d42e8 req-966a000e-1699-4480-9aac-aaf4fc75ca59 service nova] 10.4.3.155 "POST /placement/resource_providers" status: 200 len: 835 microversion: 1.20
Jun 17 10:50:42.809584 np0000003035 devstack@placement-api.service[92315]: [pid: 92315|app: 0|req: 2/7] 10.4.3.155 () {72 vars in 1462 bytes} [Wed Jun 17 10:50:42 2026] POST /placement/resource_providers => generated 835 bytes in 25 msecs (HTTP/1.1 200) 9 headers in 392 bytes (1 switches on core 0)
Jun 17 10:50:42.840347 np0000003035 devstack@placement-api.service[92314]: DEBUG placement.requestlog [req-aeed2655-dd6b-4053-a896-367d343d42e8 req-46417104-697e-4bb3-b790-614633297c70 None None] Starting request: 10.4.3.155 "GET /placement/resource_providers/097cba4c-da9e-4af0-8d9f-de8cd65ff3a2/allocations" {{(pid=92314) __call__ /opt/stack/placement/placement/requestlog.py:55}}
Jun 17 10:50:42.854764 np0000003035 devstack@placement-api.service[92314]: INFO placement.requestlog [req-aeed2655-dd6b-4053-a896-367d343d42e8 req-46417104-697e-4bb3-b790-614633297c70 service nova] 10.4.3.155 "GET /placement/resource_providers/097cba4c-da9e-4af0-8d9f-de8cd65ff3a2/allocations" status: 200 len: 54 microversion: 1.0
Jun 17 10:50:42.854989 np0000003035 devstack@placement-api.service[92314]: [pid: 92314|app: 0|req: 4/8] 10.4.3.155 () {66 vars in 1512 bytes} [Wed Jun 17 10:50:42 2026] GET /placement/resource_providers/097cba4c-da9e-4af0-8d9f-de8cd65ff3a2/allocations => generated 54 bytes in 15 msecs (HTTP/1.1 200) 6 headers in 223 bytes (1 switches on core 0)
Jun 17 10:50:43.412775 np0000003035 devstack@placement-api.service[92316]: DEBUG placement.requestlog [req-aeed2655-dd6b-4053-a896-367d343d42e8 req-b0d87eb9-23c5-4891-b4a0-b126840b7725 None None] Starting request: 10.4.3.155 "PUT /placement/resource_providers/097cba4c-da9e-4af0-8d9f-de8cd65ff3a2/inventories" {{(pid=92316) __call__ /opt/stack/placement/placement/requestlog.py:55}}
Jun 17 10:50:43.435328 np0000003035 devstack@placement-api.service[92316]: INFO placement.requestlog [req-aeed2655-dd6b-4053-a896-367d343d42e8 req-b0d87eb9-23c5-4891-b4a0-b126840b7725 service nova] 10.4.3.155 "PUT /placement/resource_providers/097cba4c-da9e-4af0-8d9f-de8cd65ff3a2/inventories" status: 200 len: 398 microversion: 1.26
Jun 17 10:50:43.435563 np0000003035 devstack@placement-api.service[92316]: [pid: 92316|app: 0|req: 3/9] 10.4.3.155 () {72 vars in 1609 bytes} [Wed Jun 17 10:50:43 2026] PUT /placement/resource_providers/097cba4c-da9e-4af0-8d9f-de8cd65ff3a2/inventories => generated 398 bytes in 23 msecs (HTTP/1.1 200) 8 headers in 296 bytes (1 switches on core 0)
Jun 17 10:50:43.471530 np0000003035 devstack@placement-api.service[92315]: DEBUG placement.requestlog [req-aeed2655-dd6b-4053-a896-367d343d42e8 req-9c53214a-cfd3-4e53-91cf-dcc30b9a057b None None] Starting request: 10.4.3.155 "GET /placement/traits?name=in:COMPUTE_GRAPHICS_MODEL_NONE,COMPUTE_ARCH_PPC64LE,COMPUTE_SOCKET_PCI_NUMA_AFFINITY,COMPUTE_VOLUME_MULTI_ATTACH,HW_CPU_X86_SSSE3,COMPUTE_NET_VIF_MODEL_RTL8139,COMPUTE_VIOMMU_MODEL_AUTO,COMPUTE_SOUND_MODEL_ICH6,COMPUTE_IMAGE_TYPE_AKI,COMPUTE_GRAPHICS_MODEL_VIRTIO,COMPUTE_STORAGE_VIRTIO_FS,COMPUTE_NET_ATTACH_INTERFACE_WITH_TAG,COMPUTE_SECURITY_STATELESS_FIRMWARE,COMPUTE_DEVICE_TAGGING,COMPUTE_ARCH_X86_64,COMPUTE_GRAPHICS_MODEL_VMVGA,COMPUTE_SOUND_MODEL_AC97,HW_CPU_X86_SSE,HW_CPU_X86_SSE2,COMPUTE_NET_ATTACH_INTERFACE,COMPUTE_NET_VIRTIO_PACKED,COMPUTE_ARCH_S390X,COMPUTE_IMAGE_TYPE_AMI,COMPUTE_NET_VIF_MODEL_E1000E,COMPUTE_SECURITY_UEFI_SECURE_BOOT,COMPUTE_STORAGE_BUS_IDE,COMPUTE_GRAPHICS_MODEL_CIRRUS,COMPUTE_NET_VIF_MODEL_IGB,HW_ARCH_X86_64,COMPUTE_GRAPHICS_MODEL_BOCHS,COMPUTE_ARCH_RISCV64,COMPUTE_STORAGE_BUS_SCSI,COMPUTE_VOLUME_ATTACH_WITH_TAG,COMPUTE_IMAGE_TYPE_QCOW2,COMPUTE_STORAGE_BUS_VIRTIO,HW_CPU_X86_SSE42,COMPUTE_STORAGE_BUS_FDC,COMPUTE_GRAPHICS_MODEL_QXL,COMPUTE_SOUND_MODEL_USB,COMPUTE_VIOMMU_MODEL_VIRTIO,COMPUTE_RESCUE_BFV,COMPUTE_NET_VIF_MODEL_NE2K_PCI,COMPUTE_TRUSTED_CERTS,COMPUTE_NET_VIF_MODEL_LAN9118,COMPUTE_SOUND_MODEL_PCSPK,COMPUTE_ARCH_MIPSEL,COMPUTE_NET_VIF_MODEL_VMXNET3,COMPUTE_ADDRESS_SPACE_PASSTHROUGH,COMPUTE_ARCH_AARCH64,COMPUTE_STORAGE_BUS_SATA,HW_CPU_X86_MMX,COMPUTE_NET_VIF_MODEL_SPAPR_VLAN,COMPUTE_ADDRESS_SPACE_EMULATED,COMPUTE_NODE,COMPUTE_NET_VIF_MODEL_VIRTIO,COMPUTE_IMAGE_TYPE_RAW,COMPUTE_VIOMMU_MODEL_SMMUV3,COMPUTE_NET_VIF_MODEL_PCNET,COMPUTE_ACCELERATORS,COMPUTE_IMAGE_TYPE_ISO,COMPUTE_SOUND_MODEL_SB16,COMPUTE_NET_VIF_MODEL_E1000,COMPUTE_SOUND_MODEL_ICH9,COMPUTE_STORAGE_BUS_USB,COMPUTE_VIOMMU_MODEL_INTEL,COMPUTE_SOUND_MODEL_ES1370,COMPUTE_IMAGE_TYPE_ARI,HW_CPU_X86_SSE41,COMPUTE_GRAPHICS_MODEL_VGA,COMPUTE_VOLUME_EXTEND" {{(pid=92315) __call__ /opt/stack/placement/placement/requestlog.py:55}}
Jun 17 10:50:43.482435 np0000003035 devstack@placement-api.service[92315]: INFO placement.requestlog [req-aeed2655-dd6b-4053-a896-367d343d42e8 req-9c53214a-cfd3-4e53-91cf-dcc30b9a057b service nova] 10.4.3.155 "GET /placement/traits?name=in:COMPUTE_GRAPHICS_MODEL_NONE,COMPUTE_ARCH_PPC64LE,COMPUTE_SOCKET_PCI_NUMA_AFFINITY,COMPUTE_VOLUME_MULTI_ATTACH,HW_CPU_X86_SSSE3,COMPUTE_NET_VIF_MODEL_RTL8139,COMPUTE_VIOMMU_MODEL_AUTO,COMPUTE_SOUND_MODEL_ICH6,COMPUTE_IMAGE_TYPE_AKI,COMPUTE_GRAPHICS_MODEL_VIRTIO,COMPUTE_STORAGE_VIRTIO_FS,COMPUTE_NET_ATTACH_INTERFACE_WITH_TAG,COMPUTE_SECURITY_STATELESS_FIRMWARE,COMPUTE_DEVICE_TAGGING,COMPUTE_ARCH_X86_64,COMPUTE_GRAPHICS_MODEL_VMVGA,COMPUTE_SOUND_MODEL_AC97,HW_CPU_X86_SSE,HW_CPU_X86_SSE2,COMPUTE_NET_ATTACH_INTERFACE,COMPUTE_NET_VIRTIO_PACKED,COMPUTE_ARCH_S390X,COMPUTE_IMAGE_TYPE_AMI,COMPUTE_NET_VIF_MODEL_E1000E,COMPUTE_SECURITY_UEFI_SECURE_BOOT,COMPUTE_STORAGE_BUS_IDE,COMPUTE_GRAPHICS_MODEL_CIRRUS,COMPUTE_NET_VIF_MODEL_IGB,HW_ARCH_X86_64,COMPUTE_GRAPHICS_MODEL_BOCHS,COMPUTE_ARCH_RISCV64,COMPUTE_STORAGE_BUS_SCSI,COMPUTE_VOLUME_ATTACH_WITH_TAG,COMPUTE_IMAGE_TYPE_QCOW2,COMPUTE_STORAGE_BUS_VIRTIO,HW_CPU_X86_SSE42,COMPUTE_STORAGE_BUS_FDC,COMPUTE_GRAPHICS_MODEL_QXL,COMPUTE_SOUND_MODEL_USB,COMPUTE_VIOMMU_MODEL_VIRTIO,COMPUTE_RESCUE_BFV,COMPUTE_NET_VIF_MODEL_NE2K_PCI,COMPUTE_TRUSTED_CERTS,COMPUTE_NET_VIF_MODEL_LAN9118,COMPUTE_SOUND_MODEL_PCSPK,COMPUTE_ARCH_MIPSEL,COMPUTE_NET_VIF_MODEL_VMXNET3,COMPUTE_ADDRESS_SPACE_PASSTHROUGH,COMPUTE_ARCH_AARCH64,COMPUTE_STORAGE_BUS_SATA,HW_CPU_X86_MMX,COMPUTE_NET_VIF_MODEL_SPAPR_VLAN,COMPUTE_ADDRESS_SPACE_EMULATED,COMPUTE_NODE,COMPUTE_NET_VIF_MODEL_VIRTIO,COMPUTE_IMAGE_TYPE_RAW,COMPUTE_VIOMMU_MODEL_SMMUV3,COMPUTE_NET_VIF_MODEL_PCNET,COMPUTE_ACCELERATORS,COMPUTE_IMAGE_TYPE_ISO,COMPUTE_SOUND_MODEL_SB16,COMPUTE_NET_VIF_MODEL_E1000,COMPUTE_SOUND_MODEL_ICH9,COMPUTE_STORAGE_BUS_USB,COMPUTE_VIOMMU_MODEL_INTEL,COMPUTE_SOUND_MODEL_ES1370,COMPUTE_IMAGE_TYPE_ARI,HW_CPU_X86_SSE41,COMPUTE_GRAPHICS_MODEL_VGA,COMPUTE_VOLUME_EXTEND" status: 200 len: 1991 microversion: 1.6
Jun 17 10:50:43.482695 np0000003035 devstack@placement-api.service[92315]: [pid: 92315|app: 0|req: 3/10] 10.4.3.155 () {68 vars in 4925 bytes} [Wed Jun 17 10:50:43 2026] GET /placement/traits?name=in:COMPUTE_GRAPHICS_MODEL_NONE,COMPUTE_ARCH_PPC64LE,COMPUTE_SOCKET_PCI_NUMA_AFFINITY,COMPUTE_VOLUME_MULTI_ATTACH,HW_CPU_X86_SSSE3,COMPUTE_NET_VIF_MODEL_RTL8139,COMPUTE_VIOMMU_MODEL_AUTO,COMPUTE_SOUND_MODEL_ICH6,COMPUTE_IMAGE_TYPE_AKI,COMPUTE_GRAPHICS_MODEL_VIRTIO,COMPUTE_STORAGE_VIRTIO_FS,COMPUTE_NET_ATTACH_INTERFACE_WITH_TAG,COMPUTE_SECURITY_STATELESS_FIRMWARE,COMPUTE_DEVICE_TAGGING,COMPUTE_ARCH_X86_64,COMPUTE_GRAPHICS_MODEL_VMVGA,COMPUTE_SOUND_MODEL_AC97,HW_CPU_X86_SSE,HW_CPU_X86_SSE2,COMPUTE_NET_ATTACH_INTERFACE,COMPUTE_NET_VIRTIO_PACKED,COMPUTE_ARCH_S390X,COMPUTE_IMAGE_TYPE_AMI,COMPUTE_NET_VIF_MODEL_E1000E,COMPUTE_SECURITY_UEFI_SECURE_BOOT,COMPUTE_STORAGE_BUS_IDE,COMPUTE_GRAPHICS_MODEL_CIRRUS,COMPUTE_NET_VIF_MODEL_IGB,HW_ARCH_X86_64,COMPUTE_GRAPHICS_MODEL_BOCHS,COMPUTE_ARCH_RISCV64,COMPUTE_STORAGE_BUS_SCSI,COMPUTE_VOLUME_ATTACH_WITH_TAG,COMPUTE_IMAGE_TYPE_QCOW2,COMPUTE_STORAGE_BUS_VIRTIO,HW_CPU_X86_SSE42,COMPUTE_STORAGE_BUS_FDC,COMPUTE_GRAPHICS_MODEL_QXL,COMPUTE_SOUND_MODEL_USB,COMPUTE_VIOMMU_MODEL_VIRTIO,COMPUTE_RESCUE_BFV,COMPUTE_NET_VIF_MODEL_NE2K_PCI,COMPUTE_TRUSTED_CERTS,COMPUTE_NET_VIF_MODEL_LAN9118,COMPUTE_SOUND_MODEL_PCSPK,COMPUTE_ARCH_MIPSEL,COMPUTE_NET_VIF_MODEL_VMXNET3,COMPUTE_ADDRESS_SPACE_PASSTHROUGH,COMPUTE_ARCH_AARCH64,COMPUTE_STORAGE_BUS_SATA,HW_CPU_X86_MMX,COMPUTE_NET_VIF_MODEL_SPAPR_VLAN,COMPUTE_ADDRESS_SPACE_EMULATED,COMPUTE_NODE,COMPUTE_NET_VIF_MODEL_VIRTIO,COMPUTE_IMAGE_TYPE_RAW,COMPUTE_VIOMMU_MODEL_SMMUV3,COMPUTE_NET_VIF_MODEL_PCNET,COMPUTE_ACCELERATORS,COMPUTE_IMAGE_TYPE_ISO,COMPUTE_SOUND_MODEL_SB16,COMPUTE_NET_VIF_MODEL_E1000,COMPUTE_SOUND_MODEL_ICH9,COMPUTE_STORAGE_BUS_USB,COMPUTE_VIOMMU_MODEL_INTEL,COMPUTE_SOUND_MODEL_ES1370,COMPUTE_IMAGE_TYPE_ARI,HW_CPU_X86_SSE41,COMPUTE_GRAPHICS_MODEL_VGA,COMPUTE_VOLUME_EXTEND => generated 1991 bytes in 11 msecs (HTTP/1.1 200) 6 headers in 225 bytes (1 switches on core 0)
Jun 17 10:50:43.513585 np0000003035 devstack@placement-api.service[92314]: DEBUG placement.requestlog [req-aeed2655-dd6b-4053-a896-367d343d42e8 req-5587f93e-0db7-4e0b-bdd6-4a882aab93d8 None None] Starting request: 10.4.3.155 "PUT /placement/resource_providers/097cba4c-da9e-4af0-8d9f-de8cd65ff3a2/traits" {{(pid=92314) __call__ /opt/stack/placement/placement/requestlog.py:55}}
Jun 17 10:50:43.570437 np0000003035 devstack@placement-api.service[92314]: INFO placement.requestlog [req-aeed2655-dd6b-4053-a896-367d343d42e8 req-5587f93e-0db7-4e0b-bdd6-4a882aab93d8 service nova] 10.4.3.155 "PUT /placement/resource_providers/097cba4c-da9e-4af0-8d9f-de8cd65ff3a2/traits" status: 200 len: 2026 microversion: 1.6
Jun 17 10:50:43.570681 np0000003035 devstack@placement-api.service[92314]: [pid: 92314|app: 0|req: 5/11] 10.4.3.155 () {72 vars in 1594 bytes} [Wed Jun 17 10:50:43 2026] PUT /placement/resource_providers/097cba4c-da9e-4af0-8d9f-de8cd65ff3a2/traits => generated 2026 bytes in 57 msecs (HTTP/1.1 200) 6 headers in 225 bytes (1 switches on core 0)
Jun 17 10:50:53.432965 np0000003035 devstack@placement-api.service[92316]: DEBUG dbcounter [-] [92316] Writing DB stats placement:SELECT=4,placement:INSERT=3,placement:UPDATE=1 {{(pid=92316) stat_writer /opt/stack/data/venv/lib/python3.12/site-packages/dbcounter.py:115}}
Jun 17 10:50:53.478669 np0000003035 devstack@placement-api.service[92315]: DEBUG dbcounter [-] [92315] Writing DB stats placement:INSERT=1,placement:UPDATE=1,placement:SELECT=1 {{(pid=92315) stat_writer /opt/stack/data/venv/lib/python3.12/site-packages/dbcounter.py:115}}
Jun 17 10:50:53.567710 np0000003035 devstack@placement-api.service[92314]: DEBUG dbcounter [-] [92314] Writing DB stats placement:SELECT=5,placement:INSERT=70,placement:UPDATE=1 {{(pid=92314) stat_writer /opt/stack/data/venv/lib/python3.12/site-packages/dbcounter.py:115}}
Jun 17 10:51:01.393461 np0000003035 devstack@placement-api.service[92316]: DEBUG placement.requestlog [None req-fe1862fe-b063-451a-baa1-3e8958a70261 None None] Starting request: 10.4.3.155 "GET /placement//" {{(pid=92316) __call__ /opt/stack/placement/placement/requestlog.py:55}}
Jun 17 10:51:01.394139 np0000003035 devstack@placement-api.service[92316]: INFO placement.requestlog [None req-fe1862fe-b063-451a-baa1-3e8958a70261 None None] 10.4.3.155 "GET /placement//" status: 200 len: 136 microversion: 1.0
Jun 17 10:51:01.394427 np0000003035 devstack@placement-api.service[92316]: [pid: 92316|app: 0|req: 4/12] 10.4.3.155 () {64 vars in 1227 bytes} [Wed Jun 17 10:51:01 2026] GET /placement/ => generated 136 bytes in 1 msecs (HTTP/1.1 200) 6 headers in 224 bytes (1 switches on core 0)
Jun 17 10:51:24.874997 np0000003035 devstack@placement-api.service[92315]: DEBUG placement.requestlog [req-e81436da-26c5-4256-befe-a7cf080fd936 req-a03c3d38-59ce-4e78-9de3-c50790b1b519 None None] Starting request: 10.4.3.155 "GET /placement/resource_providers/097cba4c-da9e-4af0-8d9f-de8cd65ff3a2/allocations" {{(pid=92315) __call__ /opt/stack/placement/placement/requestlog.py:55}}
Jun 17 10:51:24.888035 np0000003035 devstack@placement-api.service[92315]: INFO placement.requestlog [req-e81436da-26c5-4256-befe-a7cf080fd936 req-a03c3d38-59ce-4e78-9de3-c50790b1b519 service nova] 10.4.3.155 "GET /placement/resource_providers/097cba4c-da9e-4af0-8d9f-de8cd65ff3a2/allocations" status: 200 len: 54 microversion: 1.0
Jun 17 10:51:24.888277 np0000003035 devstack@placement-api.service[92315]: [pid: 92315|app: 0|req: 4/13] 10.4.3.155 () {66 vars in 1512 bytes} [Wed Jun 17 10:51:24 2026] GET /placement/resource_providers/097cba4c-da9e-4af0-8d9f-de8cd65ff3a2/allocations => generated 54 bytes in 13 msecs (HTTP/1.1 200) 6 headers in 223 bytes (1 switches on core 0)
Jun 17 10:51:24.931402 np0000003035 devstack@placement-api.service[92314]: DEBUG placement.requestlog [req-e81436da-26c5-4256-befe-a7cf080fd936 req-37aef0cb-88c8-49dd-a31a-67cebddeea19 None None] Starting request: 10.4.3.155 "GET /placement/resource_providers/097cba4c-da9e-4af0-8d9f-de8cd65ff3a2/allocations" {{(pid=92314) __call__ /opt/stack/placement/placement/requestlog.py:55}}
Jun 17 10:51:24.940050 np0000003035 devstack@placement-api.service[92314]: INFO placement.requestlog [req-e81436da-26c5-4256-befe-a7cf080fd936 req-37aef0cb-88c8-49dd-a31a-67cebddeea19 service nova] 10.4.3.155 "GET /placement/resource_providers/097cba4c-da9e-4af0-8d9f-de8cd65ff3a2/allocations" status: 200 len: 54 microversion: 1.0
Jun 17 10:51:24.940050 np0000003035 devstack@placement-api.service[92314]: [pid: 92314|app: 0|req: 6/14] 10.4.3.155 () {66 vars in 1512 bytes} [Wed Jun 17 10:51:24 2026] GET /placement/resource_providers/097cba4c-da9e-4af0-8d9f-de8cd65ff3a2/allocations => generated 54 bytes in 9 msecs (HTTP/1.1 200) 6 headers in 223 bytes (1 switches on core 0)
Jun 17 10:51:34.886404 np0000003035 devstack@placement-api.service[92315]: DEBUG dbcounter [-] [92315] Writing DB stats placement:SELECT=2 {{(pid=92315) stat_writer /opt/stack/data/venv/lib/python3.12/site-packages/dbcounter.py:115}}
Jun 17 10:51:34.939121 np0000003035 devstack@placement-api.service[92314]: DEBUG dbcounter [-] [92314] Writing DB stats placement:SELECT=2 {{(pid=92314) stat_writer /opt/stack/data/venv/lib/python3.12/site-packages/dbcounter.py:115}}
Jun 17 10:52:27.518138 np0000003035 devstack@placement-api.service[92316]: DEBUG placement.requestlog [req-146a710e-5f64-47b0-9a56-168d9dbfe255 req-95fc4528-2c45-4e27-904d-6ec815a3c038 None None] Starting request: 10.4.3.155 "GET /placement/resource_providers/097cba4c-da9e-4af0-8d9f-de8cd65ff3a2/allocations" {{(pid=92316) __call__ /opt/stack/placement/placement/requestlog.py:55}}
Jun 17 10:52:27.527886 np0000003035 devstack@placement-api.service[92316]: INFO placement.requestlog [req-146a710e-5f64-47b0-9a56-168d9dbfe255 req-95fc4528-2c45-4e27-904d-6ec815a3c038 service nova] 10.4.3.155 "GET /placement/resource_providers/097cba4c-da9e-4af0-8d9f-de8cd65ff3a2/allocations" status: 200 len: 54 microversion: 1.0
Jun 17 10:52:27.528261 np0000003035 devstack@placement-api.service[92316]: [pid: 92316|app: 0|req: 5/15] 10.4.3.155 () {66 vars in 1512 bytes} [Wed Jun 17 10:52:27 2026] GET /placement/resource_providers/097cba4c-da9e-4af0-8d9f-de8cd65ff3a2/allocations => generated 54 bytes in 10 msecs (HTTP/1.1 200) 6 headers in 223 bytes (1 switches on core 0)
Jun 17 10:52:27.560715 np0000003035 devstack@placement-api.service[92315]: DEBUG placement.requestlog [req-146a710e-5f64-47b0-9a56-168d9dbfe255 req-89c4ef82-9180-4ea2-8932-92966a00a3c5 None None] Starting request: 10.4.3.155 "GET /placement/resource_providers/097cba4c-da9e-4af0-8d9f-de8cd65ff3a2/allocations" {{(pid=92315) __call__ /opt/stack/placement/placement/requestlog.py:55}}
Jun 17 10:52:27.568777 np0000003035 devstack@placement-api.service[92315]: INFO placement.requestlog [req-146a710e-5f64-47b0-9a56-168d9dbfe255 req-89c4ef82-9180-4ea2-8932-92966a00a3c5 service nova] 10.4.3.155 "GET /placement/resource_providers/097cba4c-da9e-4af0-8d9f-de8cd65ff3a2/allocations" status: 200 len: 54 microversion: 1.0
Jun 17 10:52:27.568777 np0000003035 devstack@placement-api.service[92315]: [pid: 92315|app: 0|req: 5/16] 10.4.3.155 () {66 vars in 1512 bytes} [Wed Jun 17 10:52:27 2026] GET /placement/resource_providers/097cba4c-da9e-4af0-8d9f-de8cd65ff3a2/allocations => generated 54 bytes in 9 msecs (HTTP/1.1 200) 6 headers in 223 bytes (1 switches on core 0)
Jun 17 10:52:37.526558 np0000003035 devstack@placement-api.service[92316]: DEBUG dbcounter [-] [92316] Writing DB stats placement:SELECT=2 {{(pid=92316) stat_writer /opt/stack/data/venv/lib/python3.12/site-packages/dbcounter.py:115}}
Jun 17 10:52:37.567631 np0000003035 devstack@placement-api.service[92315]: DEBUG dbcounter [-] [92315] Writing DB stats placement:SELECT=2 {{(pid=92315) stat_writer /opt/stack/data/venv/lib/python3.12/site-packages/dbcounter.py:115}}
Jun 17 10:53:13.913379 np0000003035 devstack@placement-api.service[92314]: DEBUG placement.requestlog [req-f90bab9e-eb6e-4d27-b072-f63c3a649cc6 req-d20dafc6-c0cc-49aa-a04d-4b7959fa27c3 None None] Starting request: 10.4.3.155 "GET /placement/allocation_candidates?limit=1000&resources=DISK_GB%3A1%2CMEMORY_MB%3A192%2CVCPU%3A1&root_required=%21COMPUTE_STATUS_DISABLED" {{(pid=92314) __call__ /opt/stack/placement/placement/requestlog.py:55}}
Jun 17 10:53:14.586593 np0000003035 devstack@placement-api.service[92314]: DEBUG placement.objects.research_context [req-f90bab9e-eb6e-4d27-b072-f63c3a649cc6 req-d20dafc6-c0cc-49aa-a04d-4b7959fa27c3 service nova] getting providers with 1 DISK_GB {{(pid=92314) __init__ /opt/stack/placement/placement/objects/research_context.py:137}}
Jun 17 10:53:14.596606 np0000003035 devstack@placement-api.service[92314]: DEBUG placement.objects.research_context [req-f90bab9e-eb6e-4d27-b072-f63c3a649cc6 req-d20dafc6-c0cc-49aa-a04d-4b7959fa27c3 service nova] getting providers with 192 MEMORY_MB {{(pid=92314) __init__ /opt/stack/placement/placement/objects/research_context.py:137}}
Jun 17 10:53:14.601004 np0000003035 devstack@placement-api.service[92314]: DEBUG placement.objects.research_context [req-f90bab9e-eb6e-4d27-b072-f63c3a649cc6 req-d20dafc6-c0cc-49aa-a04d-4b7959fa27c3 service nova] getting providers with 1 VCPU {{(pid=92314) __init__ /opt/stack/placement/placement/objects/research_context.py:137}}
Jun 17 10:53:14.604483 np0000003035 devstack@placement-api.service[92314]: DEBUG placement.objects.research_context [req-f90bab9e-eb6e-4d27-b072-f63c3a649cc6 req-d20dafc6-c0cc-49aa-a04d-4b7959fa27c3 service nova] found 1 providers with available 1 DISK_GB {{(pid=92314) get_provider_ids_matching /opt/stack/placement/placement/objects/research_context.py:563}}
Jun 17 10:53:14.604977 np0000003035 devstack@placement-api.service[92314]: DEBUG placement.objects.research_context [req-f90bab9e-eb6e-4d27-b072-f63c3a649cc6 req-d20dafc6-c0cc-49aa-a04d-4b7959fa27c3 service nova] found 1 providers with available 192 MEMORY_MB {{(pid=92314) get_provider_ids_matching /opt/stack/placement/placement/objects/research_context.py:563}}
Jun 17 10:53:14.605689 np0000003035 devstack@placement-api.service[92314]: DEBUG placement.objects.research_context [req-f90bab9e-eb6e-4d27-b072-f63c3a649cc6 req-d20dafc6-c0cc-49aa-a04d-4b7959fa27c3 service nova] found 1 providers after filtering by previous result {{(pid=92314) get_provider_ids_matching /opt/stack/placement/placement/objects/research_context.py:594}}
Jun 17 10:53:14.605689 np0000003035 devstack@placement-api.service[92314]: DEBUG placement.objects.research_context [req-f90bab9e-eb6e-4d27-b072-f63c3a649cc6 req-d20dafc6-c0cc-49aa-a04d-4b7959fa27c3 service nova] found 1 providers with available 1 VCPU {{(pid=92314) get_provider_ids_matching /opt/stack/placement/placement/objects/research_context.py:563}}
Jun 17 10:53:14.605689 np0000003035 devstack@placement-api.service[92314]: DEBUG placement.objects.research_context [req-f90bab9e-eb6e-4d27-b072-f63c3a649cc6 req-d20dafc6-c0cc-49aa-a04d-4b7959fa27c3 service nova] found 1 providers after filtering by previous result {{(pid=92314) get_provider_ids_matching /opt/stack/placement/placement/objects/research_context.py:594}}
Jun 17 10:53:14.615487 np0000003035 devstack@placement-api.service[92314]: DEBUG placement.objects.allocation_candidate [req-f90bab9e-eb6e-4d27-b072-f63c3a649cc6 req-d20dafc6-c0cc-49aa-a04d-4b7959fa27c3 service nova] RequestGroup(use_same_provider=False, resources={DISK_GB:1, MEMORY_MB:192, VCPU:1}, traits=(), aggregates=[]) (suffix '') returned 1 matches {{(pid=92314) _get_by_requests /opt/stack/placement/placement/objects/allocation_candidate.py:158}}
Jun 17 10:53:14.615963 np0000003035 devstack@placement-api.service[92314]: DEBUG placement.objects.allocation_candidate [req-f90bab9e-eb6e-4d27-b072-f63c3a649cc6 req-d20dafc6-c0cc-49aa-a04d-4b7959fa27c3 service nova] Merging candidates yields 1 allocation requests and 1 provider summaries {{(pid=92314) _merge_candidates /opt/stack/placement/placement/objects/allocation_candidate.py:908}}
Jun 17 10:53:14.617725 np0000003035 devstack@placement-api.service[92314]: INFO placement.requestlog [req-f90bab9e-eb6e-4d27-b072-f63c3a649cc6 req-d20dafc6-c0cc-49aa-a04d-4b7959fa27c3 service nova] 10.4.3.155 "GET /placement/allocation_candidates?limit=1000&resources=DISK_GB%3A1%2CMEMORY_MB%3A192%2CVCPU%3A1&root_required=%21COMPUTE_STATUS_DISABLED" status: 200 len: 2490 microversion: 1.36
Jun 17 10:53:14.617883 np0000003035 devstack@placement-api.service[92314]: [pid: 92314|app: 0|req: 7/17] 10.4.3.155 () {68 vars in 1625 bytes} [Wed Jun 17 10:53:13 2026] GET /placement/allocation_candidates?limit=1000&resources=DISK_GB%3A1%2CMEMORY_MB%3A192%2CVCPU%3A1&root_required=%21COMPUTE_STATUS_DISABLED => generated 2490 bytes in 705 msecs (HTTP/1.1 200) 8 headers in 297 bytes (1 switches on core 0)
Jun 17 10:53:14.858535 np0000003035 devstack@placement-api.service[92316]: DEBUG placement.requestlog [req-f90bab9e-eb6e-4d27-b072-f63c3a649cc6 req-31d288da-7b37-4372-bcd7-3b4124b61710 None None] Starting request: 10.4.3.155 "GET /placement/allocations/65157d71-b399-4f6f-81a6-94a69b7f9edb" {{(pid=92316) __call__ /opt/stack/placement/placement/requestlog.py:55}}
Jun 17 10:53:14.869894 np0000003035 devstack@placement-api.service[92316]: INFO placement.requestlog [req-f90bab9e-eb6e-4d27-b072-f63c3a649cc6 req-31d288da-7b37-4372-bcd7-3b4124b61710 service nova] 10.4.3.155 "GET /placement/allocations/65157d71-b399-4f6f-81a6-94a69b7f9edb" status: 200 len: 19 microversion: 1.28
Jun 17 10:53:14.870310 np0000003035 devstack@placement-api.service[92316]: [pid: 92316|app: 0|req: 6/18] 10.4.3.155 () {68 vars in 1501 bytes} [Wed Jun 17 10:53:14 2026] GET /placement/allocations/65157d71-b399-4f6f-81a6-94a69b7f9edb => generated 19 bytes in 12 msecs (HTTP/1.1 200) 8 headers in 295 bytes (1 switches on core 0)
Jun 17 10:53:14.905288 np0000003035 devstack@placement-api.service[92315]: DEBUG placement.requestlog [req-f90bab9e-eb6e-4d27-b072-f63c3a649cc6 req-fdc294cb-59d9-4da4-8783-cfe78098660f None None] Starting request: 10.4.3.155 "PUT /placement/allocations/65157d71-b399-4f6f-81a6-94a69b7f9edb" {{(pid=92315) __call__ /opt/stack/placement/placement/requestlog.py:55}}
Jun 17 10:53:14.982659 np0000003035 devstack@placement-api.service[92315]: DEBUG placement.handlers.allocation [req-f90bab9e-eb6e-4d27-b072-f63c3a649cc6 req-fdc294cb-59d9-4da4-8783-cfe78098660f service nova] Successfully wrote allocations [, , ] {{(pid=92315) _update_consumers_and_create_allocations /opt/stack/placement/placement/handlers/allocation.py:462}}
Jun 17 10:53:14.986635 np0000003035 devstack@placement-api.service[92315]: INFO placement.requestlog [req-f90bab9e-eb6e-4d27-b072-f63c3a649cc6 req-fdc294cb-59d9-4da4-8783-cfe78098660f service nova] 10.4.3.155 "PUT /placement/allocations/65157d71-b399-4f6f-81a6-94a69b7f9edb" status: 204 len: 0 microversion: 1.36
Jun 17 10:53:14.986988 np0000003035 devstack@placement-api.service[92315]: [pid: 92315|app: 0|req: 6/19] 10.4.3.155 () {72 vars in 1554 bytes} [Wed Jun 17 10:53:14 2026] PUT /placement/allocations/65157d71-b399-4f6f-81a6-94a69b7f9edb => generated 0 bytes in 83 msecs (HTTP/1.1 204) 5 headers in 199 bytes (1 switches on core 0)
Jun 17 10:53:16.789774 np0000003035 devstack@placement-api.service[92314]: DEBUG placement.requestlog [req-f90bab9e-eb6e-4d27-b072-f63c3a649cc6 req-f8755053-b8e0-4888-81aa-701ec7b6af10 None None] Starting request: 10.4.3.155 "GET /placement/allocations/65157d71-b399-4f6f-81a6-94a69b7f9edb" {{(pid=92314) __call__ /opt/stack/placement/placement/requestlog.py:55}}
Jun 17 10:53:16.809532 np0000003035 devstack@placement-api.service[92314]: INFO placement.requestlog [req-f90bab9e-eb6e-4d27-b072-f63c3a649cc6 req-f8755053-b8e0-4888-81aa-701ec7b6af10 service nova] 10.4.3.155 "GET /placement/allocations/65157d71-b399-4f6f-81a6-94a69b7f9edb" status: 200 len: 257 microversion: 1.28
Jun 17 10:53:16.809902 np0000003035 devstack@placement-api.service[92314]: [pid: 92314|app: 0|req: 8/20] 10.4.3.155 () {68 vars in 1499 bytes} [Wed Jun 17 10:53:16 2026] GET /placement/allocations/65157d71-b399-4f6f-81a6-94a69b7f9edb => generated 257 bytes in 21 msecs (HTTP/1.1 200) 8 headers in 296 bytes (1 switches on core 0)
Jun 17 10:53:17.876458 np0000003035 devstack@placement-api.service[92316]: DEBUG placement.requestlog [req-f90bab9e-eb6e-4d27-b072-f63c3a649cc6 req-92c912b4-91b6-489b-be62-d927a93522f0 None None] Starting request: 10.4.3.155 "GET /placement/resource_providers/097cba4c-da9e-4af0-8d9f-de8cd65ff3a2/allocations" {{(pid=92316) __call__ /opt/stack/placement/placement/requestlog.py:55}}
Jun 17 10:53:17.900056 np0000003035 devstack@placement-api.service[92316]: INFO placement.requestlog [req-f90bab9e-eb6e-4d27-b072-f63c3a649cc6 req-92c912b4-91b6-489b-be62-d927a93522f0 service nova] 10.4.3.155 "GET /placement/resource_providers/097cba4c-da9e-4af0-8d9f-de8cd65ff3a2/allocations" status: 200 len: 152 microversion: 1.0
Jun 17 10:53:17.900310 np0000003035 devstack@placement-api.service[92316]: [pid: 92316|app: 0|req: 7/21] 10.4.3.155 () {66 vars in 1512 bytes} [Wed Jun 17 10:53:17 2026] GET /placement/resource_providers/097cba4c-da9e-4af0-8d9f-de8cd65ff3a2/allocations => generated 152 bytes in 27 msecs (HTTP/1.1 200) 6 headers in 224 bytes (1 switches on core 0)
Jun 17 10:53:17.936475 np0000003035 devstack@placement-api.service[92315]: DEBUG placement.requestlog [req-f90bab9e-eb6e-4d27-b072-f63c3a649cc6 req-2426ae22-36b1-41f6-9950-53456e21fae3 None None] Starting request: 10.4.3.155 "GET /placement/allocations/65157d71-b399-4f6f-81a6-94a69b7f9edb" {{(pid=92315) __call__ /opt/stack/placement/placement/requestlog.py:55}}
Jun 17 10:53:17.948672 np0000003035 devstack@placement-api.service[92315]: INFO placement.requestlog [req-f90bab9e-eb6e-4d27-b072-f63c3a649cc6 req-2426ae22-36b1-41f6-9950-53456e21fae3 service nova] 10.4.3.155 "GET /placement/allocations/65157d71-b399-4f6f-81a6-94a69b7f9edb" status: 200 len: 257 microversion: 1.28
Jun 17 10:53:17.948985 np0000003035 devstack@placement-api.service[92315]: [pid: 92315|app: 0|req: 7/22] 10.4.3.155 () {68 vars in 1499 bytes} [Wed Jun 17 10:53:17 2026] GET /placement/allocations/65157d71-b399-4f6f-81a6-94a69b7f9edb => generated 257 bytes in 14 msecs (HTTP/1.1 200) 8 headers in 296 bytes (1 switches on core 0)
Jun 17 10:53:25.642298 np0000003035 devstack@placement-api.service[92314]: DEBUG placement.requestlog [req-2e246bc7-89bb-4bc9-beed-8267dbebcaec req-87554097-bfa0-4776-8a89-df75fb0be605 None None] Starting request: 10.4.3.155 "GET /placement/allocation_candidates?limit=1000&resources=DISK_GB%3A1%2CMEMORY_MB%3A192%2CVCPU%3A1&root_required=%21COMPUTE_STATUS_DISABLED" {{(pid=92314) __call__ /opt/stack/placement/placement/requestlog.py:55}}
Jun 17 10:53:25.668250 np0000003035 devstack@placement-api.service[92314]: DEBUG placement.objects.research_context [req-2e246bc7-89bb-4bc9-beed-8267dbebcaec req-87554097-bfa0-4776-8a89-df75fb0be605 service nova] getting providers with 1 DISK_GB {{(pid=92314) __init__ /opt/stack/placement/placement/objects/research_context.py:137}}
Jun 17 10:53:25.673582 np0000003035 devstack@placement-api.service[92314]: DEBUG placement.objects.research_context [req-2e246bc7-89bb-4bc9-beed-8267dbebcaec req-87554097-bfa0-4776-8a89-df75fb0be605 service nova] getting providers with 192 MEMORY_MB {{(pid=92314) __init__ /opt/stack/placement/placement/objects/research_context.py:137}}
Jun 17 10:53:25.679523 np0000003035 devstack@placement-api.service[92314]: DEBUG placement.objects.research_context [req-2e246bc7-89bb-4bc9-beed-8267dbebcaec req-87554097-bfa0-4776-8a89-df75fb0be605 service nova] getting providers with 1 VCPU {{(pid=92314) __init__ /opt/stack/placement/placement/objects/research_context.py:137}}
Jun 17 10:53:25.684560 np0000003035 devstack@placement-api.service[92314]: DEBUG placement.objects.research_context [req-2e246bc7-89bb-4bc9-beed-8267dbebcaec req-87554097-bfa0-4776-8a89-df75fb0be605 service nova] found 1 providers with available 1 DISK_GB {{(pid=92314) get_provider_ids_matching /opt/stack/placement/placement/objects/research_context.py:563}}
Jun 17 10:53:25.684776 np0000003035 devstack@placement-api.service[92314]: DEBUG placement.objects.research_context [req-2e246bc7-89bb-4bc9-beed-8267dbebcaec req-87554097-bfa0-4776-8a89-df75fb0be605 service nova] found 1 providers with available 192 MEMORY_MB {{(pid=92314) get_provider_ids_matching /opt/stack/placement/placement/objects/research_context.py:563}}
Jun 17 10:53:25.684944 np0000003035 devstack@placement-api.service[92314]: DEBUG placement.objects.research_context [req-2e246bc7-89bb-4bc9-beed-8267dbebcaec req-87554097-bfa0-4776-8a89-df75fb0be605 service nova] found 1 providers after filtering by previous result {{(pid=92314) get_provider_ids_matching /opt/stack/placement/placement/objects/research_context.py:594}}
Jun 17 10:53:25.685073 np0000003035 devstack@placement-api.service[92314]: DEBUG placement.objects.research_context [req-2e246bc7-89bb-4bc9-beed-8267dbebcaec req-87554097-bfa0-4776-8a89-df75fb0be605 service nova] found 1 providers with available 1 VCPU {{(pid=92314) get_provider_ids_matching /opt/stack/placement/placement/objects/research_context.py:563}}
Jun 17 10:53:25.685193 np0000003035 devstack@placement-api.service[92314]: DEBUG placement.objects.research_context [req-2e246bc7-89bb-4bc9-beed-8267dbebcaec req-87554097-bfa0-4776-8a89-df75fb0be605 service nova] found 1 providers after filtering by previous result {{(pid=92314) get_provider_ids_matching /opt/stack/placement/placement/objects/research_context.py:594}}
Jun 17 10:53:25.691789 np0000003035 devstack@placement-api.service[92316]: DEBUG placement.requestlog [req-b20ae9c4-db28-4bfa-b82d-0dd667d3d3c8 req-0c73f21e-e1b2-4065-8e89-8857454c7c5d None None] Starting request: 10.4.3.155 "GET /placement/allocation_candidates?limit=1000&resources=DISK_GB%3A1%2CMEMORY_MB%3A192%2CVCPU%3A1&root_required=%21COMPUTE_STATUS_DISABLED" {{(pid=92316) __call__ /opt/stack/placement/placement/requestlog.py:55}}
Jun 17 10:53:25.698757 np0000003035 devstack@placement-api.service[92314]: DEBUG placement.objects.allocation_candidate [req-2e246bc7-89bb-4bc9-beed-8267dbebcaec req-87554097-bfa0-4776-8a89-df75fb0be605 service nova] RequestGroup(use_same_provider=False, resources={DISK_GB:1, MEMORY_MB:192, VCPU:1}, traits=(), aggregates=[]) (suffix '') returned 1 matches {{(pid=92314) _get_by_requests /opt/stack/placement/placement/objects/allocation_candidate.py:158}}
Jun 17 10:53:25.698977 np0000003035 devstack@placement-api.service[92314]: DEBUG placement.objects.allocation_candidate [req-2e246bc7-89bb-4bc9-beed-8267dbebcaec req-87554097-bfa0-4776-8a89-df75fb0be605 service nova] Merging candidates yields 1 allocation requests and 1 provider summaries {{(pid=92314) _merge_candidates /opt/stack/placement/placement/objects/allocation_candidate.py:908}}
Jun 17 10:53:25.700699 np0000003035 devstack@placement-api.service[92314]: INFO placement.requestlog [req-2e246bc7-89bb-4bc9-beed-8267dbebcaec req-87554097-bfa0-4776-8a89-df75fb0be605 service nova] 10.4.3.155 "GET /placement/allocation_candidates?limit=1000&resources=DISK_GB%3A1%2CMEMORY_MB%3A192%2CVCPU%3A1&root_required=%21COMPUTE_STATUS_DISABLED" status: 200 len: 2492 microversion: 1.36
Jun 17 10:53:25.700699 np0000003035 devstack@placement-api.service[92314]: [pid: 92314|app: 0|req: 9/23] 10.4.3.155 () {68 vars in 1625 bytes} [Wed Jun 17 10:53:25 2026] GET /placement/allocation_candidates?limit=1000&resources=DISK_GB%3A1%2CMEMORY_MB%3A192%2CVCPU%3A1&root_required=%21COMPUTE_STATUS_DISABLED => generated 2492 bytes in 59 msecs (HTTP/1.1 200) 8 headers in 297 bytes (1 switches on core 0)
Jun 17 10:53:25.719593 np0000003035 devstack@placement-api.service[92316]: DEBUG placement.objects.research_context [req-b20ae9c4-db28-4bfa-b82d-0dd667d3d3c8 req-0c73f21e-e1b2-4065-8e89-8857454c7c5d service nova] getting providers with 1 DISK_GB {{(pid=92316) __init__ /opt/stack/placement/placement/objects/research_context.py:137}}
Jun 17 10:53:25.725395 np0000003035 devstack@placement-api.service[92316]: DEBUG placement.objects.research_context [req-b20ae9c4-db28-4bfa-b82d-0dd667d3d3c8 req-0c73f21e-e1b2-4065-8e89-8857454c7c5d service nova] getting providers with 192 MEMORY_MB {{(pid=92316) __init__ /opt/stack/placement/placement/objects/research_context.py:137}}
Jun 17 10:53:25.728645 np0000003035 devstack@placement-api.service[92316]: DEBUG placement.objects.research_context [req-b20ae9c4-db28-4bfa-b82d-0dd667d3d3c8 req-0c73f21e-e1b2-4065-8e89-8857454c7c5d service nova] getting providers with 1 VCPU {{(pid=92316) __init__ /opt/stack/placement/placement/objects/research_context.py:137}}
Jun 17 10:53:25.735025 np0000003035 devstack@placement-api.service[92316]: DEBUG placement.objects.research_context [req-b20ae9c4-db28-4bfa-b82d-0dd667d3d3c8 req-0c73f21e-e1b2-4065-8e89-8857454c7c5d service nova] found 1 providers with available 1 DISK_GB {{(pid=92316) get_provider_ids_matching /opt/stack/placement/placement/objects/research_context.py:563}}
Jun 17 10:53:25.735025 np0000003035 devstack@placement-api.service[92316]: DEBUG placement.objects.research_context [req-b20ae9c4-db28-4bfa-b82d-0dd667d3d3c8 req-0c73f21e-e1b2-4065-8e89-8857454c7c5d service nova] found 1 providers with available 192 MEMORY_MB {{(pid=92316) get_provider_ids_matching /opt/stack/placement/placement/objects/research_context.py:563}}
Jun 17 10:53:25.735980 np0000003035 devstack@placement-api.service[92316]: DEBUG placement.objects.research_context [req-b20ae9c4-db28-4bfa-b82d-0dd667d3d3c8 req-0c73f21e-e1b2-4065-8e89-8857454c7c5d service nova] found 1 providers after filtering by previous result {{(pid=92316) get_provider_ids_matching /opt/stack/placement/placement/objects/research_context.py:594}}
Jun 17 10:53:25.735980 np0000003035 devstack@placement-api.service[92316]: DEBUG placement.objects.research_context [req-b20ae9c4-db28-4bfa-b82d-0dd667d3d3c8 req-0c73f21e-e1b2-4065-8e89-8857454c7c5d service nova] found 1 providers with available 1 VCPU {{(pid=92316) get_provider_ids_matching /opt/stack/placement/placement/objects/research_context.py:563}}
Jun 17 10:53:25.735980 np0000003035 devstack@placement-api.service[92316]: DEBUG placement.objects.research_context [req-b20ae9c4-db28-4bfa-b82d-0dd667d3d3c8 req-0c73f21e-e1b2-4065-8e89-8857454c7c5d service nova] found 1 providers after filtering by previous result {{(pid=92316) get_provider_ids_matching /opt/stack/placement/placement/objects/research_context.py:594}}
Jun 17 10:53:25.748779 np0000003035 devstack@placement-api.service[92316]: DEBUG placement.objects.allocation_candidate [req-b20ae9c4-db28-4bfa-b82d-0dd667d3d3c8 req-0c73f21e-e1b2-4065-8e89-8857454c7c5d service nova] RequestGroup(use_same_provider=False, resources={DISK_GB:1, MEMORY_MB:192, VCPU:1}, traits=(), aggregates=[]) (suffix '') returned 1 matches {{(pid=92316) _get_by_requests /opt/stack/placement/placement/objects/allocation_candidate.py:158}}
Jun 17 10:53:25.749196 np0000003035 devstack@placement-api.service[92316]: DEBUG placement.objects.allocation_candidate [req-b20ae9c4-db28-4bfa-b82d-0dd667d3d3c8 req-0c73f21e-e1b2-4065-8e89-8857454c7c5d service nova] Merging candidates yields 1 allocation requests and 1 provider summaries {{(pid=92316) _merge_candidates /opt/stack/placement/placement/objects/allocation_candidate.py:908}}
Jun 17 10:53:25.752379 np0000003035 devstack@placement-api.service[92316]: INFO placement.requestlog [req-b20ae9c4-db28-4bfa-b82d-0dd667d3d3c8 req-0c73f21e-e1b2-4065-8e89-8857454c7c5d service nova] 10.4.3.155 "GET /placement/allocation_candidates?limit=1000&resources=DISK_GB%3A1%2CMEMORY_MB%3A192%2CVCPU%3A1&root_required=%21COMPUTE_STATUS_DISABLED" status: 200 len: 2492 microversion: 1.36
Jun 17 10:53:25.752659 np0000003035 devstack@placement-api.service[92316]: [pid: 92316|app: 0|req: 8/24] 10.4.3.155 () {68 vars in 1625 bytes} [Wed Jun 17 10:53:25 2026] GET /placement/allocation_candidates?limit=1000&resources=DISK_GB%3A1%2CMEMORY_MB%3A192%2CVCPU%3A1&root_required=%21COMPUTE_STATUS_DISABLED => generated 2492 bytes in 61 msecs (HTTP/1.1 200) 8 headers in 297 bytes (1 switches on core 0)
Jun 17 10:53:25.917481 np0000003035 devstack@placement-api.service[92315]: DEBUG placement.requestlog [req-7f2e8d50-0edb-4038-938b-bff94fdd133e req-e9e17997-2edd-4939-8c66-83c220d2482f None None] Starting request: 10.4.3.155 "GET /placement/allocation_candidates?limit=1000&resources=MEMORY_MB%3A192%2CVCPU%3A1&root_required=%21COMPUTE_STATUS_DISABLED" {{(pid=92315) __call__ /opt/stack/placement/placement/requestlog.py:55}}
Jun 17 10:53:25.940883 np0000003035 devstack@placement-api.service[92315]: DEBUG placement.objects.research_context [req-7f2e8d50-0edb-4038-938b-bff94fdd133e req-e9e17997-2edd-4939-8c66-83c220d2482f service nova] getting providers with 192 MEMORY_MB {{(pid=92315) __init__ /opt/stack/placement/placement/objects/research_context.py:137}}
Jun 17 10:53:25.946636 np0000003035 devstack@placement-api.service[92314]: DEBUG placement.requestlog [req-2e246bc7-89bb-4bc9-beed-8267dbebcaec req-c024a1e0-287b-4bda-af51-a007e76dba02 None None] Starting request: 10.4.3.155 "GET /placement/allocations/e438be43-2bd4-447b-80d2-60d5ebc0018a" {{(pid=92314) __call__ /opt/stack/placement/placement/requestlog.py:55}}
Jun 17 10:53:25.948313 np0000003035 devstack@placement-api.service[92315]: DEBUG placement.objects.research_context [req-7f2e8d50-0edb-4038-938b-bff94fdd133e req-e9e17997-2edd-4939-8c66-83c220d2482f service nova] getting providers with 1 VCPU {{(pid=92315) __init__ /opt/stack/placement/placement/objects/research_context.py:137}}
Jun 17 10:53:25.953368 np0000003035 devstack@placement-api.service[92315]: DEBUG placement.objects.research_context [req-7f2e8d50-0edb-4038-938b-bff94fdd133e req-e9e17997-2edd-4939-8c66-83c220d2482f service nova] found 1 providers with available 192 MEMORY_MB {{(pid=92315) get_provider_ids_matching /opt/stack/placement/placement/objects/research_context.py:563}}
Jun 17 10:53:25.953368 np0000003035 devstack@placement-api.service[92315]: DEBUG placement.objects.research_context [req-7f2e8d50-0edb-4038-938b-bff94fdd133e req-e9e17997-2edd-4939-8c66-83c220d2482f service nova] found 1 providers with available 1 VCPU {{(pid=92315) get_provider_ids_matching /opt/stack/placement/placement/objects/research_context.py:563}}
Jun 17 10:53:25.954054 np0000003035 devstack@placement-api.service[92315]: DEBUG placement.objects.research_context [req-7f2e8d50-0edb-4038-938b-bff94fdd133e req-e9e17997-2edd-4939-8c66-83c220d2482f service nova] found 1 providers after filtering by previous result {{(pid=92315) get_provider_ids_matching /opt/stack/placement/placement/objects/research_context.py:594}}
Jun 17 10:53:25.954550 np0000003035 devstack@placement-api.service[92314]: INFO placement.requestlog [req-2e246bc7-89bb-4bc9-beed-8267dbebcaec req-c024a1e0-287b-4bda-af51-a007e76dba02 service nova] 10.4.3.155 "GET /placement/allocations/e438be43-2bd4-447b-80d2-60d5ebc0018a" status: 200 len: 19 microversion: 1.28
Jun 17 10:53:25.954813 np0000003035 devstack@placement-api.service[92314]: [pid: 92314|app: 0|req: 10/25] 10.4.3.155 () {68 vars in 1501 bytes} [Wed Jun 17 10:53:25 2026] GET /placement/allocations/e438be43-2bd4-447b-80d2-60d5ebc0018a => generated 19 bytes in 9 msecs (HTTP/1.1 200) 8 headers in 295 bytes (1 switches on core 0)
Jun 17 10:53:25.965590 np0000003035 devstack@placement-api.service[92315]: DEBUG placement.objects.allocation_candidate [req-7f2e8d50-0edb-4038-938b-bff94fdd133e req-e9e17997-2edd-4939-8c66-83c220d2482f service nova] RequestGroup(use_same_provider=False, resources={MEMORY_MB:192, VCPU:1}, traits=(), aggregates=[]) (suffix '') returned 1 matches {{(pid=92315) _get_by_requests /opt/stack/placement/placement/objects/allocation_candidate.py:158}}
Jun 17 10:53:25.966064 np0000003035 devstack@placement-api.service[92315]: DEBUG placement.objects.allocation_candidate [req-7f2e8d50-0edb-4038-938b-bff94fdd133e req-e9e17997-2edd-4939-8c66-83c220d2482f service nova] Merging candidates yields 1 allocation requests and 1 provider summaries {{(pid=92315) _merge_candidates /opt/stack/placement/placement/objects/allocation_candidate.py:908}}
Jun 17 10:53:25.968147 np0000003035 devstack@placement-api.service[92315]: INFO placement.requestlog [req-7f2e8d50-0edb-4038-938b-bff94fdd133e req-e9e17997-2edd-4939-8c66-83c220d2482f service nova] 10.4.3.155 "GET /placement/allocation_candidates?limit=1000&resources=MEMORY_MB%3A192%2CVCPU%3A1&root_required=%21COMPUTE_STATUS_DISABLED" status: 200 len: 2478 microversion: 1.36
Jun 17 10:53:25.968287 np0000003035 devstack@placement-api.service[92315]: [pid: 92315|app: 0|req: 8/26] 10.4.3.155 () {68 vars in 1597 bytes} [Wed Jun 17 10:53:25 2026] GET /placement/allocation_candidates?limit=1000&resources=MEMORY_MB%3A192%2CVCPU%3A1&root_required=%21COMPUTE_STATUS_DISABLED => generated 2478 bytes in 51 msecs (HTTP/1.1 200) 8 headers in 297 bytes (1 switches on core 0)
Jun 17 10:53:26.006105 np0000003035 devstack@placement-api.service[92316]: DEBUG placement.requestlog [req-2e246bc7-89bb-4bc9-beed-8267dbebcaec req-11daf66c-67b1-4d7c-a29d-9eddf71d8d3c None None] Starting request: 10.4.3.155 "PUT /placement/allocations/e438be43-2bd4-447b-80d2-60d5ebc0018a" {{(pid=92316) __call__ /opt/stack/placement/placement/requestlog.py:55}}
Jun 17 10:53:26.024333 np0000003035 devstack@placement-api.service[92314]: DEBUG placement.requestlog [req-b20ae9c4-db28-4bfa-b82d-0dd667d3d3c8 req-1e846d45-acf3-4f15-bf94-022211a730f8 None None] Starting request: 10.4.3.155 "GET /placement/allocations/b3a65073-1d7f-4c4e-bafc-adb87851ad52" {{(pid=92314) __call__ /opt/stack/placement/placement/requestlog.py:55}}
