Aug 18 19:16:40.485139 np0000007688 devstack@g-api.service[103366]: INFO glance.api.v2.image_data [None req-1ae526d7-dc21-403e-834d-f72b2cc65d6f tempest-AttachSCSIVolumeTestJSON-797460223 tempest-AttachSCSIVolumeTestJSON-797460223-project-admin] Unable to create trust: no such option collect_timing in group [keystone_authtoken] Use the existing user token.
Aug 18 19:16:40.485721 np0000007688 devstack@g-api.service[103365]: [pid: 103365|app: 0|req: 8/30] 127.0.0.1 () {44 vars in 1055 bytes} [Tue Aug 18 19:16:40 2026] GET /v2/schemas/image => generated 6083 bytes in 3 msecs (HTTP/1.1 200) 4 headers in 158 bytes (1 switches on core 0)
Aug 18 19:16:40.496055 np0000007688 devstack@g-api.service[103367]: DEBUG glance.api.middleware.version_negotiation [None req-93408e5e-81d1-41a0-85f4-6d44cca222de tempest-AttachSCSIVolumeTestJSON-797460223 tempest-AttachSCSIVolumeTestJSON-797460223-project-admin] Determining version of request: GET /v2/schemas/image Accept: */* {{(pid=103367) process_request /opt/stack/glance/glance/api/middleware/version_negotiation.py:44}}
Aug 18 19:16:40.496055 np0000007688 devstack@g-api.service[103367]: DEBUG glance.api.middleware.version_negotiation [None req-93408e5e-81d1-41a0-85f4-6d44cca222de tempest-AttachSCSIVolumeTestJSON-797460223 tempest-AttachSCSIVolumeTestJSON-797460223-project-admin] Using url versioning {{(pid=103367) process_request /opt/stack/glance/glance/api/middleware/version_negotiation.py:57}}
Aug 18 19:16:40.496055 np0000007688 devstack@g-api.service[103367]: DEBUG glance.api.middleware.version_negotiation [None req-93408e5e-81d1-41a0-85f4-6d44cca222de tempest-AttachSCSIVolumeTestJSON-797460223 tempest-AttachSCSIVolumeTestJSON-797460223-project-admin] Matched version: v2 {{(pid=103367) process_request /opt/stack/glance/glance/api/middleware/version_negotiation.py:69}}
Aug 18 19:16:40.496055 np0000007688 devstack@g-api.service[103367]: DEBUG glance.api.middleware.version_negotiation [None req-93408e5e-81d1-41a0-85f4-6d44cca222de tempest-AttachSCSIVolumeTestJSON-797460223 tempest-AttachSCSIVolumeTestJSON-797460223-project-admin] new path /v2/schemas/image {{(pid=103367) process_request /opt/stack/glance/glance/api/middleware/version_negotiation.py:70}}
Aug 18 19:16:40.498221 np0000007688 devstack@g-api.service[103367]: [pid: 103367|app: 0|req: 7/31] 127.0.0.1 () {44 vars in 1055 bytes} [Tue Aug 18 19:16:40 2026] GET /v2/schemas/image => generated 6083 bytes in 4 msecs (HTTP/1.1 200) 4 headers in 158 bytes (1 switches on core 0)
Aug 18 19:16:40.506832 np0000007688 devstack@g-api.service[103364]: DEBUG glance.api.middleware.version_negotiation [None req-d2386a50-97fb-4a62-b113-7fb39990e213 tempest-TaggedBootDevicesTest-2086489054 tempest-TaggedBootDevicesTest-2086489054-project-member] Determining version of request: GET /v2/images/3394ab6b-bad1-4521-8a00-1c034f3dd2cc Accept: */* {{(pid=103364) process_request /opt/stack/glance/glance/api/middleware/version_negotiation.py:44}}
Aug 18 19:16:40.506944 np0000007688 devstack@g-api.service[103364]: DEBUG glance.api.middleware.version_negotiation [None req-d2386a50-97fb-4a62-b113-7fb39990e213 tempest-TaggedBootDevicesTest-2086489054 tempest-TaggedBootDevicesTest-2086489054-project-member] Using url versioning {{(pid=103364) process_request /opt/stack/glance/glance/api/middleware/version_negotiation.py:57}}
Aug 18 19:16:40.507065 np0000007688 devstack@g-api.service[103364]: DEBUG glance.api.middleware.version_negotiation [None req-d2386a50-97fb-4a62-b113-7fb39990e213 tempest-TaggedBootDevicesTest-2086489054 tempest-TaggedBootDevicesTest-2086489054-project-member] Matched version: v2 {{(pid=103364) process_request /opt/stack/glance/glance/api/middleware/version_negotiation.py:69}}
Aug 18 19:16:40.507179 np0000007688 devstack@g-api.service[103364]: DEBUG glance.api.middleware.version_negotiation [None req-d2386a50-97fb-4a62-b113-7fb39990e213 tempest-TaggedBootDevicesTest-2086489054 tempest-TaggedBootDevicesTest-2086489054-project-member] new path /v2/images/3394ab6b-bad1-4521-8a00-1c034f3dd2cc {{(pid=103364) process_request /opt/stack/glance/glance/api/middleware/version_negotiation.py:70}}
Aug 18 19:16:40.516528 np0000007688 devstack@g-api.service[103364]: [pid: 103364|app: 0|req: 9/32] 127.0.0.1 () {44 vars in 1115 bytes} [Tue Aug 18 19:16:40 2026] GET /v2/images/3394ab6b-bad1-4521-8a00-1c034f3dd2cc => generated 1044 bytes in 10 msecs (HTTP/1.1 200) 4 headers in 158 bytes (1 switches on core 0)
Aug 18 19:16:40.526689 np0000007688 devstack@g-api.service[103365]: DEBUG glance.api.middleware.version_negotiation [None req-d2386a50-97fb-4a62-b113-7fb39990e213 tempest-TaggedBootDevicesTest-2086489054 tempest-TaggedBootDevicesTest-2086489054-project-member] Determining version of request: GET /v2/schemas/image Accept: */* {{(pid=103365) process_request /opt/stack/glance/glance/api/middleware/version_negotiation.py:44}}
Aug 18 19:16:40.526689 np0000007688 devstack@g-api.service[103365]: DEBUG glance.api.middleware.version_negotiation [None req-d2386a50-97fb-4a62-b113-7fb39990e213 tempest-TaggedBootDevicesTest-2086489054 tempest-TaggedBootDevicesTest-2086489054-project-member] Using url versioning {{(pid=103365) process_request /opt/stack/glance/glance/api/middleware/version_negotiation.py:57}}
Aug 18 19:16:40.526689 np0000007688 devstack@g-api.service[103365]: DEBUG glance.api.middleware.version_negotiation [None req-d2386a50-97fb-4a62-b113-7fb39990e213 tempest-TaggedBootDevicesTest-2086489054 tempest-TaggedBootDevicesTest-2086489054-project-member] Matched version: v2 {{(pid=103365) process_request /opt/stack/glance/glance/api/middleware/version_negotiation.py:69}}
Aug 18 19:16:40.526965 np0000007688 devstack@g-api.service[103365]: DEBUG glance.api.middleware.version_negotiation [None req-d2386a50-97fb-4a62-b113-7fb39990e213 tempest-TaggedBootDevicesTest-2086489054 tempest-TaggedBootDevicesTest-2086489054-project-member] new path /v2/schemas/image {{(pid=103365) process_request /opt/stack/glance/glance/api/middleware/version_negotiation.py:70}}
Aug 18 19:16:40.530612 np0000007688 devstack@g-api.service[103365]: [pid: 103365|app: 0|req: 9/33] 127.0.0.1 () {44 vars in 1055 bytes} [Tue Aug 18 19:16:40 2026] GET /v2/schemas/image => generated 6083 bytes in 4 msecs (HTTP/1.1 200) 4 headers in 158 bytes (1 switches on core 0)
Aug 18 19:16:40.541331 np0000007688 devstack@g-api.service[103367]: DEBUG glance.api.middleware.version_negotiation [None req-d2386a50-97fb-4a62-b113-7fb39990e213 tempest-TaggedBootDevicesTest-2086489054 tempest-TaggedBootDevicesTest-2086489054-project-member] Determining version of request: GET /v2/schemas/image Accept: */* {{(pid=103367) process_request /opt/stack/glance/glance/api/middleware/version_negotiation.py:44}}
Aug 18 19:16:40.541331 np0000007688 devstack@g-api.service[103367]: DEBUG glance.api.middleware.version_negotiation [None req-d2386a50-97fb-4a62-b113-7fb39990e213 tempest-TaggedBootDevicesTest-2086489054 tempest-TaggedBootDevicesTest-2086489054-project-member] Using url versioning {{(pid=103367) process_request /opt/stack/glance/glance/api/middleware/version_negotiation.py:57}}
Aug 18 19:16:40.541331 np0000007688 devstack@g-api.service[103367]: DEBUG glance.api.middleware.version_negotiation [None req-d2386a50-97fb-4a62-b113-7fb39990e213 tempest-TaggedBootDevicesTest-2086489054 tempest-TaggedBootDevicesTest-2086489054-project-member] Matched version: v2 {{(pid=103367) process_request /opt/stack/glance/glance/api/middleware/version_negotiation.py:69}}
Aug 18 19:16:40.541331 np0000007688 devstack@g-api.service[103367]: DEBUG glance.api.middleware.version_negotiation [None req-d2386a50-97fb-4a62-b113-7fb39990e213 tempest-TaggedBootDevicesTest-2086489054 tempest-TaggedBootDevicesTest-2086489054-project-member] new path /v2/schemas/image {{(pid=103367) process_request /opt/stack/glance/glance/api/middleware/version_negotiation.py:70}}
Aug 18 19:16:40.544266 np0000007688 devstack@g-api.service[103367]: [pid: 103367|app: 0|req: 8/34] 127.0.0.1 () {44 vars in 1055 bytes} [Tue Aug 18 19:16:40 2026] GET /v2/schemas/image => generated 6083 bytes in 4 msecs (HTTP/1.1 200) 4 headers in 158 bytes (1 switches on core 0)
Aug 18 19:16:40.570177 np0000007688 devstack@g-api.service[103364]: DEBUG glance.api.middleware.version_negotiation [None req-d2386a50-97fb-4a62-b113-7fb39990e213 tempest-TaggedBootDevicesTest-2086489054 tempest-TaggedBootDevicesTest-2086489054-project-member] Determining version of request: GET /v2/images/3394ab6b-bad1-4521-8a00-1c034f3dd2cc Accept: */* {{(pid=103364) process_request /opt/stack/glance/glance/api/middleware/version_negotiation.py:44}}
Aug 18 19:16:40.570373 np0000007688 devstack@g-api.service[103364]: DEBUG glance.api.middleware.version_negotiation [None req-d2386a50-97fb-4a62-b113-7fb39990e213 tempest-TaggedBootDevicesTest-2086489054 tempest-TaggedBootDevicesTest-2086489054-project-member] Using url versioning {{(pid=103364) process_request /opt/stack/glance/glance/api/middleware/version_negotiation.py:57}}
Aug 18 19:16:40.570579 np0000007688 devstack@g-api.service[103364]: DEBUG glance.api.middleware.version_negotiation [None req-d2386a50-97fb-4a62-b113-7fb39990e213 tempest-TaggedBootDevicesTest-2086489054 tempest-TaggedBootDevicesTest-2086489054-project-member] Matched version: v2 {{(pid=103364) process_request /opt/stack/glance/glance/api/middleware/version_negotiation.py:69}}
Aug 18 19:16:40.570737 np0000007688 devstack@g-api.service[103364]: DEBUG glance.api.middleware.version_negotiation [None req-d2386a50-97fb-4a62-b113-7fb39990e213 tempest-TaggedBootDevicesTest-2086489054 tempest-TaggedBootDevicesTest-2086489054-project-member] new path /v2/images/3394ab6b-bad1-4521-8a00-1c034f3dd2cc {{(pid=103364) process_request /opt/stack/glance/glance/api/middleware/version_negotiation.py:70}}
Aug 18 19:16:40.581766 np0000007688 devstack@g-api.service[103364]: [pid: 103364|app: 0|req: 10/35] 127.0.0.1 () {44 vars in 1115 bytes} [Tue Aug 18 19:16:40 2026] GET /v2/images/3394ab6b-bad1-4521-8a00-1c034f3dd2cc => generated 1044 bytes in 12 msecs (HTTP/1.1 200) 4 headers in 158 bytes (1 switches on core 0)
Aug 18 19:16:40.600078 np0000007688 devstack@g-api.service[103365]: DEBUG glance.api.middleware.version_negotiation [None req-d2386a50-97fb-4a62-b113-7fb39990e213 tempest-TaggedBootDevicesTest-2086489054 tempest-TaggedBootDevicesTest-2086489054-project-member] Determining version of request: GET /v2/schemas/image Accept: */* {{(pid=103365) process_request /opt/stack/glance/glance/api/middleware/version_negotiation.py:44}}
Aug 18 19:16:40.600078 np0000007688 devstack@g-api.service[103365]: DEBUG glance.api.middleware.version_negotiation [None req-d2386a50-97fb-4a62-b113-7fb39990e213 tempest-TaggedBootDevicesTest-2086489054 tempest-TaggedBootDevicesTest-2086489054-project-member] Using url versioning {{(pid=103365) process_request /opt/stack/glance/glance/api/middleware/version_negotiation.py:57}}
Aug 18 19:16:40.600078 np0000007688 devstack@g-api.service[103365]: DEBUG glance.api.middleware.version_negotiation [None req-d2386a50-97fb-4a62-b113-7fb39990e213 tempest-TaggedBootDevicesTest-2086489054 tempest-TaggedBootDevicesTest-2086489054-project-member] Matched version: v2 {{(pid=103365) process_request /opt/stack/glance/glance/api/middleware/version_negotiation.py:69}}
Aug 18 19:16:40.600078 np0000007688 devstack@g-api.service[103365]: DEBUG glance.api.middleware.version_negotiation [None req-d2386a50-97fb-4a62-b113-7fb39990e213 tempest-TaggedBootDevicesTest-2086489054 tempest-TaggedBootDevicesTest-2086489054-project-member] new path /v2/schemas/image {{(pid=103365) process_request /opt/stack/glance/glance/api/middleware/version_negotiation.py:70}}
Aug 18 19:16:40.602711 np0000007688 devstack@g-api.service[103365]: [pid: 103365|app: 0|req: 10/36] 127.0.0.1 () {44 vars in 1055 bytes} [Tue Aug 18 19:16:40 2026] GET /v2/schemas/image => generated 6083 bytes in 4 msecs (HTTP/1.1 200) 4 headers in 158 bytes (1 switches on core 0)
Aug 18 19:16:40.618935 np0000007688 devstack@g-api.service[103367]: DEBUG glance.api.middleware.version_negotiation [None req-d2386a50-97fb-4a62-b113-7fb39990e213 tempest-TaggedBootDevicesTest-2086489054 tempest-TaggedBootDevicesTest-2086489054-project-member] Determining version of request: GET /v2/schemas/image Accept: */* {{(pid=103367) process_request /opt/stack/glance/glance/api/middleware/version_negotiation.py:44}}
Aug 18 19:16:40.619149 np0000007688 devstack@g-api.service[103367]: DEBUG glance.api.middleware.version_negotiation [None req-d2386a50-97fb-4a62-b113-7fb39990e213 tempest-TaggedBootDevicesTest-2086489054 tempest-TaggedBootDevicesTest-2086489054-project-member] Using url versioning {{(pid=103367) process_request /opt/stack/glance/glance/api/middleware/version_negotiation.py:57}}
Aug 18 19:16:40.619548 np0000007688 devstack@g-api.service[103367]: DEBUG glance.api.middleware.version_negotiation [None req-d2386a50-97fb-4a62-b113-7fb39990e213 tempest-TaggedBootDevicesTest-2086489054 tempest-TaggedBootDevicesTest-2086489054-project-member] Matched version: v2 {{(pid=103367) process_request /opt/stack/glance/glance/api/middleware/version_negotiation.py:69}}
Aug 18 19:16:40.619548 np0000007688 devstack@g-api.service[103367]: DEBUG glance.api.middleware.version_negotiation [None req-d2386a50-97fb-4a62-b113-7fb39990e213 tempest-TaggedBootDevicesTest-2086489054 tempest-TaggedBootDevicesTest-2086489054-project-member] new path /v2/schemas/image {{(pid=103367) process_request /opt/stack/glance/glance/api/middleware/version_negotiation.py:70}}
Aug 18 19:16:40.622286 np0000007688 devstack@g-api.service[103367]: [pid: 103367|app: 0|req: 9/37] 127.0.0.1 () {44 vars in 1055 bytes} [Tue Aug 18 19:16:40 2026] GET /v2/schemas/image => generated 6083 bytes in 3 msecs (HTTP/1.1 200) 4 headers in 158 bytes (1 switches on core 0)
Aug 18 19:16:41.126212 np0000007688 devstack@g-api.service[103366]: DEBUG glance.location [None req-1ae526d7-dc21-403e-834d-f72b2cc65d6f tempest-AttachSCSIVolumeTestJSON-797460223 tempest-AttachSCSIVolumeTestJSON-797460223-project-admin] Enabling in-flight format inspection for qcow2 {{(pid=103366) set_data /opt/stack/glance/glance/location.py:596}}
Aug 18 19:16:41.126632 np0000007688 devstack@g-api.service[103366]: DEBUG glance_store.backend [None req-1ae526d7-dc21-403e-834d-f72b2cc65d6f tempest-AttachSCSIVolumeTestJSON-797460223 tempest-AttachSCSIVolumeTestJSON-797460223-project-admin] Attempting to import store swift {{(pid=103366) _load_store /opt/stack/data/venv/lib/python3.12/site-packages/glance_store/backend.py:215}}
Aug 18 19:16:41.127969 np0000007688 devstack@g-api.service[103366]: DEBUG glance_store.capabilities [None req-1ae526d7-dc21-403e-834d-f72b2cc65d6f tempest-AttachSCSIVolumeTestJSON-797460223 tempest-AttachSCSIVolumeTestJSON-797460223-project-admin] Store glance_store._drivers.swift.store.SingleTenantStore doesn't support updating dynamic storage capabilities. Please overwrite 'update_capabilities' method of the store to implement updating logics if needed. {{(pid=103366) update_capabilities /opt/stack/data/venv/lib/python3.12/site-packages/glance_store/capabilities.py:91}}
Aug 18 19:16:41.128067 np0000007688 devstack@g-api.service[103366]: DEBUG glance_store.driver [None req-1ae526d7-dc21-403e-834d-f72b2cc65d6f tempest-AttachSCSIVolumeTestJSON-797460223 tempest-AttachSCSIVolumeTestJSON-797460223-project-admin] Late loading location class glance_store._drivers.swift.store.StoreLocation {{(pid=103366) get_store_location_class /opt/stack/data/venv/lib/python3.12/site-packages/glance_store/driver.py:134}}
Aug 18 19:16:41.128171 np0000007688 devstack@g-api.service[103366]: DEBUG glance_store.location [None req-1ae526d7-dc21-403e-834d-f72b2cc65d6f tempest-AttachSCSIVolumeTestJSON-797460223 tempest-AttachSCSIVolumeTestJSON-797460223-project-admin] Registering scheme swift+https with {'store': , 'location_class': , 'store_entry': 'swift'} {{(pid=103366) register_scheme_map /opt/stack/data/venv/lib/python3.12/site-packages/glance_store/location.py:146}}
Aug 18 19:16:41.128226 np0000007688 devstack@g-api.service[103366]: DEBUG glance_store.location [None req-1ae526d7-dc21-403e-834d-f72b2cc65d6f tempest-AttachSCSIVolumeTestJSON-797460223 tempest-AttachSCSIVolumeTestJSON-797460223-project-admin] Registering scheme swift+https with {'store': , 'location_class': , 'store_entry': 'swift'} {{(pid=103366) register_scheme_map /opt/stack/data/venv/lib/python3.12/site-packages/glance_store/location.py:146}}
Aug 18 19:16:41.128294 np0000007688 devstack@g-api.service[103366]: DEBUG glance_store.location [None req-1ae526d7-dc21-403e-834d-f72b2cc65d6f tempest-AttachSCSIVolumeTestJSON-797460223 tempest-AttachSCSIVolumeTestJSON-797460223-project-admin] Registering scheme swift with {'store': , 'location_class': , 'store_entry': 'swift'} {{(pid=103366) register_scheme_map /opt/stack/data/venv/lib/python3.12/site-packages/glance_store/location.py:146}}
Aug 18 19:16:41.128399 np0000007688 devstack@g-api.service[103366]: DEBUG glance_store.location [None req-1ae526d7-dc21-403e-834d-f72b2cc65d6f tempest-AttachSCSIVolumeTestJSON-797460223 tempest-AttachSCSIVolumeTestJSON-797460223-project-admin] Registering scheme swift+https with {'store': , 'location_class': , 'store_entry': 'swift'} {{(pid=103366) register_scheme_map /opt/stack/data/venv/lib/python3.12/site-packages/glance_store/location.py:146}}
Aug 18 19:16:41.128522 np0000007688 devstack@g-api.service[103366]: DEBUG glance_store.location [None req-1ae526d7-dc21-403e-834d-f72b2cc65d6f tempest-AttachSCSIVolumeTestJSON-797460223 tempest-AttachSCSIVolumeTestJSON-797460223-project-admin] Registering scheme swift with {'store': , 'location_class': , 'store_entry': 'swift'} {{(pid=103366) register_scheme_map /opt/stack/data/venv/lib/python3.12/site-packages/glance_store/location.py:146}}
Aug 18 19:16:41.128590 np0000007688 devstack@g-api.service[103366]: DEBUG glance_store.location [None req-1ae526d7-dc21-403e-834d-f72b2cc65d6f tempest-AttachSCSIVolumeTestJSON-797460223 tempest-AttachSCSIVolumeTestJSON-797460223-project-admin] Registering scheme swift+http with {'store': , 'location_class': , 'store_entry': 'swift'} {{(pid=103366) register_scheme_map /opt/stack/data/venv/lib/python3.12/site-packages/glance_store/location.py:146}}
Aug 18 19:16:41.128656 np0000007688 devstack@g-api.service[103366]: DEBUG glance_store.location [None req-1ae526d7-dc21-403e-834d-f72b2cc65d6f tempest-AttachSCSIVolumeTestJSON-797460223 tempest-AttachSCSIVolumeTestJSON-797460223-project-admin] Registering scheme swift+https with {'store': , 'location_class': , 'store_entry': 'swift'} {{(pid=103366) register_scheme_map /opt/stack/data/venv/lib/python3.12/site-packages/glance_store/location.py:146}}
Aug 18 19:16:41.128719 np0000007688 devstack@g-api.service[103366]: DEBUG glance_store.location [None req-1ae526d7-dc21-403e-834d-f72b2cc65d6f tempest-AttachSCSIVolumeTestJSON-797460223 tempest-AttachSCSIVolumeTestJSON-797460223-project-admin] Registering scheme swift with {'store': , 'location_class': , 'store_entry': 'swift'} {{(pid=103366) register_scheme_map /opt/stack/data/venv/lib/python3.12/site-packages/glance_store/location.py:146}}
Aug 18 19:16:41.128788 np0000007688 devstack@g-api.service[103366]: DEBUG glance_store.location [None req-1ae526d7-dc21-403e-834d-f72b2cc65d6f tempest-AttachSCSIVolumeTestJSON-797460223 tempest-AttachSCSIVolumeTestJSON-797460223-project-admin] Registering scheme swift+http with {'store': , 'location_class': , 'store_entry': 'swift'} {{(pid=103366) register_scheme_map /opt/stack/data/venv/lib/python3.12/site-packages/glance_store/location.py:146}}
Aug 18 19:16:41.128853 np0000007688 devstack@g-api.service[103366]: DEBUG glance_store.location [None req-1ae526d7-dc21-403e-834d-f72b2cc65d6f tempest-AttachSCSIVolumeTestJSON-797460223 tempest-AttachSCSIVolumeTestJSON-797460223-project-admin] Registering scheme swift+config with {'store': , 'location_class': , 'store_entry': 'swift'} {{(pid=103366) register_scheme_map /opt/stack/data/venv/lib/python3.12/site-packages/glance_store/location.py:146}}
Aug 18 19:16:41.187552 np0000007688 devstack@g-api.service[103364]: DEBUG glance.api.middleware.version_negotiation [None req-d2386a50-97fb-4a62-b113-7fb39990e213 tempest-TaggedBootDevicesTest-2086489054 tempest-TaggedBootDevicesTest-2086489054-project-member] Determining version of request: GET /versions Accept: */* {{(pid=103364) process_request /opt/stack/glance/glance/api/middleware/version_negotiation.py:44}}
Aug 18 19:16:41.188340 np0000007688 devstack@g-api.service[103364]: [pid: 103364|app: 0|req: 11/38] 127.0.0.1 () {44 vars in 1039 bytes} [Tue Aug 18 19:16:41 2026] GET /versions => generated 1515 bytes in 1 msecs (HTTP/1.1 200) 3 headers in 92 bytes (1 switches on core 0)
Aug 18 19:16:41.197439 np0000007688 devstack@g-api.service[103365]: DEBUG glance.api.middleware.version_negotiation [None req-d2386a50-97fb-4a62-b113-7fb39990e213 tempest-TaggedBootDevicesTest-2086489054 tempest-TaggedBootDevicesTest-2086489054-project-member] Determining version of request: GET /v2/images/3394ab6b-bad1-4521-8a00-1c034f3dd2cc/locations Accept: */* {{(pid=103365) process_request /opt/stack/glance/glance/api/middleware/version_negotiation.py:44}}
Aug 18 19:16:41.197439 np0000007688 devstack@g-api.service[103365]: DEBUG glance.api.middleware.version_negotiation [None req-d2386a50-97fb-4a62-b113-7fb39990e213 tempest-TaggedBootDevicesTest-2086489054 tempest-TaggedBootDevicesTest-2086489054-project-member] Using url versioning {{(pid=103365) process_request /opt/stack/glance/glance/api/middleware/version_negotiation.py:57}}
Aug 18 19:16:41.197439 np0000007688 devstack@g-api.service[103365]: DEBUG glance.api.middleware.version_negotiation [None req-d2386a50-97fb-4a62-b113-7fb39990e213 tempest-TaggedBootDevicesTest-2086489054 tempest-TaggedBootDevicesTest-2086489054-project-member] Matched version: v2 {{(pid=103365) process_request /opt/stack/glance/glance/api/middleware/version_negotiation.py:69}}
Aug 18 19:16:41.197439 np0000007688 devstack@g-api.service[103365]: DEBUG glance.api.middleware.version_negotiation [None req-d2386a50-97fb-4a62-b113-7fb39990e213 tempest-TaggedBootDevicesTest-2086489054 tempest-TaggedBootDevicesTest-2086489054-project-member] new path /v2/images/3394ab6b-bad1-4521-8a00-1c034f3dd2cc/locations {{(pid=103365) process_request /opt/stack/glance/glance/api/middleware/version_negotiation.py:70}}
Aug 18 19:16:41.529498 np0000007688 devstack@g-api.service[103366]: DEBUG swiftclient [None req-1ae526d7-dc21-403e-834d-f72b2cc65d6f tempest-AttachSCSIVolumeTestJSON-797460223 tempest-AttachSCSIVolumeTestJSON-797460223-project-admin] REQ: curl -i https://10.4.3.170:8080/v1/AUTH_7efc9f6a79a24a60aec1ea95324546db/glance -I -H "X-Auth-Token: gAAAAABqhK-Zz-DA..." {{(pid=103366) http_log /opt/stack/data/venv/lib/python3.12/site-packages/swiftclient/client.py:160}}
Aug 18 19:16:41.529772 np0000007688 devstack@g-api.service[103366]: DEBUG swiftclient [None req-1ae526d7-dc21-403e-834d-f72b2cc65d6f tempest-AttachSCSIVolumeTestJSON-797460223 tempest-AttachSCSIVolumeTestJSON-797460223-project-admin] RESP STATUS: 204 No Content {{(pid=103366) http_log /opt/stack/data/venv/lib/python3.12/site-packages/swiftclient/client.py:161}}
Aug 18 19:16:41.529772 np0000007688 devstack@g-api.service[103366]: DEBUG swiftclient [None req-1ae526d7-dc21-403e-834d-f72b2cc65d6f tempest-AttachSCSIVolumeTestJSON-797460223 tempest-AttachSCSIVolumeTestJSON-797460223-project-admin] RESP HEADERS: {'Date': 'Tue, 18 Aug 2026 19:16:41 GMT', 'Server': 'Apache/2.4.58 (Ubuntu)', 'Content-Type': 'text/plain; charset=utf-8', 'X-Container-Object-Count': '3', 'X-Container-Bytes-Used': '64356352', 'X-Timestamp': '1787080483.91170', 'Last-Modified': 'Tue, 18 Aug 2026 19:14:44 GMT', 'Accept-Ranges': 'bytes', 'X-Storage-Policy': 'Policy-0', 'X-Container-Sharding': 'False', 'Vary': 'Accept', 'X-Trans-Id': 'tx1d31c675e29140899708a-006a84af99', 'X-Openstack-Request-Id': 'tx1d31c675e29140899708a-006a84af99', 'Connection': 'close'} {{(pid=103366) http_log /opt/stack/data/venv/lib/python3.12/site-packages/swiftclient/client.py:162}}
Aug 18 19:16:41.529932 np0000007688 devstack@g-api.service[103366]: DEBUG glance_store._drivers.swift.store [None req-1ae526d7-dc21-403e-834d-f72b2cc65d6f tempest-AttachSCSIVolumeTestJSON-797460223 tempest-AttachSCSIVolumeTestJSON-797460223-project-admin] Adding image object '4078b4c3-b98e-4448-a233-44efcbb104c2' to Swift {{(pid=103366) add /opt/stack/data/venv/lib/python3.12/site-packages/glance_store/_drivers/swift/store.py:970}}
Aug 18 19:16:41.529932 np0000007688 devstack@g-api.service[103366]: DEBUG glance_store._drivers.swift.store [None req-1ae526d7-dc21-403e-834d-f72b2cc65d6f tempest-AttachSCSIVolumeTestJSON-797460223 tempest-AttachSCSIVolumeTestJSON-797460223-project-admin] Cannot determine image size because it is either not provided in the request or chunked-transfer encoding is used. Adding image as a segmented object to Swift. {{(pid=103366) add /opt/stack/data/venv/lib/python3.12/site-packages/glance_store/_drivers/swift/store.py:994}}
Aug 18 19:16:41.536578 np0000007688 devstack@g-api.service[103366]: DEBUG oslo_utils.imageutils.format_inspector [None req-1ae526d7-dc21-403e-834d-f72b2cc65d6f tempest-AttachSCSIVolumeTestJSON-797460223 tempest-AttachSCSIVolumeTestJSON-797460223-project-admin] Format inspector for vmdk does not match, excluding from consideration (Signature KDMV not found: b'QFI\xfb') {{(pid=103366) _process_chunk /opt/stack/data/venv/lib/python3.12/site-packages/oslo_utils/imageutils/format_inspector.py:1758}}
Aug 18 19:16:41.541400 np0000007688 devstack@g-api.service[103366]: DEBUG oslo_utils.imageutils.format_inspector [None req-1ae526d7-dc21-403e-834d-f72b2cc65d6f tempest-AttachSCSIVolumeTestJSON-797460223 tempest-AttachSCSIVolumeTestJSON-797460223-project-admin] Format inspector for vhdx does not match, excluding from consideration (Region signature not found at 30000) {{(pid=103366) _process_chunk /opt/stack/data/venv/lib/python3.12/site-packages/oslo_utils/imageutils/format_inspector.py:1758}}
Aug 18 19:16:41.558384 np0000007688 devstack@g-api.service[103365]: [pid: 103365|app: 0|req: 11/39] 127.0.0.1 () {44 vars in 1135 bytes} [Tue Aug 18 19:16:41 2026] GET /v2/images/3394ab6b-bad1-4521-8a00-1c034f3dd2cc/locations => generated 92 bytes in 362 msecs (HTTP/1.1 200) 4 headers in 156 bytes (1 switches on core 0)
Aug 18 19:16:41.568704 np0000007688 devstack@g-api.service[103367]: DEBUG glance.api.middleware.version_negotiation [None req-d2386a50-97fb-4a62-b113-7fb39990e213 tempest-TaggedBootDevicesTest-2086489054 tempest-TaggedBootDevicesTest-2086489054-project-member] Determining version of request: GET /v2/images/3394ab6b-bad1-4521-8a00-1c034f3dd2cc Accept: */* {{(pid=103367) process_request /opt/stack/glance/glance/api/middleware/version_negotiation.py:44}}
Aug 18 19:16:41.569084 np0000007688 devstack@g-api.service[103367]: DEBUG glance.api.middleware.version_negotiation [None req-d2386a50-97fb-4a62-b113-7fb39990e213 tempest-TaggedBootDevicesTest-2086489054 tempest-TaggedBootDevicesTest-2086489054-project-member] Using url versioning {{(pid=103367) process_request /opt/stack/glance/glance/api/middleware/version_negotiation.py:57}}
Aug 18 19:16:41.569084 np0000007688 devstack@g-api.service[103367]: DEBUG glance.api.middleware.version_negotiation [None req-d2386a50-97fb-4a62-b113-7fb39990e213 tempest-TaggedBootDevicesTest-2086489054 tempest-TaggedBootDevicesTest-2086489054-project-member] Matched version: v2 {{(pid=103367) process_request /opt/stack/glance/glance/api/middleware/version_negotiation.py:69}}
Aug 18 19:16:41.569084 np0000007688 devstack@g-api.service[103367]: DEBUG glance.api.middleware.version_negotiation [None req-d2386a50-97fb-4a62-b113-7fb39990e213 tempest-TaggedBootDevicesTest-2086489054 tempest-TaggedBootDevicesTest-2086489054-project-member] new path /v2/images/3394ab6b-bad1-4521-8a00-1c034f3dd2cc {{(pid=103367) process_request /opt/stack/glance/glance/api/middleware/version_negotiation.py:70}}
Aug 18 19:16:41.606827 np0000007688 devstack@g-api.service[103367]: [pid: 103367|app: 0|req: 10/40] 127.0.0.1 () {44 vars in 1115 bytes} [Tue Aug 18 19:16:41 2026] GET /v2/images/3394ab6b-bad1-4521-8a00-1c034f3dd2cc => generated 1044 bytes in 37 msecs (HTTP/1.1 200) 4 headers in 158 bytes (1 switches on core 0)
Aug 18 19:16:41.616549 np0000007688 devstack@g-api.service[103364]: DEBUG glance.api.middleware.version_negotiation [None req-d2386a50-97fb-4a62-b113-7fb39990e213 tempest-TaggedBootDevicesTest-2086489054 tempest-TaggedBootDevicesTest-2086489054-project-member] Determining version of request: GET /v2/schemas/image Accept: */* {{(pid=103364) process_request /opt/stack/glance/glance/api/middleware/version_negotiation.py:44}}
Aug 18 19:16:41.616786 np0000007688 devstack@g-api.service[103364]: DEBUG glance.api.middleware.version_negotiation [None req-d2386a50-97fb-4a62-b113-7fb39990e213 tempest-TaggedBootDevicesTest-2086489054 tempest-TaggedBootDevicesTest-2086489054-project-member] Using url versioning {{(pid=103364) process_request /opt/stack/glance/glance/api/middleware/version_negotiation.py:57}}
Aug 18 19:16:41.616970 np0000007688 devstack@g-api.service[103364]: DEBUG glance.api.middleware.version_negotiation [None req-d2386a50-97fb-4a62-b113-7fb39990e213 tempest-TaggedBootDevicesTest-2086489054 tempest-TaggedBootDevicesTest-2086489054-project-member] Matched version: v2 {{(pid=103364) process_request /opt/stack/glance/glance/api/middleware/version_negotiation.py:69}}
Aug 18 19:16:41.617125 np0000007688 devstack@g-api.service[103364]: DEBUG glance.api.middleware.version_negotiation [None req-d2386a50-97fb-4a62-b113-7fb39990e213 tempest-TaggedBootDevicesTest-2086489054 tempest-TaggedBootDevicesTest-2086489054-project-member] new path /v2/schemas/image {{(pid=103364) process_request /opt/stack/glance/glance/api/middleware/version_negotiation.py:70}}
Aug 18 19:16:41.620632 np0000007688 devstack@g-api.service[103364]: [pid: 103364|app: 0|req: 12/41] 127.0.0.1 () {44 vars in 1055 bytes} [Tue Aug 18 19:16:41 2026] GET /v2/schemas/image => generated 6083 bytes in 4 msecs (HTTP/1.1 200) 4 headers in 158 bytes (1 switches on core 0)
Aug 18 19:16:41.631981 np0000007688 devstack@g-api.service[103365]: DEBUG glance.api.middleware.version_negotiation [None req-d2386a50-97fb-4a62-b113-7fb39990e213 service glance] Determining version of request: GET /v2/schemas/image Accept: */* {{(pid=103365) process_request /opt/stack/glance/glance/api/middleware/version_negotiation.py:44}}
Aug 18 19:16:41.632209 np0000007688 devstack@g-api.service[103365]: DEBUG glance.api.middleware.version_negotiation [None req-d2386a50-97fb-4a62-b113-7fb39990e213 service glance] Using url versioning {{(pid=103365) process_request /opt/stack/glance/glance/api/middleware/version_negotiation.py:57}}
Aug 18 19:16:41.632421 np0000007688 devstack@g-api.service[103365]: DEBUG glance.api.middleware.version_negotiation [None req-d2386a50-97fb-4a62-b113-7fb39990e213 service glance] Matched version: v2 {{(pid=103365) process_request /opt/stack/glance/glance/api/middleware/version_negotiation.py:69}}
Aug 18 19:16:41.632786 np0000007688 devstack@g-api.service[103365]: DEBUG glance.api.middleware.version_negotiation [None req-d2386a50-97fb-4a62-b113-7fb39990e213 service glance] new path /v2/schemas/image {{(pid=103365) process_request /opt/stack/glance/glance/api/middleware/version_negotiation.py:70}}
Aug 18 19:16:41.638616 np0000007688 devstack@g-api.service[103365]: [pid: 103365|app: 0|req: 12/42] 127.0.0.1 () {44 vars in 1055 bytes} [Tue Aug 18 19:16:41 2026] GET /v2/schemas/image => generated 6083 bytes in 7 msecs (HTTP/1.1 200) 4 headers in 158 bytes (1 switches on core 0)
Aug 18 19:16:41.678164 np0000007688 devstack@g-api.service[103367]: DEBUG glance.api.middleware.version_negotiation [None req-d2386a50-97fb-4a62-b113-7fb39990e213 tempest-TaggedBootDevicesTest-2086489054 tempest-TaggedBootDevicesTest-2086489054-project-member] Determining version of request: GET /v2/images/3394ab6b-bad1-4521-8a00-1c034f3dd2cc Accept: */* {{(pid=103367) process_request /opt/stack/glance/glance/api/middleware/version_negotiation.py:44}}
Aug 18 19:16:41.678330 np0000007688 devstack@g-api.service[103367]: DEBUG glance.api.middleware.version_negotiation [None req-d2386a50-97fb-4a62-b113-7fb39990e213 tempest-TaggedBootDevicesTest-2086489054 tempest-TaggedBootDevicesTest-2086489054-project-member] Using url versioning {{(pid=103367) process_request /opt/stack/glance/glance/api/middleware/version_negotiation.py:57}}
Aug 18 19:16:41.678463 np0000007688 devstack@g-api.service[103367]: DEBUG glance.api.middleware.version_negotiation [None req-d2386a50-97fb-4a62-b113-7fb39990e213 tempest-TaggedBootDevicesTest-2086489054 tempest-TaggedBootDevicesTest-2086489054-project-member] Matched version: v2 {{(pid=103367) process_request /opt/stack/glance/glance/api/middleware/version_negotiation.py:69}}
Aug 18 19:16:41.678555 np0000007688 devstack@g-api.service[103367]: DEBUG glance.api.middleware.version_negotiation [None req-d2386a50-97fb-4a62-b113-7fb39990e213 tempest-TaggedBootDevicesTest-2086489054 tempest-TaggedBootDevicesTest-2086489054-project-member] new path /v2/images/3394ab6b-bad1-4521-8a00-1c034f3dd2cc {{(pid=103367) process_request /opt/stack/glance/glance/api/middleware/version_negotiation.py:70}}
Aug 18 19:16:41.692114 np0000007688 devstack@g-api.service[103367]: [pid: 103367|app: 0|req: 11/43] 127.0.0.1 () {44 vars in 1115 bytes} [Tue Aug 18 19:16:41 2026] GET /v2/images/3394ab6b-bad1-4521-8a00-1c034f3dd2cc => generated 1044 bytes in 14 msecs (HTTP/1.1 200) 4 headers in 158 bytes (1 switches on core 0)
Aug 18 19:16:41.700119 np0000007688 devstack@g-api.service[103364]: DEBUG glance.api.middleware.version_negotiation [None req-d2386a50-97fb-4a62-b113-7fb39990e213 tempest-TaggedBootDevicesTest-2086489054 tempest-TaggedBootDevicesTest-2086489054-project-member] Determining version of request: GET /v2/images/3394ab6b-bad1-4521-8a00-1c034f3dd2cc/file Accept: */* {{(pid=103364) process_request /opt/stack/glance/glance/api/middleware/version_negotiation.py:44}}
Aug 18 19:16:41.701212 np0000007688 devstack@g-api.service[103364]: DEBUG glance.api.middleware.version_negotiation [None req-d2386a50-97fb-4a62-b113-7fb39990e213 tempest-TaggedBootDevicesTest-2086489054 tempest-TaggedBootDevicesTest-2086489054-project-member] Using url versioning {{(pid=103364) process_request /opt/stack/glance/glance/api/middleware/version_negotiation.py:57}}
Aug 18 19:16:41.702286 np0000007688 devstack@g-api.service[103364]: DEBUG glance.api.middleware.version_negotiation [None req-d2386a50-97fb-4a62-b113-7fb39990e213 tempest-TaggedBootDevicesTest-2086489054 tempest-TaggedBootDevicesTest-2086489054-project-member] Matched version: v2 {{(pid=103364) process_request /opt/stack/glance/glance/api/middleware/version_negotiation.py:69}}
Aug 18 19:16:41.702463 np0000007688 devstack@g-api.service[103364]: DEBUG glance.api.middleware.version_negotiation [None req-d2386a50-97fb-4a62-b113-7fb39990e213 tempest-TaggedBootDevicesTest-2086489054 tempest-TaggedBootDevicesTest-2086489054-project-member] new path /v2/images/3394ab6b-bad1-4521-8a00-1c034f3dd2cc/file {{(pid=103364) process_request /opt/stack/glance/glance/api/middleware/version_negotiation.py:70}}
Aug 18 19:16:41.717449 np0000007688 devstack@g-api.service[103364]: DEBUG glance.api.middleware.cache [None req-d2386a50-97fb-4a62-b113-7fb39990e213 tempest-TaggedBootDevicesTest-2086489054 tempest-TaggedBootDevicesTest-2086489054-project-member] Cache hit for image '3394ab6b-bad1-4521-8a00-1c034f3dd2cc' {{(pid=103364) process_request /opt/stack/glance/glance/api/middleware/cache.py:160}}
Aug 18 19:16:41.767278 np0000007688 devstack@g-api.service[103366]: DEBUG swiftclient [None req-1ae526d7-dc21-403e-834d-f72b2cc65d6f tempest-AttachSCSIVolumeTestJSON-797460223 tempest-AttachSCSIVolumeTestJSON-797460223-project-admin] REQ: curl -i https://10.4.3.170:8080/v1/AUTH_7efc9f6a79a24a60aec1ea95324546db/glance/4078b4c3-b98e-4448-a233-44efcbb104c2-00001 -X PUT -H "X-Auth-Token: gAAAAABqhK-Zz-DA..." {{(pid=103366) http_log /opt/stack/data/venv/lib/python3.12/site-packages/swiftclient/client.py:160}}
Aug 18 19:16:41.769382 np0000007688 devstack@g-api.service[103366]: DEBUG swiftclient [None req-1ae526d7-dc21-403e-834d-f72b2cc65d6f tempest-AttachSCSIVolumeTestJSON-797460223 tempest-AttachSCSIVolumeTestJSON-797460223-project-admin] RESP STATUS: 201 Created {{(pid=103366) http_log /opt/stack/data/venv/lib/python3.12/site-packages/swiftclient/client.py:161}}
Aug 18 19:16:41.769382 np0000007688 devstack@g-api.service[103366]: DEBUG swiftclient [None req-1ae526d7-dc21-403e-834d-f72b2cc65d6f tempest-AttachSCSIVolumeTestJSON-797460223 tempest-AttachSCSIVolumeTestJSON-797460223-project-admin] RESP HEADERS: {'Date': 'Tue, 18 Aug 2026 19:16:41 GMT', 'Server': 'Apache/2.4.58 (Ubuntu)', 'Content-Type': 'text/html; charset=UTF-8', 'Content-Length': '0', 'Etag': '87617e24a5e30cb3b87fda8c0764838f', 'Last-Modified': 'Tue, 18 Aug 2026 19:16:42 GMT', 'X-Trans-Id': 'tx93f62c8051934e33aa322-006a84af99', 'X-Openstack-Request-Id': 'tx93f62c8051934e33aa322-006a84af99', 'Connection': 'close'} {{(pid=103366) http_log /opt/stack/data/venv/lib/python3.12/site-packages/swiftclient/client.py:162}}
Aug 18 19:16:41.769382 np0000007688 devstack@g-api.service[103366]: DEBUG glance_store._drivers.swift.store [None req-1ae526d7-dc21-403e-834d-f72b2cc65d6f tempest-AttachSCSIVolumeTestJSON-797460223 tempest-AttachSCSIVolumeTestJSON-797460223-project-admin] Wrote chunk 4078b4c3-b98e-4448-a233-44efcbb104c2-00001 (1/?) of length 21692416 to Swift returning MD5 of content: 87617e24a5e30cb3b87fda8c0764838f {{(pid=103366) add /opt/stack/data/venv/lib/python3.12/site-packages/glance_store/_drivers/swift/store.py:1059}}
Aug 18 19:16:41.769382 np0000007688 devstack@g-api.service[103366]: DEBUG glance_store._drivers.swift.store [None req-1ae526d7-dc21-403e-834d-f72b2cc65d6f tempest-AttachSCSIVolumeTestJSON-797460223 tempest-AttachSCSIVolumeTestJSON-797460223-project-admin] Not writing zero-length chunk. {{(pid=103366) add /opt/stack/data/venv/lib/python3.12/site-packages/glance_store/_drivers/swift/store.py:1028}}
Aug 18 19:16:41.794218 np0000007688 devstack@g-api.service[103364]: [pid: 103364|app: 0|req: 13/44] 127.0.0.1 () {44 vars in 1125 bytes} [Tue Aug 18 19:16:41 2026] GET /v2/images/3394ab6b-bad1-4521-8a00-1c034f3dd2cc/file => generated 21692416 bytes in 94 msecs (HTTP/1.1 200) 5 headers in 217 bytes (340 switches on core 0)
Aug 18 19:16:41.794603 np0000007688 devstack@g-api.service[103366]: DEBUG swiftclient [None req-1ae526d7-dc21-403e-834d-f72b2cc65d6f tempest-AttachSCSIVolumeTestJSON-797460223 tempest-AttachSCSIVolumeTestJSON-797460223-project-admin] REQ: curl -i https://10.4.3.170:8080/v1/AUTH_7efc9f6a79a24a60aec1ea95324546db/glance/4078b4c3-b98e-4448-a233-44efcbb104c2 -X PUT -H "X-Object-Manifest: glance/4078b4c3-b98e-4448-a233-44efcbb104c2-" -H "X-Auth-Token: gAAAAABqhK-Zz-DA..." -H "Content-Length: 0" {{(pid=103366) http_log /opt/stack/data/venv/lib/python3.12/site-packages/swiftclient/client.py:160}}
Aug 18 19:16:41.794700 np0000007688 devstack@g-api.service[103366]: DEBUG swiftclient [None req-1ae526d7-dc21-403e-834d-f72b2cc65d6f tempest-AttachSCSIVolumeTestJSON-797460223 tempest-AttachSCSIVolumeTestJSON-797460223-project-admin] RESP STATUS: 201 Created {{(pid=103366) http_log /opt/stack/data/venv/lib/python3.12/site-packages/swiftclient/client.py:161}}
Aug 18 19:16:41.794885 np0000007688 devstack@g-api.service[103366]: DEBUG swiftclient [None req-1ae526d7-dc21-403e-834d-f72b2cc65d6f tempest-AttachSCSIVolumeTestJSON-797460223 tempest-AttachSCSIVolumeTestJSON-797460223-project-admin] RESP HEADERS: {'Date': 'Tue, 18 Aug 2026 19:16:41 GMT', 'Server': 'Apache/2.4.58 (Ubuntu)', 'Content-Type': 'text/html; charset=UTF-8', 'Content-Length': '0', 'Etag': 'd41d8cd98f00b204e9800998ecf8427e', 'Last-Modified': 'Tue, 18 Aug 2026 19:16:42 GMT', 'X-Trans-Id': 'txd39ebadba4ab4f4a8135c-006a84af99', 'X-Openstack-Request-Id': 'txd39ebadba4ab4f4a8135c-006a84af99', 'Connection': 'close'} {{(pid=103366) http_log /opt/stack/data/venv/lib/python3.12/site-packages/swiftclient/client.py:162}}
Aug 18 19:16:41.795425 np0000007688 devstack@g-api.service[103366]: INFO glance.location [None req-1ae526d7-dc21-403e-834d-f72b2cc65d6f tempest-AttachSCSIVolumeTestJSON-797460223 tempest-AttachSCSIVolumeTestJSON-797460223-project-admin] Image format matched and virtual size computed: 117440512
Aug 18 19:16:41.833221 np0000007688 devstack@g-api.service[103366]: DEBUG glance_store.backend [None req-1ae526d7-dc21-403e-834d-f72b2cc65d6f tempest-AttachSCSIVolumeTestJSON-797460223 tempest-AttachSCSIVolumeTestJSON-797460223-project-admin] Attempting to import store swift {{(pid=103366) _load_store /opt/stack/data/venv/lib/python3.12/site-packages/glance_store/backend.py:215}}
Aug 18 19:16:41.834846 np0000007688 devstack@g-api.service[103366]: DEBUG glance_store.capabilities [None req-1ae526d7-dc21-403e-834d-f72b2cc65d6f tempest-AttachSCSIVolumeTestJSON-797460223 tempest-AttachSCSIVolumeTestJSON-797460223-project-admin] Store glance_store._drivers.swift.store.SingleTenantStore doesn't support updating dynamic storage capabilities. Please overwrite 'update_capabilities' method of the store to implement updating logics if needed. {{(pid=103366) update_capabilities /opt/stack/data/venv/lib/python3.12/site-packages/glance_store/capabilities.py:91}}
Aug 18 19:16:41.834963 np0000007688 devstack@g-api.service[103366]: DEBUG glance_store.driver [None req-1ae526d7-dc21-403e-834d-f72b2cc65d6f tempest-AttachSCSIVolumeTestJSON-797460223 tempest-AttachSCSIVolumeTestJSON-797460223-project-admin] Late loading location class glance_store._drivers.swift.store.StoreLocation {{(pid=103366) get_store_location_class /opt/stack/data/venv/lib/python3.12/site-packages/glance_store/driver.py:134}}
Aug 18 19:16:41.835042 np0000007688 devstack@g-api.service[103366]: DEBUG glance_store.location [None req-1ae526d7-dc21-403e-834d-f72b2cc65d6f tempest-AttachSCSIVolumeTestJSON-797460223 tempest-AttachSCSIVolumeTestJSON-797460223-project-admin] Registering scheme swift+https with {'store': , 'location_class': , 'store_entry': 'swift'} {{(pid=103366) register_scheme_map /opt/stack/data/venv/lib/python3.12/site-packages/glance_store/location.py:146}}
Aug 18 19:16:41.835149 np0000007688 devstack@g-api.service[103366]: DEBUG glance_store.location [None req-1ae526d7-dc21-403e-834d-f72b2cc65d6f tempest-AttachSCSIVolumeTestJSON-797460223 tempest-AttachSCSIVolumeTestJSON-797460223-project-admin] Registering scheme swift+https with {'store': , 'location_class': , 'store_entry': 'swift'} {{(pid=103366) register_scheme_map /opt/stack/data/venv/lib/python3.12/site-packages/glance_store/location.py:146}}
Aug 18 19:16:41.835206 np0000007688 devstack@g-api.service[103366]: DEBUG glance_store.location [None req-1ae526d7-dc21-403e-834d-f72b2cc65d6f tempest-AttachSCSIVolumeTestJSON-797460223 tempest-AttachSCSIVolumeTestJSON-797460223-project-admin] Registering scheme swift with {'store': , 'location_class': , 'store_entry': 'swift'} {{(pid=103366) register_scheme_map /opt/stack/data/venv/lib/python3.12/site-packages/glance_store/location.py:146}}
Aug 18 19:16:41.835266 np0000007688 devstack@g-api.service[103366]: DEBUG glance_store.location [None req-1ae526d7-dc21-403e-834d-f72b2cc65d6f tempest-AttachSCSIVolumeTestJSON-797460223 tempest-AttachSCSIVolumeTestJSON-797460223-project-admin] Registering scheme swift+https with {'store': , 'location_class': , 'store_entry': 'swift'} {{(pid=103366) register_scheme_map /opt/stack/data/venv/lib/python3.12/site-packages/glance_store/location.py:146}}
Aug 18 19:16:41.835345 np0000007688 devstack@g-api.service[103366]: DEBUG glance_store.location [None req-1ae526d7-dc21-403e-834d-f72b2cc65d6f tempest-AttachSCSIVolumeTestJSON-797460223 tempest-AttachSCSIVolumeTestJSON-797460223-project-admin] Registering scheme swift with {'store': , 'location_class': , 'store_entry': 'swift'} {{(pid=103366) register_scheme_map /opt/stack/data/venv/lib/python3.12/site-packages/glance_store/location.py:146}}
Aug 18 19:16:41.835503 np0000007688 devstack@g-api.service[103366]: DEBUG glance_store.location [None req-1ae526d7-dc21-403e-834d-f72b2cc65d6f tempest-AttachSCSIVolumeTestJSON-797460223 tempest-AttachSCSIVolumeTestJSON-797460223-project-admin] Registering scheme swift+http with {'store': , 'location_class': , 'store_entry': 'swift'} {{(pid=103366) register_scheme_map /opt/stack/data/venv/lib/python3.12/site-packages/glance_store/location.py:146}}
Aug 18 19:16:41.835638 np0000007688 devstack@g-api.service[103366]: DEBUG glance_store.location [None req-1ae526d7-dc21-403e-834d-f72b2cc65d6f tempest-AttachSCSIVolumeTestJSON-797460223 tempest-AttachSCSIVolumeTestJSON-797460223-project-admin] Registering scheme swift+https with {'store': , 'location_class': , 'store_entry': 'swift'} {{(pid=103366) register_scheme_map /opt/stack/data/venv/lib/python3.12/site-packages/glance_store/location.py:146}}
Aug 18 19:16:41.835750 np0000007688 devstack@g-api.service[103366]: DEBUG glance_store.location [None req-1ae526d7-dc21-403e-834d-f72b2cc65d6f tempest-AttachSCSIVolumeTestJSON-797460223 tempest-AttachSCSIVolumeTestJSON-797460223-project-admin] Registering scheme swift with {'store': , 'location_class': , 'store_entry': 'swift'} {{(pid=103366) register_scheme_map /opt/stack/data/venv/lib/python3.12/site-packages/glance_store/location.py:146}}
Aug 18 19:16:41.835868 np0000007688 devstack@g-api.service[103366]: DEBUG glance_store.location [None req-1ae526d7-dc21-403e-834d-f72b2cc65d6f tempest-AttachSCSIVolumeTestJSON-797460223 tempest-AttachSCSIVolumeTestJSON-797460223-project-admin] Registering scheme swift+http with {'store': , 'location_class': , 'store_entry': 'swift'} {{(pid=103366) register_scheme_map /opt/stack/data/venv/lib/python3.12/site-packages/glance_store/location.py:146}}
Aug 18 19:16:41.835950 np0000007688 devstack@g-api.service[103366]: DEBUG glance_store.location [None req-1ae526d7-dc21-403e-834d-f72b2cc65d6f tempest-AttachSCSIVolumeTestJSON-797460223 tempest-AttachSCSIVolumeTestJSON-797460223-project-admin] Registering scheme swift+config with {'store': , 'location_class': , 'store_entry': 'swift'} {{(pid=103366) register_scheme_map /opt/stack/data/venv/lib/python3.12/site-packages/glance_store/location.py:146}}
Aug 18 19:16:41.836030 np0000007688 devstack@g-api.service[103366]: DEBUG glance_store.backend [None req-1ae526d7-dc21-403e-834d-f72b2cc65d6f tempest-AttachSCSIVolumeTestJSON-797460223 tempest-AttachSCSIVolumeTestJSON-797460223-project-admin] Skipping store.set_acls... not implemented. {{(pid=103366) set_acls /opt/stack/data/venv/lib/python3.12/site-packages/glance_store/backend.py:507}}
Aug 18 19:16:41.837804 np0000007688 devstack@g-api.service[103366]: [pid: 103366|app: 0|req: 9/45] 127.0.0.1 () {40 vars in 858 bytes} [Tue Aug 18 19:16:39 2026] PUT /v2/images/4078b4c3-b98e-4448-a233-44efcbb104c2/file => generated 0 bytes in 2166 msecs (HTTP/1.1 204) 4 headers in 171 bytes (1 switches on core 0)
Aug 18 19:16:41.891112 np0000007688 devstack@g-api.service[103365]: DEBUG glance.api.middleware.version_negotiation [None req-d2386a50-97fb-4a62-b113-7fb39990e213 tempest-TaggedBootDevicesTest-2086489054 tempest-TaggedBootDevicesTest-2086489054-project-member] Determining version of request: GET /v2/images/3394ab6b-bad1-4521-8a00-1c034f3dd2cc Accept: */* {{(pid=103365) process_request /opt/stack/glance/glance/api/middleware/version_negotiation.py:44}}
Aug 18 19:16:41.891280 np0000007688 devstack@g-api.service[103365]: DEBUG glance.api.middleware.version_negotiation [None req-d2386a50-97fb-4a62-b113-7fb39990e213 tempest-TaggedBootDevicesTest-2086489054 tempest-TaggedBootDevicesTest-2086489054-project-member] Using url versioning {{(pid=103365) process_request /opt/stack/glance/glance/api/middleware/version_negotiation.py:57}}
Aug 18 19:16:41.891466 np0000007688 devstack@g-api.service[103365]: DEBUG glance.api.middleware.version_negotiation [None req-d2386a50-97fb-4a62-b113-7fb39990e213 tempest-TaggedBootDevicesTest-2086489054 tempest-TaggedBootDevicesTest-2086489054-project-member] Matched version: v2 {{(pid=103365) process_request /opt/stack/glance/glance/api/middleware/version_negotiation.py:69}}
Aug 18 19:16:41.891606 np0000007688 devstack@g-api.service[103365]: DEBUG glance.api.middleware.version_negotiation [None req-d2386a50-97fb-4a62-b113-7fb39990e213 tempest-TaggedBootDevicesTest-2086489054 tempest-TaggedBootDevicesTest-2086489054-project-member] new path /v2/images/3394ab6b-bad1-4521-8a00-1c034f3dd2cc {{(pid=103365) process_request /opt/stack/glance/glance/api/middleware/version_negotiation.py:70}}
Aug 18 19:16:41.903383 np0000007688 devstack@g-api.service[103365]: [pid: 103365|app: 0|req: 13/46] 127.0.0.1 () {44 vars in 1115 bytes} [Tue Aug 18 19:16:41 2026] GET /v2/images/3394ab6b-bad1-4521-8a00-1c034f3dd2cc => generated 1044 bytes in 12 msecs (HTTP/1.1 200) 4 headers in 158 bytes (1 switches on core 0)
Aug 18 19:16:41.912017 np0000007688 devstack@g-api.service[103367]: DEBUG glance.api.middleware.version_negotiation [None req-d2386a50-97fb-4a62-b113-7fb39990e213 tempest-TaggedBootDevicesTest-2086489054 tempest-TaggedBootDevicesTest-2086489054-project-member] Determining version of request: GET /v2/schemas/image Accept: */* {{(pid=103367) process_request /opt/stack/glance/glance/api/middleware/version_negotiation.py:44}}
Aug 18 19:16:41.912229 np0000007688 devstack@g-api.service[103367]: DEBUG glance.api.middleware.version_negotiation [None req-d2386a50-97fb-4a62-b113-7fb39990e213 tempest-TaggedBootDevicesTest-2086489054 tempest-TaggedBootDevicesTest-2086489054-project-member] Using url versioning {{(pid=103367) process_request /opt/stack/glance/glance/api/middleware/version_negotiation.py:57}}
