May 28 23:54:04.254496 np0000001664 devstack@g-api.service[98898]: DEBUG glance_store.location [None req-c08beb53-0b7a-4ce0-84b5-490e0f667677 tempest-AttachSCSIVolumeTestJSON-874742876 tempest-AttachSCSIVolumeTestJSON-874742876-project-admin] Registering scheme swift+https with {'store': , 'location_class': , 'store_entry': 'swift'} {{(pid=98898) register_scheme_map /opt/stack/data/venv/lib/python3.12/site-packages/glance_store/location.py:146}}
May 28 23:54:04.254824 np0000001664 devstack@g-api.service[98898]: DEBUG glance_store.location [None req-c08beb53-0b7a-4ce0-84b5-490e0f667677 tempest-AttachSCSIVolumeTestJSON-874742876 tempest-AttachSCSIVolumeTestJSON-874742876-project-admin] Registering scheme swift with {'store': , 'location_class': , 'store_entry': 'swift'} {{(pid=98898) register_scheme_map /opt/stack/data/venv/lib/python3.12/site-packages/glance_store/location.py:146}}
May 28 23:54:04.254969 np0000001664 devstack@g-api.service[98898]: DEBUG glance_store.location [None req-c08beb53-0b7a-4ce0-84b5-490e0f667677 tempest-AttachSCSIVolumeTestJSON-874742876 tempest-AttachSCSIVolumeTestJSON-874742876-project-admin] Registering scheme swift+https with {'store': , 'location_class': , 'store_entry': 'swift'} {{(pid=98898) register_scheme_map /opt/stack/data/venv/lib/python3.12/site-packages/glance_store/location.py:146}}
May 28 23:54:04.255225 np0000001664 devstack@g-api.service[98898]: DEBUG glance_store.location [None req-c08beb53-0b7a-4ce0-84b5-490e0f667677 tempest-AttachSCSIVolumeTestJSON-874742876 tempest-AttachSCSIVolumeTestJSON-874742876-project-admin] Registering scheme swift with {'store': , 'location_class': , 'store_entry': 'swift'} {{(pid=98898) register_scheme_map /opt/stack/data/venv/lib/python3.12/site-packages/glance_store/location.py:146}}
May 28 23:54:04.255366 np0000001664 devstack@g-api.service[98898]: DEBUG glance_store.location [None req-c08beb53-0b7a-4ce0-84b5-490e0f667677 tempest-AttachSCSIVolumeTestJSON-874742876 tempest-AttachSCSIVolumeTestJSON-874742876-project-admin] Registering scheme swift+http with {'store': , 'location_class': , 'store_entry': 'swift'} {{(pid=98898) register_scheme_map /opt/stack/data/venv/lib/python3.12/site-packages/glance_store/location.py:146}}
May 28 23:54:04.255479 np0000001664 devstack@g-api.service[98898]: DEBUG glance_store.location [None req-c08beb53-0b7a-4ce0-84b5-490e0f667677 tempest-AttachSCSIVolumeTestJSON-874742876 tempest-AttachSCSIVolumeTestJSON-874742876-project-admin] Registering scheme swift+https with {'store': , 'location_class': , 'store_entry': 'swift'} {{(pid=98898) register_scheme_map /opt/stack/data/venv/lib/python3.12/site-packages/glance_store/location.py:146}}
May 28 23:54:04.255598 np0000001664 devstack@g-api.service[98898]: DEBUG glance_store.location [None req-c08beb53-0b7a-4ce0-84b5-490e0f667677 tempest-AttachSCSIVolumeTestJSON-874742876 tempest-AttachSCSIVolumeTestJSON-874742876-project-admin] Registering scheme swift with {'store': , 'location_class': , 'store_entry': 'swift'} {{(pid=98898) register_scheme_map /opt/stack/data/venv/lib/python3.12/site-packages/glance_store/location.py:146}}
May 28 23:54:04.255765 np0000001664 devstack@g-api.service[98898]: DEBUG glance_store.location [None req-c08beb53-0b7a-4ce0-84b5-490e0f667677 tempest-AttachSCSIVolumeTestJSON-874742876 tempest-AttachSCSIVolumeTestJSON-874742876-project-admin] Registering scheme swift+http with {'store': , 'location_class': , 'store_entry': 'swift'} {{(pid=98898) register_scheme_map /opt/stack/data/venv/lib/python3.12/site-packages/glance_store/location.py:146}}
May 28 23:54:04.255953 np0000001664 devstack@g-api.service[98898]: DEBUG glance_store.location [None req-c08beb53-0b7a-4ce0-84b5-490e0f667677 tempest-AttachSCSIVolumeTestJSON-874742876 tempest-AttachSCSIVolumeTestJSON-874742876-project-admin] Registering scheme swift+config with {'store': , 'location_class': , 'store_entry': 'swift'} {{(pid=98898) register_scheme_map /opt/stack/data/venv/lib/python3.12/site-packages/glance_store/location.py:146}}
May 28 23:54:04.676710 np0000001664 devstack@g-api.service[98898]: DEBUG swiftclient [None req-c08beb53-0b7a-4ce0-84b5-490e0f667677 tempest-AttachSCSIVolumeTestJSON-874742876 tempest-AttachSCSIVolumeTestJSON-874742876-project-admin] REQ: curl -i https://10.4.3.134:8080/v1/AUTH_36076b8066dc4530ae92d85eccbedd65/glance -I -H "X-Auth-Token: gAAAAABqGNWcw7v-..." {{(pid=98898) http_log /opt/stack/data/venv/lib/python3.12/site-packages/swiftclient/client.py:160}}
May 28 23:54:04.676710 np0000001664 devstack@g-api.service[98898]: DEBUG swiftclient [None req-c08beb53-0b7a-4ce0-84b5-490e0f667677 tempest-AttachSCSIVolumeTestJSON-874742876 tempest-AttachSCSIVolumeTestJSON-874742876-project-admin] RESP STATUS: 204 No Content {{(pid=98898) http_log /opt/stack/data/venv/lib/python3.12/site-packages/swiftclient/client.py:161}}
May 28 23:54:04.676710 np0000001664 devstack@g-api.service[98898]: DEBUG swiftclient [None req-c08beb53-0b7a-4ce0-84b5-490e0f667677 tempest-AttachSCSIVolumeTestJSON-874742876 tempest-AttachSCSIVolumeTestJSON-874742876-project-admin] RESP HEADERS: {'Date': 'Thu, 28 May 2026 23:54:04 GMT', 'Server': 'Apache/2.4.58 (Ubuntu)', 'Content-Type': 'text/plain; charset=utf-8', 'X-Container-Object-Count': '3', 'X-Container-Bytes-Used': '64356352', 'X-Timestamp': '1780012308.91071', 'Last-Modified': 'Thu, 28 May 2026 23:51:49 GMT', 'Accept-Ranges': 'bytes', 'X-Storage-Policy': 'Policy-0', 'X-Container-Sharding': 'False', 'Vary': 'Accept', 'X-Trans-Id': 'txa141c00161de4a45bddc5-006a18d59c', 'X-Openstack-Request-Id': 'txa141c00161de4a45bddc5-006a18d59c', 'Connection': 'close'} {{(pid=98898) http_log /opt/stack/data/venv/lib/python3.12/site-packages/swiftclient/client.py:162}}
May 28 23:54:04.676710 np0000001664 devstack@g-api.service[98898]: DEBUG glance_store._drivers.swift.store [None req-c08beb53-0b7a-4ce0-84b5-490e0f667677 tempest-AttachSCSIVolumeTestJSON-874742876 tempest-AttachSCSIVolumeTestJSON-874742876-project-admin] Adding image object '10e88e11-b7c0-426c-8395-1174b7f01f04' to Swift {{(pid=98898) add /opt/stack/data/venv/lib/python3.12/site-packages/glance_store/_drivers/swift/store.py:970}}
May 28 23:54:04.677229 np0000001664 devstack@g-api.service[98898]: DEBUG glance_store._drivers.swift.store [None req-c08beb53-0b7a-4ce0-84b5-490e0f667677 tempest-AttachSCSIVolumeTestJSON-874742876 tempest-AttachSCSIVolumeTestJSON-874742876-project-admin] Cannot determine image size because it is either not provided in the request or chunked-transfer encoding is used. Adding image as a segmented object to Swift. {{(pid=98898) add /opt/stack/data/venv/lib/python3.12/site-packages/glance_store/_drivers/swift/store.py:994}}
May 28 23:54:04.683044 np0000001664 devstack@g-api.service[98898]: DEBUG oslo_utils.imageutils.format_inspector [None req-c08beb53-0b7a-4ce0-84b5-490e0f667677 tempest-AttachSCSIVolumeTestJSON-874742876 tempest-AttachSCSIVolumeTestJSON-874742876-project-admin] Format inspector for vmdk does not match, excluding from consideration (Signature KDMV not found: b'QFI\xfb') {{(pid=98898) _process_chunk /opt/stack/data/venv/lib/python3.12/site-packages/oslo_utils/imageutils/format_inspector.py:1758}}
May 28 23:54:04.685569 np0000001664 devstack@g-api.service[98898]: DEBUG oslo_utils.imageutils.format_inspector [None req-c08beb53-0b7a-4ce0-84b5-490e0f667677 tempest-AttachSCSIVolumeTestJSON-874742876 tempest-AttachSCSIVolumeTestJSON-874742876-project-admin] Format inspector for vhdx does not match, excluding from consideration (Region signature not found at 30000) {{(pid=98898) _process_chunk /opt/stack/data/venv/lib/python3.12/site-packages/oslo_utils/imageutils/format_inspector.py:1758}}
May 28 23:54:04.904645 np0000001664 devstack@g-api.service[98898]: DEBUG swiftclient [None req-c08beb53-0b7a-4ce0-84b5-490e0f667677 tempest-AttachSCSIVolumeTestJSON-874742876 tempest-AttachSCSIVolumeTestJSON-874742876-project-admin] REQ: curl -i https://10.4.3.134:8080/v1/AUTH_36076b8066dc4530ae92d85eccbedd65/glance/10e88e11-b7c0-426c-8395-1174b7f01f04-00001 -X PUT -H "X-Auth-Token: gAAAAABqGNWcw7v-..." {{(pid=98898) http_log /opt/stack/data/venv/lib/python3.12/site-packages/swiftclient/client.py:160}}
May 28 23:54:04.904751 np0000001664 devstack@g-api.service[98898]: DEBUG swiftclient [None req-c08beb53-0b7a-4ce0-84b5-490e0f667677 tempest-AttachSCSIVolumeTestJSON-874742876 tempest-AttachSCSIVolumeTestJSON-874742876-project-admin] RESP STATUS: 201 Created {{(pid=98898) http_log /opt/stack/data/venv/lib/python3.12/site-packages/swiftclient/client.py:161}}
May 28 23:54:04.904856 np0000001664 devstack@g-api.service[98898]: DEBUG swiftclient [None req-c08beb53-0b7a-4ce0-84b5-490e0f667677 tempest-AttachSCSIVolumeTestJSON-874742876 tempest-AttachSCSIVolumeTestJSON-874742876-project-admin] RESP HEADERS: {'Date': 'Thu, 28 May 2026 23:54:04 GMT', 'Server': 'Apache/2.4.58 (Ubuntu)', 'Content-Type': 'text/html; charset=UTF-8', 'Content-Length': '0', 'Etag': '87617e24a5e30cb3b87fda8c0764838f', 'Last-Modified': 'Thu, 28 May 2026 23:54:05 GMT', 'X-Trans-Id': 'tx2961d57d706e421fa946c-006a18d59c', 'X-Openstack-Request-Id': 'tx2961d57d706e421fa946c-006a18d59c', 'Connection': 'close'} {{(pid=98898) http_log /opt/stack/data/venv/lib/python3.12/site-packages/swiftclient/client.py:162}}
May 28 23:54:04.905005 np0000001664 devstack@g-api.service[98898]: DEBUG glance_store._drivers.swift.store [None req-c08beb53-0b7a-4ce0-84b5-490e0f667677 tempest-AttachSCSIVolumeTestJSON-874742876 tempest-AttachSCSIVolumeTestJSON-874742876-project-admin] Wrote chunk 10e88e11-b7c0-426c-8395-1174b7f01f04-00001 (1/?) of length 21692416 to Swift returning MD5 of content: 87617e24a5e30cb3b87fda8c0764838f {{(pid=98898) add /opt/stack/data/venv/lib/python3.12/site-packages/glance_store/_drivers/swift/store.py:1059}}
May 28 23:54:04.908425 np0000001664 devstack@g-api.service[98898]: DEBUG glance_store._drivers.swift.store [None req-c08beb53-0b7a-4ce0-84b5-490e0f667677 tempest-AttachSCSIVolumeTestJSON-874742876 tempest-AttachSCSIVolumeTestJSON-874742876-project-admin] Not writing zero-length chunk. {{(pid=98898) add /opt/stack/data/venv/lib/python3.12/site-packages/glance_store/_drivers/swift/store.py:1028}}
May 28 23:54:04.929106 np0000001664 devstack@g-api.service[98898]: DEBUG swiftclient [None req-c08beb53-0b7a-4ce0-84b5-490e0f667677 tempest-AttachSCSIVolumeTestJSON-874742876 tempest-AttachSCSIVolumeTestJSON-874742876-project-admin] REQ: curl -i https://10.4.3.134:8080/v1/AUTH_36076b8066dc4530ae92d85eccbedd65/glance/10e88e11-b7c0-426c-8395-1174b7f01f04 -X PUT -H "X-Object-Manifest: glance/10e88e11-b7c0-426c-8395-1174b7f01f04-" -H "X-Auth-Token: gAAAAABqGNWcw7v-..." -H "Content-Length: 0" {{(pid=98898) http_log /opt/stack/data/venv/lib/python3.12/site-packages/swiftclient/client.py:160}}
May 28 23:54:04.929224 np0000001664 devstack@g-api.service[98898]: DEBUG swiftclient [None req-c08beb53-0b7a-4ce0-84b5-490e0f667677 tempest-AttachSCSIVolumeTestJSON-874742876 tempest-AttachSCSIVolumeTestJSON-874742876-project-admin] RESP STATUS: 201 Created {{(pid=98898) http_log /opt/stack/data/venv/lib/python3.12/site-packages/swiftclient/client.py:161}}
May 28 23:54:04.929423 np0000001664 devstack@g-api.service[98898]: DEBUG swiftclient [None req-c08beb53-0b7a-4ce0-84b5-490e0f667677 tempest-AttachSCSIVolumeTestJSON-874742876 tempest-AttachSCSIVolumeTestJSON-874742876-project-admin] RESP HEADERS: {'Date': 'Thu, 28 May 2026 23:54:04 GMT', 'Server': 'Apache/2.4.58 (Ubuntu)', 'Content-Type': 'text/html; charset=UTF-8', 'Content-Length': '0', 'Etag': 'd41d8cd98f00b204e9800998ecf8427e', 'Last-Modified': 'Thu, 28 May 2026 23:54:05 GMT', 'X-Trans-Id': 'tx2a8365e8ed7d4623b4ab9-006a18d59c', 'X-Openstack-Request-Id': 'tx2a8365e8ed7d4623b4ab9-006a18d59c', 'Connection': 'close'} {{(pid=98898) http_log /opt/stack/data/venv/lib/python3.12/site-packages/swiftclient/client.py:162}}
May 28 23:54:04.929888 np0000001664 devstack@g-api.service[98898]: INFO glance.location [None req-c08beb53-0b7a-4ce0-84b5-490e0f667677 tempest-AttachSCSIVolumeTestJSON-874742876 tempest-AttachSCSIVolumeTestJSON-874742876-project-admin] Image format matched and virtual size computed: 117440512
May 28 23:54:04.942279 np0000001664 devstack@g-api.service[98899]: DEBUG glance.api.middleware.version_negotiation [None req-8ed72697-731f-4e9d-ac60-d5ca4c73bd16 tempest-TaggedBootDevicesTest-1517693456 tempest-TaggedBootDevicesTest-1517693456-project-member] Determining version of request: GET /versions Accept: */* {{(pid=98899) process_request /opt/stack/glance/glance/api/middleware/version_negotiation.py:44}}
May 28 23:54:04.942931 np0000001664 devstack@g-api.service[98899]: [pid: 98899|app: 0|req: 24/37] 127.0.0.1 () {44 vars in 1039 bytes} [Thu May 28 23:54:04 2026] GET /versions => generated 1407 bytes in 1 msecs (HTTP/1.1 200) 3 headers in 92 bytes (1 switches on core 0)
May 28 23:54:04.951857 np0000001664 devstack@g-api.service[98899]: DEBUG glance.api.middleware.version_negotiation [None req-8ed72697-731f-4e9d-ac60-d5ca4c73bd16 tempest-TaggedBootDevicesTest-1517693456 tempest-TaggedBootDevicesTest-1517693456-project-member] Determining version of request: GET /v2/images/efabbd16-17b0-494b-b32d-b8e076403bef/locations Accept: */* {{(pid=98899) process_request /opt/stack/glance/glance/api/middleware/version_negotiation.py:44}}
May 28 23:54:04.951997 np0000001664 devstack@g-api.service[98899]: DEBUG glance.api.middleware.version_negotiation [None req-8ed72697-731f-4e9d-ac60-d5ca4c73bd16 tempest-TaggedBootDevicesTest-1517693456 tempest-TaggedBootDevicesTest-1517693456-project-member] Using url versioning {{(pid=98899) process_request /opt/stack/glance/glance/api/middleware/version_negotiation.py:57}}
May 28 23:54:04.952074 np0000001664 devstack@g-api.service[98899]: DEBUG glance.api.middleware.version_negotiation [None req-8ed72697-731f-4e9d-ac60-d5ca4c73bd16 tempest-TaggedBootDevicesTest-1517693456 tempest-TaggedBootDevicesTest-1517693456-project-member] Matched version: v2 {{(pid=98899) process_request /opt/stack/glance/glance/api/middleware/version_negotiation.py:69}}
May 28 23:54:04.952176 np0000001664 devstack@g-api.service[98899]: DEBUG glance.api.middleware.version_negotiation [None req-8ed72697-731f-4e9d-ac60-d5ca4c73bd16 tempest-TaggedBootDevicesTest-1517693456 tempest-TaggedBootDevicesTest-1517693456-project-member] new path /v2/images/efabbd16-17b0-494b-b32d-b8e076403bef/locations {{(pid=98899) process_request /opt/stack/glance/glance/api/middleware/version_negotiation.py:70}}
May 28 23:54:04.953315 np0000001664 devstack@g-api.service[98898]: DEBUG glance_store.backend [None req-c08beb53-0b7a-4ce0-84b5-490e0f667677 tempest-AttachSCSIVolumeTestJSON-874742876 tempest-AttachSCSIVolumeTestJSON-874742876-project-admin] Attempting to import store swift {{(pid=98898) _load_store /opt/stack/data/venv/lib/python3.12/site-packages/glance_store/backend.py:215}}
May 28 23:54:04.955235 np0000001664 devstack@g-api.service[98898]: DEBUG glance_store.capabilities [None req-c08beb53-0b7a-4ce0-84b5-490e0f667677 tempest-AttachSCSIVolumeTestJSON-874742876 tempest-AttachSCSIVolumeTestJSON-874742876-project-admin] Store glance_store._drivers.swift.store.SingleTenantStore doesn't support updating dynamic storage capabilities. Please overwrite 'update_capabilities' method of the store to implement updating logics if needed. {{(pid=98898) update_capabilities /opt/stack/data/venv/lib/python3.12/site-packages/glance_store/capabilities.py:91}}
May 28 23:54:04.955235 np0000001664 devstack@g-api.service[98898]: DEBUG glance_store.driver [None req-c08beb53-0b7a-4ce0-84b5-490e0f667677 tempest-AttachSCSIVolumeTestJSON-874742876 tempest-AttachSCSIVolumeTestJSON-874742876-project-admin] Late loading location class glance_store._drivers.swift.store.StoreLocation {{(pid=98898) get_store_location_class /opt/stack/data/venv/lib/python3.12/site-packages/glance_store/driver.py:134}}
May 28 23:54:04.955235 np0000001664 devstack@g-api.service[98898]: DEBUG glance_store.location [None req-c08beb53-0b7a-4ce0-84b5-490e0f667677 tempest-AttachSCSIVolumeTestJSON-874742876 tempest-AttachSCSIVolumeTestJSON-874742876-project-admin] Registering scheme swift+https with {'store': , 'location_class': , 'store_entry': 'swift'} {{(pid=98898) register_scheme_map /opt/stack/data/venv/lib/python3.12/site-packages/glance_store/location.py:146}}
May 28 23:54:04.955569 np0000001664 devstack@g-api.service[98898]: DEBUG glance_store.location [None req-c08beb53-0b7a-4ce0-84b5-490e0f667677 tempest-AttachSCSIVolumeTestJSON-874742876 tempest-AttachSCSIVolumeTestJSON-874742876-project-admin] Registering scheme swift+https with {'store': , 'location_class': , 'store_entry': 'swift'} {{(pid=98898) register_scheme_map /opt/stack/data/venv/lib/python3.12/site-packages/glance_store/location.py:146}}
May 28 23:54:04.955650 np0000001664 devstack@g-api.service[98898]: DEBUG glance_store.location [None req-c08beb53-0b7a-4ce0-84b5-490e0f667677 tempest-AttachSCSIVolumeTestJSON-874742876 tempest-AttachSCSIVolumeTestJSON-874742876-project-admin] Registering scheme swift with {'store': , 'location_class': , 'store_entry': 'swift'} {{(pid=98898) register_scheme_map /opt/stack/data/venv/lib/python3.12/site-packages/glance_store/location.py:146}}
May 28 23:54:04.955755 np0000001664 devstack@g-api.service[98898]: DEBUG glance_store.location [None req-c08beb53-0b7a-4ce0-84b5-490e0f667677 tempest-AttachSCSIVolumeTestJSON-874742876 tempest-AttachSCSIVolumeTestJSON-874742876-project-admin] Registering scheme swift+https with {'store': , 'location_class': , 'store_entry': 'swift'} {{(pid=98898) register_scheme_map /opt/stack/data/venv/lib/python3.12/site-packages/glance_store/location.py:146}}
May 28 23:54:04.955838 np0000001664 devstack@g-api.service[98898]: DEBUG glance_store.location [None req-c08beb53-0b7a-4ce0-84b5-490e0f667677 tempest-AttachSCSIVolumeTestJSON-874742876 tempest-AttachSCSIVolumeTestJSON-874742876-project-admin] Registering scheme swift with {'store': , 'location_class': , 'store_entry': 'swift'} {{(pid=98898) register_scheme_map /opt/stack/data/venv/lib/python3.12/site-packages/glance_store/location.py:146}}
May 28 23:54:04.955918 np0000001664 devstack@g-api.service[98898]: DEBUG glance_store.location [None req-c08beb53-0b7a-4ce0-84b5-490e0f667677 tempest-AttachSCSIVolumeTestJSON-874742876 tempest-AttachSCSIVolumeTestJSON-874742876-project-admin] Registering scheme swift+http with {'store': , 'location_class': , 'store_entry': 'swift'} {{(pid=98898) register_scheme_map /opt/stack/data/venv/lib/python3.12/site-packages/glance_store/location.py:146}}
May 28 23:54:04.956001 np0000001664 devstack@g-api.service[98898]: DEBUG glance_store.location [None req-c08beb53-0b7a-4ce0-84b5-490e0f667677 tempest-AttachSCSIVolumeTestJSON-874742876 tempest-AttachSCSIVolumeTestJSON-874742876-project-admin] Registering scheme swift+https with {'store': , 'location_class': , 'store_entry': 'swift'} {{(pid=98898) register_scheme_map /opt/stack/data/venv/lib/python3.12/site-packages/glance_store/location.py:146}}
May 28 23:54:04.956081 np0000001664 devstack@g-api.service[98898]: DEBUG glance_store.location [None req-c08beb53-0b7a-4ce0-84b5-490e0f667677 tempest-AttachSCSIVolumeTestJSON-874742876 tempest-AttachSCSIVolumeTestJSON-874742876-project-admin] Registering scheme swift with {'store': , 'location_class': , 'store_entry': 'swift'} {{(pid=98898) register_scheme_map /opt/stack/data/venv/lib/python3.12/site-packages/glance_store/location.py:146}}
May 28 23:54:04.956162 np0000001664 devstack@g-api.service[98898]: DEBUG glance_store.location [None req-c08beb53-0b7a-4ce0-84b5-490e0f667677 tempest-AttachSCSIVolumeTestJSON-874742876 tempest-AttachSCSIVolumeTestJSON-874742876-project-admin] Registering scheme swift+http with {'store': , 'location_class': , 'store_entry': 'swift'} {{(pid=98898) register_scheme_map /opt/stack/data/venv/lib/python3.12/site-packages/glance_store/location.py:146}}
May 28 23:54:04.956239 np0000001664 devstack@g-api.service[98898]: DEBUG glance_store.location [None req-c08beb53-0b7a-4ce0-84b5-490e0f667677 tempest-AttachSCSIVolumeTestJSON-874742876 tempest-AttachSCSIVolumeTestJSON-874742876-project-admin] Registering scheme swift+config with {'store': , 'location_class': , 'store_entry': 'swift'} {{(pid=98898) register_scheme_map /opt/stack/data/venv/lib/python3.12/site-packages/glance_store/location.py:146}}
May 28 23:54:04.956352 np0000001664 devstack@g-api.service[98898]: DEBUG glance_store.backend [None req-c08beb53-0b7a-4ce0-84b5-490e0f667677 tempest-AttachSCSIVolumeTestJSON-874742876 tempest-AttachSCSIVolumeTestJSON-874742876-project-admin] Skipping store.set_acls... not implemented. {{(pid=98898) set_acls /opt/stack/data/venv/lib/python3.12/site-packages/glance_store/backend.py:507}}
May 28 23:54:04.958385 np0000001664 devstack@g-api.service[98898]: [pid: 98898|app: 0|req: 14/38] 127.0.0.1 () {40 vars in 858 bytes} [Thu May 28 23:54:03 2026] PUT /v2/images/10e88e11-b7c0-426c-8395-1174b7f01f04/file => generated 0 bytes in 1952 msecs (HTTP/1.1 204) 4 headers in 171 bytes (1 switches on core 0)
May 28 23:54:05.317995 np0000001664 devstack@g-api.service[98898]: DEBUG glance.api.middleware.version_negotiation [None req-c08beb53-0b7a-4ce0-84b5-490e0f667677 tempest-AttachSCSIVolumeTestJSON-874742876 tempest-AttachSCSIVolumeTestJSON-874742876-project-admin] Determining version of request: GET /v2/images/efabbd16-17b0-494b-b32d-b8e076403bef Accept: */* {{(pid=98898) process_request /opt/stack/glance/glance/api/middleware/version_negotiation.py:44}}
May 28 23:54:05.318197 np0000001664 devstack@g-api.service[98898]: DEBUG glance.api.middleware.version_negotiation [None req-c08beb53-0b7a-4ce0-84b5-490e0f667677 tempest-AttachSCSIVolumeTestJSON-874742876 tempest-AttachSCSIVolumeTestJSON-874742876-project-admin] Using url versioning {{(pid=98898) process_request /opt/stack/glance/glance/api/middleware/version_negotiation.py:57}}
May 28 23:54:05.318394 np0000001664 devstack@g-api.service[98898]: DEBUG glance.api.middleware.version_negotiation [None req-c08beb53-0b7a-4ce0-84b5-490e0f667677 tempest-AttachSCSIVolumeTestJSON-874742876 tempest-AttachSCSIVolumeTestJSON-874742876-project-admin] Matched version: v2 {{(pid=98898) process_request /opt/stack/glance/glance/api/middleware/version_negotiation.py:69}}
May 28 23:54:05.318542 np0000001664 devstack@g-api.service[98898]: DEBUG glance.api.middleware.version_negotiation [None req-c08beb53-0b7a-4ce0-84b5-490e0f667677 tempest-AttachSCSIVolumeTestJSON-874742876 tempest-AttachSCSIVolumeTestJSON-874742876-project-admin] new path /v2/images/efabbd16-17b0-494b-b32d-b8e076403bef {{(pid=98898) process_request /opt/stack/glance/glance/api/middleware/version_negotiation.py:70}}
May 28 23:54:05.330491 np0000001664 devstack@g-api.service[98898]: [pid: 98898|app: 0|req: 15/39] 127.0.0.1 () {44 vars in 1115 bytes} [Thu May 28 23:54:05 2026] GET /v2/images/efabbd16-17b0-494b-b32d-b8e076403bef => generated 1044 bytes in 13 msecs (HTTP/1.1 200) 4 headers in 158 bytes (1 switches on core 0)
May 28 23:54:05.334602 np0000001664 devstack@g-api.service[98899]: [pid: 98899|app: 0|req: 25/40] 127.0.0.1 () {44 vars in 1135 bytes} [Thu May 28 23:54:04 2026] GET /v2/images/efabbd16-17b0-494b-b32d-b8e076403bef/locations => generated 92 bytes in 383 msecs (HTTP/1.1 200) 4 headers in 156 bytes (1 switches on core 0)
May 28 23:54:05.339269 np0000001664 devstack@g-api.service[98898]: DEBUG glance.api.middleware.version_negotiation [None req-2dfd4425-9be4-4fc2-b901-e4ec3d1333cd tempest-TaggedBootDevicesTest_v242-666652692 tempest-TaggedBootDevicesTest_v242-666652692-project-member] Determining version of request: GET /v2/schemas/image Accept: */* {{(pid=98898) process_request /opt/stack/glance/glance/api/middleware/version_negotiation.py:44}}
May 28 23:54:05.339481 np0000001664 devstack@g-api.service[98898]: DEBUG glance.api.middleware.version_negotiation [None req-2dfd4425-9be4-4fc2-b901-e4ec3d1333cd tempest-TaggedBootDevicesTest_v242-666652692 tempest-TaggedBootDevicesTest_v242-666652692-project-member] Using url versioning {{(pid=98898) process_request /opt/stack/glance/glance/api/middleware/version_negotiation.py:57}}
May 28 23:54:05.340057 np0000001664 devstack@g-api.service[98898]: DEBUG glance.api.middleware.version_negotiation [None req-2dfd4425-9be4-4fc2-b901-e4ec3d1333cd tempest-TaggedBootDevicesTest_v242-666652692 tempest-TaggedBootDevicesTest_v242-666652692-project-member] Matched version: v2 {{(pid=98898) process_request /opt/stack/glance/glance/api/middleware/version_negotiation.py:69}}
May 28 23:54:05.340057 np0000001664 devstack@g-api.service[98898]: DEBUG glance.api.middleware.version_negotiation [None req-2dfd4425-9be4-4fc2-b901-e4ec3d1333cd tempest-TaggedBootDevicesTest_v242-666652692 tempest-TaggedBootDevicesTest_v242-666652692-project-member] new path /v2/schemas/image {{(pid=98898) process_request /opt/stack/glance/glance/api/middleware/version_negotiation.py:70}}
May 28 23:54:05.342341 np0000001664 devstack@g-api.service[98898]: [pid: 98898|app: 0|req: 16/41] 127.0.0.1 () {44 vars in 1055 bytes} [Thu May 28 23:54:05 2026] GET /v2/schemas/image => generated 6083 bytes in 3 msecs (HTTP/1.1 200) 4 headers in 158 bytes (1 switches on core 0)
May 28 23:54:05.342925 np0000001664 devstack@g-api.service[98899]: DEBUG glance.api.middleware.version_negotiation [None req-8ed72697-731f-4e9d-ac60-d5ca4c73bd16 service glance] Determining version of request: GET /v2/images/efabbd16-17b0-494b-b32d-b8e076403bef Accept: */* {{(pid=98899) process_request /opt/stack/glance/glance/api/middleware/version_negotiation.py:44}}
May 28 23:54:05.343047 np0000001664 devstack@g-api.service[98899]: DEBUG glance.api.middleware.version_negotiation [None req-8ed72697-731f-4e9d-ac60-d5ca4c73bd16 service glance] Using url versioning {{(pid=98899) process_request /opt/stack/glance/glance/api/middleware/version_negotiation.py:57}}
May 28 23:54:05.343192 np0000001664 devstack@g-api.service[98899]: DEBUG glance.api.middleware.version_negotiation [None req-8ed72697-731f-4e9d-ac60-d5ca4c73bd16 service glance] Matched version: v2 {{(pid=98899) process_request /opt/stack/glance/glance/api/middleware/version_negotiation.py:69}}
May 28 23:54:05.343335 np0000001664 devstack@g-api.service[98899]: DEBUG glance.api.middleware.version_negotiation [None req-8ed72697-731f-4e9d-ac60-d5ca4c73bd16 service glance] new path /v2/images/efabbd16-17b0-494b-b32d-b8e076403bef {{(pid=98899) process_request /opt/stack/glance/glance/api/middleware/version_negotiation.py:70}}
May 28 23:54:05.350427 np0000001664 devstack@g-api.service[98898]: DEBUG glance.api.middleware.version_negotiation [None req-2dfd4425-9be4-4fc2-b901-e4ec3d1333cd tempest-TaggedBootDevicesTest_v242-666652692 tempest-TaggedBootDevicesTest_v242-666652692-project-member] Determining version of request: GET /v2/schemas/image Accept: */* {{(pid=98898) process_request /opt/stack/glance/glance/api/middleware/version_negotiation.py:44}}
May 28 23:54:05.350559 np0000001664 devstack@g-api.service[98898]: DEBUG glance.api.middleware.version_negotiation [None req-2dfd4425-9be4-4fc2-b901-e4ec3d1333cd tempest-TaggedBootDevicesTest_v242-666652692 tempest-TaggedBootDevicesTest_v242-666652692-project-member] Using url versioning {{(pid=98898) process_request /opt/stack/glance/glance/api/middleware/version_negotiation.py:57}}
May 28 23:54:05.350691 np0000001664 devstack@g-api.service[98898]: DEBUG glance.api.middleware.version_negotiation [None req-2dfd4425-9be4-4fc2-b901-e4ec3d1333cd tempest-TaggedBootDevicesTest_v242-666652692 tempest-TaggedBootDevicesTest_v242-666652692-project-member] Matched version: v2 {{(pid=98898) process_request /opt/stack/glance/glance/api/middleware/version_negotiation.py:69}}
May 28 23:54:05.350809 np0000001664 devstack@g-api.service[98898]: DEBUG glance.api.middleware.version_negotiation [None req-2dfd4425-9be4-4fc2-b901-e4ec3d1333cd tempest-TaggedBootDevicesTest_v242-666652692 tempest-TaggedBootDevicesTest_v242-666652692-project-member] new path /v2/schemas/image {{(pid=98898) process_request /opt/stack/glance/glance/api/middleware/version_negotiation.py:70}}
May 28 23:54:05.353094 np0000001664 devstack@g-api.service[98898]: [pid: 98898|app: 0|req: 17/42] 127.0.0.1 () {44 vars in 1055 bytes} [Thu May 28 23:54:05 2026] GET /v2/schemas/image => generated 6083 bytes in 3 msecs (HTTP/1.1 200) 4 headers in 158 bytes (1 switches on core 0)
May 28 23:54:05.354180 np0000001664 devstack@g-api.service[98899]: [pid: 98899|app: 0|req: 26/43] 127.0.0.1 () {44 vars in 1115 bytes} [Thu May 28 23:54:05 2026] GET /v2/images/efabbd16-17b0-494b-b32d-b8e076403bef => generated 1044 bytes in 11 msecs (HTTP/1.1 200) 4 headers in 158 bytes (1 switches on core 0)
May 28 23:54:05.361206 np0000001664 devstack@g-api.service[98898]: DEBUG glance.api.middleware.version_negotiation [None req-2dfd4425-9be4-4fc2-b901-e4ec3d1333cd tempest-TaggedBootDevicesTest_v242-666652692 tempest-TaggedBootDevicesTest_v242-666652692-project-member] Determining version of request: GET /v2/images/efabbd16-17b0-494b-b32d-b8e076403bef Accept: */* {{(pid=98898) process_request /opt/stack/glance/glance/api/middleware/version_negotiation.py:44}}
May 28 23:54:05.361499 np0000001664 devstack@g-api.service[98898]: DEBUG glance.api.middleware.version_negotiation [None req-2dfd4425-9be4-4fc2-b901-e4ec3d1333cd tempest-TaggedBootDevicesTest_v242-666652692 tempest-TaggedBootDevicesTest_v242-666652692-project-member] Using url versioning {{(pid=98898) process_request /opt/stack/glance/glance/api/middleware/version_negotiation.py:57}}
May 28 23:54:05.361679 np0000001664 devstack@g-api.service[98898]: DEBUG glance.api.middleware.version_negotiation [None req-2dfd4425-9be4-4fc2-b901-e4ec3d1333cd tempest-TaggedBootDevicesTest_v242-666652692 tempest-TaggedBootDevicesTest_v242-666652692-project-member] Matched version: v2 {{(pid=98898) process_request /opt/stack/glance/glance/api/middleware/version_negotiation.py:69}}
May 28 23:54:05.361837 np0000001664 devstack@g-api.service[98898]: DEBUG glance.api.middleware.version_negotiation [None req-2dfd4425-9be4-4fc2-b901-e4ec3d1333cd tempest-TaggedBootDevicesTest_v242-666652692 tempest-TaggedBootDevicesTest_v242-666652692-project-member] new path /v2/images/efabbd16-17b0-494b-b32d-b8e076403bef {{(pid=98898) process_request /opt/stack/glance/glance/api/middleware/version_negotiation.py:70}}
May 28 23:54:05.363567 np0000001664 devstack@g-api.service[98899]: DEBUG glance.api.middleware.version_negotiation [None req-8ed72697-731f-4e9d-ac60-d5ca4c73bd16 tempest-TaggedBootDevicesTest-1517693456 tempest-TaggedBootDevicesTest-1517693456-project-member] Determining version of request: GET /v2/schemas/image Accept: */* {{(pid=98899) process_request /opt/stack/glance/glance/api/middleware/version_negotiation.py:44}}
May 28 23:54:05.363826 np0000001664 devstack@g-api.service[98899]: DEBUG glance.api.middleware.version_negotiation [None req-8ed72697-731f-4e9d-ac60-d5ca4c73bd16 tempest-TaggedBootDevicesTest-1517693456 tempest-TaggedBootDevicesTest-1517693456-project-member] Using url versioning {{(pid=98899) process_request /opt/stack/glance/glance/api/middleware/version_negotiation.py:57}}
May 28 23:54:05.363944 np0000001664 devstack@g-api.service[98899]: DEBUG glance.api.middleware.version_negotiation [None req-8ed72697-731f-4e9d-ac60-d5ca4c73bd16 tempest-TaggedBootDevicesTest-1517693456 tempest-TaggedBootDevicesTest-1517693456-project-member] Matched version: v2 {{(pid=98899) process_request /opt/stack/glance/glance/api/middleware/version_negotiation.py:69}}
May 28 23:54:05.364214 np0000001664 devstack@g-api.service[98899]: DEBUG glance.api.middleware.version_negotiation [None req-8ed72697-731f-4e9d-ac60-d5ca4c73bd16 tempest-TaggedBootDevicesTest-1517693456 tempest-TaggedBootDevicesTest-1517693456-project-member] new path /v2/schemas/image {{(pid=98899) process_request /opt/stack/glance/glance/api/middleware/version_negotiation.py:70}}
May 28 23:54:05.366667 np0000001664 devstack@g-api.service[98899]: [pid: 98899|app: 0|req: 27/44] 127.0.0.1 () {44 vars in 1055 bytes} [Thu May 28 23:54:05 2026] GET /v2/schemas/image => generated 6083 bytes in 3 msecs (HTTP/1.1 200) 4 headers in 158 bytes (1 switches on core 0)
May 28 23:54:05.375477 np0000001664 devstack@g-api.service[98898]: [pid: 98898|app: 0|req: 18/45] 127.0.0.1 () {44 vars in 1115 bytes} [Thu May 28 23:54:05 2026] GET /v2/images/efabbd16-17b0-494b-b32d-b8e076403bef => generated 1044 bytes in 14 msecs (HTTP/1.1 200) 4 headers in 158 bytes (1 switches on core 0)
May 28 23:54:05.379654 np0000001664 devstack@g-api.service[98899]: DEBUG glance.api.middleware.version_negotiation [None req-8ed72697-731f-4e9d-ac60-d5ca4c73bd16 tempest-TaggedBootDevicesTest-1517693456 tempest-TaggedBootDevicesTest-1517693456-project-member] Determining version of request: GET /v2/schemas/image Accept: */* {{(pid=98899) process_request /opt/stack/glance/glance/api/middleware/version_negotiation.py:44}}
May 28 23:54:05.379809 np0000001664 devstack@g-api.service[98899]: DEBUG glance.api.middleware.version_negotiation [None req-8ed72697-731f-4e9d-ac60-d5ca4c73bd16 tempest-TaggedBootDevicesTest-1517693456 tempest-TaggedBootDevicesTest-1517693456-project-member] Using url versioning {{(pid=98899) process_request /opt/stack/glance/glance/api/middleware/version_negotiation.py:57}}
May 28 23:54:05.380014 np0000001664 devstack@g-api.service[98899]: DEBUG glance.api.middleware.version_negotiation [None req-8ed72697-731f-4e9d-ac60-d5ca4c73bd16 tempest-TaggedBootDevicesTest-1517693456 tempest-TaggedBootDevicesTest-1517693456-project-member] Matched version: v2 {{(pid=98899) process_request /opt/stack/glance/glance/api/middleware/version_negotiation.py:69}}
May 28 23:54:05.380159 np0000001664 devstack@g-api.service[98899]: DEBUG glance.api.middleware.version_negotiation [None req-8ed72697-731f-4e9d-ac60-d5ca4c73bd16 tempest-TaggedBootDevicesTest-1517693456 tempest-TaggedBootDevicesTest-1517693456-project-member] new path /v2/schemas/image {{(pid=98899) process_request /opt/stack/glance/glance/api/middleware/version_negotiation.py:70}}
May 28 23:54:05.382539 np0000001664 devstack@g-api.service[98898]: DEBUG glance.api.middleware.version_negotiation [None req-2dfd4425-9be4-4fc2-b901-e4ec3d1333cd tempest-TaggedBootDevicesTest_v242-666652692 tempest-TaggedBootDevicesTest_v242-666652692-project-member] Determining version of request: GET /v2/schemas/image Accept: */* {{(pid=98898) process_request /opt/stack/glance/glance/api/middleware/version_negotiation.py:44}}
May 28 23:54:05.382678 np0000001664 devstack@g-api.service[98899]: [pid: 98899|app: 0|req: 28/46] 127.0.0.1 () {44 vars in 1055 bytes} [Thu May 28 23:54:05 2026] GET /v2/schemas/image => generated 6083 bytes in 3 msecs (HTTP/1.1 200) 4 headers in 158 bytes (1 switches on core 0)
May 28 23:54:05.382779 np0000001664 devstack@g-api.service[98898]: DEBUG glance.api.middleware.version_negotiation [None req-2dfd4425-9be4-4fc2-b901-e4ec3d1333cd tempest-TaggedBootDevicesTest_v242-666652692 tempest-TaggedBootDevicesTest_v242-666652692-project-member] Using url versioning {{(pid=98898) process_request /opt/stack/glance/glance/api/middleware/version_negotiation.py:57}}
May 28 23:54:05.382960 np0000001664 devstack@g-api.service[98898]: DEBUG glance.api.middleware.version_negotiation [None req-2dfd4425-9be4-4fc2-b901-e4ec3d1333cd tempest-TaggedBootDevicesTest_v242-666652692 tempest-TaggedBootDevicesTest_v242-666652692-project-member] Matched version: v2 {{(pid=98898) process_request /opt/stack/glance/glance/api/middleware/version_negotiation.py:69}}
May 28 23:54:05.383076 np0000001664 devstack@g-api.service[98898]: DEBUG glance.api.middleware.version_negotiation [None req-2dfd4425-9be4-4fc2-b901-e4ec3d1333cd tempest-TaggedBootDevicesTest_v242-666652692 tempest-TaggedBootDevicesTest_v242-666652692-project-member] new path /v2/schemas/image {{(pid=98898) process_request /opt/stack/glance/glance/api/middleware/version_negotiation.py:70}}
May 28 23:54:05.386097 np0000001664 devstack@g-api.service[98898]: [pid: 98898|app: 0|req: 19/47] 127.0.0.1 () {44 vars in 1055 bytes} [Thu May 28 23:54:05 2026] GET /v2/schemas/image => generated 6083 bytes in 4 msecs (HTTP/1.1 200) 4 headers in 158 bytes (1 switches on core 0)
May 28 23:54:05.395088 np0000001664 devstack@g-api.service[98899]: DEBUG glance.api.middleware.version_negotiation [None req-8ed72697-731f-4e9d-ac60-d5ca4c73bd16 tempest-TaggedBootDevicesTest-1517693456 tempest-TaggedBootDevicesTest-1517693456-project-member] Determining version of request: GET /v2/schemas/image Accept: */* {{(pid=98899) process_request /opt/stack/glance/glance/api/middleware/version_negotiation.py:44}}
May 28 23:54:05.395242 np0000001664 devstack@g-api.service[98899]: DEBUG glance.api.middleware.version_negotiation [None req-8ed72697-731f-4e9d-ac60-d5ca4c73bd16 tempest-TaggedBootDevicesTest-1517693456 tempest-TaggedBootDevicesTest-1517693456-project-member] Using url versioning {{(pid=98899) process_request /opt/stack/glance/glance/api/middleware/version_negotiation.py:57}}
May 28 23:54:05.395550 np0000001664 devstack@g-api.service[98899]: DEBUG glance.api.middleware.version_negotiation [None req-8ed72697-731f-4e9d-ac60-d5ca4c73bd16 tempest-TaggedBootDevicesTest-1517693456 tempest-TaggedBootDevicesTest-1517693456-project-member] Matched version: v2 {{(pid=98899) process_request /opt/stack/glance/glance/api/middleware/version_negotiation.py:69}}
May 28 23:54:05.395750 np0000001664 devstack@g-api.service[98899]: DEBUG glance.api.middleware.version_negotiation [None req-8ed72697-731f-4e9d-ac60-d5ca4c73bd16 tempest-TaggedBootDevicesTest-1517693456 tempest-TaggedBootDevicesTest-1517693456-project-member] new path /v2/schemas/image {{(pid=98899) process_request /opt/stack/glance/glance/api/middleware/version_negotiation.py:70}}
May 28 23:54:05.398867 np0000001664 devstack@g-api.service[98899]: [pid: 98899|app: 0|req: 29/48] 127.0.0.1 () {44 vars in 1055 bytes} [Thu May 28 23:54:05 2026] GET /v2/schemas/image => generated 6083 bytes in 4 msecs (HTTP/1.1 200) 4 headers in 158 bytes (1 switches on core 0)
May 28 23:54:05.410627 np0000001664 devstack@g-api.service[98898]: DEBUG glance.api.middleware.version_negotiation [None req-2dfd4425-9be4-4fc2-b901-e4ec3d1333cd tempest-TaggedBootDevicesTest_v242-666652692 tempest-TaggedBootDevicesTest_v242-666652692-project-member] Determining version of request: GET /v2/images/efabbd16-17b0-494b-b32d-b8e076403bef Accept: */* {{(pid=98898) process_request /opt/stack/glance/glance/api/middleware/version_negotiation.py:44}}
May 28 23:54:05.410878 np0000001664 devstack@g-api.service[98898]: DEBUG glance.api.middleware.version_negotiation [None req-2dfd4425-9be4-4fc2-b901-e4ec3d1333cd tempest-TaggedBootDevicesTest_v242-666652692 tempest-TaggedBootDevicesTest_v242-666652692-project-member] Using url versioning {{(pid=98898) process_request /opt/stack/glance/glance/api/middleware/version_negotiation.py:57}}
May 28 23:54:05.411045 np0000001664 devstack@g-api.service[98898]: DEBUG glance.api.middleware.version_negotiation [None req-2dfd4425-9be4-4fc2-b901-e4ec3d1333cd tempest-TaggedBootDevicesTest_v242-666652692 tempest-TaggedBootDevicesTest_v242-666652692-project-member] Matched version: v2 {{(pid=98898) process_request /opt/stack/glance/glance/api/middleware/version_negotiation.py:69}}
May 28 23:54:05.411203 np0000001664 devstack@g-api.service[98898]: DEBUG glance.api.middleware.version_negotiation [None req-2dfd4425-9be4-4fc2-b901-e4ec3d1333cd tempest-TaggedBootDevicesTest_v242-666652692 tempest-TaggedBootDevicesTest_v242-666652692-project-member] new path /v2/images/efabbd16-17b0-494b-b32d-b8e076403bef {{(pid=98898) process_request /opt/stack/glance/glance/api/middleware/version_negotiation.py:70}}
May 28 23:54:05.421299 np0000001664 devstack@g-api.service[98898]: [pid: 98898|app: 0|req: 20/49] 127.0.0.1 () {44 vars in 1115 bytes} [Thu May 28 23:54:05 2026] GET /v2/images/efabbd16-17b0-494b-b32d-b8e076403bef => generated 1044 bytes in 10 msecs (HTTP/1.1 200) 4 headers in 158 bytes (1 switches on core 0)
May 28 23:54:05.425607 np0000001664 devstack@g-api.service[98899]: DEBUG glance.api.middleware.version_negotiation [None req-2dfd4425-9be4-4fc2-b901-e4ec3d1333cd tempest-TaggedBootDevicesTest_v242-666652692 tempest-TaggedBootDevicesTest_v242-666652692-project-member] Determining version of request: GET /v2/images/efabbd16-17b0-494b-b32d-b8e076403bef Accept: */* {{(pid=98899) process_request /opt/stack/glance/glance/api/middleware/version_negotiation.py:44}}
May 28 23:54:05.425998 np0000001664 devstack@g-api.service[98899]: DEBUG glance.api.middleware.version_negotiation [None req-2dfd4425-9be4-4fc2-b901-e4ec3d1333cd tempest-TaggedBootDevicesTest_v242-666652692 tempest-TaggedBootDevicesTest_v242-666652692-project-member] Using url versioning {{(pid=98899) process_request /opt/stack/glance/glance/api/middleware/version_negotiation.py:57}}
May 28 23:54:05.426163 np0000001664 devstack@g-api.service[98899]: DEBUG glance.api.middleware.version_negotiation [None req-2dfd4425-9be4-4fc2-b901-e4ec3d1333cd tempest-TaggedBootDevicesTest_v242-666652692 tempest-TaggedBootDevicesTest_v242-666652692-project-member] Matched version: v2 {{(pid=98899) process_request /opt/stack/glance/glance/api/middleware/version_negotiation.py:69}}
May 28 23:54:05.426288 np0000001664 devstack@g-api.service[98899]: DEBUG glance.api.middleware.version_negotiation [None req-2dfd4425-9be4-4fc2-b901-e4ec3d1333cd tempest-TaggedBootDevicesTest_v242-666652692 tempest-TaggedBootDevicesTest_v242-666652692-project-member] new path /v2/images/efabbd16-17b0-494b-b32d-b8e076403bef {{(pid=98899) process_request /opt/stack/glance/glance/api/middleware/version_negotiation.py:70}}
May 28 23:54:05.426626 np0000001664 devstack@g-api.service[98898]: DEBUG glance.api.middleware.version_negotiation [None req-8ed72697-731f-4e9d-ac60-d5ca4c73bd16 tempest-TaggedBootDevicesTest-1517693456 tempest-TaggedBootDevicesTest-1517693456-project-member] Determining version of request: GET /v2/images/efabbd16-17b0-494b-b32d-b8e076403bef/file Accept: */* {{(pid=98898) process_request /opt/stack/glance/glance/api/middleware/version_negotiation.py:44}}
May 28 23:54:05.426810 np0000001664 devstack@g-api.service[98898]: DEBUG glance.api.middleware.version_negotiation [None req-8ed72697-731f-4e9d-ac60-d5ca4c73bd16 tempest-TaggedBootDevicesTest-1517693456 tempest-TaggedBootDevicesTest-1517693456-project-member] Using url versioning {{(pid=98898) process_request /opt/stack/glance/glance/api/middleware/version_negotiation.py:57}}
May 28 23:54:05.426926 np0000001664 devstack@g-api.service[98898]: DEBUG glance.api.middleware.version_negotiation [None req-8ed72697-731f-4e9d-ac60-d5ca4c73bd16 tempest-TaggedBootDevicesTest-1517693456 tempest-TaggedBootDevicesTest-1517693456-project-member] Matched version: v2 {{(pid=98898) process_request /opt/stack/glance/glance/api/middleware/version_negotiation.py:69}}
May 28 23:54:05.427011 np0000001664 devstack@g-api.service[98898]: DEBUG glance.api.middleware.version_negotiation [None req-8ed72697-731f-4e9d-ac60-d5ca4c73bd16 tempest-TaggedBootDevicesTest-1517693456 tempest-TaggedBootDevicesTest-1517693456-project-member] new path /v2/images/efabbd16-17b0-494b-b32d-b8e076403bef/file {{(pid=98898) process_request /opt/stack/glance/glance/api/middleware/version_negotiation.py:70}}
May 28 23:54:05.435636 np0000001664 devstack@g-api.service[98899]: [pid: 98899|app: 0|req: 30/50] 127.0.0.1 () {44 vars in 1115 bytes} [Thu May 28 23:54:05 2026] GET /v2/images/efabbd16-17b0-494b-b32d-b8e076403bef => generated 1044 bytes in 10 msecs (HTTP/1.1 200) 4 headers in 158 bytes (1 switches on core 0)
May 28 23:54:05.436160 np0000001664 devstack@g-api.service[98898]: DEBUG glance.api.middleware.cache [None req-8ed72697-731f-4e9d-ac60-d5ca4c73bd16 tempest-TaggedBootDevicesTest-1517693456 tempest-TaggedBootDevicesTest-1517693456-project-member] Cache hit for image 'efabbd16-17b0-494b-b32d-b8e076403bef' {{(pid=98898) process_request /opt/stack/glance/glance/api/middleware/cache.py:160}}
May 28 23:54:05.447939 np0000001664 devstack@g-api.service[98899]: DEBUG glance.api.middleware.version_negotiation [None req-2dfd4425-9be4-4fc2-b901-e4ec3d1333cd tempest-TaggedBootDevicesTest_v242-666652692 tempest-TaggedBootDevicesTest_v242-666652692-project-member] Determining version of request: GET /v2/schemas/image Accept: */* {{(pid=98899) process_request /opt/stack/glance/glance/api/middleware/version_negotiation.py:44}}
May 28 23:54:05.448150 np0000001664 devstack@g-api.service[98899]: DEBUG glance.api.middleware.version_negotiation [None req-2dfd4425-9be4-4fc2-b901-e4ec3d1333cd tempest-TaggedBootDevicesTest_v242-666652692 tempest-TaggedBootDevicesTest_v242-666652692-project-member] Using url versioning {{(pid=98899) process_request /opt/stack/glance/glance/api/middleware/version_negotiation.py:57}}
May 28 23:54:05.448338 np0000001664 devstack@g-api.service[98899]: DEBUG glance.api.middleware.version_negotiation [None req-2dfd4425-9be4-4fc2-b901-e4ec3d1333cd tempest-TaggedBootDevicesTest_v242-666652692 tempest-TaggedBootDevicesTest_v242-666652692-project-member] Matched version: v2 {{(pid=98899) process_request /opt/stack/glance/glance/api/middleware/version_negotiation.py:69}}
May 28 23:54:05.448448 np0000001664 devstack@g-api.service[98899]: DEBUG glance.api.middleware.version_negotiation [None req-2dfd4425-9be4-4fc2-b901-e4ec3d1333cd tempest-TaggedBootDevicesTest_v242-666652692 tempest-TaggedBootDevicesTest_v242-666652692-project-member] new path /v2/schemas/image {{(pid=98899) process_request /opt/stack/glance/glance/api/middleware/version_negotiation.py:70}}
May 28 23:54:05.450600 np0000001664 devstack@g-api.service[98899]: [pid: 98899|app: 0|req: 31/51] 127.0.0.1 () {44 vars in 1055 bytes} [Thu May 28 23:54:05 2026] GET /v2/schemas/image => generated 6083 bytes in 3 msecs (HTTP/1.1 200) 4 headers in 158 bytes (1 switches on core 0)
May 28 23:54:05.507770 np0000001664 devstack@g-api.service[98898]: [pid: 98898|app: 0|req: 21/52] 127.0.0.1 () {44 vars in 1125 bytes} [Thu May 28 23:54:05 2026] GET /v2/images/efabbd16-17b0-494b-b32d-b8e076403bef/file => generated 21692416 bytes in 81 msecs (HTTP/1.1 200) 5 headers in 217 bytes (338 switches on core 0)
May 28 23:54:05.589501 np0000001664 devstack@g-api.service[98899]: DEBUG glance.api.middleware.version_negotiation [None req-2dfd4425-9be4-4fc2-b901-e4ec3d1333cd tempest-TaggedBootDevicesTest_v242-666652692 tempest-TaggedBootDevicesTest_v242-666652692-project-member] Determining version of request: GET /v2/images/efabbd16-17b0-494b-b32d-b8e076403bef Accept: */* {{(pid=98899) process_request /opt/stack/glance/glance/api/middleware/version_negotiation.py:44}}
May 28 23:54:05.589635 np0000001664 devstack@g-api.service[98899]: DEBUG glance.api.middleware.version_negotiation [None req-2dfd4425-9be4-4fc2-b901-e4ec3d1333cd tempest-TaggedBootDevicesTest_v242-666652692 tempest-TaggedBootDevicesTest_v242-666652692-project-member] Using url versioning {{(pid=98899) process_request /opt/stack/glance/glance/api/middleware/version_negotiation.py:57}}
May 28 23:54:05.589808 np0000001664 devstack@g-api.service[98899]: DEBUG glance.api.middleware.version_negotiation [None req-2dfd4425-9be4-4fc2-b901-e4ec3d1333cd tempest-TaggedBootDevicesTest_v242-666652692 tempest-TaggedBootDevicesTest_v242-666652692-project-member] Matched version: v2 {{(pid=98899) process_request /opt/stack/glance/glance/api/middleware/version_negotiation.py:69}}
May 28 23:54:05.589898 np0000001664 devstack@g-api.service[98899]: DEBUG glance.api.middleware.version_negotiation [None req-2dfd4425-9be4-4fc2-b901-e4ec3d1333cd tempest-TaggedBootDevicesTest_v242-666652692 tempest-TaggedBootDevicesTest_v242-666652692-project-member] new path /v2/images/efabbd16-17b0-494b-b32d-b8e076403bef {{(pid=98899) process_request /opt/stack/glance/glance/api/middleware/version_negotiation.py:70}}
May 28 23:54:05.600616 np0000001664 devstack@g-api.service[98899]: [pid: 98899|app: 0|req: 32/53] 127.0.0.1 () {44 vars in 1115 bytes} [Thu May 28 23:54:05 2026] GET /v2/images/efabbd16-17b0-494b-b32d-b8e076403bef => generated 1044 bytes in 11 msecs (HTTP/1.1 200) 4 headers in 158 bytes (1 switches on core 0)
May 28 23:54:05.610638 np0000001664 devstack@g-api.service[98898]: DEBUG glance.api.middleware.version_negotiation [None req-8ed72697-731f-4e9d-ac60-d5ca4c73bd16 tempest-TaggedBootDevicesTest-1517693456 tempest-TaggedBootDevicesTest-1517693456-project-member] Determining version of request: GET /v2/schemas/image Accept: */* {{(pid=98898) process_request /opt/stack/glance/glance/api/middleware/version_negotiation.py:44}}
May 28 23:54:05.610924 np0000001664 devstack@g-api.service[98898]: DEBUG glance.api.middleware.version_negotiation [None req-8ed72697-731f-4e9d-ac60-d5ca4c73bd16 tempest-TaggedBootDevicesTest-1517693456 tempest-TaggedBootDevicesTest-1517693456-project-member] Using url versioning {{(pid=98898) process_request /opt/stack/glance/glance/api/middleware/version_negotiation.py:57}}
May 28 23:54:05.610924 np0000001664 devstack@g-api.service[98898]: DEBUG glance.api.middleware.version_negotiation [None req-8ed72697-731f-4e9d-ac60-d5ca4c73bd16 tempest-TaggedBootDevicesTest-1517693456 tempest-TaggedBootDevicesTest-1517693456-project-member] Matched version: v2 {{(pid=98898) process_request /opt/stack/glance/glance/api/middleware/version_negotiation.py:69}}
May 28 23:54:05.611028 np0000001664 devstack@g-api.service[98898]: DEBUG glance.api.middleware.version_negotiation [None req-8ed72697-731f-4e9d-ac60-d5ca4c73bd16 tempest-TaggedBootDevicesTest-1517693456 tempest-TaggedBootDevicesTest-1517693456-project-member] new path /v2/schemas/image {{(pid=98898) process_request /opt/stack/glance/glance/api/middleware/version_negotiation.py:70}}
