Jul 21 18:38:13.168344 np0000005594 devstack@neutron-api.service[90597]: DEBUG neutron.api.v2.base [None req-55974ad6-9b93-43ca-9181-313ee0bccb03 admin admin] Request body: {'subnetpool': {'name': 'shared-default-subnetpool-v4', 'shared': True, 'is_default': True, 'prefixes': ['10.1.0.0/20'], 'default_prefixlen': 26}} {{(pid=90597) prepare_request_body /opt/stack/neutron/neutron/api/v2/base.py:727}}
Jul 21 18:38:13.218358 np0000005594 devstack@neutron-api.service[90597]: DEBUG neutron.plugins.ml2.drivers.ovn.mech_driver.ovsdb.ovsdb_monitor [-] Hash Ring: Node 0bfe5a5bcd9f542086f5836b93c2438e (host: np0000005594) handling event "update" for row e0b865ad-8a31-4412-a297-b7ad88b97290 (table: Connection) {{(pid=90597) notify /opt/stack/neutron/neutron/plugins/ml2/drivers/ovn/mech_driver/ovsdb/ovsdb_monitor.py:1013}}
Jul 21 18:38:13.218663 np0000005594 devstack@neutron-api.service[90599]: DEBUG neutron.plugins.ml2.drivers.ovn.mech_driver.ovsdb.ovsdb_monitor [-] Hash Ring: Node 45b9dfce4b0d5118bfa6aac99dcb87fa (host: np0000005594) handling event "update" for row e0b865ad-8a31-4412-a297-b7ad88b97290 (table: Connection) {{(pid=90599) notify /opt/stack/neutron/neutron/plugins/ml2/drivers/ovn/mech_driver/ovsdb/ovsdb_monitor.py:1013}}
Jul 21 18:38:13.355537 np0000005594 devstack@neutron-api.service[90597]: DEBUG neutron.policy [None req-55974ad6-9b93-43ca-9181-313ee0bccb03 admin admin] Loaded default policies from ['neutron'] under neutron.policies entry points {{(pid=90597) register_rules /opt/stack/neutron/neutron/policy.py:65}}
Jul 21 18:38:13.489753 np0000005594 devstack@neutron-api.service[90597]: DEBUG neutron_lib.callbacks.manager [None req-55974ad6-9b93-43ca-9181-313ee0bccb03 admin admin] Publish callbacks ['neutron.objects.securitygroup.RbacNeutronDbObjectMixin.validate_rbac_policy_change-1137672530087', 'neutron.objects.address_group.RbacNeutronDbObjectMixin.validate_rbac_policy_change-1137672548744', 'neutron.objects.network.RbacNeutronDbObjectMixin.validate_rbac_policy_change-1137672567240', 'neutron.objects.qos.policy.RbacNeutronDbObjectMixin.validate_rbac_policy_change-1137672566303', 'neutron.objects.subnetpool.RbacNeutronDbObjectMixin.validate_rbac_policy_change-1137672459589', 'neutron.objects.address_scope.RbacNeutronDbObjectMixin.validate_rbac_policy_change-1137672463013', 'neutron.plugins.ml2.plugin.External_net_db_mixin._process_ext_policy_create-895598', 'neutron.plugins.ml2.plugin.NeutronDbPluginV2.validate_network_rbac_policy_change-876038'] for rbac-policy (None), before_create {{(pid=90597) _notify_loop /opt/stack/data/venv/lib/python3.12/site-packages/neutron_lib/callbacks/manager.py:184}}
Jul 21 18:38:13.526246 np0000005594 devstack@neutron-api.service[90597]: DEBUG neutron_lib.callbacks.manager [None req-55974ad6-9b93-43ca-9181-313ee0bccb03 admin admin] Publish callbacks [] for subnetpool (None), before_response {{(pid=90597) _notify_loop /opt/stack/data/venv/lib/python3.12/site-packages/neutron_lib/callbacks/manager.py:184}}
Jul 21 18:38:13.526731 np0000005594 devstack@neutron-api.service[90597]: [pid: 90597|app: 0|req: 1/3] 10.4.3.44 () {68 vars in 1329 bytes} [Tue Jul 21 18:38:13 2026] POST /networking/v2.0/subnetpools => generated 533 bytes in 447 msecs (HTTP/1.1 201) 4 headers in 162 bytes (1 switches on core 0)
Jul 21 18:38:13.821649 np0000005594 devstack@neutron-api.service[90598]: DEBUG neutron.api.v2.base [None req-8432a097-3271-474c-8547-188ce2f5bab8 admin admin] Request body: {'subnetpool': {'name': 'shared-default-subnetpool-v6', 'shared': True, 'is_default': True, 'prefixes': ['fdcf:7d84:3bbc::/56'], 'default_prefixlen': 64}} {{(pid=90598) prepare_request_body /opt/stack/neutron/neutron/api/v2/base.py:727}}
Jul 21 18:38:13.970905 np0000005594 devstack@neutron-api.service[90598]: DEBUG neutron.policy [None req-8432a097-3271-474c-8547-188ce2f5bab8 admin admin] Loaded default policies from ['neutron'] under neutron.policies entry points {{(pid=90598) register_rules /opt/stack/neutron/neutron/policy.py:65}}
Jul 21 18:38:14.089899 np0000005594 devstack@neutron-api.service[90598]: DEBUG neutron_lib.callbacks.manager [None req-8432a097-3271-474c-8547-188ce2f5bab8 admin admin] Publish callbacks ['neutron.objects.securitygroup.RbacNeutronDbObjectMixin.validate_rbac_policy_change-1137672543438', 'neutron.objects.address_group.RbacNeutronDbObjectMixin.validate_rbac_policy_change-1137673483568', 'neutron.objects.network.RbacNeutronDbObjectMixin.validate_rbac_policy_change-1137672562669', 'neutron.objects.qos.policy.RbacNeutronDbObjectMixin.validate_rbac_policy_change-1137672574232', 'neutron.objects.subnetpool.RbacNeutronDbObjectMixin.validate_rbac_policy_change-1137672467120', 'neutron.objects.address_scope.RbacNeutronDbObjectMixin.validate_rbac_policy_change-1137672464213', 'neutron.plugins.ml2.plugin.External_net_db_mixin._process_ext_policy_create-35222', 'neutron.plugins.ml2.plugin.NeutronDbPluginV2.validate_network_rbac_policy_change-23982'] for rbac-policy (None), before_create {{(pid=90598) _notify_loop /opt/stack/data/venv/lib/python3.12/site-packages/neutron_lib/callbacks/manager.py:184}}
Jul 21 18:38:14.129246 np0000005594 devstack@neutron-api.service[90598]: DEBUG neutron_lib.callbacks.manager [None req-8432a097-3271-474c-8547-188ce2f5bab8 admin admin] Publish callbacks [] for subnetpool (None), before_response {{(pid=90598) _notify_loop /opt/stack/data/venv/lib/python3.12/site-packages/neutron_lib/callbacks/manager.py:184}}
Jul 21 18:38:14.129745 np0000005594 devstack@neutron-api.service[90598]: [pid: 90598|app: 0|req: 1/4] 10.4.3.44 () {68 vars in 1329 bytes} [Tue Jul 21 18:38:13 2026] POST /networking/v2.0/subnetpools => generated 543 bytes in 392 msecs (HTTP/1.1 201) 4 headers in 162 bytes (1 switches on core 0)
Jul 21 18:38:14.413055 np0000005594 devstack@neutron-api.service[90600]: DEBUG neutron.api.v2.base [None req-453b83a1-c96c-40ec-8704-e1e586678139 admin admin] Request body: {'network': {'admin_state_up': True, 'name': 'private'}} {{(pid=90600) prepare_request_body /opt/stack/neutron/neutron/api/v2/base.py:727}}
Jul 21 18:38:14.440062 np0000005594 devstack@neutron-api.service[90600]: DEBUG neutron.pecan_wsgi.hooks.quota_enforcement [None req-453b83a1-c96c-40ec-8704-e1e586678139 admin admin] Made reservation on behalf of 545aa74099314fddb5c8de6f6c71604c for: {'network': 1} {{(pid=90600) before /opt/stack/neutron/neutron/pecan_wsgi/hooks/quota_enforcement.py:66}}
Jul 21 18:38:14.576486 np0000005594 devstack@neutron-api.service[90600]: DEBUG neutron.policy [None req-453b83a1-c96c-40ec-8704-e1e586678139 admin admin] Loaded default policies from ['neutron'] under neutron.policies entry points {{(pid=90600) register_rules /opt/stack/neutron/neutron/policy.py:65}}
Jul 21 18:38:14.658422 np0000005594 devstack@neutron-api.service[90600]: DEBUG neutron_lib.callbacks.manager [None req-453b83a1-c96c-40ec-8704-e1e586678139 admin admin] Publish callbacks ['neutron.plugins.ml2.plugin.SecurityGroupDbMixin._ensure_default_security_group_handler-1551173'] for network (None), before_create {{(pid=90600) _notify_loop /opt/stack/data/venv/lib/python3.12/site-packages/neutron_lib/callbacks/manager.py:184}}
Jul 21 18:38:14.676283 np0000005594 devstack@neutron-api.service[90600]: DEBUG neutron_lib.callbacks.manager [None req-453b83a1-c96c-40ec-8704-e1e586678139 admin admin] Publish callbacks [] for security_group (None), before_create {{(pid=90600) _notify_loop /opt/stack/data/venv/lib/python3.12/site-packages/neutron_lib/callbacks/manager.py:184}}
Jul 21 18:38:14.756726 np0000005594 devstack@neutron-api.service[90600]: DEBUG neutron_lib.callbacks.manager [None req-453b83a1-c96c-40ec-8704-e1e586678139 admin admin] Publish callbacks ['neutron.plugins.ml2.drivers.ovn.mech_driver.mech_driver.OVNMechanismDriver._create_security_group_precommit-235032'] for security_group (1487db9b-8220-439f-b940-f0136925ffa2), precommit_create {{(pid=90600) _notify_loop /opt/stack/data/venv/lib/python3.12/site-packages/neutron_lib/callbacks/manager.py:184}}
Jul 21 18:38:14.756856 np0000005594 devstack@neutron-api.service[90600]: DEBUG neutron.db.ovn_revision_numbers_db [None req-453b83a1-c96c-40ec-8704-e1e586678139 admin admin] create_initial_revision uuid=1487db9b-8220-439f-b940-f0136925ffa2, type=security_groups, rev=-1 {{(pid=90600) create_initial_revision /opt/stack/neutron/neutron/db/ovn_revision_numbers_db.py:98}}
Jul 21 18:38:14.758982 np0000005594 devstack@neutron-api.service[90600]: DEBUG neutron.db.ovn_revision_numbers_db [None req-453b83a1-c96c-40ec-8704-e1e586678139 admin admin] create_initial_revision uuid=738be0b3-3062-4e68-94d0-ab016f18e4d8, type=security_group_rules, rev=-1 {{(pid=90600) create_initial_revision /opt/stack/neutron/neutron/db/ovn_revision_numbers_db.py:98}}
Jul 21 18:38:14.759857 np0000005594 devstack@neutron-api.service[90600]: DEBUG neutron.db.ovn_revision_numbers_db [None req-453b83a1-c96c-40ec-8704-e1e586678139 admin admin] create_initial_revision uuid=92f6044b-36bd-4285-a314-7ac0191e04fb, type=security_group_rules, rev=-1 {{(pid=90600) create_initial_revision /opt/stack/neutron/neutron/db/ovn_revision_numbers_db.py:98}}
Jul 21 18:38:14.760681 np0000005594 devstack@neutron-api.service[90600]: DEBUG neutron.db.ovn_revision_numbers_db [None req-453b83a1-c96c-40ec-8704-e1e586678139 admin admin] create_initial_revision uuid=a19ad472-5def-4bb5-84a6-e5368e6d1491, type=security_group_rules, rev=-1 {{(pid=90600) create_initial_revision /opt/stack/neutron/neutron/db/ovn_revision_numbers_db.py:98}}
Jul 21 18:38:14.761503 np0000005594 devstack@neutron-api.service[90600]: DEBUG neutron.db.ovn_revision_numbers_db [None req-453b83a1-c96c-40ec-8704-e1e586678139 admin admin] create_initial_revision uuid=d8dd6198-e8f1-4fe9-916c-83e457f38bd5, type=security_group_rules, rev=-1 {{(pid=90600) create_initial_revision /opt/stack/neutron/neutron/db/ovn_revision_numbers_db.py:98}}
Jul 21 18:38:14.764688 np0000005594 devstack@neutron-api.service[90600]: DEBUG neutron_lib.callbacks.manager [None req-453b83a1-c96c-40ec-8704-e1e586678139 admin admin] Publish callbacks ['neutron.plugins.ml2.drivers.ovn.mech_driver.mech_driver.OVNMechanismDriver._create_security_group-235238', 'neutron.plugins.ml2.ovo_rpc._ObjectChangeHandler.handle_event-3727057'] for security_group (1487db9b-8220-439f-b940-f0136925ffa2), after_create {{(pid=90600) _notify_loop /opt/stack/data/venv/lib/python3.12/site-packages/neutron_lib/callbacks/manager.py:184}}
Jul 21 18:38:14.764846 np0000005594 devstack@neutron-api.service[90600]: INFO neutron.plugins.ml2.drivers.ovn.mech_driver.ovsdb.extensions.qos [None req-453b83a1-c96c-40ec-8704-e1e586678139 admin admin] Starting OVNClientQosExtension
Jul 21 18:38:14.764975 np0000005594 devstack@neutron-api.service[90600]: INFO neutron.plugins.ml2.drivers.ovn.mech_driver.ovsdb.extensions.placement [None req-453b83a1-c96c-40ec-8704-e1e586678139 admin admin] Starting OVNClientPlacementExtension
Jul 21 18:38:14.766076 np0000005594 devstack@neutron-api.service[90600]: DEBUG ovsdbapp.backend.ovs_idl.transaction [-] Running txn n=1 command(idx=0): PgAddCommand(_result=None, name=pg_1487db9b_8220_439f_b940_f0136925ffa2, may_exist=False, columns={'acls': [], 'external_ids': {'neutron:security_group_id': '1487db9b-8220-439f-b940-f0136925ffa2'}}) {{(pid=90600) do_commit /opt/stack/data/venv/lib/python3.12/site-packages/ovsdbapp/backend/ovs_idl/transaction.py:89}}
Jul 21 18:38:14.767353 np0000005594 devstack@neutron-api.service[90600]: DEBUG ovsdbapp.backend.ovs_idl.transaction [-] Running txn n=1 command(idx=1): PgAclAddCommand(_result=None, entity=pg_1487db9b_8220_439f_b940_f0136925ffa2, direction=from-lport, priority=1002, match=inport == @pg_1487db9b_8220_439f_b940_f0136925ffa2 && ip4, action=allow-related, log=False, may_exist=True, severity=[], name=[], meter=[], external_ids={'neutron:security_group_rule_id': '738be0b3-3062-4e68-94d0-ab016f18e4d8'}) {{(pid=90600) do_commit /opt/stack/data/venv/lib/python3.12/site-packages/ovsdbapp/backend/ovs_idl/transaction.py:89}}
Jul 21 18:38:14.767681 np0000005594 devstack@neutron-api.service[90600]: DEBUG ovsdbapp.backend.ovs_idl.transaction [-] Running txn n=1 command(idx=2): PgAclAddCommand(_result=None, entity=pg_1487db9b_8220_439f_b940_f0136925ffa2, direction=from-lport, priority=1002, match=inport == @pg_1487db9b_8220_439f_b940_f0136925ffa2 && ip6, action=allow-related, log=False, may_exist=True, severity=[], name=[], meter=[], external_ids={'neutron:security_group_rule_id': '92f6044b-36bd-4285-a314-7ac0191e04fb'}) {{(pid=90600) do_commit /opt/stack/data/venv/lib/python3.12/site-packages/ovsdbapp/backend/ovs_idl/transaction.py:89}}
Jul 21 18:38:14.767911 np0000005594 devstack@neutron-api.service[90600]: DEBUG ovsdbapp.backend.ovs_idl.transaction [-] Running txn n=1 command(idx=3): PgAclAddCommand(_result=None, entity=pg_1487db9b_8220_439f_b940_f0136925ffa2, direction=to-lport, priority=1002, match=outport == @pg_1487db9b_8220_439f_b940_f0136925ffa2 && ip6 && ip6.src == $pg_1487db9b_8220_439f_b940_f0136925ffa2_ip6, action=allow-related, log=False, may_exist=True, severity=[], name=[], meter=[], external_ids={'neutron:security_group_rule_id': 'a19ad472-5def-4bb5-84a6-e5368e6d1491'}) {{(pid=90600) do_commit /opt/stack/data/venv/lib/python3.12/site-packages/ovsdbapp/backend/ovs_idl/transaction.py:89}}
Jul 21 18:38:14.768125 np0000005594 devstack@neutron-api.service[90600]: DEBUG ovsdbapp.backend.ovs_idl.transaction [-] Running txn n=1 command(idx=4): PgAclAddCommand(_result=None, entity=pg_1487db9b_8220_439f_b940_f0136925ffa2, direction=to-lport, priority=1002, match=outport == @pg_1487db9b_8220_439f_b940_f0136925ffa2 && ip4 && ip4.src == $pg_1487db9b_8220_439f_b940_f0136925ffa2_ip4, action=allow-related, log=False, may_exist=True, severity=[], name=[], meter=[], external_ids={'neutron:security_group_rule_id': 'd8dd6198-e8f1-4fe9-916c-83e457f38bd5'}) {{(pid=90600) do_commit /opt/stack/data/venv/lib/python3.12/site-packages/ovsdbapp/backend/ovs_idl/transaction.py:89}}
Jul 21 18:38:14.772926 np0000005594 devstack@neutron-api.service[90600]: DEBUG neutron.plugins.ml2.drivers.ovn.mech_driver.ovsdb.ovsdb_monitor [-] Hash Ring: Node 2312dcfac5fa566e8f1d854babe50813 (host: np0000005594) handling event "create" for row 2b495637-d43c-43a3-bed9-97152db7570b (table: ACL) {{(pid=90600) notify /opt/stack/neutron/neutron/plugins/ml2/drivers/ovn/mech_driver/ovsdb/ovsdb_monitor.py:1013}}
Jul 21 18:38:14.773038 np0000005594 devstack@neutron-api.service[90600]: DEBUG neutron.plugins.ml2.drivers.ovn.mech_driver.ovsdb.ovsdb_monitor [-] Hash Ring: Node 2312dcfac5fa566e8f1d854babe50813 (host: np0000005594) handling event "create" for row fdaf1939-43ca-4b77-9826-511c99c928ae (table: ACL) {{(pid=90600) notify /opt/stack/neutron/neutron/plugins/ml2/drivers/ovn/mech_driver/ovsdb/ovsdb_monitor.py:1013}}
Jul 21 18:38:14.773126 np0000005594 devstack@neutron-api.service[90600]: DEBUG neutron.plugins.ml2.drivers.ovn.mech_driver.ovsdb.ovsdb_monitor [-] Hash Ring: Node 2312dcfac5fa566e8f1d854babe50813 (host: np0000005594) handling event "create" for row ce86130a-0eb1-4207-8933-e63ace0096b0 (table: Port_Group) {{(pid=90600) notify /opt/stack/neutron/neutron/plugins/ml2/drivers/ovn/mech_driver/ovsdb/ovsdb_monitor.py:1013}}
Jul 21 18:38:14.773791 np0000005594 devstack@neutron-api.service[90597]: DEBUG neutron.plugins.ml2.drivers.ovn.mech_driver.ovsdb.ovsdb_monitor [-] Hash Ring: Node 0bfe5a5bcd9f542086f5836b93c2438e (host: np0000005594) handling event "create" for row 2dcdcf50-1cf5-4356-9854-1276761a37fc (table: ACL) {{(pid=90597) notify /opt/stack/neutron/neutron/plugins/ml2/drivers/ovn/mech_driver/ovsdb/ovsdb_monitor.py:1013}}
Jul 21 18:38:14.774078 np0000005594 devstack@neutron-api.service[90599]: DEBUG neutron.plugins.ml2.drivers.ovn.mech_driver.ovsdb.ovsdb_monitor [-] Hash Ring: Node 45b9dfce4b0d5118bfa6aac99dcb87fa (host: np0000005594) handling event "create" for row 01e395a3-549b-4fa3-9415-e80e36c7f514 (table: ACL) {{(pid=90599) notify /opt/stack/neutron/neutron/plugins/ml2/drivers/ovn/mech_driver/ovsdb/ovsdb_monitor.py:1013}}
Jul 21 18:38:14.774078 np0000005594 devstack@neutron-api.service[90599]: DEBUG neutron.plugins.ml2.drivers.ovn.mech_driver.ovsdb.ovsdb_monitor [-] Hash Ring: Node 45b9dfce4b0d5118bfa6aac99dcb87fa (host: np0000005594) handling event "create" for row 2b495637-d43c-43a3-bed9-97152db7570b (table: ACL) {{(pid=90599) notify /opt/stack/neutron/neutron/plugins/ml2/drivers/ovn/mech_driver/ovsdb/ovsdb_monitor.py:1013}}
Jul 21 18:38:14.774390 np0000005594 devstack@neutron-api.service[90599]: DEBUG neutron.plugins.ml2.drivers.ovn.mech_driver.ovsdb.ovsdb_monitor [-] Hash Ring: Node 45b9dfce4b0d5118bfa6aac99dcb87fa (host: np0000005594) handling event "create" for row 2dcdcf50-1cf5-4356-9854-1276761a37fc (table: ACL) {{(pid=90599) notify /opt/stack/neutron/neutron/plugins/ml2/drivers/ovn/mech_driver/ovsdb/ovsdb_monitor.py:1013}}
Jul 21 18:38:14.774390 np0000005594 devstack@neutron-api.service[90599]: DEBUG neutron.plugins.ml2.drivers.ovn.mech_driver.ovsdb.ovsdb_monitor [-] Hash Ring: Node 45b9dfce4b0d5118bfa6aac99dcb87fa (host: np0000005594) handling event "create" for row fdaf1939-43ca-4b77-9826-511c99c928ae (table: ACL) {{(pid=90599) notify /opt/stack/neutron/neutron/plugins/ml2/drivers/ovn/mech_driver/ovsdb/ovsdb_monitor.py:1013}}
Jul 21 18:38:14.774390 np0000005594 devstack@neutron-api.service[90599]: DEBUG neutron.plugins.ml2.drivers.ovn.mech_driver.ovsdb.ovsdb_monitor [-] Hash Ring: Node 45b9dfce4b0d5118bfa6aac99dcb87fa (host: np0000005594) handling event "create" for row ce86130a-0eb1-4207-8933-e63ace0096b0 (table: Port_Group) {{(pid=90599) notify /opt/stack/neutron/neutron/plugins/ml2/drivers/ovn/mech_driver/ovsdb/ovsdb_monitor.py:1013}}
Jul 21 18:38:14.794304 np0000005594 devstack@neutron-api.service[90600]: INFO neutron.db.ovn_revision_numbers_db [None req-453b83a1-c96c-40ec-8704-e1e586678139 admin admin] Successfully bumped revision number for resource 1487db9b-8220-439f-b940-f0136925ffa2 (type: security_groups) to 1
Jul 21 18:38:14.804499 np0000005594 devstack@neutron-api.service[90600]: INFO neutron.db.ovn_revision_numbers_db [None req-453b83a1-c96c-40ec-8704-e1e586678139 admin admin] Successfully bumped revision number for resource 738be0b3-3062-4e68-94d0-ab016f18e4d8 (type: security_group_rules) to 0
Jul 21 18:38:14.811981 np0000005594 devstack@neutron-api.service[90600]: INFO neutron.db.ovn_revision_numbers_db [None req-453b83a1-c96c-40ec-8704-e1e586678139 admin admin] Successfully bumped revision number for resource 92f6044b-36bd-4285-a314-7ac0191e04fb (type: security_group_rules) to 0
Jul 21 18:38:14.819600 np0000005594 devstack@neutron-api.service[90600]: INFO neutron.db.ovn_revision_numbers_db [None req-453b83a1-c96c-40ec-8704-e1e586678139 admin admin] Successfully bumped revision number for resource a19ad472-5def-4bb5-84a6-e5368e6d1491 (type: security_group_rules) to 0
Jul 21 18:38:14.826957 np0000005594 devstack@neutron-api.service[90600]: INFO neutron.db.ovn_revision_numbers_db [None req-453b83a1-c96c-40ec-8704-e1e586678139 admin admin] Successfully bumped revision number for resource d8dd6198-e8f1-4fe9-916c-83e457f38bd5 (type: security_group_rules) to 0
Jul 21 18:38:14.845707 np0000005594 devstack@neutron-api.service[90600]: DEBUG neutron.api.rpc.handlers.resources_rpc [None req-453b83a1-c96c-40ec-8704-e1e586678139 admin admin] Pushing event updated for resources: {'SecurityGroup': ['ID=1487db9b-8220-439f-b940-f0136925ffa2,revision_number=1']} {{(pid=90600) push /opt/stack/neutron/neutron/api/rpc/handlers/resources_rpc.py:237}}
Jul 21 18:38:14.851410 np0000005594 devstack@neutron-api.service[90600]: DEBUG ovsdbapp.backend.ovs_idl.transaction [-] Running txn n=1 command(idx=0): CheckLivenessCommand(_result=None) {{(pid=90600) do_commit /opt/stack/data/venv/lib/python3.12/site-packages/ovsdbapp/backend/ovs_idl/transaction.py:89}}
Jul 21 18:38:14.853579 np0000005594 devstack@neutron-api.service[90600]: DEBUG neutron.plugins.ml2.drivers.ovn.mech_driver.ovsdb.ovsdb_monitor [-] Hash Ring: Node 2312dcfac5fa566e8f1d854babe50813 (host: np0000005594) handling event "update" for row 444f82ce-6957-4f78-a727-d98e10863281 (table: NB_Global) {{(pid=90600) notify /opt/stack/neutron/neutron/plugins/ml2/drivers/ovn/mech_driver/ovsdb/ovsdb_monitor.py:1013}}
Jul 21 18:38:14.854305 np0000005594 devstack@neutron-api.service[90599]: DEBUG neutron.plugins.ml2.drivers.ovn.mech_driver.ovsdb.ovsdb_monitor [-] Hash Ring: Node 45b9dfce4b0d5118bfa6aac99dcb87fa (host: np0000005594) handling event "update" for row 444f82ce-6957-4f78-a727-d98e10863281 (table: NB_Global) {{(pid=90599) notify /opt/stack/neutron/neutron/plugins/ml2/drivers/ovn/mech_driver/ovsdb/ovsdb_monitor.py:1013}}
Jul 21 18:38:14.854841 np0000005594 devstack@neutron-api.service[90599]: DEBUG neutron.plugins.ml2.drivers.ovn.mech_driver.ovsdb.ovsdb_monitor [-] Hash Ring: Node 45b9dfce4b0d5118bfa6aac99dcb87fa (host: np0000005594) handling event "update" for row 444f82ce-6957-4f78-a727-d98e10863281 (table: NB_Global) {{(pid=90599) notify /opt/stack/neutron/neutron/plugins/ml2/drivers/ovn/mech_driver/ovsdb/ovsdb_monitor.py:1013}}
Jul 21 18:38:14.855816 np0000005594 devstack@neutron-api.service[90600]: DEBUG neutron.api.rpc.callbacks.version_manager [None req-453b83a1-c96c-40ec-8704-e1e586678139 admin admin] Tracked resource versions report:
Jul 21 18:38:14.855816 np0000005594 devstack@neutron-api.service[90600]: pushed versions:
Jul 21 18:38:14.855816 np0000005594 devstack@neutron-api.service[90600]: { 'AddressGroup': {'1.2'},
Jul 21 18:38:14.855816 np0000005594 devstack@neutron-api.service[90600]: 'Agent': {'1.1'},
Jul 21 18:38:14.855816 np0000005594 devstack@neutron-api.service[90600]: 'ConntrackHelper': {'1.0'},
Jul 21 18:38:14.855816 np0000005594 devstack@neutron-api.service[90600]: 'LocalIPAssociation': {'1.0'},
Jul 21 18:38:14.855816 np0000005594 devstack@neutron-api.service[90600]: 'Log': {'1.0'},
Jul 21 18:38:14.855816 np0000005594 devstack@neutron-api.service[90600]: 'NDPProxy': {'1.0'},
Jul 21 18:38:14.855816 np0000005594 devstack@neutron-api.service[90600]: 'Network': {'1.3'},
Jul 21 18:38:14.855816 np0000005594 devstack@neutron-api.service[90600]: 'Port': {'1.11'},
Jul 21 18:38:14.855816 np0000005594 devstack@neutron-api.service[90600]: 'PortForwarding': {'1.3'},
Jul 21 18:38:14.855816 np0000005594 devstack@neutron-api.service[90600]: 'QosPolicy': {'1.10'},
Jul 21 18:38:14.855816 np0000005594 devstack@neutron-api.service[90600]: 'SecurityGroup': {'1.6'},
Jul 21 18:38:14.855816 np0000005594 devstack@neutron-api.service[90600]: 'SecurityGroupRule': {'1.3'},
Jul 21 18:38:14.855816 np0000005594 devstack@neutron-api.service[90600]: 'SubPort': {'1.0'},
Jul 21 18:38:14.855816 np0000005594 devstack@neutron-api.service[90600]: 'Subnet': {'1.2'},
Jul 21 18:38:14.855816 np0000005594 devstack@neutron-api.service[90600]: 'Trunk': {'1.1'}}
Jul 21 18:38:14.855816 np0000005594 devstack@neutron-api.service[90600]: consumer versions:
Jul 21 18:38:14.855816 np0000005594 devstack@neutron-api.service[90600]: {}
Jul 21 18:38:14.855816 np0000005594 devstack@neutron-api.service[90600]: {{(pid=90600) report /opt/stack/neutron/neutron/api/rpc/callbacks/version_manager.py:183}}
Jul 21 18:38:14.856583 np0000005594 devstack@neutron-api.service[90599]: DEBUG neutron.plugins.ml2.drivers.ovn.mech_driver.ovsdb.ovsdb_monitor [-] Hash Ring: Node 45b9dfce4b0d5118bfa6aac99dcb87fa (host: np0000005594) handling event "update" for row 444f82ce-6957-4f78-a727-d98e10863281 (table: NB_Global) {{(pid=90599) notify /opt/stack/neutron/neutron/plugins/ml2/drivers/ovn/mech_driver/ovsdb/ovsdb_monitor.py:1013}}
Jul 21 18:38:14.857730 np0000005594 devstack@neutron-api.service[90599]: DEBUG ovsdbapp.backend.ovs_idl.event [-] Matched UPDATE: ChassisAgentWriteEvent(events=('create', 'update'), table='Chassis_Private', conditions=None, old_conditions=None), priority=20 to row=Chassis_Private(uuid=80f55085-f7c2-4c8f-8442-cd4f2c061f79, chassis=495e2e6a-8040-4ba9-8da2-fd651e73e3ac, external_ids={'neutron:ovn-bridge': 'br-int', 'neutron:ovn-neutron-agent-id': '44d39b46-ec09-53dd-a642-65bc854fd4c6', 'neutron:ovn-neutron-agent-sb-cfg': '0'}, name='62136adf-e4f0-4e11-ad9b-252a5bb17a88', nb_cfg=1, nb_cfg_timestamp=1784659094854) old=Chassis_Private(uuid=80f55085-f7c2-4c8f-8442-cd4f2c061f79, nb_cfg=0, nb_cfg_timestamp=0) {{(pid=90599) matches /opt/stack/data/venv/lib/python3.12/site-packages/ovsdbapp/backend/ovs_idl/event.py:55}}
Jul 21 18:38:14.859590 np0000005594 devstack@neutron-api.service[90597]: DEBUG ovsdbapp.backend.ovs_idl.event [-] Matched UPDATE: ChassisAgentWriteEvent(events=('create', 'update'), table='Chassis_Private', conditions=None, old_conditions=None), priority=20 to row=Chassis_Private(uuid=80f55085-f7c2-4c8f-8442-cd4f2c061f79, chassis=495e2e6a-8040-4ba9-8da2-fd651e73e3ac, external_ids={'neutron:ovn-bridge': 'br-int', 'neutron:ovn-neutron-agent-id': '44d39b46-ec09-53dd-a642-65bc854fd4c6', 'neutron:ovn-neutron-agent-sb-cfg': '0'}, name='62136adf-e4f0-4e11-ad9b-252a5bb17a88', nb_cfg=1, nb_cfg_timestamp=1784659094854) old=Chassis_Private(uuid=80f55085-f7c2-4c8f-8442-cd4f2c061f79, nb_cfg=0, nb_cfg_timestamp=0) {{(pid=90597) matches /opt/stack/data/venv/lib/python3.12/site-packages/ovsdbapp/backend/ovs_idl/event.py:55}}
Jul 21 18:38:14.859749 np0000005594 devstack@neutron-api.service[90598]: DEBUG ovsdbapp.backend.ovs_idl.event [-] Matched UPDATE: ChassisAgentWriteEvent(events=('create', 'update'), table='Chassis_Private', conditions=None, old_conditions=None), priority=20 to row=Chassis_Private(uuid=80f55085-f7c2-4c8f-8442-cd4f2c061f79, chassis=495e2e6a-8040-4ba9-8da2-fd651e73e3ac, external_ids={'neutron:ovn-bridge': 'br-int', 'neutron:ovn-neutron-agent-id': '44d39b46-ec09-53dd-a642-65bc854fd4c6', 'neutron:ovn-neutron-agent-sb-cfg': '0'}, name='62136adf-e4f0-4e11-ad9b-252a5bb17a88', nb_cfg=1, nb_cfg_timestamp=1784659094854) old=Chassis_Private(uuid=80f55085-f7c2-4c8f-8442-cd4f2c061f79, nb_cfg=0, nb_cfg_timestamp=0) {{(pid=90598) matches /opt/stack/data/venv/lib/python3.12/site-packages/ovsdbapp/backend/ovs_idl/event.py:55}}
Jul 21 18:38:14.860122 np0000005594 devstack@neutron-api.service[90597]: DEBUG neutron.plugins.ml2.drivers.ovn.mech_driver.ovsdb.ovsdb_monitor [-] Hash Ring: Node 0bfe5a5bcd9f542086f5836b93c2438e (host: np0000005594) handling event "update" for row 80f55085-f7c2-4c8f-8442-cd4f2c061f79 (table: Chassis_Private) {{(pid=90597) notify /opt/stack/neutron/neutron/plugins/ml2/drivers/ovn/mech_driver/ovsdb/ovsdb_monitor.py:1013}}
Jul 21 18:38:14.860581 np0000005594 devstack@neutron-api.service[90599]: DEBUG neutron.plugins.ml2.drivers.ovn.mech_driver.ovsdb.ovsdb_monitor [-] Hash Ring: Node 45b9dfce4b0d5118bfa6aac99dcb87fa (host: np0000005594) handling event "update" for row 444f82ce-6957-4f78-a727-d98e10863281 (table: NB_Global) {{(pid=90599) notify /opt/stack/neutron/neutron/plugins/ml2/drivers/ovn/mech_driver/ovsdb/ovsdb_monitor.py:1013}}
Jul 21 18:38:14.861437 np0000005594 devstack@neutron-api.service[90600]: DEBUG ovsdbapp.backend.ovs_idl.event [-] Matched UPDATE: ChassisAgentWriteEvent(events=('create', 'update'), table='Chassis_Private', conditions=None, old_conditions=None), priority=20 to row=Chassis_Private(uuid=80f55085-f7c2-4c8f-8442-cd4f2c061f79, chassis=495e2e6a-8040-4ba9-8da2-fd651e73e3ac, external_ids={'neutron:ovn-bridge': 'br-int', 'neutron:ovn-neutron-agent-id': '44d39b46-ec09-53dd-a642-65bc854fd4c6', 'neutron:ovn-neutron-agent-sb-cfg': '0'}, name='62136adf-e4f0-4e11-ad9b-252a5bb17a88', nb_cfg=1, nb_cfg_timestamp=1784659094854) old=Chassis_Private(uuid=80f55085-f7c2-4c8f-8442-cd4f2c061f79, nb_cfg=0, nb_cfg_timestamp=0) {{(pid=90600) matches /opt/stack/data/venv/lib/python3.12/site-packages/ovsdbapp/backend/ovs_idl/event.py:55}}
Jul 21 18:38:14.863109 np0000005594 devstack@neutron-api.service[90597]: DEBUG ovsdbapp.backend.ovs_idl.event [-] Matched UPDATE: ChassisOVNAgentWriteEvent(events=('create', 'update'), table='Chassis_Private', conditions=None, old_conditions=None), priority=20 to row=Chassis_Private(uuid=80f55085-f7c2-4c8f-8442-cd4f2c061f79, chassis=495e2e6a-8040-4ba9-8da2-fd651e73e3ac, external_ids={'neutron:ovn-bridge': 'br-int', 'neutron:ovn-neutron-agent-id': '44d39b46-ec09-53dd-a642-65bc854fd4c6', 'neutron:ovn-neutron-agent-sb-cfg': '1'}, name='62136adf-e4f0-4e11-ad9b-252a5bb17a88', nb_cfg=1, nb_cfg_timestamp=1784659094854) old=Chassis_Private(uuid=80f55085-f7c2-4c8f-8442-cd4f2c061f79, external_ids={'neutron:ovn-bridge': 'br-int', 'neutron:ovn-neutron-agent-id': '44d39b46-ec09-53dd-a642-65bc854fd4c6', 'neutron:ovn-neutron-agent-sb-cfg': '0'}) {{(pid=90597) matches /opt/stack/data/venv/lib/python3.12/site-packages/ovsdbapp/backend/ovs_idl/event.py:55}}
Jul 21 18:38:14.863264 np0000005594 devstack@neutron-api.service[90598]: DEBUG ovsdbapp.backend.ovs_idl.event [-] Matched UPDATE: ChassisOVNAgentWriteEvent(events=('create', 'update'), table='Chassis_Private', conditions=None, old_conditions=None), priority=20 to row=Chassis_Private(uuid=80f55085-f7c2-4c8f-8442-cd4f2c061f79, chassis=495e2e6a-8040-4ba9-8da2-fd651e73e3ac, external_ids={'neutron:ovn-bridge': 'br-int', 'neutron:ovn-neutron-agent-id': '44d39b46-ec09-53dd-a642-65bc854fd4c6', 'neutron:ovn-neutron-agent-sb-cfg': '1'}, name='62136adf-e4f0-4e11-ad9b-252a5bb17a88', nb_cfg=1, nb_cfg_timestamp=1784659094854) old=Chassis_Private(uuid=80f55085-f7c2-4c8f-8442-cd4f2c061f79, external_ids={'neutron:ovn-bridge': 'br-int', 'neutron:ovn-neutron-agent-id': '44d39b46-ec09-53dd-a642-65bc854fd4c6', 'neutron:ovn-neutron-agent-sb-cfg': '0'}) {{(pid=90598) matches /opt/stack/data/venv/lib/python3.12/site-packages/ovsdbapp/backend/ovs_idl/event.py:55}}
Jul 21 18:38:14.863396 np0000005594 devstack@neutron-api.service[90597]: DEBUG neutron.plugins.ml2.drivers.ovn.mech_driver.ovsdb.ovsdb_monitor [-] Hash Ring: Node 0bfe5a5bcd9f542086f5836b93c2438e (host: np0000005594) handling event "update" for row 80f55085-f7c2-4c8f-8442-cd4f2c061f79 (table: Chassis_Private) {{(pid=90597) notify /opt/stack/neutron/neutron/plugins/ml2/drivers/ovn/mech_driver/ovsdb/ovsdb_monitor.py:1013}}
Jul 21 18:38:14.863508 np0000005594 devstack@neutron-api.service[90599]: DEBUG neutron.common.ovn.hash_ring_manager [-] Allow caching, nodes 4>=4 {{(pid=90599) _wait_startup_before_caching /opt/stack/neutron/neutron/common/ovn/hash_ring_manager.py:71}}
Jul 21 18:38:14.863508 np0000005594 devstack@neutron-api.service[90599]: DEBUG neutron.plugins.ml2.drivers.ovn.mech_driver.ovsdb.ovsdb_monitor [-] Hash Ring: Node 45b9dfce4b0d5118bfa6aac99dcb87fa (host: np0000005594) handling event "update" for row 80f55085-f7c2-4c8f-8442-cd4f2c061f79 (table: Chassis_Private) {{(pid=90599) notify /opt/stack/neutron/neutron/plugins/ml2/drivers/ovn/mech_driver/ovsdb/ovsdb_monitor.py:1013}}
Jul 21 18:38:14.864163 np0000005594 devstack@neutron-api.service[90600]: DEBUG ovsdbapp.backend.ovs_idl.event [-] Matched UPDATE: ChassisOVNAgentWriteEvent(events=('create', 'update'), table='Chassis_Private', conditions=None, old_conditions=None), priority=20 to row=Chassis_Private(uuid=80f55085-f7c2-4c8f-8442-cd4f2c061f79, chassis=495e2e6a-8040-4ba9-8da2-fd651e73e3ac, external_ids={'neutron:ovn-bridge': 'br-int', 'neutron:ovn-neutron-agent-id': '44d39b46-ec09-53dd-a642-65bc854fd4c6', 'neutron:ovn-neutron-agent-sb-cfg': '1'}, name='62136adf-e4f0-4e11-ad9b-252a5bb17a88', nb_cfg=1, nb_cfg_timestamp=1784659094854) old=Chassis_Private(uuid=80f55085-f7c2-4c8f-8442-cd4f2c061f79, external_ids={'neutron:ovn-bridge': 'br-int', 'neutron:ovn-neutron-agent-id': '44d39b46-ec09-53dd-a642-65bc854fd4c6', 'neutron:ovn-neutron-agent-sb-cfg': '0'}) {{(pid=90600) matches /opt/stack/data/venv/lib/python3.12/site-packages/ovsdbapp/backend/ovs_idl/event.py:55}}
Jul 21 18:38:14.864518 np0000005594 devstack@neutron-api.service[90599]: DEBUG ovsdbapp.backend.ovs_idl.event [-] Matched UPDATE: ChassisOVNAgentWriteEvent(events=('create', 'update'), table='Chassis_Private', conditions=None, old_conditions=None), priority=20 to row=Chassis_Private(uuid=80f55085-f7c2-4c8f-8442-cd4f2c061f79, chassis=495e2e6a-8040-4ba9-8da2-fd651e73e3ac, external_ids={'neutron:ovn-bridge': 'br-int', 'neutron:ovn-neutron-agent-id': '44d39b46-ec09-53dd-a642-65bc854fd4c6', 'neutron:ovn-neutron-agent-sb-cfg': '1'}, name='62136adf-e4f0-4e11-ad9b-252a5bb17a88', nb_cfg=1, nb_cfg_timestamp=1784659094854) old=Chassis_Private(uuid=80f55085-f7c2-4c8f-8442-cd4f2c061f79, external_ids={'neutron:ovn-bridge': 'br-int', 'neutron:ovn-neutron-agent-id': '44d39b46-ec09-53dd-a642-65bc854fd4c6', 'neutron:ovn-neutron-agent-sb-cfg': '0'}) {{(pid=90599) matches /opt/stack/data/venv/lib/python3.12/site-packages/ovsdbapp/backend/ovs_idl/event.py:55}}
Jul 21 18:38:14.864646 np0000005594 devstack@neutron-api.service[90600]: DEBUG neutron.plugins.ml2.drivers.ovn.mech_driver.ovsdb.ovsdb_monitor [-] Hash Ring: Node 2312dcfac5fa566e8f1d854babe50813 (host: np0000005594) handling event "update" for row 444f82ce-6957-4f78-a727-d98e10863281 (table: NB_Global) {{(pid=90600) notify /opt/stack/neutron/neutron/plugins/ml2/drivers/ovn/mech_driver/ovsdb/ovsdb_monitor.py:1013}}
Jul 21 18:38:14.864746 np0000005594 devstack@neutron-api.service[90599]: DEBUG neutron.plugins.ml2.drivers.ovn.mech_driver.ovsdb.ovsdb_monitor [-] Hash Ring: Node 45b9dfce4b0d5118bfa6aac99dcb87fa (host: np0000005594) handling event "update" for row 80f55085-f7c2-4c8f-8442-cd4f2c061f79 (table: Chassis_Private) {{(pid=90599) notify /opt/stack/neutron/neutron/plugins/ml2/drivers/ovn/mech_driver/ovsdb/ovsdb_monitor.py:1013}}
Jul 21 18:38:14.866105 np0000005594 devstack@neutron-api.service[90600]: DEBUG neutron.plugins.ml2.drivers.ovn.mech_driver.ovsdb.ovsdb_monitor [-] Hash Ring: Node 2312dcfac5fa566e8f1d854babe50813 (host: np0000005594) handling event "update" for row 444f82ce-6957-4f78-a727-d98e10863281 (table: NB_Global) {{(pid=90600) notify /opt/stack/neutron/neutron/plugins/ml2/drivers/ovn/mech_driver/ovsdb/ovsdb_monitor.py:1013}}
Jul 21 18:38:14.867040 np0000005594 devstack@neutron-api.service[90600]: DEBUG neutron.plugins.ml2.drivers.ovn.mech_driver.ovsdb.ovsdb_monitor [-] Hash Ring: Node 2312dcfac5fa566e8f1d854babe50813 (host: np0000005594) handling event "update" for row 444f82ce-6957-4f78-a727-d98e10863281 (table: NB_Global) {{(pid=90600) notify /opt/stack/neutron/neutron/plugins/ml2/drivers/ovn/mech_driver/ovsdb/ovsdb_monitor.py:1013}}
Jul 21 18:38:14.900297 np0000005594 devstack@neutron-api.service[90600]: DEBUG neutron.plugins.ml2.drivers.helpers [None req-453b83a1-c96c-40ec-8704-e1e586678139 admin admin] geneve segment allocate from pool success with {'geneve_vni': 14907} {{(pid=90600) allocate_partially_specified_segment /opt/stack/neutron/neutron/plugins/ml2/drivers/helpers.py:142}}
Jul 21 18:38:14.913558 np0000005594 devstack@neutron-api.service[90600]: DEBUG neutron_lib.callbacks.manager [None req-453b83a1-c96c-40ec-8704-e1e586678139 admin admin] Publish callbacks ['neutron.services.segments.db._add_segment_host_mapping_for_segment-7755954537676', 'neutron.plugins.ml2.plugin.Ml2Plugin._handle_segment_change-1808765'] for segment (1ddecb2f-2295-4e2b-9830-c57213f76929), precommit_create {{(pid=90600) _notify_loop /opt/stack/data/venv/lib/python3.12/site-packages/neutron_lib/callbacks/manager.py:184}}
Jul 21 18:38:14.913739 np0000005594 devstack@neutron-api.service[90600]: INFO neutron.db.segments_db [None req-453b83a1-c96c-40ec-8704-e1e586678139 admin admin] Added segment 1ddecb2f-2295-4e2b-9830-c57213f76929 of type geneve for network 06a401ca-21a5-4bb6-b2d2-5a66af0f7bfd
Jul 21 18:38:14.950548 np0000005594 devstack@neutron-api.service[90600]: DEBUG neutron_lib.callbacks.manager [None req-453b83a1-c96c-40ec-8704-e1e586678139 admin admin] Publish callbacks ['neutron.services.auto_allocate.db._ensure_external_network_default_value_callback-7755952929512'] for network (06a401ca-21a5-4bb6-b2d2-5a66af0f7bfd), precommit_create {{(pid=90600) _notify_loop /opt/stack/data/venv/lib/python3.12/site-packages/neutron_lib/callbacks/manager.py:184}}
Jul 21 18:38:14.964295 np0000005594 devstack@neutron-api.service[90600]: DEBUG neutron.plugins.ml2.drivers.ovn.mech_driver.mech_driver [None req-453b83a1-c96c-40ec-8704-e1e586678139 admin admin] Validating network segment with type geneve, segmentation ID 14907, physical network None {{(pid=90600) _validate_network_segments /opt/stack/neutron/neutron/plugins/ml2/drivers/ovn/mech_driver/mech_driver.py:646}}
Jul 21 18:38:14.964400 np0000005594 devstack@neutron-api.service[90600]: DEBUG neutron.db.ovn_revision_numbers_db [None req-453b83a1-c96c-40ec-8704-e1e586678139 admin admin] create_initial_revision uuid=06a401ca-21a5-4bb6-b2d2-5a66af0f7bfd, type=networks, rev=-1 {{(pid=90600) create_initial_revision /opt/stack/neutron/neutron/db/ovn_revision_numbers_db.py:98}}
Jul 21 18:38:14.978605 np0000005594 devstack@neutron-api.service[90600]: DEBUG neutron_lib.callbacks.manager [None req-453b83a1-c96c-40ec-8704-e1e586678139 admin admin] Publish callbacks ['neutron.plugins.ml2.ovo_rpc._ObjectChangeHandler.handle_event-3727058'] for network (06a401ca-21a5-4bb6-b2d2-5a66af0f7bfd), after_create {{(pid=90600) _notify_loop /opt/stack/data/venv/lib/python3.12/site-packages/neutron_lib/callbacks/manager.py:184}}
Jul 21 18:38:15.018969 np0000005594 devstack@neutron-api.service[90600]: DEBUG neutron.api.rpc.handlers.resources_rpc [None req-453b83a1-c96c-40ec-8704-e1e586678139 admin admin] Pushing event updated for resources: {'Network': ['ID=06a401ca-21a5-4bb6-b2d2-5a66af0f7bfd,revision_number=1']} {{(pid=90600) push /opt/stack/neutron/neutron/api/rpc/handlers/resources_rpc.py:237}}
Jul 21 18:38:15.025278 np0000005594 devstack@neutron-api.service[90600]: DEBUG ovsdbapp.backend.ovs_idl.transaction [-] Running txn n=1 command(idx=0): AddNetworkCommand(_result=None, network_uuid=06a401ca-21a5-4bb6-b2d2-5a66af0f7bfd, may_exist=True, columns={'external_ids': {'neutron:network_name': 'private', 'neutron:mtu': '1372', 'neutron:revision_number': '1', 'neutron:availability_zone_hints': '', 'neutron:provnet-network-type': 'geneve'}, 'other_config': {'mcast_snoop': 'false', 'mcast_flood_unregistered': 'false', 'vlan-passthru': 'false'}}) {{(pid=90600) do_commit /opt/stack/data/venv/lib/python3.12/site-packages/ovsdbapp/backend/ovs_idl/transaction.py:89}}
Jul 21 18:38:15.025584 np0000005594 devstack@neutron-api.service[90600]: DEBUG neutron.common.ovn.utils [-] OVS persist_uuid supported=True {{(pid=90600) ovs_persist_uuid_supported /opt/stack/neutron/neutron/common/ovn/utils.py:1565}}
Jul 21 18:38:15.029590 np0000005594 devstack@neutron-api.service[90599]: DEBUG neutron.plugins.ml2.drivers.ovn.mech_driver.ovsdb.ovsdb_monitor [-] Hash Ring: Node 45b9dfce4b0d5118bfa6aac99dcb87fa (host: np0000005594) handling event "create" for row 06a401ca-21a5-4bb6-b2d2-5a66af0f7bfd (table: Logical_Switch) {{(pid=90599) notify /opt/stack/neutron/neutron/plugins/ml2/drivers/ovn/mech_driver/ovsdb/ovsdb_monitor.py:1013}}
Jul 21 18:38:15.033213 np0000005594 devstack@neutron-api.service[90599]: DEBUG neutron.plugins.ml2.drivers.ovn.mech_driver.ovsdb.ovsdb_monitor [-] Hash Ring: Node 45b9dfce4b0d5118bfa6aac99dcb87fa (host: np0000005594) handling event "create" for row 801f0c2f-9430-4ee4-aaa2-f9c2132b8fff (table: Datapath_Binding) {{(pid=90599) notify /opt/stack/neutron/neutron/plugins/ml2/drivers/ovn/mech_driver/ovsdb/ovsdb_monitor.py:1013}}
Jul 21 18:38:15.038645 np0000005594 devstack@neutron-api.service[90600]: DEBUG neutron.plugins.ml2.drivers.ovn.mech_driver.ovsdb.ovsdb_monitor [-] Hash Ring: Node 2312dcfac5fa566e8f1d854babe50813 (host: np0000005594) handling event "create" for row 801f0c2f-9430-4ee4-aaa2-f9c2132b8fff (table: Datapath_Binding) {{(pid=90600) notify /opt/stack/neutron/neutron/plugins/ml2/drivers/ovn/mech_driver/ovsdb/ovsdb_monitor.py:1013}}
Jul 21 18:38:15.053824 np0000005594 devstack@neutron-api.service[90600]: INFO neutron.db.ovn_revision_numbers_db [None req-453b83a1-c96c-40ec-8704-e1e586678139 admin admin] Successfully bumped revision number for resource 06a401ca-21a5-4bb6-b2d2-5a66af0f7bfd (type: networks) to 1
Jul 21 18:38:15.105429 np0000005594 devstack@neutron-api.service[90600]: DEBUG neutron_lib.callbacks.manager [None req-453b83a1-c96c-40ec-8704-e1e586678139 admin admin] Publish callbacks ['neutron.plugins.ml2.plugin.SecurityGroupDbMixin._ensure_default_security_group_handler-1551173'] for port (None), before_create {{(pid=90600) _notify_loop /opt/stack/data/venv/lib/python3.12/site-packages/neutron_lib/callbacks/manager.py:184}}
Jul 21 18:38:15.375319 np0000005594 devstack@neutron-api.service[90600]: DEBUG neutron_lib.callbacks.manager [None req-453b83a1-c96c-40ec-8704-e1e586678139 admin admin] Publish callbacks ['neutron.plugins.ml2.drivers.ovn.mech_driver.mech_driver.OVNMechanismDriver._validate_allowed_address_pairs-235152'] for allowed_address_pair (1ae70b5d-7c66-4b0d-b6e8-21dd886733aa), before_create {{(pid=90600) _notify_loop /opt/stack/data/venv/lib/python3.12/site-packages/neutron_lib/callbacks/manager.py:184}}
Jul 21 18:38:15.375892 np0000005594 devstack@neutron-api.service[90600]: DEBUG neutron_lib.callbacks.manager [None req-453b83a1-c96c-40ec-8704-e1e586678139 admin admin] Publish callbacks [] for port (1ae70b5d-7c66-4b0d-b6e8-21dd886733aa), precommit_create {{(pid=90600) _notify_loop /opt/stack/data/venv/lib/python3.12/site-packages/neutron_lib/callbacks/manager.py:184}}
Jul 21 18:38:15.376107 np0000005594 devstack@neutron-api.service[90600]: DEBUG neutron.plugins.ml2.drivers.ovn.mech_driver.mech_driver [None req-453b83a1-c96c-40ec-8704-e1e586678139 admin admin] No provisioning block for port 1ae70b5d-7c66-4b0d-b6e8-21dd886733aa since it does not have a host {{(pid=90600) _is_port_provisioning_required /opt/stack/neutron/neutron/plugins/ml2/drivers/ovn/mech_driver/mech_driver.py:899}}
Jul 21 18:38:15.376250 np0000005594 devstack@neutron-api.service[90600]: DEBUG neutron.db.ovn_revision_numbers_db [None req-453b83a1-c96c-40ec-8704-e1e586678139 admin admin] create_initial_revision uuid=1ae70b5d-7c66-4b0d-b6e8-21dd886733aa, type=ports, rev=-1 {{(pid=90600) create_initial_revision /opt/stack/neutron/neutron/db/ovn_revision_numbers_db.py:98}}
Jul 21 18:38:15.424848 np0000005594 devstack@neutron-api.service[90600]: DEBUG neutron_lib.callbacks.manager [None req-453b83a1-c96c-40ec-8704-e1e586678139 admin admin] Publish callbacks ['neutron.plugins.ml2.ovo_rpc._ObjectChangeHandler.handle_event-3727149'] for port (1ae70b5d-7c66-4b0d-b6e8-21dd886733aa), after_create {{(pid=90600) _notify_loop /opt/stack/data/venv/lib/python3.12/site-packages/neutron_lib/callbacks/manager.py:184}}
Jul 21 18:38:15.474284 np0000005594 devstack@neutron-api.service[90600]: DEBUG neutron.api.rpc.handlers.resources_rpc [None req-453b83a1-c96c-40ec-8704-e1e586678139 admin admin] Pushing event updated for resources: {'Port': ['ID=1ae70b5d-7c66-4b0d-b6e8-21dd886733aa,revision_number=1']} {{(pid=90600) push /opt/stack/neutron/neutron/api/rpc/handlers/resources_rpc.py:237}}
Jul 21 18:38:15.502204 np0000005594 devstack@neutron-api.service[90600]: DEBUG neutron.plugins.ml2.drivers.ovn.mech_driver.ovsdb.commands [None req-453b83a1-c96c-40ec-8704-e1e586678139 admin admin] Converting tag [] to a tag_request {{(pid=90600) _tag_column_to_tag_request /opt/stack/neutron/neutron/plugins/ml2/drivers/ovn/mech_driver/ovsdb/commands.py:205}}
Jul 21 18:38:15.502714 np0000005594 devstack@neutron-api.service[90600]: DEBUG ovsdbapp.backend.ovs_idl.transaction [-] Running txn n=1 command(idx=0): AddLSwitchPortCommand(_result=None, lport=1ae70b5d-7c66-4b0d-b6e8-21dd886733aa, lswitch=neutron-06a401ca-21a5-4bb6-b2d2-5a66af0f7bfd, may_exist=True, network_uuid=06a401ca-21a5-4bb6-b2d2-5a66af0f7bfd, columns={'addresses': ['fa:16:3e:60:fa:eb'], 'external_ids': {'neutron:port_name': '', 'neutron:device_id': 'ovnmeta-06a401ca-21a5-4bb6-b2d2-5a66af0f7bfd', 'neutron:project_id': '545aa74099314fddb5c8de6f6c71604c', 'neutron:cidrs': '', 'neutron:device_owner': 'network:distributed', 'neutron:subnet_pool_addr_scope4': '', 'neutron:subnet_pool_addr_scope6': '', 'neutron:network_name': 'neutron-06a401ca-21a5-4bb6-b2d2-5a66af0f7bfd', 'neutron:security_group_ids': '', 'neutron:revision_number': '1', 'neutron:vnic_type': 'normal', 'neutron:port_capabilities': '', 'neutron:mtu': '1372'}, 'parent_name': [], 'enabled': True, 'options': {}, 'type': 'localport', 'port_security': [], 'dhcpv4_options': [], 'dhcpv6_options': [], 'tag_request': []}) {{(pid=90600) do_commit /opt/stack/data/venv/lib/python3.12/site-packages/ovsdbapp/backend/ovs_idl/transaction.py:89}}
Jul 21 18:38:15.503122 np0000005594 devstack@neutron-api.service[90600]: DEBUG ovsdbapp.backend.ovs_idl.transaction [-] Running txn n=1 command(idx=1): QoSDelCommand(_result=None, switch=neutron-06a401ca-21a5-4bb6-b2d2-5a66af0f7bfd, conditions=[('direction', '=', 'to-lport'), ('priority', '=', 2002), ('match', '=', 'outport == "1ae70b5d-7c66-4b0d-b6e8-21dd886733aa"')], if_exists=True) {{(pid=90600) do_commit /opt/stack/data/venv/lib/python3.12/site-packages/ovsdbapp/backend/ovs_idl/transaction.py:89}}
Jul 21 18:38:15.503298 np0000005594 devstack@neutron-api.service[90600]: DEBUG ovsdbapp.backend.ovs_idl.transaction [-] Running txn n=1 command(idx=2): QoSDelCommand(_result=None, switch=neutron-06a401ca-21a5-4bb6-b2d2-5a66af0f7bfd, conditions=[('direction', '=', 'from-lport'), ('priority', '=', 2002), ('match', '=', 'inport == "1ae70b5d-7c66-4b0d-b6e8-21dd886733aa"')], if_exists=True) {{(pid=90600) do_commit /opt/stack/data/venv/lib/python3.12/site-packages/ovsdbapp/backend/ovs_idl/transaction.py:89}}
Jul 21 18:38:15.505933 np0000005594 devstack@neutron-api.service[90599]: DEBUG neutron.plugins.ml2.drivers.ovn.mech_driver.ovsdb.ovsdb_monitor [-] Hash Ring: Node 45b9dfce4b0d5118bfa6aac99dcb87fa (host: np0000005594) handling event "update" for row 06a401ca-21a5-4bb6-b2d2-5a66af0f7bfd (table: Logical_Switch) {{(pid=90599) notify /opt/stack/neutron/neutron/plugins/ml2/drivers/ovn/mech_driver/ovsdb/ovsdb_monitor.py:1013}}
Jul 21 18:38:15.506077 np0000005594 devstack@neutron-api.service[90599]: DEBUG neutron.plugins.ml2.drivers.ovn.mech_driver.ovsdb.ovsdb_monitor [-] Hash Ring: Node 45b9dfce4b0d5118bfa6aac99dcb87fa (host: np0000005594) handling event "create" for row 9797a186-b2b2-4dd6-a2d6-b2e1e13f35ca (table: Logical_Switch_Port) {{(pid=90599) notify /opt/stack/neutron/neutron/plugins/ml2/drivers/ovn/mech_driver/ovsdb/ovsdb_monitor.py:1013}}
Jul 21 18:38:15.506954 np0000005594 devstack@neutron-api.service[90599]: DEBUG ovsdbapp.backend.ovs_idl.event [-] Matched CREATE: LogicalSwitchPortCreateEvent(events=('create',), table='Logical_Switch_Port', conditions=[], old_conditions=None), priority=20 to row=Logical_Switch_Port(uuid=9797a186-b2b2-4dd6-a2d6-b2e1e13f35ca, addresses=['fa:16:3e:60:fa:eb'], dhcpv4_options=[], dhcpv6_options=[], dynamic_addresses=[], enabled=True, external_ids={'neutron:cidrs': '', 'neutron:device_id': 'ovnmeta-06a401ca-21a5-4bb6-b2d2-5a66af0f7bfd', 'neutron:device_owner': 'network:distributed', 'neutron:mtu': '1372', 'neutron:network_name': 'neutron-06a401ca-21a5-4bb6-b2d2-5a66af0f7bfd', 'neutron:port_capabilities': '', 'neutron:port_name': '', 'neutron:project_id': '545aa74099314fddb5c8de6f6c71604c', 'neutron:revision_number': '1', 'neutron:security_group_ids': '', 'neutron:subnet_pool_addr_scope4': '', 'neutron:subnet_pool_addr_scope6': '', 'neutron:vnic_type': 'normal'}, ha_chassis_group=[], mirror_rules=[], name='1ae70b5d-7c66-4b0d-b6e8-21dd886733aa', options={}, parent_name=[], port_security=[], tag=[], tag_request=[], type='localport', up=[]) old= {{(pid=90599) matches /opt/stack/data/venv/lib/python3.12/site-packages/ovsdbapp/backend/ovs_idl/event.py:55}}
Jul 21 18:38:15.508312 np0000005594 devstack@neutron-api.service[90598]: DEBUG neutron.plugins.ml2.drivers.ovn.mech_driver.ovsdb.ovsdb_monitor [-] Hash Ring: Node 9969133f79df5cbb8f69025613157707 (host: np0000005594) handling event "create" for row 9797a186-b2b2-4dd6-a2d6-b2e1e13f35ca (table: Logical_Switch_Port) {{(pid=90598) notify /opt/stack/neutron/neutron/plugins/ml2/drivers/ovn/mech_driver/ovsdb/ovsdb_monitor.py:1013}}
Jul 21 18:38:15.509075 np0000005594 devstack@neutron-api.service[90599]: DEBUG neutron.plugins.ml2.drivers.ovn.mech_driver.ovsdb.ovsdb_monitor [-] Hash Ring: Node 45b9dfce4b0d5118bfa6aac99dcb87fa (host: np0000005594) handling event "update" for row 9797a186-b2b2-4dd6-a2d6-b2e1e13f35ca (table: Logical_Switch_Port) {{(pid=90599) notify /opt/stack/neutron/neutron/plugins/ml2/drivers/ovn/mech_driver/ovsdb/ovsdb_monitor.py:1013}}
Jul 21 18:38:15.509702 np0000005594 devstack@neutron-api.service[90599]: INFO neutron.plugins.ml2.drivers.ovn.mech_driver.mech_driver [-] OVN reports status down for port: 1ae70b5d-7c66-4b0d-b6e8-21dd886733aa
Jul 21 18:38:15.510236 np0000005594 devstack@neutron-api.service[90598]: DEBUG ovsdbapp.backend.ovs_idl.event [-] Matched CREATE: LogicalSwitchPortCreateEvent(events=('create',), table='Logical_Switch_Port', conditions=[], old_conditions=None), priority=20 to row=Logical_Switch_Port(uuid=9797a186-b2b2-4dd6-a2d6-b2e1e13f35ca, addresses=['fa:16:3e:60:fa:eb'], dhcpv4_options=[], dhcpv6_options=[], dynamic_addresses=[], enabled=True, external_ids={'neutron:cidrs': '', 'neutron:device_id': 'ovnmeta-06a401ca-21a5-4bb6-b2d2-5a66af0f7bfd', 'neutron:device_owner': 'network:distributed', 'neutron:mtu': '1372', 'neutron:network_name': 'neutron-06a401ca-21a5-4bb6-b2d2-5a66af0f7bfd', 'neutron:port_capabilities': '', 'neutron:port_name': '', 'neutron:project_id': '545aa74099314fddb5c8de6f6c71604c', 'neutron:revision_number': '1', 'neutron:security_group_ids': '', 'neutron:subnet_pool_addr_scope4': '', 'neutron:subnet_pool_addr_scope6': '', 'neutron:vnic_type': 'normal'}, ha_chassis_group=[], mirror_rules=[], name='1ae70b5d-7c66-4b0d-b6e8-21dd886733aa', options={}, parent_name=[], port_security=[], tag=[], tag_request=[], type='localport', up=[]) old= {{(pid=90598) matches /opt/stack/data/venv/lib/python3.12/site-packages/ovsdbapp/backend/ovs_idl/event.py:55}}
