Jul 28 20:19:47.897562 np0000006053 nova-scheduler[96737]: DEBUG cotyledon.oslo_config_glue [-] workarounds.ensure_libvirt_rbd_instance_dir_cleanup = False {{(pid=96737) log_opt_values /opt/stack/data/venv/lib/python3.12/site-packages/oslo_config/cfg.py:3253}}
Jul 28 20:19:47.897562 np0000006053 nova-scheduler[96737]: DEBUG cotyledon.oslo_config_glue [-] workarounds.handle_virt_lifecycle_events = True {{(pid=96737) log_opt_values /opt/stack/data/venv/lib/python3.12/site-packages/oslo_config/cfg.py:3253}}
Jul 28 20:19:47.897562 np0000006053 nova-scheduler[96737]: DEBUG cotyledon.oslo_config_glue [-] workarounds.libvirt_disable_apic = False {{(pid=96737) log_opt_values /opt/stack/data/venv/lib/python3.12/site-packages/oslo_config/cfg.py:3253}}
Jul 28 20:19:47.897562 np0000006053 nova-scheduler[96737]: DEBUG cotyledon.oslo_config_glue [-] workarounds.never_download_image_if_on_rbd = False {{(pid=96737) log_opt_values /opt/stack/data/venv/lib/python3.12/site-packages/oslo_config/cfg.py:3253}}
Jul 28 20:19:47.897562 np0000006053 nova-scheduler[96737]: DEBUG cotyledon.oslo_config_glue [-] workarounds.qemu_monitor_announce_self_count = 3 {{(pid=96737) log_opt_values /opt/stack/data/venv/lib/python3.12/site-packages/oslo_config/cfg.py:3253}}
Jul 28 20:19:47.897562 np0000006053 nova-scheduler[96737]: DEBUG cotyledon.oslo_config_glue [-] workarounds.qemu_monitor_announce_self_interval = 1 {{(pid=96737) log_opt_values /opt/stack/data/venv/lib/python3.12/site-packages/oslo_config/cfg.py:3253}}
Jul 28 20:19:47.897562 np0000006053 nova-scheduler[96737]: DEBUG cotyledon.oslo_config_glue [-] workarounds.reserve_disk_resource_for_image_cache = False {{(pid=96737) log_opt_values /opt/stack/data/venv/lib/python3.12/site-packages/oslo_config/cfg.py:3253}}
Jul 28 20:19:47.897844 np0000006053 nova-scheduler[96737]: DEBUG cotyledon.oslo_config_glue [-] workarounds.skip_cpu_compare_at_startup = False {{(pid=96737) log_opt_values /opt/stack/data/venv/lib/python3.12/site-packages/oslo_config/cfg.py:3253}}
Jul 28 20:19:47.897844 np0000006053 nova-scheduler[96737]: DEBUG cotyledon.oslo_config_glue [-] workarounds.skip_cpu_compare_on_dest = False {{(pid=96737) log_opt_values /opt/stack/data/venv/lib/python3.12/site-packages/oslo_config/cfg.py:3253}}
Jul 28 20:19:47.897844 np0000006053 nova-scheduler[96737]: DEBUG cotyledon.oslo_config_glue [-] workarounds.skip_hypervisor_version_check_on_lm = False {{(pid=96737) log_opt_values /opt/stack/data/venv/lib/python3.12/site-packages/oslo_config/cfg.py:3253}}
Jul 28 20:19:47.897844 np0000006053 nova-scheduler[96737]: DEBUG cotyledon.oslo_config_glue [-] workarounds.skip_reserve_in_use_ironic_nodes = False {{(pid=96737) log_opt_values /opt/stack/data/venv/lib/python3.12/site-packages/oslo_config/cfg.py:3253}}
Jul 28 20:19:47.897844 np0000006053 nova-scheduler[96737]: DEBUG cotyledon.oslo_config_glue [-] workarounds.unified_limits_count_pcpu_as_vcpu = False {{(pid=96737) log_opt_values /opt/stack/data/venv/lib/python3.12/site-packages/oslo_config/cfg.py:3253}}
Jul 28 20:19:47.897844 np0000006053 nova-scheduler[96737]: DEBUG cotyledon.oslo_config_glue [-] workarounds.wait_for_vif_plugged_event_during_hard_reboot = [] {{(pid=96737) log_opt_values /opt/stack/data/venv/lib/python3.12/site-packages/oslo_config/cfg.py:3253}}
Jul 28 20:19:47.897844 np0000006053 nova-scheduler[96737]: DEBUG cotyledon.oslo_config_glue [-] wsgi.api_paste_config = /etc/nova/api-paste.ini {{(pid=96737) log_opt_values /opt/stack/data/venv/lib/python3.12/site-packages/oslo_config/cfg.py:3253}}
Jul 28 20:19:47.897844 np0000006053 nova-scheduler[96737]: DEBUG cotyledon.oslo_config_glue [-] wsgi.secure_proxy_ssl_header = None {{(pid=96737) log_opt_values /opt/stack/data/venv/lib/python3.12/site-packages/oslo_config/cfg.py:3253}}
Jul 28 20:19:47.897844 np0000006053 nova-scheduler[96737]: DEBUG cotyledon.oslo_config_glue [-] zvm.ca_file = None {{(pid=96737) log_opt_values /opt/stack/data/venv/lib/python3.12/site-packages/oslo_config/cfg.py:3253}}
Jul 28 20:19:47.898105 np0000006053 nova-scheduler[96737]: DEBUG cotyledon.oslo_config_glue [-] zvm.cloud_connector_url = None {{(pid=96737) log_opt_values /opt/stack/data/venv/lib/python3.12/site-packages/oslo_config/cfg.py:3253}}
Jul 28 20:19:47.898105 np0000006053 nova-scheduler[96737]: DEBUG cotyledon.oslo_config_glue [-] zvm.image_tmp_path = /opt/stack/data/nova/images {{(pid=96737) log_opt_values /opt/stack/data/venv/lib/python3.12/site-packages/oslo_config/cfg.py:3253}}
Jul 28 20:19:47.898105 np0000006053 nova-scheduler[96737]: DEBUG cotyledon.oslo_config_glue [-] zvm.reachable_timeout = 300 {{(pid=96737) log_opt_values /opt/stack/data/venv/lib/python3.12/site-packages/oslo_config/cfg.py:3253}}
Jul 28 20:19:47.898105 np0000006053 nova-scheduler[96737]: DEBUG cotyledon.oslo_config_glue [-] oslo_versionedobjects.fatal_exception_format_errors = False {{(pid=96737) log_opt_values /opt/stack/data/venv/lib/python3.12/site-packages/oslo_config/cfg.py:3253}}
Jul 28 20:19:47.898105 np0000006053 nova-scheduler[96737]: DEBUG cotyledon.oslo_config_glue [-] oslo_middleware.http_basic_auth_user_file = /etc/htpasswd {{(pid=96737) log_opt_values /opt/stack/data/venv/lib/python3.12/site-packages/oslo_config/cfg.py:3253}}
Jul 28 20:19:47.898105 np0000006053 nova-scheduler[96737]: DEBUG cotyledon.oslo_config_glue [-] oslo_messaging_metrics.metrics_buffer_size = 1000 {{(pid=96737) log_opt_values /opt/stack/data/venv/lib/python3.12/site-packages/oslo_config/cfg.py:3253}}
Jul 28 20:19:47.898105 np0000006053 nova-scheduler[96737]: DEBUG cotyledon.oslo_config_glue [-] oslo_messaging_metrics.metrics_enabled = False {{(pid=96737) log_opt_values /opt/stack/data/venv/lib/python3.12/site-packages/oslo_config/cfg.py:3253}}
Jul 28 20:19:47.898105 np0000006053 nova-scheduler[96737]: DEBUG cotyledon.oslo_config_glue [-] oslo_messaging_metrics.metrics_process_name = {{(pid=96737) log_opt_values /opt/stack/data/venv/lib/python3.12/site-packages/oslo_config/cfg.py:3253}}
Jul 28 20:19:47.898342 np0000006053 nova-scheduler[96737]: DEBUG cotyledon.oslo_config_glue [-] oslo_messaging_metrics.metrics_socket_file = /var/tmp/metrics_collector.sock {{(pid=96737) log_opt_values /opt/stack/data/venv/lib/python3.12/site-packages/oslo_config/cfg.py:3253}}
Jul 28 20:19:47.898342 np0000006053 nova-scheduler[96737]: DEBUG cotyledon.oslo_config_glue [-] oslo_messaging_metrics.metrics_thread_stop_timeout = 10 {{(pid=96737) log_opt_values /opt/stack/data/venv/lib/python3.12/site-packages/oslo_config/cfg.py:3253}}
Jul 28 20:19:47.898342 np0000006053 nova-scheduler[96737]: DEBUG cotyledon.oslo_config_glue [-] profiler.connection_string = messaging:// {{(pid=96737) log_opt_values /opt/stack/data/venv/lib/python3.12/site-packages/oslo_config/cfg.py:3253}}
Jul 28 20:19:47.898342 np0000006053 nova-scheduler[96737]: DEBUG cotyledon.oslo_config_glue [-] profiler.enabled = False {{(pid=96737) log_opt_values /opt/stack/data/venv/lib/python3.12/site-packages/oslo_config/cfg.py:3253}}
Jul 28 20:19:47.898342 np0000006053 nova-scheduler[96737]: DEBUG cotyledon.oslo_config_glue [-] profiler.es_doc_type = notification {{(pid=96737) log_opt_values /opt/stack/data/venv/lib/python3.12/site-packages/oslo_config/cfg.py:3253}}
Jul 28 20:19:47.898342 np0000006053 nova-scheduler[96737]: DEBUG cotyledon.oslo_config_glue [-] profiler.es_scroll_size = 10000 {{(pid=96737) log_opt_values /opt/stack/data/venv/lib/python3.12/site-packages/oslo_config/cfg.py:3253}}
Jul 28 20:19:47.898342 np0000006053 nova-scheduler[96737]: DEBUG cotyledon.oslo_config_glue [-] profiler.es_scroll_time = 2m {{(pid=96737) log_opt_values /opt/stack/data/venv/lib/python3.12/site-packages/oslo_config/cfg.py:3253}}
Jul 28 20:19:47.898342 np0000006053 nova-scheduler[96737]: DEBUG cotyledon.oslo_config_glue [-] profiler.filter_error_trace = False {{(pid=96737) log_opt_values /opt/stack/data/venv/lib/python3.12/site-packages/oslo_config/cfg.py:3253}}
Jul 28 20:19:47.898342 np0000006053 nova-scheduler[96737]: DEBUG cotyledon.oslo_config_glue [-] profiler.hmac_keys = **** {{(pid=96737) log_opt_values /opt/stack/data/venv/lib/python3.12/site-packages/oslo_config/cfg.py:3253}}
Jul 28 20:19:47.901503 np0000006053 nova-scheduler[96737]: DEBUG cotyledon.oslo_config_glue [-] profiler.sentinel_service_name = mymaster {{(pid=96737) log_opt_values /opt/stack/data/venv/lib/python3.12/site-packages/oslo_config/cfg.py:3253}}
Jul 28 20:19:47.901503 np0000006053 nova-scheduler[96737]: DEBUG cotyledon.oslo_config_glue [-] profiler.socket_timeout = 0.1 {{(pid=96737) log_opt_values /opt/stack/data/venv/lib/python3.12/site-packages/oslo_config/cfg.py:3253}}
Jul 28 20:19:47.901503 np0000006053 nova-scheduler[96737]: DEBUG cotyledon.oslo_config_glue [-] profiler.trace_requests = False {{(pid=96737) log_opt_values /opt/stack/data/venv/lib/python3.12/site-packages/oslo_config/cfg.py:3253}}
Jul 28 20:19:47.901503 np0000006053 nova-scheduler[96737]: DEBUG cotyledon.oslo_config_glue [-] profiler.trace_sqlalchemy = False {{(pid=96737) log_opt_values /opt/stack/data/venv/lib/python3.12/site-packages/oslo_config/cfg.py:3253}}
Jul 28 20:19:47.901503 np0000006053 nova-scheduler[96737]: DEBUG cotyledon.oslo_config_glue [-] profiler_jaeger.process_tags = {} {{(pid=96737) log_opt_values /opt/stack/data/venv/lib/python3.12/site-packages/oslo_config/cfg.py:3253}}
Jul 28 20:19:47.901503 np0000006053 nova-scheduler[96737]: DEBUG cotyledon.oslo_config_glue [-] profiler_jaeger.service_name_prefix = None {{(pid=96737) log_opt_values /opt/stack/data/venv/lib/python3.12/site-packages/oslo_config/cfg.py:3253}}
Jul 28 20:19:47.901503 np0000006053 nova-scheduler[96737]: DEBUG cotyledon.oslo_config_glue [-] profiler_otlp.service_name_prefix = None {{(pid=96737) log_opt_values /opt/stack/data/venv/lib/python3.12/site-packages/oslo_config/cfg.py:3253}}
Jul 28 20:19:47.901503 np0000006053 nova-scheduler[96737]: DEBUG cotyledon.oslo_config_glue [-] oslo_messaging_rabbit.amqp_auto_delete = False {{(pid=96737) log_opt_values /opt/stack/data/venv/lib/python3.12/site-packages/oslo_config/cfg.py:3253}}
Jul 28 20:19:47.901503 np0000006053 nova-scheduler[96737]: DEBUG cotyledon.oslo_config_glue [-] oslo_messaging_rabbit.amqp_durable_queues = False {{(pid=96737) log_opt_values /opt/stack/data/venv/lib/python3.12/site-packages/oslo_config/cfg.py:3253}}
Jul 28 20:19:47.901738 np0000006053 nova-scheduler[96737]: DEBUG cotyledon.oslo_config_glue [-] oslo_messaging_rabbit.conn_pool_min_size = 2 {{(pid=96737) log_opt_values /opt/stack/data/venv/lib/python3.12/site-packages/oslo_config/cfg.py:3253}}
Jul 28 20:19:47.901738 np0000006053 nova-scheduler[96737]: DEBUG cotyledon.oslo_config_glue [-] oslo_messaging_rabbit.conn_pool_ttl = 1200 {{(pid=96737) log_opt_values /opt/stack/data/venv/lib/python3.12/site-packages/oslo_config/cfg.py:3253}}
Jul 28 20:19:47.901738 np0000006053 nova-scheduler[96737]: DEBUG cotyledon.oslo_config_glue [-] oslo_messaging_rabbit.direct_mandatory_flag = True {{(pid=96737) log_opt_values /opt/stack/data/venv/lib/python3.12/site-packages/oslo_config/cfg.py:3253}}
Jul 28 20:19:47.901738 np0000006053 nova-scheduler[96737]: DEBUG cotyledon.oslo_config_glue [-] oslo_messaging_rabbit.enable_cancel_on_failover = False {{(pid=96737) log_opt_values /opt/stack/data/venv/lib/python3.12/site-packages/oslo_config/cfg.py:3253}}
Jul 28 20:19:47.901738 np0000006053 nova-scheduler[96737]: DEBUG cotyledon.oslo_config_glue [-] oslo_messaging_rabbit.heartbeat_rate = 3 {{(pid=96737) log_opt_values /opt/stack/data/venv/lib/python3.12/site-packages/oslo_config/cfg.py:3253}}
Jul 28 20:19:47.901738 np0000006053 nova-scheduler[96737]: DEBUG cotyledon.oslo_config_glue [-] oslo_messaging_rabbit.heartbeat_timeout_threshold = 60 {{(pid=96737) log_opt_values /opt/stack/data/venv/lib/python3.12/site-packages/oslo_config/cfg.py:3253}}
Jul 28 20:19:47.901738 np0000006053 nova-scheduler[96737]: DEBUG cotyledon.oslo_config_glue [-] oslo_messaging_rabbit.hostname = np0000006053 {{(pid=96737) log_opt_values /opt/stack/data/venv/lib/python3.12/site-packages/oslo_config/cfg.py:3253}}
Jul 28 20:19:47.901738 np0000006053 nova-scheduler[96737]: DEBUG cotyledon.oslo_config_glue [-] oslo_messaging_rabbit.kombu_compression = None {{(pid=96737) log_opt_values /opt/stack/data/venv/lib/python3.12/site-packages/oslo_config/cfg.py:3253}}
Jul 28 20:19:47.901738 np0000006053 nova-scheduler[96737]: DEBUG cotyledon.oslo_config_glue [-] oslo_messaging_rabbit.kombu_failover_strategy = round-robin {{(pid=96737) log_opt_values /opt/stack/data/venv/lib/python3.12/site-packages/oslo_config/cfg.py:3253}}
Jul 28 20:19:47.902030 np0000006053 nova-scheduler[96737]: DEBUG cotyledon.oslo_config_glue [-] oslo_messaging_rabbit.kombu_missing_consumer_retry_timeout = 60 {{(pid=96737) log_opt_values /opt/stack/data/venv/lib/python3.12/site-packages/oslo_config/cfg.py:3253}}
Jul 28 20:19:47.902030 np0000006053 nova-scheduler[96737]: DEBUG cotyledon.oslo_config_glue [-] oslo_messaging_rabbit.kombu_reconnect_delay = 1.0 {{(pid=96737) log_opt_values /opt/stack/data/venv/lib/python3.12/site-packages/oslo_config/cfg.py:3253}}
Jul 28 20:19:47.902030 np0000006053 nova-scheduler[96737]: DEBUG cotyledon.oslo_config_glue [-] oslo_messaging_rabbit.kombu_reconnect_splay = 0.0 {{(pid=96737) log_opt_values /opt/stack/data/venv/lib/python3.12/site-packages/oslo_config/cfg.py:3253}}
Jul 28 20:19:47.902030 np0000006053 nova-scheduler[96737]: DEBUG cotyledon.oslo_config_glue [-] oslo_messaging_rabbit.processname = nova-scheduler {{(pid=96737) log_opt_values /opt/stack/data/venv/lib/python3.12/site-packages/oslo_config/cfg.py:3253}}
Jul 28 20:19:47.902030 np0000006053 nova-scheduler[96737]: DEBUG cotyledon.oslo_config_glue [-] oslo_messaging_rabbit.rabbit_ha_queues = False {{(pid=96737) log_opt_values /opt/stack/data/venv/lib/python3.12/site-packages/oslo_config/cfg.py:3253}}
Jul 28 20:19:47.902030 np0000006053 nova-scheduler[96737]: DEBUG cotyledon.oslo_config_glue [-] oslo_messaging_rabbit.rabbit_interval_max = 30 {{(pid=96737) log_opt_values /opt/stack/data/venv/lib/python3.12/site-packages/oslo_config/cfg.py:3253}}
Jul 28 20:19:47.902030 np0000006053 nova-scheduler[96737]: DEBUG cotyledon.oslo_config_glue [-] oslo_messaging_rabbit.rabbit_login_method = AMQPLAIN {{(pid=96737) log_opt_values /opt/stack/data/venv/lib/python3.12/site-packages/oslo_config/cfg.py:3253}}
Jul 28 20:19:47.902030 np0000006053 nova-scheduler[96737]: DEBUG cotyledon.oslo_config_glue [-] oslo_messaging_rabbit.rabbit_qos_prefetch_count = 0 {{(pid=96737) log_opt_values /opt/stack/data/venv/lib/python3.12/site-packages/oslo_config/cfg.py:3253}}
Jul 28 20:19:47.902030 np0000006053 nova-scheduler[96737]: DEBUG cotyledon.oslo_config_glue [-] oslo_messaging_rabbit.rabbit_quorum_delivery_limit = 0 {{(pid=96737) log_opt_values /opt/stack/data/venv/lib/python3.12/site-packages/oslo_config/cfg.py:3253}}
Jul 28 20:19:47.902212 np0000006053 nova-scheduler[96737]: DEBUG cotyledon.oslo_config_glue [-] oslo_messaging_rabbit.rabbit_quorum_max_memory_bytes = 0 {{(pid=96737) log_opt_values /opt/stack/data/venv/lib/python3.12/site-packages/oslo_config/cfg.py:3253}}
Jul 28 20:19:47.902212 np0000006053 nova-scheduler[96737]: DEBUG cotyledon.oslo_config_glue [-] oslo_messaging_rabbit.rabbit_quorum_max_memory_length = 0 {{(pid=96737) log_opt_values /opt/stack/data/venv/lib/python3.12/site-packages/oslo_config/cfg.py:3253}}
Jul 28 20:19:47.902212 np0000006053 nova-scheduler[96737]: DEBUG cotyledon.oslo_config_glue [-] oslo_messaging_rabbit.rabbit_quorum_queue = False {{(pid=96737) log_opt_values /opt/stack/data/venv/lib/python3.12/site-packages/oslo_config/cfg.py:3253}}
Jul 28 20:19:47.902212 np0000006053 nova-scheduler[96737]: DEBUG cotyledon.oslo_config_glue [-] oslo_messaging_rabbit.rabbit_retry_backoff = 2 {{(pid=96737) log_opt_values /opt/stack/data/venv/lib/python3.12/site-packages/oslo_config/cfg.py:3253}}
Jul 28 20:19:47.902212 np0000006053 nova-scheduler[96737]: DEBUG cotyledon.oslo_config_glue [-] oslo_messaging_rabbit.rabbit_retry_interval = 1 {{(pid=96737) log_opt_values /opt/stack/data/venv/lib/python3.12/site-packages/oslo_config/cfg.py:3253}}
Jul 28 20:19:47.902212 np0000006053 nova-scheduler[96737]: DEBUG cotyledon.oslo_config_glue [-] oslo_messaging_rabbit.rabbit_stream_fanout = False {{(pid=96737) log_opt_values /opt/stack/data/venv/lib/python3.12/site-packages/oslo_config/cfg.py:3253}}
Jul 28 20:19:47.902212 np0000006053 nova-scheduler[96737]: DEBUG cotyledon.oslo_config_glue [-] oslo_messaging_rabbit.rabbit_transient_queues_ttl = 1800 {{(pid=96737) log_opt_values /opt/stack/data/venv/lib/python3.12/site-packages/oslo_config/cfg.py:3253}}
Jul 28 20:19:47.902212 np0000006053 nova-scheduler[96737]: DEBUG cotyledon.oslo_config_glue [-] oslo_messaging_rabbit.rabbit_transient_quorum_queue = False {{(pid=96737) log_opt_values /opt/stack/data/venv/lib/python3.12/site-packages/oslo_config/cfg.py:3253}}
Jul 28 20:19:47.902367 np0000006053 nova-scheduler[96737]: DEBUG cotyledon.oslo_config_glue [-] oslo_messaging_rabbit.rpc_conn_pool_size = 30 {{(pid=96737) log_opt_values /opt/stack/data/venv/lib/python3.12/site-packages/oslo_config/cfg.py:3253}}
Jul 28 20:19:47.902367 np0000006053 nova-scheduler[96737]: DEBUG cotyledon.oslo_config_glue [-] oslo_messaging_rabbit.ssl = False {{(pid=96737) log_opt_values /opt/stack/data/venv/lib/python3.12/site-packages/oslo_config/cfg.py:3253}}
Jul 28 20:19:47.902367 np0000006053 nova-scheduler[96737]: DEBUG cotyledon.oslo_config_glue [-] oslo_messaging_rabbit.ssl_ca_file = {{(pid=96737) log_opt_values /opt/stack/data/venv/lib/python3.12/site-packages/oslo_config/cfg.py:3253}}
Jul 28 20:19:47.902367 np0000006053 nova-scheduler[96737]: DEBUG cotyledon.oslo_config_glue [-] oslo_messaging_rabbit.ssl_cert_file = {{(pid=96737) log_opt_values /opt/stack/data/venv/lib/python3.12/site-packages/oslo_config/cfg.py:3253}}
Jul 28 20:19:47.902367 np0000006053 nova-scheduler[96737]: DEBUG cotyledon.oslo_config_glue [-] oslo_messaging_rabbit.ssl_enforce_fips_mode = False {{(pid=96737) log_opt_values /opt/stack/data/venv/lib/python3.12/site-packages/oslo_config/cfg.py:3253}}
Jul 28 20:19:47.902367 np0000006053 nova-scheduler[96737]: DEBUG cotyledon.oslo_config_glue [-] oslo_messaging_rabbit.ssl_enforce_hostname_verification = True {{(pid=96737) log_opt_values /opt/stack/data/venv/lib/python3.12/site-packages/oslo_config/cfg.py:3253}}
Jul 28 20:19:47.902367 np0000006053 nova-scheduler[96737]: DEBUG cotyledon.oslo_config_glue [-] oslo_messaging_rabbit.ssl_key_file = {{(pid=96737) log_opt_values /opt/stack/data/venv/lib/python3.12/site-packages/oslo_config/cfg.py:3253}}
Jul 28 20:19:47.902367 np0000006053 nova-scheduler[96737]: DEBUG cotyledon.oslo_config_glue [-] oslo_messaging_rabbit.ssl_version = {{(pid=96737) log_opt_values /opt/stack/data/venv/lib/python3.12/site-packages/oslo_config/cfg.py:3253}}
Jul 28 20:19:47.902367 np0000006053 nova-scheduler[96737]: DEBUG cotyledon.oslo_config_glue [-] oslo_messaging_rabbit.use_queue_manager = False {{(pid=96737) log_opt_values /opt/stack/data/venv/lib/python3.12/site-packages/oslo_config/cfg.py:3253}}
Jul 28 20:19:47.902578 np0000006053 nova-scheduler[96737]: DEBUG cotyledon.oslo_config_glue [-] oslo_messaging_notifications.driver = ['messagingv2'] {{(pid=96737) log_opt_values /opt/stack/data/venv/lib/python3.12/site-packages/oslo_config/cfg.py:3253}}
Jul 28 20:19:47.902578 np0000006053 nova-scheduler[96737]: DEBUG cotyledon.oslo_config_glue [-] oslo_messaging_notifications.retry = -1 {{(pid=96737) log_opt_values /opt/stack/data/venv/lib/python3.12/site-packages/oslo_config/cfg.py:3253}}
Jul 28 20:19:47.902578 np0000006053 nova-scheduler[96737]: DEBUG cotyledon.oslo_config_glue [-] oslo_messaging_notifications.topics = ['notifications'] {{(pid=96737) log_opt_values /opt/stack/data/venv/lib/python3.12/site-packages/oslo_config/cfg.py:3253}}
Jul 28 20:19:47.902578 np0000006053 nova-scheduler[96737]: DEBUG cotyledon.oslo_config_glue [-] oslo_messaging_notifications.transport_url = **** {{(pid=96737) log_opt_values /opt/stack/data/venv/lib/python3.12/site-packages/oslo_config/cfg.py:3253}}
Jul 28 20:19:47.902578 np0000006053 nova-scheduler[96737]: DEBUG cotyledon.oslo_config_glue [-] oslo_limit.auth_section = None {{(pid=96737) log_opt_values /opt/stack/data/venv/lib/python3.12/site-packages/oslo_config/cfg.py:3253}}
Jul 28 20:19:47.902578 np0000006053 nova-scheduler[96737]: DEBUG cotyledon.oslo_config_glue [-] oslo_limit.auth_type = None {{(pid=96737) log_opt_values /opt/stack/data/venv/lib/python3.12/site-packages/oslo_config/cfg.py:3253}}
Jul 28 20:19:47.902578 np0000006053 nova-scheduler[96737]: DEBUG cotyledon.oslo_config_glue [-] oslo_limit.cafile = None {{(pid=96737) log_opt_values /opt/stack/data/venv/lib/python3.12/site-packages/oslo_config/cfg.py:3253}}
Jul 28 20:19:47.902578 np0000006053 nova-scheduler[96737]: DEBUG cotyledon.oslo_config_glue [-] oslo_limit.certfile = None {{(pid=96737) log_opt_values /opt/stack/data/venv/lib/python3.12/site-packages/oslo_config/cfg.py:3253}}
Jul 28 20:19:47.902578 np0000006053 nova-scheduler[96737]: DEBUG cotyledon.oslo_config_glue [-] oslo_limit.collect_timing = False {{(pid=96737) log_opt_values /opt/stack/data/venv/lib/python3.12/site-packages/oslo_config/cfg.py:3253}}
Jul 28 20:19:47.902780 np0000006053 nova-scheduler[96737]: DEBUG cotyledon.oslo_config_glue [-] oslo_limit.connect_retries = None {{(pid=96737) log_opt_values /opt/stack/data/venv/lib/python3.12/site-packages/oslo_config/cfg.py:3253}}
Jul 28 20:19:47.902780 np0000006053 nova-scheduler[96737]: DEBUG cotyledon.oslo_config_glue [-] oslo_limit.connect_retry_delay = None {{(pid=96737) log_opt_values /opt/stack/data/venv/lib/python3.12/site-packages/oslo_config/cfg.py:3253}}
Jul 28 20:19:47.902780 np0000006053 nova-scheduler[96737]: DEBUG cotyledon.oslo_config_glue [-] oslo_limit.endpoint_id = None {{(pid=96737) log_opt_values /opt/stack/data/venv/lib/python3.12/site-packages/oslo_config/cfg.py:3253}}
Jul 28 20:19:47.902780 np0000006053 nova-scheduler[96737]: DEBUG cotyledon.oslo_config_glue [-] oslo_limit.endpoint_interface = public {{(pid=96737) log_opt_values /opt/stack/data/venv/lib/python3.12/site-packages/oslo_config/cfg.py:3253}}
Jul 28 20:19:47.902780 np0000006053 nova-scheduler[96737]: DEBUG cotyledon.oslo_config_glue [-] oslo_limit.endpoint_override = None {{(pid=96737) log_opt_values /opt/stack/data/venv/lib/python3.12/site-packages/oslo_config/cfg.py:3253}}
Jul 28 20:19:47.902780 np0000006053 nova-scheduler[96737]: DEBUG cotyledon.oslo_config_glue [-] oslo_limit.endpoint_region_name = None {{(pid=96737) log_opt_values /opt/stack/data/venv/lib/python3.12/site-packages/oslo_config/cfg.py:3253}}
Jul 28 20:19:47.902780 np0000006053 nova-scheduler[96737]: DEBUG cotyledon.oslo_config_glue [-] oslo_limit.endpoint_service_name = None {{(pid=96737) log_opt_values /opt/stack/data/venv/lib/python3.12/site-packages/oslo_config/cfg.py:3253}}
Jul 28 20:19:47.902780 np0000006053 nova-scheduler[96737]: DEBUG cotyledon.oslo_config_glue [-] oslo_limit.endpoint_service_type = None {{(pid=96737) log_opt_values /opt/stack/data/venv/lib/python3.12/site-packages/oslo_config/cfg.py:3253}}
Jul 28 20:19:47.902780 np0000006053 nova-scheduler[96737]: DEBUG cotyledon.oslo_config_glue [-] oslo_limit.insecure = False {{(pid=96737) log_opt_values /opt/stack/data/venv/lib/python3.12/site-packages/oslo_config/cfg.py:3253}}
Jul 28 20:19:47.902969 np0000006053 nova-scheduler[96737]: DEBUG cotyledon.oslo_config_glue [-] oslo_limit.keyfile = None {{(pid=96737) log_opt_values /opt/stack/data/venv/lib/python3.12/site-packages/oslo_config/cfg.py:3253}}
Jul 28 20:19:47.902969 np0000006053 nova-scheduler[96737]: DEBUG cotyledon.oslo_config_glue [-] oslo_limit.max_version = None {{(pid=96737) log_opt_values /opt/stack/data/venv/lib/python3.12/site-packages/oslo_config/cfg.py:3253}}
Jul 28 20:19:47.902969 np0000006053 nova-scheduler[96737]: DEBUG cotyledon.oslo_config_glue [-] oslo_limit.min_version = None {{(pid=96737) log_opt_values /opt/stack/data/venv/lib/python3.12/site-packages/oslo_config/cfg.py:3253}}
Jul 28 20:19:47.902969 np0000006053 nova-scheduler[96737]: DEBUG cotyledon.oslo_config_glue [-] oslo_limit.region_name = None {{(pid=96737) log_opt_values /opt/stack/data/venv/lib/python3.12/site-packages/oslo_config/cfg.py:3253}}
Jul 28 20:19:47.902969 np0000006053 nova-scheduler[96737]: DEBUG cotyledon.oslo_config_glue [-] oslo_limit.retriable_status_codes = None {{(pid=96737) log_opt_values /opt/stack/data/venv/lib/python3.12/site-packages/oslo_config/cfg.py:3253}}
Jul 28 20:19:47.902969 np0000006053 nova-scheduler[96737]: DEBUG cotyledon.oslo_config_glue [-] oslo_limit.service_name = None {{(pid=96737) log_opt_values /opt/stack/data/venv/lib/python3.12/site-packages/oslo_config/cfg.py:3253}}
Jul 28 20:19:47.902969 np0000006053 nova-scheduler[96737]: DEBUG cotyledon.oslo_config_glue [-] oslo_limit.service_type = None {{(pid=96737) log_opt_values /opt/stack/data/venv/lib/python3.12/site-packages/oslo_config/cfg.py:3253}}
Jul 28 20:19:47.902969 np0000006053 nova-scheduler[96737]: DEBUG cotyledon.oslo_config_glue [-] oslo_limit.split_loggers = False {{(pid=96737) log_opt_values /opt/stack/data/venv/lib/python3.12/site-packages/oslo_config/cfg.py:3253}}
Jul 28 20:19:47.902969 np0000006053 nova-scheduler[96737]: DEBUG cotyledon.oslo_config_glue [-] oslo_limit.status_code_retries = None {{(pid=96737) log_opt_values /opt/stack/data/venv/lib/python3.12/site-packages/oslo_config/cfg.py:3253}}
Jul 28 20:19:47.903187 np0000006053 nova-scheduler[96737]: DEBUG cotyledon.oslo_config_glue [-] oslo_limit.status_code_retry_delay = None {{(pid=96737) log_opt_values /opt/stack/data/venv/lib/python3.12/site-packages/oslo_config/cfg.py:3253}}
Jul 28 20:19:47.903187 np0000006053 nova-scheduler[96737]: DEBUG cotyledon.oslo_config_glue [-] oslo_limit.timeout = None {{(pid=96737) log_opt_values /opt/stack/data/venv/lib/python3.12/site-packages/oslo_config/cfg.py:3253}}
Jul 28 20:19:47.903187 np0000006053 nova-scheduler[96737]: DEBUG cotyledon.oslo_config_glue [-] oslo_limit.valid_interfaces = None {{(pid=96737) log_opt_values /opt/stack/data/venv/lib/python3.12/site-packages/oslo_config/cfg.py:3253}}
Jul 28 20:19:47.903187 np0000006053 nova-scheduler[96737]: DEBUG cotyledon.oslo_config_glue [-] oslo_limit.version = None {{(pid=96737) log_opt_values /opt/stack/data/venv/lib/python3.12/site-packages/oslo_config/cfg.py:3253}}
Jul 28 20:19:47.903187 np0000006053 nova-scheduler[96737]: DEBUG cotyledon.oslo_config_glue [-] oslo_reports.file_event_handler = None {{(pid=96737) log_opt_values /opt/stack/data/venv/lib/python3.12/site-packages/oslo_config/cfg.py:3253}}
Jul 28 20:19:47.903187 np0000006053 nova-scheduler[96737]: DEBUG cotyledon.oslo_config_glue [-] oslo_reports.file_event_handler_interval = 1 {{(pid=96737) log_opt_values /opt/stack/data/venv/lib/python3.12/site-packages/oslo_config/cfg.py:3253}}
Jul 28 20:19:47.903187 np0000006053 nova-scheduler[96737]: DEBUG cotyledon.oslo_config_glue [-] oslo_reports.log_dir = None {{(pid=96737) log_opt_values /opt/stack/data/venv/lib/python3.12/site-packages/oslo_config/cfg.py:3253}}
Jul 28 20:19:47.903187 np0000006053 nova-scheduler[96737]: DEBUG cotyledon.oslo_config_glue [-] ******************************************************************************** {{(pid=96737) log_opt_values /opt/stack/data/venv/lib/python3.12/site-packages/oslo_config/cfg.py:3260}}
Jul 28 20:19:47.903187 np0000006053 nova-scheduler[96737]: DEBUG cotyledon._service_worker [-] Run service ServiceWrapper(3) [96737] {{(pid=96737) wait_forever /opt/stack/data/venv/lib/python3.12/site-packages/cotyledon/_service_worker.py:218}}
Jul 28 20:19:47.903400 np0000006053 nova-scheduler[96737]: INFO nova.service [-] Starting scheduler node (version 33.1.0)
Jul 28 20:19:47.903424 np0000006053 nova-scheduler[96731]: DEBUG oslo_db.sqlalchemy.engines [None req-03e50589-e438-4af2-a22b-4024ff628b6f None None] MySQL server mode set to STRICT_TRANS_TABLES,STRICT_ALL_TABLES,NO_ZERO_IN_DATE,NO_ZERO_DATE,ERROR_FOR_DIVISION_BY_ZERO,TRADITIONAL,NO_ENGINE_SUBSTITUTION {{(pid=96731) _check_effective_sql_mode /opt/stack/data/venv/lib/python3.12/site-packages/oslo_db/sqlalchemy/engines.py:325}}
Jul 28 20:19:47.903450 np0000006053 nova-scheduler[96737]: INFO dbcounter [None req-61bb2282-ccd7-4485-b6d3-a44476a8b2ea None None] Registered counter for database nova_cell0
Jul 28 20:19:47.903472 np0000006053 nova-scheduler[96735]: DEBUG oslo_db.sqlalchemy.engines [None req-fd2c687f-2221-493f-af62-537b19606a8c None None] MySQL server mode set to STRICT_TRANS_TABLES,STRICT_ALL_TABLES,NO_ZERO_IN_DATE,NO_ZERO_DATE,ERROR_FOR_DIVISION_BY_ZERO,TRADITIONAL,NO_ENGINE_SUBSTITUTION {{(pid=96735) _check_effective_sql_mode /opt/stack/data/venv/lib/python3.12/site-packages/oslo_db/sqlalchemy/engines.py:325}}
Jul 28 20:19:47.903511 np0000006053 nova-scheduler[96731]: DEBUG dbcounter [-] [96731] Writer thread running {{(pid=96731) stat_writer /opt/stack/data/venv/lib/python3.12/site-packages/dbcounter.py:102}}
Jul 28 20:19:47.903549 np0000006053 nova-scheduler[96733]: DEBUG oslo_db.sqlalchemy.engines [None req-c21db8cb-69fc-4562-8e1c-4e0b7c7b04b9 None None] MySQL server mode set to STRICT_TRANS_TABLES,STRICT_ALL_TABLES,NO_ZERO_IN_DATE,NO_ZERO_DATE,ERROR_FOR_DIVISION_BY_ZERO,TRADITIONAL,NO_ENGINE_SUBSTITUTION {{(pid=96733) _check_effective_sql_mode /opt/stack/data/venv/lib/python3.12/site-packages/oslo_db/sqlalchemy/engines.py:325}}
Jul 28 20:19:47.907971 np0000006053 nova-scheduler[96735]: DEBUG dbcounter [-] [96735] Writer thread running {{(pid=96735) stat_writer /opt/stack/data/venv/lib/python3.12/site-packages/dbcounter.py:102}}
Jul 28 20:19:47.914602 np0000006053 nova-scheduler[96733]: DEBUG dbcounter [-] [96733] Writer thread running {{(pid=96733) stat_writer /opt/stack/data/venv/lib/python3.12/site-packages/dbcounter.py:102}}
Jul 28 20:19:47.926118 np0000006053 nova-scheduler[96731]: DEBUG nova.service [None req-03e50589-e438-4af2-a22b-4024ff628b6f None None] Creating RPC server for service: nova-scheduler on topic: scheduler {{(pid=96731) start /opt/stack/nova/nova/service.py:196}}
Jul 28 20:19:47.935579 np0000006053 nova-scheduler[96733]: DEBUG nova.service [None req-c21db8cb-69fc-4562-8e1c-4e0b7c7b04b9 None None] Creating RPC server for service: nova-scheduler on topic: scheduler {{(pid=96733) start /opt/stack/nova/nova/service.py:196}}
Jul 28 20:19:47.935966 np0000006053 nova-scheduler[96735]: DEBUG nova.service [None req-fd2c687f-2221-493f-af62-537b19606a8c None None] Creating RPC server for service: nova-scheduler on topic: scheduler {{(pid=96735) start /opt/stack/nova/nova/service.py:196}}
Jul 28 20:19:47.940576 np0000006053 nova-scheduler[96737]: DEBUG oslo_db.sqlalchemy.engines [None req-61bb2282-ccd7-4485-b6d3-a44476a8b2ea None None] MySQL server mode set to STRICT_TRANS_TABLES,STRICT_ALL_TABLES,NO_ZERO_IN_DATE,NO_ZERO_DATE,ERROR_FOR_DIVISION_BY_ZERO,TRADITIONAL,NO_ENGINE_SUBSTITUTION {{(pid=96737) _check_effective_sql_mode /opt/stack/data/venv/lib/python3.12/site-packages/oslo_db/sqlalchemy/engines.py:325}}
Jul 28 20:19:47.957154 np0000006053 nova-scheduler[96737]: DEBUG dbcounter [-] [96737] Writer thread running {{(pid=96737) stat_writer /opt/stack/data/venv/lib/python3.12/site-packages/dbcounter.py:102}}
Jul 28 20:19:47.961329 np0000006053 nova-scheduler[96737]: DEBUG nova.service [None req-61bb2282-ccd7-4485-b6d3-a44476a8b2ea None None] Creating RPC server for service: nova-scheduler on topic: scheduler {{(pid=96737) start /opt/stack/nova/nova/service.py:196}}
Jul 28 20:19:47.968095 np0000006053 nova-scheduler[96733]: DEBUG nova.service [None req-c21db8cb-69fc-4562-8e1c-4e0b7c7b04b9 None None] Join ServiceGroup membership for this service scheduler {{(pid=96733) start /opt/stack/nova/nova/service.py:222}}
Jul 28 20:19:47.968243 np0000006053 nova-scheduler[96733]: DEBUG nova.servicegroup.drivers.db [None req-c21db8cb-69fc-4562-8e1c-4e0b7c7b04b9 None None] DB_Driver: join new ServiceGroup member np0000006053 to the scheduler group, service = {{(pid=96733) join /opt/stack/nova/nova/servicegroup/drivers/db.py:44}}
Jul 28 20:19:47.969303 np0000006053 nova-scheduler[96731]: DEBUG nova.service [None req-03e50589-e438-4af2-a22b-4024ff628b6f None None] Join ServiceGroup membership for this service scheduler {{(pid=96731) start /opt/stack/nova/nova/service.py:222}}
Jul 28 20:19:47.969911 np0000006053 nova-scheduler[96731]: DEBUG nova.servicegroup.drivers.db [None req-03e50589-e438-4af2-a22b-4024ff628b6f None None] DB_Driver: join new ServiceGroup member np0000006053 to the scheduler group, service = {{(pid=96731) join /opt/stack/nova/nova/servicegroup/drivers/db.py:44}}
Jul 28 20:19:47.977227 np0000006053 nova-scheduler[96735]: DEBUG nova.service [None req-fd2c687f-2221-493f-af62-537b19606a8c None None] Join ServiceGroup membership for this service scheduler {{(pid=96735) start /opt/stack/nova/nova/service.py:222}}
Jul 28 20:19:47.977227 np0000006053 nova-scheduler[96735]: DEBUG nova.servicegroup.drivers.db [None req-fd2c687f-2221-493f-af62-537b19606a8c None None] DB_Driver: join new ServiceGroup member np0000006053 to the scheduler group, service = {{(pid=96735) join /opt/stack/nova/nova/servicegroup/drivers/db.py:44}}
Jul 28 20:19:47.990824 np0000006053 nova-scheduler[96737]: DEBUG nova.service [None req-61bb2282-ccd7-4485-b6d3-a44476a8b2ea None None] Join ServiceGroup membership for this service scheduler {{(pid=96737) start /opt/stack/nova/nova/service.py:222}}
Jul 28 20:19:47.991042 np0000006053 nova-scheduler[96737]: DEBUG nova.servicegroup.drivers.db [None req-61bb2282-ccd7-4485-b6d3-a44476a8b2ea None None] DB_Driver: join new ServiceGroup member np0000006053 to the scheduler group, service = {{(pid=96737) join /opt/stack/nova/nova/servicegroup/drivers/db.py:44}}
Jul 28 20:19:52.998804 np0000006053 nova-scheduler[96733]: DEBUG oslo.service.backend._threading.loopingcall [-] Fixed interval looping call 'nova.servicegroup.drivers.db.DbDriver._report_state' sleeping for 119.97 seconds {{(pid=96733) _run_loop /opt/stack/data/venv/lib/python3.12/site-packages/oslo_service/backend/_threading/loopingcall.py:125}}
Jul 28 20:19:53.001650 np0000006053 nova-scheduler[96735]: DEBUG oslo.service.backend._threading.loopingcall [-] Fixed interval looping call 'nova.servicegroup.drivers.db.DbDriver._report_state' sleeping for 119.98 seconds {{(pid=96735) _run_loop /opt/stack/data/venv/lib/python3.12/site-packages/oslo_service/backend/_threading/loopingcall.py:125}}
Jul 28 20:19:53.002090 np0000006053 nova-scheduler[96731]: DEBUG oslo.service.backend._threading.loopingcall [-] Fixed interval looping call 'nova.servicegroup.drivers.db.DbDriver._report_state' sleeping for 119.97 seconds {{(pid=96731) _run_loop /opt/stack/data/venv/lib/python3.12/site-packages/oslo_service/backend/_threading/loopingcall.py:125}}
Jul 28 20:19:53.003932 np0000006053 nova-scheduler[96737]: DEBUG oslo.service.backend._threading.loopingcall [-] Fixed interval looping call 'nova.servicegroup.drivers.db.DbDriver._report_state' sleeping for 119.99 seconds {{(pid=96737) _run_loop /opt/stack/data/venv/lib/python3.12/site-packages/oslo_service/backend/_threading/loopingcall.py:125}}
Jul 28 20:19:56.389400 np0000006053 nova-scheduler[95467]: DEBUG dbcounter [-] [95467] Writing DB stats nova_api:SELECT=3 {{(pid=95467) stat_writer /opt/stack/data/venv/lib/python3.12/site-packages/dbcounter.py:115}}
Jul 28 20:19:56.561120 np0000006053 nova-scheduler[95467]: DEBUG dbcounter [-] [95467] Writing DB stats nova_cell0:SELECT=1 {{(pid=95467) stat_writer /opt/stack/data/venv/lib/python3.12/site-packages/dbcounter.py:115}}
Jul 28 20:19:56.566180 np0000006053 nova-scheduler[95467]: DEBUG dbcounter [-] [95467] Writing DB stats nova_cell1:SELECT=1 {{(pid=95467) stat_writer /opt/stack/data/venv/lib/python3.12/site-packages/dbcounter.py:115}}
Jul 28 20:20:02.979013 np0000006053 nova-scheduler[96733]: DEBUG dbcounter [-] [96733] Writing DB stats nova_cell0:SELECT=5,nova_cell0:INSERT=1,nova_cell0:UPDATE=1 {{(pid=96733) stat_writer /opt/stack/data/venv/lib/python3.12/site-packages/dbcounter.py:115}}
Jul 28 20:20:02.979937 np0000006053 nova-scheduler[96731]: DEBUG dbcounter [-] [96731] Writing DB stats nova_cell0:SELECT=4,nova_cell0:INSERT=1,nova_cell0:UPDATE=1 {{(pid=96731) stat_writer /opt/stack/data/venv/lib/python3.12/site-packages/dbcounter.py:115}}
Jul 28 20:20:02.999608 np0000006053 nova-scheduler[96735]: DEBUG dbcounter [-] [96735] Writing DB stats nova_cell0:SELECT=5,nova_cell0:INSERT=1,nova_cell0:UPDATE=1 {{(pid=96735) stat_writer /opt/stack/data/venv/lib/python3.12/site-packages/dbcounter.py:115}}
Jul 28 20:20:03.000321 np0000006053 nova-scheduler[96737]: DEBUG dbcounter [-] [96737] Writing DB stats nova_cell0:SELECT=3 {{(pid=96737) stat_writer /opt/stack/data/venv/lib/python3.12/site-packages/dbcounter.py:115}}
Jul 28 20:20:17.972525 np0000006053 nova-scheduler[96731]: DEBUG oslo.service.backend._threading.loopingcall [None req-4fa3f26c-38fd-4a18-808c-032036c660e8 None None] Dynamic interval looping call 'nova.service.Service.periodic_tasks' sleeping for 60.00 seconds {{(pid=96731) _run_loop /opt/stack/data/venv/lib/python3.12/site-packages/oslo_service/backend/_threading/loopingcall.py:125}}
Jul 28 20:20:27.970965 np0000006053 nova-scheduler[96733]: DEBUG oslo.service.backend._threading.loopingcall [None req-78acaf26-9b16-4dfc-9573-bf34825de12b None None] Dynamic interval looping call 'nova.service.Service.periodic_tasks' sleeping for 60.00 seconds {{(pid=96733) _run_loop /opt/stack/data/venv/lib/python3.12/site-packages/oslo_service/backend/_threading/loopingcall.py:125}}
Jul 28 20:20:28.993411 np0000006053 nova-scheduler[96737]: DEBUG oslo.service.backend._threading.loopingcall [None req-3269d3c8-bf1f-432b-8297-59338bfc8b13 None None] Dynamic interval looping call 'nova.service.Service.periodic_tasks' sleeping for 60.00 seconds {{(pid=96737) _run_loop /opt/stack/data/venv/lib/python3.12/site-packages/oslo_service/backend/_threading/loopingcall.py:125}}
Jul 28 20:20:33.978988 np0000006053 nova-scheduler[96735]: DEBUG oslo.service.backend._threading.loopingcall [None req-5616cbd0-6b2f-4bcf-b24a-36a49e1b9b6a None None] Dynamic interval looping call 'nova.service.Service.periodic_tasks' sleeping for 60.00 seconds {{(pid=96735) _run_loop /opt/stack/data/venv/lib/python3.12/site-packages/oslo_service/backend/_threading/loopingcall.py:125}}
Jul 28 20:21:17.973203 np0000006053 nova-scheduler[96731]: DEBUG oslo.service.backend._threading.loopingcall [None req-4fa3f26c-38fd-4a18-808c-032036c660e8 None None] Dynamic interval looping call 'nova.service.Service.periodic_tasks' sleeping for 60.00 seconds {{(pid=96731) _run_loop /opt/stack/data/venv/lib/python3.12/site-packages/oslo_service/backend/_threading/loopingcall.py:125}}
Jul 28 20:21:27.971392 np0000006053 nova-scheduler[96733]: DEBUG oslo.service.backend._threading.loopingcall [None req-78acaf26-9b16-4dfc-9573-bf34825de12b None None] Dynamic interval looping call 'nova.service.Service.periodic_tasks' sleeping for 60.00 seconds {{(pid=96733) _run_loop /opt/stack/data/venv/lib/python3.12/site-packages/oslo_service/backend/_threading/loopingcall.py:125}}
Jul 28 20:21:28.993913 np0000006053 nova-scheduler[96737]: DEBUG oslo.service.backend._threading.loopingcall [None req-3269d3c8-bf1f-432b-8297-59338bfc8b13 None None] Dynamic interval looping call 'nova.service.Service.periodic_tasks' sleeping for 60.00 seconds {{(pid=96737) _run_loop /opt/stack/data/venv/lib/python3.12/site-packages/oslo_service/backend/_threading/loopingcall.py:125}}
Jul 28 20:21:33.979434 np0000006053 nova-scheduler[96735]: DEBUG oslo.service.backend._threading.loopingcall [None req-5616cbd0-6b2f-4bcf-b24a-36a49e1b9b6a None None] Dynamic interval looping call 'nova.service.Service.periodic_tasks' sleeping for 60.00 seconds {{(pid=96735) _run_loop /opt/stack/data/venv/lib/python3.12/site-packages/oslo_service/backend/_threading/loopingcall.py:125}}
Jul 28 20:21:52.978962 np0000006053 nova-scheduler[96733]: DEBUG oslo.service.backend._threading.loopingcall [-] Fixed interval looping call 'nova.servicegroup.drivers.db.DbDriver._report_state' sleeping for 119.99 seconds {{(pid=96733) _run_loop /opt/stack/data/venv/lib/python3.12/site-packages/oslo_service/backend/_threading/loopingcall.py:125}}
Jul 28 20:21:52.979383 np0000006053 nova-scheduler[96731]: DEBUG oslo.service.backend._threading.loopingcall [-] Fixed interval looping call 'nova.servicegroup.drivers.db.DbDriver._report_state' sleeping for 119.99 seconds {{(pid=96731) _run_loop /opt/stack/data/venv/lib/python3.12/site-packages/oslo_service/backend/_threading/loopingcall.py:125}}
Jul 28 20:21:52.985855 np0000006053 nova-scheduler[96735]: DEBUG oslo.service.backend._threading.loopingcall [-] Fixed interval looping call 'nova.servicegroup.drivers.db.DbDriver._report_state' sleeping for 120.00 seconds {{(pid=96735) _run_loop /opt/stack/data/venv/lib/python3.12/site-packages/oslo_service/backend/_threading/loopingcall.py:125}}
Jul 28 20:21:52.998082 np0000006053 nova-scheduler[96737]: DEBUG oslo.service.backend._threading.loopingcall [-] Fixed interval looping call 'nova.servicegroup.drivers.db.DbDriver._report_state' sleeping for 120.00 seconds {{(pid=96737) _run_loop /opt/stack/data/venv/lib/python3.12/site-packages/oslo_service/backend/_threading/loopingcall.py:125}}
Jul 28 20:22:02.972378 np0000006053 nova-scheduler[96733]: DEBUG dbcounter [-] [96733] Writing DB stats nova_cell0:SELECT=1,nova_cell0:UPDATE=1 {{(pid=96733) stat_writer /opt/stack/data/venv/lib/python3.12/site-packages/dbcounter.py:115}}
Jul 28 20:22:02.975180 np0000006053 nova-scheduler[96731]: DEBUG dbcounter [-] [96731] Writing DB stats nova_cell0:SELECT=1,nova_cell0:UPDATE=1 {{(pid=96731) stat_writer /opt/stack/data/venv/lib/python3.12/site-packages/dbcounter.py:115}}
Jul 28 20:22:02.983978 np0000006053 nova-scheduler[96735]: DEBUG dbcounter [-] [96735] Writing DB stats nova_cell0:SELECT=1 {{(pid=96735) stat_writer /opt/stack/data/venv/lib/python3.12/site-packages/dbcounter.py:115}}
Jul 28 20:22:02.995955 np0000006053 nova-scheduler[96737]: DEBUG dbcounter [-] [96737] Writing DB stats nova_cell0:SELECT=1 {{(pid=96737) stat_writer /opt/stack/data/venv/lib/python3.12/site-packages/dbcounter.py:115}}
Jul 28 20:22:15.964318 np0000006053 nova-scheduler[96733]: DEBUG nova.scheduler.manager [None req-7a0f4406-a927-47b4-a05a-18da4607bcd2 tempest-DeleteServersTestJSON-1157263003 tempest-DeleteServersTestJSON-1157263003-project-member] Starting to schedule for instances: ['b0789098-a2ee-4b59-965b-cfc36ef9ff1a'] {{(pid=96733) select_destinations /opt/stack/nova/nova/scheduler/manager.py:209}}
Jul 28 20:22:15.965373 np0000006053 nova-scheduler[96733]: DEBUG nova.scheduler.request_filter [None req-7a0f4406-a927-47b4-a05a-18da4607bcd2 tempest-DeleteServersTestJSON-1157263003 tempest-DeleteServersTestJSON-1157263003-project-member] compute_status_filter request filter added forbidden trait COMPUTE_STATUS_DISABLED {{(pid=96733) compute_status_filter /opt/stack/nova/nova/scheduler/request_filter.py:253}}
Jul 28 20:22:15.965579 np0000006053 nova-scheduler[96733]: DEBUG nova.scheduler.request_filter [None req-7a0f4406-a927-47b4-a05a-18da4607bcd2 tempest-DeleteServersTestJSON-1157263003 tempest-DeleteServersTestJSON-1157263003-project-member] Request filter 'compute_status_filter' took 0.0 seconds {{(pid=96733) wrapper /opt/stack/nova/nova/scheduler/request_filter.py:46}}
Jul 28 20:22:15.966098 np0000006053 nova-scheduler[96733]: DEBUG nova.scheduler.request_filter [None req-7a0f4406-a927-47b4-a05a-18da4607bcd2 tempest-DeleteServersTestJSON-1157263003 tempest-DeleteServersTestJSON-1157263003-project-member] Request filter 'accelerators_filter' took 0.0 seconds {{(pid=96733) wrapper /opt/stack/nova/nova/scheduler/request_filter.py:46}}
Jul 28 20:22:15.966273 np0000006053 nova-scheduler[96733]: DEBUG nova.scheduler.request_filter [None req-7a0f4406-a927-47b4-a05a-18da4607bcd2 tempest-DeleteServersTestJSON-1157263003 tempest-DeleteServersTestJSON-1157263003-project-member] Request filter 'packed_virtqueue_filter' took 0.0 seconds {{(pid=96733) wrapper /opt/stack/nova/nova/scheduler/request_filter.py:46}}
Jul 28 20:22:15.966742 np0000006053 nova-scheduler[96733]: DEBUG nova.scheduler.request_filter [None req-7a0f4406-a927-47b4-a05a-18da4607bcd2 tempest-DeleteServersTestJSON-1157263003 tempest-DeleteServersTestJSON-1157263003-project-member] Request filter 'remote_managed_ports_filter' took 0.0 seconds {{(pid=96733) wrapper /opt/stack/nova/nova/scheduler/request_filter.py:46}}
Jul 28 20:22:15.967107 np0000006053 nova-scheduler[96733]: DEBUG nova.scheduler.request_filter [None req-7a0f4406-a927-47b4-a05a-18da4607bcd2 tempest-DeleteServersTestJSON-1157263003 tempest-DeleteServersTestJSON-1157263003-project-member] ephemeral_encryption_filter skipped {{(pid=96733) ephemeral_encryption_filter /opt/stack/nova/nova/scheduler/request_filter.py:426}}
Jul 28 20:22:15.967308 np0000006053 nova-scheduler[96733]: DEBUG nova.scheduler.request_filter [None req-7a0f4406-a927-47b4-a05a-18da4607bcd2 tempest-DeleteServersTestJSON-1157263003 tempest-DeleteServersTestJSON-1157263003-project-member] virtio_sound_filter skipped {{(pid=96733) virtio_sound_filter /opt/stack/nova/nova/scheduler/request_filter.py:460}}
Jul 28 20:22:15.967452 np0000006053 nova-scheduler[96733]: DEBUG nova.scheduler.request_filter [None req-7a0f4406-a927-47b4-a05a-18da4607bcd2 tempest-DeleteServersTestJSON-1157263003 tempest-DeleteServersTestJSON-1157263003-project-member] tpm_secret_security_filter skipped {{(pid=96733) tpm_secret_security_filter /opt/stack/nova/nova/scheduler/request_filter.py:477}}
Jul 28 20:22:16.364088 np0000006053 nova-scheduler[96731]: DEBUG nova.scheduler.manager [None req-b789bb24-aa81-4935-9e3b-bd0978559b32 tempest-ServerActionsTestOtherB-1782331154 tempest-ServerActionsTestOtherB-1782331154-project-member] Starting to schedule for instances: ['d91ae442-78e4-4582-9e1d-0031c0586887'] {{(pid=96731) select_destinations /opt/stack/nova/nova/scheduler/manager.py:209}}
Jul 28 20:22:16.364088 np0000006053 nova-scheduler[96731]: DEBUG nova.scheduler.request_filter [None req-b789bb24-aa81-4935-9e3b-bd0978559b32 tempest-ServerActionsTestOtherB-1782331154 tempest-ServerActionsTestOtherB-1782331154-project-member] compute_status_filter request filter added forbidden trait COMPUTE_STATUS_DISABLED {{(pid=96731) compute_status_filter /opt/stack/nova/nova/scheduler/request_filter.py:253}}
Jul 28 20:22:16.364088 np0000006053 nova-scheduler[96731]: DEBUG nova.scheduler.request_filter [None req-b789bb24-aa81-4935-9e3b-bd0978559b32 tempest-ServerActionsTestOtherB-1782331154 tempest-ServerActionsTestOtherB-1782331154-project-member] Request filter 'compute_status_filter' took 0.0 seconds {{(pid=96731) wrapper /opt/stack/nova/nova/scheduler/request_filter.py:46}}
Jul 28 20:22:16.364088 np0000006053 nova-scheduler[96731]: DEBUG nova.scheduler.request_filter [None req-b789bb24-aa81-4935-9e3b-bd0978559b32 tempest-ServerActionsTestOtherB-1782331154 tempest-ServerActionsTestOtherB-1782331154-project-member] Request filter 'accelerators_filter' took 0.0 seconds {{(pid=96731) wrapper /opt/stack/nova/nova/scheduler/request_filter.py:46}}
Jul 28 20:22:16.364088 np0000006053 nova-scheduler[96731]: DEBUG nova.scheduler.request_filter [None req-b789bb24-aa81-4935-9e3b-bd0978559b32 tempest-ServerActionsTestOtherB-1782331154 tempest-ServerActionsTestOtherB-1782331154-project-member] Request filter 'packed_virtqueue_filter' took 0.0 seconds {{(pid=96731) wrapper /opt/stack/nova/nova/scheduler/request_filter.py:46}}
Jul 28 20:22:16.364668 np0000006053 nova-scheduler[96731]: DEBUG nova.scheduler.request_filter [None req-b789bb24-aa81-4935-9e3b-bd0978559b32 tempest-ServerActionsTestOtherB-1782331154 tempest-ServerActionsTestOtherB-1782331154-project-member] Request filter 'remote_managed_ports_filter' took 0.0 seconds {{(pid=96731) wrapper /opt/stack/nova/nova/scheduler/request_filter.py:46}}
Jul 28 20:22:16.364668 np0000006053 nova-scheduler[96731]: DEBUG nova.scheduler.request_filter [None req-b789bb24-aa81-4935-9e3b-bd0978559b32 tempest-ServerActionsTestOtherB-1782331154 tempest-ServerActionsTestOtherB-1782331154-project-member] ephemeral_encryption_filter skipped {{(pid=96731) ephemeral_encryption_filter /opt/stack/nova/nova/scheduler/request_filter.py:426}}
Jul 28 20:22:16.364668 np0000006053 nova-scheduler[96731]: DEBUG nova.scheduler.request_filter [None req-b789bb24-aa81-4935-9e3b-bd0978559b32 tempest-ServerActionsTestOtherB-1782331154 tempest-ServerActionsTestOtherB-1782331154-project-member] virtio_sound_filter skipped {{(pid=96731) virtio_sound_filter /opt/stack/nova/nova/scheduler/request_filter.py:460}}
Jul 28 20:22:16.364668 np0000006053 nova-scheduler[96731]: DEBUG nova.scheduler.request_filter [None req-b789bb24-aa81-4935-9e3b-bd0978559b32 tempest-ServerActionsTestOtherB-1782331154 tempest-ServerActionsTestOtherB-1782331154-project-member] tpm_secret_security_filter skipped {{(pid=96731) tpm_secret_security_filter /opt/stack/nova/nova/scheduler/request_filter.py:477}}
Jul 28 20:22:16.441221 np0000006053 nova-scheduler[96733]: INFO nova.utils [None req-7a0f4406-a927-47b4-a05a-18da4607bcd2 tempest-DeleteServersTestJSON-1157263003 tempest-DeleteServersTestJSON-1157263003-project-member] The cell worker thread pool ForkProcess-2.cell_worker is initialized
Jul 28 20:22:16.441569 np0000006053 nova-scheduler[96733]: DEBUG oslo_concurrency.lockutils [None req-7a0f4406-a927-47b4-a05a-18da4607bcd2 tempest-DeleteServersTestJSON-1157263003 tempest-DeleteServersTestJSON-1157263003-project-member] Acquiring lock "c9907bdd-7f93-438e-9af1-8547623f6e8a" by "nova.context.set_target_cell..get_or_set_cached_cell_and_set_connections" {{(pid=96733) inner /opt/stack/data/venv/lib/python3.12/site-packages/oslo_concurrency/lockutils.py:512}}
