Jul 19 20:51:08.921940 np0000005468 devstack@n-api.service[87496]: DEBUG nova.compute.api [None req-f354a31a-de16-417b-a7ef-4461b6f539de tempest-TaggedBootDevicesTest-2106683814 tempest-TaggedBootDevicesTest-2106683814-project-member] [instance: daaefa70-e77d-4740-92bb-a8ce1cdfcb5e] Fetching instance by UUID {{(pid=87496) get /opt/stack/nova/nova/compute/api.py:3068}}
Jul 19 20:51:08.927665 np0000005468 devstack@n-api.service[87496]: DEBUG oslo_concurrency.lockutils [None req-f354a31a-de16-417b-a7ef-4461b6f539de tempest-TaggedBootDevicesTest-2106683814 tempest-TaggedBootDevicesTest-2106683814-project-member] Acquiring lock "82bced08-c7bb-43ec-9b46-631291ebbcc0" by "nova.context.set_target_cell..get_or_set_cached_cell_and_set_connections" {{(pid=87496) inner /opt/stack/data/venv/lib/python3.12/site-packages/oslo_concurrency/lockutils.py:512}}
Jul 19 20:51:08.927969 np0000005468 devstack@n-api.service[87496]: DEBUG oslo_concurrency.lockutils [None req-f354a31a-de16-417b-a7ef-4461b6f539de tempest-TaggedBootDevicesTest-2106683814 tempest-TaggedBootDevicesTest-2106683814-project-member] Lock "82bced08-c7bb-43ec-9b46-631291ebbcc0" acquired by "nova.context.set_target_cell..get_or_set_cached_cell_and_set_connections" :: waited 0.000s {{(pid=87496) inner /opt/stack/data/venv/lib/python3.12/site-packages/oslo_concurrency/lockutils.py:525}}
Jul 19 20:51:08.928229 np0000005468 devstack@n-api.service[87496]: DEBUG oslo_concurrency.lockutils [None req-f354a31a-de16-417b-a7ef-4461b6f539de tempest-TaggedBootDevicesTest-2106683814 tempest-TaggedBootDevicesTest-2106683814-project-member] Lock "82bced08-c7bb-43ec-9b46-631291ebbcc0" "released" by "nova.context.set_target_cell..get_or_set_cached_cell_and_set_connections" :: held 0.000s {{(pid=87496) inner /opt/stack/data/venv/lib/python3.12/site-packages/oslo_concurrency/lockutils.py:544}}
Jul 19 20:51:08.928715 np0000005468 devstack@n-api.service[87496]: DEBUG oslo_concurrency.lockutils [None req-f354a31a-de16-417b-a7ef-4461b6f539de tempest-TaggedBootDevicesTest-2106683814 tempest-TaggedBootDevicesTest-2106683814-project-member] Acquiring lock "82bced08-c7bb-43ec-9b46-631291ebbcc0" by "nova.context.set_target_cell..get_or_set_cached_cell_and_set_connections" {{(pid=87496) inner /opt/stack/data/venv/lib/python3.12/site-packages/oslo_concurrency/lockutils.py:512}}
Jul 19 20:51:08.929056 np0000005468 devstack@n-api.service[87496]: DEBUG oslo_concurrency.lockutils [None req-f354a31a-de16-417b-a7ef-4461b6f539de tempest-TaggedBootDevicesTest-2106683814 tempest-TaggedBootDevicesTest-2106683814-project-member] Lock "82bced08-c7bb-43ec-9b46-631291ebbcc0" acquired by "nova.context.set_target_cell..get_or_set_cached_cell_and_set_connections" :: waited 0.000s {{(pid=87496) inner /opt/stack/data/venv/lib/python3.12/site-packages/oslo_concurrency/lockutils.py:525}}
Jul 19 20:51:08.929360 np0000005468 devstack@n-api.service[87496]: DEBUG oslo_concurrency.lockutils [None req-f354a31a-de16-417b-a7ef-4461b6f539de tempest-TaggedBootDevicesTest-2106683814 tempest-TaggedBootDevicesTest-2106683814-project-member] Lock "82bced08-c7bb-43ec-9b46-631291ebbcc0" "released" by "nova.context.set_target_cell..get_or_set_cached_cell_and_set_connections" :: held 0.000s {{(pid=87496) inner /opt/stack/data/venv/lib/python3.12/site-packages/oslo_concurrency/lockutils.py:544}}
Jul 19 20:51:08.951301 np0000005468 devstack@n-api.service[87496]: WARNING neutronclient.v2_0.client [None req-f354a31a-de16-417b-a7ef-4461b6f539de tempest-TaggedBootDevicesTest-2106683814 tempest-TaggedBootDevicesTest-2106683814-project-member] The python binding code in neutronclient is deprecated in favor of OpenstackSDK, please use that as this will be removed in a future release.
Jul 19 20:51:09.038281 np0000005468 devstack@n-api.service[87499]: INFO nova.api.openstack.requestlog [None req-cb180533-b60c-4f72-88f4-6d127d3a4653 tempest-VolumesSnapshotsTestJSON-1610586375 tempest-VolumesSnapshotsTestJSON-1610586375-project-member] 10.4.3.43 "POST /compute/v2.1/os-snapshots" status: 200 len: 287 microversion: 2.1 time: 0.156334
Jul 19 20:51:09.039831 np0000005468 devstack@n-api.service[87499]: [pid: 87499|app: 0|req: 34/141] 10.4.3.43 () {68 vars in 1273 bytes} [Sun Jul 19 20:51:08 2026] POST /compute/v2.1/os-snapshots => generated 287 bytes in 158 msecs (HTTP/1.1 200) 9 headers in 357 bytes (1 switches on core 0)
Jul 19 20:51:09.120227 np0000005468 devstack@n-api.service[87496]: DEBUG nova.policy [None req-f354a31a-de16-417b-a7ef-4461b6f539de tempest-TaggedBootDevicesTest-2106683814 tempest-TaggedBootDevicesTest-2106683814-project-member] Policy check for os_compute_api:os-extended-server-attributes failed with credentials {'is_admin': False, 'user_id': 'a461383054a244d99f185d4b99de930d', 'user_domain_id': 'default', 'system_scope': None, 'domain_id': None, 'project_id': 'c878e3c3c67d4507838e9885991a5008', 'project_domain_id': 'default', 'roles': ['reader', 'member'], 'is_admin_project': True, 'service_user_id': None, 'service_user_domain_id': None, 'service_project_id': None, 'service_project_domain_id': None, 'service_roles': []} {{(pid=87496) authorize /opt/stack/nova/nova/policy.py:192}}
Jul 19 20:51:09.128164 np0000005468 devstack@n-api.service[87496]: DEBUG nova.policy [None req-f354a31a-de16-417b-a7ef-4461b6f539de tempest-TaggedBootDevicesTest-2106683814 tempest-TaggedBootDevicesTest-2106683814-project-member] Policy check for os_compute_api:servers:show:host_status failed with credentials {'is_admin': False, 'user_id': 'a461383054a244d99f185d4b99de930d', 'user_domain_id': 'default', 'system_scope': None, 'domain_id': None, 'project_id': 'c878e3c3c67d4507838e9885991a5008', 'project_domain_id': 'default', 'roles': ['reader', 'member'], 'is_admin_project': True, 'service_user_id': None, 'service_user_domain_id': None, 'service_project_id': None, 'service_project_domain_id': None, 'service_roles': []} {{(pid=87496) authorize /opt/stack/nova/nova/policy.py:192}}
Jul 19 20:51:09.128951 np0000005468 devstack@n-api.service[87496]: DEBUG nova.policy [None req-f354a31a-de16-417b-a7ef-4461b6f539de tempest-TaggedBootDevicesTest-2106683814 tempest-TaggedBootDevicesTest-2106683814-project-member] Policy check for os_compute_api:servers:show:host_status:unknown-only failed with credentials {'is_admin': False, 'user_id': 'a461383054a244d99f185d4b99de930d', 'user_domain_id': 'default', 'system_scope': None, 'domain_id': None, 'project_id': 'c878e3c3c67d4507838e9885991a5008', 'project_domain_id': 'default', 'roles': ['reader', 'member'], 'is_admin_project': True, 'service_user_id': None, 'service_user_domain_id': None, 'service_project_id': None, 'service_project_domain_id': None, 'service_roles': []} {{(pid=87496) authorize /opt/stack/nova/nova/policy.py:192}}
Jul 19 20:51:09.133091 np0000005468 devstack@n-api.service[87496]: INFO nova.api.openstack.requestlog [None req-f354a31a-de16-417b-a7ef-4461b6f539de tempest-TaggedBootDevicesTest-2106683814 tempest-TaggedBootDevicesTest-2106683814-project-member] 10.4.3.43 "GET /compute/v2.1/servers/daaefa70-e77d-4740-92bb-a8ce1cdfcb5e" status: 200 len: 1831 microversion: 2.32 time: 0.215651
Jul 19 20:51:09.134337 np0000005468 devstack@n-api.service[87496]: [pid: 87496|app: 0|req: 32/142] 10.4.3.43 () {68 vars in 1388 bytes} [Sun Jul 19 20:51:08 2026] GET /compute/v2.1/servers/daaefa70-e77d-4740-92bb-a8ce1cdfcb5e => generated 1831 bytes in 216 msecs (HTTP/1.1 200) 9 headers in 360 bytes (1 switches on core 0)
Jul 19 20:51:09.323258 np0000005468 devstack@n-api.service[87498]: DEBUG nova.api.openstack.wsgi [None req-1e7e6847-260e-4928-98b7-642bef19a5eb tempest-VolumesSnapshotsTestJSON-1610586375 tempest-VolumesSnapshotsTestJSON-1610586375-project-reader] Calling method '>' {{(pid=87498) _process_stack /opt/stack/nova/nova/api/openstack/wsgi.py:551}}
Jul 19 20:51:09.341297 np0000005468 devstack@n-api.service[87497]: DEBUG nova.api.openstack.wsgi [None req-7f7b6415-690d-45e8-a0f2-3fdc8263eb2d tempest-ServerBootFromVolumeStableRescueTest-442895226 tempest-ServerBootFromVolumeStableRescueTest-442895226-project-member] Calling method '>' {{(pid=87497) _process_stack /opt/stack/nova/nova/api/openstack/wsgi.py:551}}
Jul 19 20:51:09.347231 np0000005468 devstack@n-api.service[87497]: DEBUG nova.compute.api [None req-7f7b6415-690d-45e8-a0f2-3fdc8263eb2d tempest-ServerBootFromVolumeStableRescueTest-442895226 tempest-ServerBootFromVolumeStableRescueTest-442895226-project-member] [instance: 613ceb79-5b51-4106-9406-9493c25711cb] Fetching instance by UUID {{(pid=87497) get /opt/stack/nova/nova/compute/api.py:3068}}
Jul 19 20:51:09.361118 np0000005468 devstack@n-api.service[87497]: DEBUG oslo_concurrency.lockutils [None req-7f7b6415-690d-45e8-a0f2-3fdc8263eb2d tempest-ServerBootFromVolumeStableRescueTest-442895226 tempest-ServerBootFromVolumeStableRescueTest-442895226-project-member] Acquiring lock "82bced08-c7bb-43ec-9b46-631291ebbcc0" by "nova.context.set_target_cell..get_or_set_cached_cell_and_set_connections" {{(pid=87497) inner /opt/stack/data/venv/lib/python3.12/site-packages/oslo_concurrency/lockutils.py:512}}
Jul 19 20:51:09.361576 np0000005468 devstack@n-api.service[87497]: DEBUG oslo_concurrency.lockutils [None req-7f7b6415-690d-45e8-a0f2-3fdc8263eb2d tempest-ServerBootFromVolumeStableRescueTest-442895226 tempest-ServerBootFromVolumeStableRescueTest-442895226-project-member] Lock "82bced08-c7bb-43ec-9b46-631291ebbcc0" acquired by "nova.context.set_target_cell..get_or_set_cached_cell_and_set_connections" :: waited 0.000s {{(pid=87497) inner /opt/stack/data/venv/lib/python3.12/site-packages/oslo_concurrency/lockutils.py:525}}
Jul 19 20:51:09.361748 np0000005468 devstack@n-api.service[87497]: DEBUG oslo_concurrency.lockutils [None req-7f7b6415-690d-45e8-a0f2-3fdc8263eb2d tempest-ServerBootFromVolumeStableRescueTest-442895226 tempest-ServerBootFromVolumeStableRescueTest-442895226-project-member] Lock "82bced08-c7bb-43ec-9b46-631291ebbcc0" "released" by "nova.context.set_target_cell..get_or_set_cached_cell_and_set_connections" :: held 0.000s {{(pid=87497) inner /opt/stack/data/venv/lib/python3.12/site-packages/oslo_concurrency/lockutils.py:544}}
Jul 19 20:51:09.362448 np0000005468 devstack@n-api.service[87497]: DEBUG oslo_concurrency.lockutils [None req-7f7b6415-690d-45e8-a0f2-3fdc8263eb2d tempest-ServerBootFromVolumeStableRescueTest-442895226 tempest-ServerBootFromVolumeStableRescueTest-442895226-project-member] Acquiring lock "82bced08-c7bb-43ec-9b46-631291ebbcc0" by "nova.context.set_target_cell..get_or_set_cached_cell_and_set_connections" {{(pid=87497) inner /opt/stack/data/venv/lib/python3.12/site-packages/oslo_concurrency/lockutils.py:512}}
Jul 19 20:51:09.362805 np0000005468 devstack@n-api.service[87497]: DEBUG oslo_concurrency.lockutils [None req-7f7b6415-690d-45e8-a0f2-3fdc8263eb2d tempest-ServerBootFromVolumeStableRescueTest-442895226 tempest-ServerBootFromVolumeStableRescueTest-442895226-project-member] Lock "82bced08-c7bb-43ec-9b46-631291ebbcc0" acquired by "nova.context.set_target_cell..get_or_set_cached_cell_and_set_connections" :: waited 0.000s {{(pid=87497) inner /opt/stack/data/venv/lib/python3.12/site-packages/oslo_concurrency/lockutils.py:525}}
Jul 19 20:51:09.363201 np0000005468 devstack@n-api.service[87497]: DEBUG oslo_concurrency.lockutils [None req-7f7b6415-690d-45e8-a0f2-3fdc8263eb2d tempest-ServerBootFromVolumeStableRescueTest-442895226 tempest-ServerBootFromVolumeStableRescueTest-442895226-project-member] Lock "82bced08-c7bb-43ec-9b46-631291ebbcc0" "released" by "nova.context.set_target_cell..get_or_set_cached_cell_and_set_connections" :: held 0.000s {{(pid=87497) inner /opt/stack/data/venv/lib/python3.12/site-packages/oslo_concurrency/lockutils.py:544}}
Jul 19 20:51:09.401916 np0000005468 devstack@n-api.service[87498]: INFO nova.api.openstack.requestlog [None req-1e7e6847-260e-4928-98b7-642bef19a5eb tempest-VolumesSnapshotsTestJSON-1610586375 tempest-VolumesSnapshotsTestJSON-1610586375-project-reader] 10.4.3.43 "GET /compute/v2.1/os-snapshots/0cb8e285-d3a8-4c0c-ac38-038141914c0f" status: 200 len: 288 microversion: 2.1 time: 0.344474
Jul 19 20:51:09.402566 np0000005468 devstack@n-api.service[87498]: [pid: 87498|app: 0|req: 37/143] 10.4.3.43 () {66 vars in 1362 bytes} [Sun Jul 19 20:51:09 2026] GET /compute/v2.1/os-snapshots/0cb8e285-d3a8-4c0c-ac38-038141914c0f => generated 288 bytes in 345 msecs (HTTP/1.1 200) 9 headers in 357 bytes (1 switches on core 0)
Jul 19 20:51:09.407404 np0000005468 devstack@n-api.service[87497]: WARNING neutronclient.v2_0.client [None req-7f7b6415-690d-45e8-a0f2-3fdc8263eb2d tempest-ServerBootFromVolumeStableRescueTest-442895226 tempest-ServerBootFromVolumeStableRescueTest-442895226-project-member] The python binding code in neutronclient is deprecated in favor of OpenstackSDK, please use that as this will be removed in a future release.
Jul 19 20:51:09.416518 np0000005468 devstack@n-api.service[87499]: DEBUG nova.api.openstack.wsgi [None req-0e1ce32b-5cf6-4f87-b2aa-38c9b2671156 tempest-VolumesSnapshotsTestJSON-1610586375 tempest-VolumesSnapshotsTestJSON-1610586375-project-reader] Calling method '>' {{(pid=87499) _process_stack /opt/stack/nova/nova/api/openstack/wsgi.py:551}}
Jul 19 20:51:09.417153 np0000005468 devstack@n-api.service[87496]: DEBUG nova.api.openstack.wsgi [req-7d1f4f85-4793-4702-a0f7-4840fa6f5ad8 req-d0b4e7ec-8cbf-44d8-a04d-07c053d4cb87 service nova] Action: 'create', calling method: >, body: {"events": [{"name": "network-changed", "server_uuid": "daaefa70-e77d-4740-92bb-a8ce1cdfcb5e", "tag": "2abc28d9-4b13-4ac5-acae-9220d070de11"}]} {{(pid=87496) _process_stack /opt/stack/nova/nova/api/openstack/wsgi.py:549}}
Jul 19 20:51:09.434791 np0000005468 devstack@n-api.service[87496]: DEBUG oslo_concurrency.lockutils [req-7d1f4f85-4793-4702-a0f7-4840fa6f5ad8 req-d0b4e7ec-8cbf-44d8-a04d-07c053d4cb87 service nova] Acquiring lock "82bced08-c7bb-43ec-9b46-631291ebbcc0" by "nova.context.set_target_cell..get_or_set_cached_cell_and_set_connections" {{(pid=87496) inner /opt/stack/data/venv/lib/python3.12/site-packages/oslo_concurrency/lockutils.py:512}}
Jul 19 20:51:09.435121 np0000005468 devstack@n-api.service[87496]: DEBUG oslo_concurrency.lockutils [req-7d1f4f85-4793-4702-a0f7-4840fa6f5ad8 req-d0b4e7ec-8cbf-44d8-a04d-07c053d4cb87 service nova] Lock "82bced08-c7bb-43ec-9b46-631291ebbcc0" acquired by "nova.context.set_target_cell..get_or_set_cached_cell_and_set_connections" :: waited 0.000s {{(pid=87496) inner /opt/stack/data/venv/lib/python3.12/site-packages/oslo_concurrency/lockutils.py:525}}
Jul 19 20:51:09.435476 np0000005468 devstack@n-api.service[87496]: DEBUG oslo_concurrency.lockutils [req-7d1f4f85-4793-4702-a0f7-4840fa6f5ad8 req-d0b4e7ec-8cbf-44d8-a04d-07c053d4cb87 service nova] Lock "82bced08-c7bb-43ec-9b46-631291ebbcc0" "released" by "nova.context.set_target_cell..get_or_set_cached_cell_and_set_connections" :: held 0.000s {{(pid=87496) inner /opt/stack/data/venv/lib/python3.12/site-packages/oslo_concurrency/lockutils.py:544}}
Jul 19 20:51:09.451707 np0000005468 devstack@n-api.service[87496]: INFO nova.api.openstack.compute.server_external_events [req-7d1f4f85-4793-4702-a0f7-4840fa6f5ad8 req-d0b4e7ec-8cbf-44d8-a04d-07c053d4cb87 service nova] Creating event network-changed:2abc28d9-4b13-4ac5-acae-9220d070de11 for instance daaefa70-e77d-4740-92bb-a8ce1cdfcb5e on np0000005468
Jul 19 20:51:09.452421 np0000005468 devstack@n-api.service[87496]: DEBUG nova.compute.rpcapi [req-7d1f4f85-4793-4702-a0f7-4840fa6f5ad8 req-d0b4e7ec-8cbf-44d8-a04d-07c053d4cb87 service nova] RPC: Sending the message to topic: compute-alt {{(pid=87496) prepare_for_alt_rpcserver /opt/stack/nova/nova/compute/rpcapi.py:595}}
Jul 19 20:51:09.455698 np0000005468 devstack@n-api.service[87499]: DEBUG dbcounter [-] [87499] Writing DB stats nova_cell0:SELECT=7 {{(pid=87499) stat_writer /opt/stack/data/venv/lib/python3.12/site-packages/dbcounter.py:115}}
Jul 19 20:51:09.462615 np0000005468 devstack@n-api.service[87496]: INFO nova.api.openstack.requestlog [req-7d1f4f85-4793-4702-a0f7-4840fa6f5ad8 req-d0b4e7ec-8cbf-44d8-a04d-07c053d4cb87 service nova] 10.4.3.43 "POST /compute/v2.1/os-server-external-events" status: 200 len: 179 microversion: 2.1 time: 0.047702
Jul 19 20:51:09.463851 np0000005468 devstack@n-api.service[87496]: [pid: 87496|app: 0|req: 33/144] 10.4.3.43 () {72 vars in 1425 bytes} [Sun Jul 19 20:51:09 2026] POST /compute/v2.1/os-server-external-events => generated 179 bytes in 48 msecs (HTTP/1.1 200) 9 headers in 357 bytes (1 switches on core 0)
Jul 19 20:51:09.473597 np0000005468 devstack@n-api.service[87499]: DEBUG dbcounter [-] [87499] Writing DB stats nova_cell0:SELECT=9 {{(pid=87499) stat_writer /opt/stack/data/venv/lib/python3.12/site-packages/dbcounter.py:115}}
Jul 19 20:51:09.479400 np0000005468 devstack@n-api.service[87499]: INFO nova.api.openstack.requestlog [None req-0e1ce32b-5cf6-4f87-b2aa-38c9b2671156 tempest-VolumesSnapshotsTestJSON-1610586375 tempest-VolumesSnapshotsTestJSON-1610586375-project-reader] 10.4.3.43 "GET /compute/v2.1/os-snapshots" status: 200 len: 291 microversion: 2.1 time: 0.068308
Jul 19 20:51:09.480235 np0000005468 devstack@n-api.service[87499]: [pid: 87499|app: 0|req: 35/145] 10.4.3.43 () {66 vars in 1251 bytes} [Sun Jul 19 20:51:09 2026] GET /compute/v2.1/os-snapshots => generated 291 bytes in 69 msecs (HTTP/1.1 200) 9 headers in 357 bytes (1 switches on core 0)
Jul 19 20:51:09.492717 np0000005468 devstack@n-api.service[87498]: DEBUG nova.api.openstack.wsgi [None req-be94daf1-d932-45d6-96b4-2900af1d0a85 tempest-VolumesSnapshotsTestJSON-1610586375 tempest-VolumesSnapshotsTestJSON-1610586375-project-member] Calling method '>' {{(pid=87498) _process_stack /opt/stack/nova/nova/api/openstack/wsgi.py:551}}
Jul 19 20:51:09.561583 np0000005468 devstack@n-api.service[87498]: INFO nova.api.openstack.requestlog [None req-be94daf1-d932-45d6-96b4-2900af1d0a85 tempest-VolumesSnapshotsTestJSON-1610586375 tempest-VolumesSnapshotsTestJSON-1610586375-project-member] 10.4.3.43 "GET /compute/v2.1/os-snapshots/0cb8e285-d3a8-4c0c-ac38-038141914c0f" status: 200 len: 288 microversion: 2.1 time: 0.071034
Jul 19 20:51:09.562031 np0000005468 devstack@n-api.service[87498]: [pid: 87498|app: 0|req: 38/146] 10.4.3.43 () {66 vars in 1362 bytes} [Sun Jul 19 20:51:09 2026] GET /compute/v2.1/os-snapshots/0cb8e285-d3a8-4c0c-ac38-038141914c0f => generated 288 bytes in 72 msecs (HTTP/1.1 200) 9 headers in 357 bytes (1 switches on core 0)
Jul 19 20:51:09.583622 np0000005468 devstack@n-api.service[87496]: DEBUG nova.api.openstack.wsgi [None req-096ba0ea-2cbb-44b8-b59f-58a4accb3cca tempest-VolumesSnapshotsTestJSON-1610586375 tempest-VolumesSnapshotsTestJSON-1610586375-project-member] Calling method '>' {{(pid=87496) _process_stack /opt/stack/nova/nova/api/openstack/wsgi.py:551}}
Jul 19 20:51:09.618611 np0000005468 devstack@n-api.service[87497]: DEBUG nova.policy [None req-7f7b6415-690d-45e8-a0f2-3fdc8263eb2d tempest-ServerBootFromVolumeStableRescueTest-442895226 tempest-ServerBootFromVolumeStableRescueTest-442895226-project-member] Policy check for os_compute_api:os-extended-server-attributes failed with credentials {'is_admin': False, 'user_id': '108d8844caac4207b2cf507b61900f4b', 'user_domain_id': 'default', 'system_scope': None, 'domain_id': None, 'project_id': '7182394494dd483abc83c44b41696578', 'project_domain_id': 'default', 'roles': ['reader', 'member'], 'is_admin_project': True, 'service_user_id': None, 'service_user_domain_id': None, 'service_project_id': None, 'service_project_domain_id': None, 'service_roles': []} {{(pid=87497) authorize /opt/stack/nova/nova/policy.py:192}}
Jul 19 20:51:09.624474 np0000005468 devstack@n-api.service[87497]: DEBUG nova.policy [None req-7f7b6415-690d-45e8-a0f2-3fdc8263eb2d tempest-ServerBootFromVolumeStableRescueTest-442895226 tempest-ServerBootFromVolumeStableRescueTest-442895226-project-member] Policy check for os_compute_api:servers:show:host_status failed with credentials {'is_admin': False, 'user_id': '108d8844caac4207b2cf507b61900f4b', 'user_domain_id': 'default', 'system_scope': None, 'domain_id': None, 'project_id': '7182394494dd483abc83c44b41696578', 'project_domain_id': 'default', 'roles': ['reader', 'member'], 'is_admin_project': True, 'service_user_id': None, 'service_user_domain_id': None, 'service_project_id': None, 'service_project_domain_id': None, 'service_roles': []} {{(pid=87497) authorize /opt/stack/nova/nova/policy.py:192}}
Jul 19 20:51:09.625141 np0000005468 devstack@n-api.service[87497]: DEBUG nova.policy [None req-7f7b6415-690d-45e8-a0f2-3fdc8263eb2d tempest-ServerBootFromVolumeStableRescueTest-442895226 tempest-ServerBootFromVolumeStableRescueTest-442895226-project-member] Policy check for os_compute_api:servers:show:host_status:unknown-only failed with credentials {'is_admin': False, 'user_id': '108d8844caac4207b2cf507b61900f4b', 'user_domain_id': 'default', 'system_scope': None, 'domain_id': None, 'project_id': '7182394494dd483abc83c44b41696578', 'project_domain_id': 'default', 'roles': ['reader', 'member'], 'is_admin_project': True, 'service_user_id': None, 'service_user_domain_id': None, 'service_project_id': None, 'service_project_domain_id': None, 'service_roles': []} {{(pid=87497) authorize /opt/stack/nova/nova/policy.py:192}}
Jul 19 20:51:09.634352 np0000005468 devstack@n-api.service[87497]: INFO nova.api.openstack.requestlog [None req-7f7b6415-690d-45e8-a0f2-3fdc8263eb2d tempest-ServerBootFromVolumeStableRescueTest-442895226 tempest-ServerBootFromVolumeStableRescueTest-442895226-project-member] 10.4.3.43 "GET /compute/v2.1/servers/613ceb79-5b51-4106-9406-9493c25711cb" status: 200 len: 1572 microversion: 2.87 time: 0.296510
Jul 19 20:51:09.635302 np0000005468 devstack@n-api.service[87496]: INFO nova.api.openstack.requestlog [None req-096ba0ea-2cbb-44b8-b59f-58a4accb3cca tempest-VolumesSnapshotsTestJSON-1610586375 tempest-VolumesSnapshotsTestJSON-1610586375-project-member] 10.4.3.43 "DELETE /compute/v2.1/os-snapshots/0cb8e285-d3a8-4c0c-ac38-038141914c0f" status: 202 len: 0 microversion: 2.1 time: 0.059712
Jul 19 20:51:09.635365 np0000005468 devstack@n-api.service[87497]: [pid: 87497|app: 0|req: 41/147] 10.4.3.43 () {68 vars in 1388 bytes} [Sun Jul 19 20:51:09 2026] GET /compute/v2.1/servers/613ceb79-5b51-4106-9406-9493c25711cb => generated 1572 bytes in 297 msecs (HTTP/1.1 200) 9 headers in 360 bytes (1 switches on core 0)
Jul 19 20:51:09.635413 np0000005468 devstack@n-api.service[87496]: [pid: 87496|app: 0|req: 34/148] 10.4.3.43 () {66 vars in 1365 bytes} [Sun Jul 19 20:51:09 2026] DELETE /compute/v2.1/os-snapshots/0cb8e285-d3a8-4c0c-ac38-038141914c0f => generated 0 bytes in 60 msecs (HTTP/1.1 202) 9 headers in 361 bytes (1 switches on core 0)
Jul 19 20:51:09.641364 np0000005468 devstack@n-api.service[87497]: DEBUG dbcounter [-] [87497] Writing DB stats nova_cell0:SELECT=9 {{(pid=87497) stat_writer /opt/stack/data/venv/lib/python3.12/site-packages/dbcounter.py:115}}
Jul 19 20:51:09.653910 np0000005468 devstack@n-api.service[87499]: DEBUG nova.api.openstack.wsgi [None req-d8600e1b-a927-42c6-a2b9-b4e62878eb4c tempest-VolumesSnapshotsTestJSON-1610586375 tempest-VolumesSnapshotsTestJSON-1610586375-project-member] Calling method '>' {{(pid=87499) _process_stack /opt/stack/nova/nova/api/openstack/wsgi.py:551}}
Jul 19 20:51:09.693433 np0000005468 devstack@n-api.service[87499]: INFO nova.api.openstack.requestlog [None req-d8600e1b-a927-42c6-a2b9-b4e62878eb4c tempest-VolumesSnapshotsTestJSON-1610586375 tempest-VolumesSnapshotsTestJSON-1610586375-project-member] 10.4.3.43 "GET /compute/v2.1/os-snapshots/0cb8e285-d3a8-4c0c-ac38-038141914c0f" status: 200 len: 287 microversion: 2.1 time: 0.046381
Jul 19 20:51:09.693970 np0000005468 devstack@n-api.service[87499]: [pid: 87499|app: 0|req: 36/149] 10.4.3.43 () {66 vars in 1362 bytes} [Sun Jul 19 20:51:09 2026] GET /compute/v2.1/os-snapshots/0cb8e285-d3a8-4c0c-ac38-038141914c0f => generated 287 bytes in 47 msecs (HTTP/1.1 200) 9 headers in 357 bytes (1 switches on core 0)
Jul 19 20:51:09.713553 np0000005468 devstack@n-api.service[87498]: DEBUG nova.api.openstack.wsgi [req-3310c9a2-f7eb-4748-87c5-8fce2cf48e8f req-c775d2b5-037c-4b60-9f40-b24640c601ac service nova] Action: 'create', calling method: >, body: {"events": [{"server_uuid": "613ceb79-5b51-4106-9406-9493c25711cb", "name": "network-vif-plugged", "status": "completed", "tag": "475e0718-a345-4126-b680-47dd4626875e"}, {"server_uuid": "613ceb79-5b51-4106-9406-9493c25711cb", "name": "network-vif-plugged", "status": "completed", "tag": "475e0718-a345-4126-b680-47dd4626875e"}]} {{(pid=87498) _process_stack /opt/stack/nova/nova/api/openstack/wsgi.py:549}}
Jul 19 20:51:09.721339 np0000005468 devstack@n-api.service[87498]: DEBUG oslo_concurrency.lockutils [req-3310c9a2-f7eb-4748-87c5-8fce2cf48e8f req-c775d2b5-037c-4b60-9f40-b24640c601ac service nova] Acquiring lock "82bced08-c7bb-43ec-9b46-631291ebbcc0" by "nova.context.set_target_cell..get_or_set_cached_cell_and_set_connections" {{(pid=87498) inner /opt/stack/data/venv/lib/python3.12/site-packages/oslo_concurrency/lockutils.py:512}}
Jul 19 20:51:09.721630 np0000005468 devstack@n-api.service[87498]: DEBUG oslo_concurrency.lockutils [req-3310c9a2-f7eb-4748-87c5-8fce2cf48e8f req-c775d2b5-037c-4b60-9f40-b24640c601ac service nova] Lock "82bced08-c7bb-43ec-9b46-631291ebbcc0" acquired by "nova.context.set_target_cell..get_or_set_cached_cell_and_set_connections" :: waited 0.000s {{(pid=87498) inner /opt/stack/data/venv/lib/python3.12/site-packages/oslo_concurrency/lockutils.py:525}}
Jul 19 20:51:09.721866 np0000005468 devstack@n-api.service[87498]: DEBUG oslo_concurrency.lockutils [req-3310c9a2-f7eb-4748-87c5-8fce2cf48e8f req-c775d2b5-037c-4b60-9f40-b24640c601ac service nova] Lock "82bced08-c7bb-43ec-9b46-631291ebbcc0" "released" by "nova.context.set_target_cell..get_or_set_cached_cell_and_set_connections" :: held 0.000s {{(pid=87498) inner /opt/stack/data/venv/lib/python3.12/site-packages/oslo_concurrency/lockutils.py:544}}
Jul 19 20:51:09.733834 np0000005468 devstack@n-api.service[87498]: INFO nova.api.openstack.compute.server_external_events [req-3310c9a2-f7eb-4748-87c5-8fce2cf48e8f req-c775d2b5-037c-4b60-9f40-b24640c601ac service nova] Creating event network-vif-plugged:475e0718-a345-4126-b680-47dd4626875e for instance 613ceb79-5b51-4106-9406-9493c25711cb on np0000005468
Jul 19 20:51:09.733834 np0000005468 devstack@n-api.service[87498]: INFO nova.api.openstack.compute.server_external_events [req-3310c9a2-f7eb-4748-87c5-8fce2cf48e8f req-c775d2b5-037c-4b60-9f40-b24640c601ac service nova] Creating event network-vif-plugged:475e0718-a345-4126-b680-47dd4626875e for instance 613ceb79-5b51-4106-9406-9493c25711cb on np0000005468
Jul 19 20:51:09.733834 np0000005468 devstack@n-api.service[87498]: DEBUG nova.compute.rpcapi [req-3310c9a2-f7eb-4748-87c5-8fce2cf48e8f req-c775d2b5-037c-4b60-9f40-b24640c601ac service nova] RPC: Sending the message to topic: compute-alt {{(pid=87498) prepare_for_alt_rpcserver /opt/stack/nova/nova/compute/rpcapi.py:595}}
Jul 19 20:51:09.737411 np0000005468 devstack@n-api.service[87498]: INFO nova.api.openstack.requestlog [req-3310c9a2-f7eb-4748-87c5-8fce2cf48e8f req-c775d2b5-037c-4b60-9f40-b24640c601ac service nova] 10.4.3.43 "POST /compute/v2.1/os-server-external-events" status: 200 len: 354 microversion: 2.1 time: 0.028704
Jul 19 20:51:09.737411 np0000005468 devstack@n-api.service[87498]: [pid: 87498|app: 0|req: 39/150] 10.4.3.43 () {72 vars in 1425 bytes} [Sun Jul 19 20:51:09 2026] POST /compute/v2.1/os-server-external-events => generated 354 bytes in 29 msecs (HTTP/1.1 200) 9 headers in 357 bytes (1 switches on core 0)
Jul 19 20:51:10.097319 np0000005468 devstack@n-api.service[87497]: DEBUG nova.api.openstack.wsgi [req-279ab10a-8d7b-49d9-9cc6-430bc21185c0 req-52f7da2d-7096-415d-818f-a04801970a39 service nova] Action: 'create', calling method: >, body: {"events": [{"name": "network-changed", "server_uuid": "daaefa70-e77d-4740-92bb-a8ce1cdfcb5e", "tag": "09774df9-ad31-45dc-996f-a80085ab27de"}]} {{(pid=87497) _process_stack /opt/stack/nova/nova/api/openstack/wsgi.py:549}}
Jul 19 20:51:10.104659 np0000005468 devstack@n-api.service[87497]: DEBUG oslo_concurrency.lockutils [req-279ab10a-8d7b-49d9-9cc6-430bc21185c0 req-52f7da2d-7096-415d-818f-a04801970a39 service nova] Acquiring lock "82bced08-c7bb-43ec-9b46-631291ebbcc0" by "nova.context.set_target_cell..get_or_set_cached_cell_and_set_connections" {{(pid=87497) inner /opt/stack/data/venv/lib/python3.12/site-packages/oslo_concurrency/lockutils.py:512}}
Jul 19 20:51:10.105366 np0000005468 devstack@n-api.service[87497]: DEBUG oslo_concurrency.lockutils [req-279ab10a-8d7b-49d9-9cc6-430bc21185c0 req-52f7da2d-7096-415d-818f-a04801970a39 service nova] Lock "82bced08-c7bb-43ec-9b46-631291ebbcc0" acquired by "nova.context.set_target_cell..get_or_set_cached_cell_and_set_connections" :: waited 0.000s {{(pid=87497) inner /opt/stack/data/venv/lib/python3.12/site-packages/oslo_concurrency/lockutils.py:525}}
Jul 19 20:51:10.105366 np0000005468 devstack@n-api.service[87497]: DEBUG oslo_concurrency.lockutils [req-279ab10a-8d7b-49d9-9cc6-430bc21185c0 req-52f7da2d-7096-415d-818f-a04801970a39 service nova] Lock "82bced08-c7bb-43ec-9b46-631291ebbcc0" "released" by "nova.context.set_target_cell..get_or_set_cached_cell_and_set_connections" :: held 0.000s {{(pid=87497) inner /opt/stack/data/venv/lib/python3.12/site-packages/oslo_concurrency/lockutils.py:544}}
Jul 19 20:51:10.113041 np0000005468 devstack@n-api.service[87497]: INFO nova.api.openstack.compute.server_external_events [req-279ab10a-8d7b-49d9-9cc6-430bc21185c0 req-52f7da2d-7096-415d-818f-a04801970a39 service nova] Creating event network-changed:09774df9-ad31-45dc-996f-a80085ab27de for instance daaefa70-e77d-4740-92bb-a8ce1cdfcb5e on np0000005468
Jul 19 20:51:10.113041 np0000005468 devstack@n-api.service[87497]: DEBUG nova.compute.rpcapi [req-279ab10a-8d7b-49d9-9cc6-430bc21185c0 req-52f7da2d-7096-415d-818f-a04801970a39 service nova] RPC: Sending the message to topic: compute-alt {{(pid=87497) prepare_for_alt_rpcserver /opt/stack/nova/nova/compute/rpcapi.py:595}}
Jul 19 20:51:10.118269 np0000005468 devstack@n-api.service[87497]: INFO nova.api.openstack.requestlog [req-279ab10a-8d7b-49d9-9cc6-430bc21185c0 req-52f7da2d-7096-415d-818f-a04801970a39 service nova] 10.4.3.43 "POST /compute/v2.1/os-server-external-events" status: 200 len: 179 microversion: 2.1 time: 0.023177
Jul 19 20:51:10.118549 np0000005468 devstack@n-api.service[87497]: [pid: 87497|app: 0|req: 42/151] 10.4.3.43 () {72 vars in 1425 bytes} [Sun Jul 19 20:51:10 2026] POST /compute/v2.1/os-server-external-events => generated 179 bytes in 24 msecs (HTTP/1.1 200) 9 headers in 357 bytes (1 switches on core 0)
Jul 19 20:51:10.157790 np0000005468 devstack@n-api.service[87496]: DEBUG nova.api.openstack.wsgi [None req-c13a3685-1c2a-4d78-babd-4c65101a0ee7 tempest-TaggedBootDevicesTest-2106683814 tempest-TaggedBootDevicesTest-2106683814-project-member] Calling method '>' {{(pid=87496) _process_stack /opt/stack/nova/nova/api/openstack/wsgi.py:551}}
Jul 19 20:51:10.159943 np0000005468 devstack@n-api.service[87496]: DEBUG nova.compute.api [None req-c13a3685-1c2a-4d78-babd-4c65101a0ee7 tempest-TaggedBootDevicesTest-2106683814 tempest-TaggedBootDevicesTest-2106683814-project-member] [instance: daaefa70-e77d-4740-92bb-a8ce1cdfcb5e] Fetching instance by UUID {{(pid=87496) get /opt/stack/nova/nova/compute/api.py:3068}}
Jul 19 20:51:10.165898 np0000005468 devstack@n-api.service[87496]: DEBUG oslo_concurrency.lockutils [None req-c13a3685-1c2a-4d78-babd-4c65101a0ee7 tempest-TaggedBootDevicesTest-2106683814 tempest-TaggedBootDevicesTest-2106683814-project-member] Acquiring lock "82bced08-c7bb-43ec-9b46-631291ebbcc0" by "nova.context.set_target_cell..get_or_set_cached_cell_and_set_connections" {{(pid=87496) inner /opt/stack/data/venv/lib/python3.12/site-packages/oslo_concurrency/lockutils.py:512}}
Jul 19 20:51:10.167004 np0000005468 devstack@n-api.service[87496]: DEBUG oslo_concurrency.lockutils [None req-c13a3685-1c2a-4d78-babd-4c65101a0ee7 tempest-TaggedBootDevicesTest-2106683814 tempest-TaggedBootDevicesTest-2106683814-project-member] Lock "82bced08-c7bb-43ec-9b46-631291ebbcc0" acquired by "nova.context.set_target_cell..get_or_set_cached_cell_and_set_connections" :: waited 0.000s {{(pid=87496) inner /opt/stack/data/venv/lib/python3.12/site-packages/oslo_concurrency/lockutils.py:525}}
Jul 19 20:51:10.167004 np0000005468 devstack@n-api.service[87496]: DEBUG oslo_concurrency.lockutils [None req-c13a3685-1c2a-4d78-babd-4c65101a0ee7 tempest-TaggedBootDevicesTest-2106683814 tempest-TaggedBootDevicesTest-2106683814-project-member] Lock "82bced08-c7bb-43ec-9b46-631291ebbcc0" "released" by "nova.context.set_target_cell..get_or_set_cached_cell_and_set_connections" :: held 0.000s {{(pid=87496) inner /opt/stack/data/venv/lib/python3.12/site-packages/oslo_concurrency/lockutils.py:544}}
Jul 19 20:51:10.167580 np0000005468 devstack@n-api.service[87496]: DEBUG oslo_concurrency.lockutils [None req-c13a3685-1c2a-4d78-babd-4c65101a0ee7 tempest-TaggedBootDevicesTest-2106683814 tempest-TaggedBootDevicesTest-2106683814-project-member] Acquiring lock "82bced08-c7bb-43ec-9b46-631291ebbcc0" by "nova.context.set_target_cell..get_or_set_cached_cell_and_set_connections" {{(pid=87496) inner /opt/stack/data/venv/lib/python3.12/site-packages/oslo_concurrency/lockutils.py:512}}
Jul 19 20:51:10.168000 np0000005468 devstack@n-api.service[87496]: DEBUG oslo_concurrency.lockutils [None req-c13a3685-1c2a-4d78-babd-4c65101a0ee7 tempest-TaggedBootDevicesTest-2106683814 tempest-TaggedBootDevicesTest-2106683814-project-member] Lock "82bced08-c7bb-43ec-9b46-631291ebbcc0" acquired by "nova.context.set_target_cell..get_or_set_cached_cell_and_set_connections" :: waited 0.001s {{(pid=87496) inner /opt/stack/data/venv/lib/python3.12/site-packages/oslo_concurrency/lockutils.py:525}}
Jul 19 20:51:10.168342 np0000005468 devstack@n-api.service[87496]: DEBUG oslo_concurrency.lockutils [None req-c13a3685-1c2a-4d78-babd-4c65101a0ee7 tempest-TaggedBootDevicesTest-2106683814 tempest-TaggedBootDevicesTest-2106683814-project-member] Lock "82bced08-c7bb-43ec-9b46-631291ebbcc0" "released" by "nova.context.set_target_cell..get_or_set_cached_cell_and_set_connections" :: held 0.000s {{(pid=87496) inner /opt/stack/data/venv/lib/python3.12/site-packages/oslo_concurrency/lockutils.py:544}}
Jul 19 20:51:10.186957 np0000005468 devstack@n-api.service[87496]: WARNING neutronclient.v2_0.client [None req-c13a3685-1c2a-4d78-babd-4c65101a0ee7 tempest-TaggedBootDevicesTest-2106683814 tempest-TaggedBootDevicesTest-2106683814-project-member] The python binding code in neutronclient is deprecated in favor of OpenstackSDK, please use that as this will be removed in a future release.
Jul 19 20:51:10.390530 np0000005468 devstack@n-api.service[87496]: DEBUG nova.policy [None req-c13a3685-1c2a-4d78-babd-4c65101a0ee7 tempest-TaggedBootDevicesTest-2106683814 tempest-TaggedBootDevicesTest-2106683814-project-member] Policy check for os_compute_api:os-extended-server-attributes failed with credentials {'is_admin': False, 'user_id': 'a461383054a244d99f185d4b99de930d', 'user_domain_id': 'default', 'system_scope': None, 'domain_id': None, 'project_id': 'c878e3c3c67d4507838e9885991a5008', 'project_domain_id': 'default', 'roles': ['reader', 'member'], 'is_admin_project': True, 'service_user_id': None, 'service_user_domain_id': None, 'service_project_id': None, 'service_project_domain_id': None, 'service_roles': []} {{(pid=87496) authorize /opt/stack/nova/nova/policy.py:192}}
Jul 19 20:51:10.398194 np0000005468 devstack@n-api.service[87496]: DEBUG nova.policy [None req-c13a3685-1c2a-4d78-babd-4c65101a0ee7 tempest-TaggedBootDevicesTest-2106683814 tempest-TaggedBootDevicesTest-2106683814-project-member] Policy check for os_compute_api:servers:show:host_status failed with credentials {'is_admin': False, 'user_id': 'a461383054a244d99f185d4b99de930d', 'user_domain_id': 'default', 'system_scope': None, 'domain_id': None, 'project_id': 'c878e3c3c67d4507838e9885991a5008', 'project_domain_id': 'default', 'roles': ['reader', 'member'], 'is_admin_project': True, 'service_user_id': None, 'service_user_domain_id': None, 'service_project_id': None, 'service_project_domain_id': None, 'service_roles': []} {{(pid=87496) authorize /opt/stack/nova/nova/policy.py:192}}
Jul 19 20:51:10.398877 np0000005468 devstack@n-api.service[87496]: DEBUG nova.policy [None req-c13a3685-1c2a-4d78-babd-4c65101a0ee7 tempest-TaggedBootDevicesTest-2106683814 tempest-TaggedBootDevicesTest-2106683814-project-member] Policy check for os_compute_api:servers:show:host_status:unknown-only failed with credentials {'is_admin': False, 'user_id': 'a461383054a244d99f185d4b99de930d', 'user_domain_id': 'default', 'system_scope': None, 'domain_id': None, 'project_id': 'c878e3c3c67d4507838e9885991a5008', 'project_domain_id': 'default', 'roles': ['reader', 'member'], 'is_admin_project': True, 'service_user_id': None, 'service_user_domain_id': None, 'service_project_id': None, 'service_project_domain_id': None, 'service_roles': []} {{(pid=87496) authorize /opt/stack/nova/nova/policy.py:192}}
Jul 19 20:51:10.404513 np0000005468 devstack@n-api.service[87496]: INFO nova.api.openstack.requestlog [None req-c13a3685-1c2a-4d78-babd-4c65101a0ee7 tempest-TaggedBootDevicesTest-2106683814 tempest-TaggedBootDevicesTest-2106683814-project-member] 10.4.3.43 "GET /compute/v2.1/servers/daaefa70-e77d-4740-92bb-a8ce1cdfcb5e" status: 200 len: 1852 microversion: 2.32 time: 0.248548
Jul 19 20:51:10.405082 np0000005468 devstack@n-api.service[87496]: [pid: 87496|app: 0|req: 35/152] 10.4.3.43 () {68 vars in 1388 bytes} [Sun Jul 19 20:51:10 2026] GET /compute/v2.1/servers/daaefa70-e77d-4740-92bb-a8ce1cdfcb5e => generated 1852 bytes in 249 msecs (HTTP/1.1 200) 9 headers in 360 bytes (1 switches on core 0)
Jul 19 20:51:10.656838 np0000005468 devstack@n-api.service[87499]: DEBUG nova.api.openstack.wsgi [None req-d18fc351-33ba-48d9-be99-95c0a940ed26 tempest-ServerBootFromVolumeStableRescueTest-442895226 tempest-ServerBootFromVolumeStableRescueTest-442895226-project-member] Calling method '>' {{(pid=87499) _process_stack /opt/stack/nova/nova/api/openstack/wsgi.py:551}}
Jul 19 20:51:10.659322 np0000005468 devstack@n-api.service[87499]: DEBUG nova.compute.api [None req-d18fc351-33ba-48d9-be99-95c0a940ed26 tempest-ServerBootFromVolumeStableRescueTest-442895226 tempest-ServerBootFromVolumeStableRescueTest-442895226-project-member] [instance: 613ceb79-5b51-4106-9406-9493c25711cb] Fetching instance by UUID {{(pid=87499) get /opt/stack/nova/nova/compute/api.py:3068}}
Jul 19 20:51:10.665041 np0000005468 devstack@n-api.service[87499]: DEBUG oslo_concurrency.lockutils [None req-d18fc351-33ba-48d9-be99-95c0a940ed26 tempest-ServerBootFromVolumeStableRescueTest-442895226 tempest-ServerBootFromVolumeStableRescueTest-442895226-project-member] Acquiring lock "82bced08-c7bb-43ec-9b46-631291ebbcc0" by "nova.context.set_target_cell..get_or_set_cached_cell_and_set_connections" {{(pid=87499) inner /opt/stack/data/venv/lib/python3.12/site-packages/oslo_concurrency/lockutils.py:512}}
Jul 19 20:51:10.665353 np0000005468 devstack@n-api.service[87499]: DEBUG oslo_concurrency.lockutils [None req-d18fc351-33ba-48d9-be99-95c0a940ed26 tempest-ServerBootFromVolumeStableRescueTest-442895226 tempest-ServerBootFromVolumeStableRescueTest-442895226-project-member] Lock "82bced08-c7bb-43ec-9b46-631291ebbcc0" acquired by "nova.context.set_target_cell..get_or_set_cached_cell_and_set_connections" :: waited 0.000s {{(pid=87499) inner /opt/stack/data/venv/lib/python3.12/site-packages/oslo_concurrency/lockutils.py:525}}
Jul 19 20:51:10.665622 np0000005468 devstack@n-api.service[87499]: DEBUG oslo_concurrency.lockutils [None req-d18fc351-33ba-48d9-be99-95c0a940ed26 tempest-ServerBootFromVolumeStableRescueTest-442895226 tempest-ServerBootFromVolumeStableRescueTest-442895226-project-member] Lock "82bced08-c7bb-43ec-9b46-631291ebbcc0" "released" by "nova.context.set_target_cell..get_or_set_cached_cell_and_set_connections" :: held 0.000s {{(pid=87499) inner /opt/stack/data/venv/lib/python3.12/site-packages/oslo_concurrency/lockutils.py:544}}
Jul 19 20:51:10.666223 np0000005468 devstack@n-api.service[87499]: DEBUG oslo_concurrency.lockutils [None req-d18fc351-33ba-48d9-be99-95c0a940ed26 tempest-ServerBootFromVolumeStableRescueTest-442895226 tempest-ServerBootFromVolumeStableRescueTest-442895226-project-member] Acquiring lock "82bced08-c7bb-43ec-9b46-631291ebbcc0" by "nova.context.set_target_cell..get_or_set_cached_cell_and_set_connections" {{(pid=87499) inner /opt/stack/data/venv/lib/python3.12/site-packages/oslo_concurrency/lockutils.py:512}}
Jul 19 20:51:10.666954 np0000005468 devstack@n-api.service[87499]: DEBUG oslo_concurrency.lockutils [None req-d18fc351-33ba-48d9-be99-95c0a940ed26 tempest-ServerBootFromVolumeStableRescueTest-442895226 tempest-ServerBootFromVolumeStableRescueTest-442895226-project-member] Lock "82bced08-c7bb-43ec-9b46-631291ebbcc0" acquired by "nova.context.set_target_cell..get_or_set_cached_cell_and_set_connections" :: waited 0.000s {{(pid=87499) inner /opt/stack/data/venv/lib/python3.12/site-packages/oslo_concurrency/lockutils.py:525}}
Jul 19 20:51:10.667329 np0000005468 devstack@n-api.service[87499]: DEBUG oslo_concurrency.lockutils [None req-d18fc351-33ba-48d9-be99-95c0a940ed26 tempest-ServerBootFromVolumeStableRescueTest-442895226 tempest-ServerBootFromVolumeStableRescueTest-442895226-project-member] Lock "82bced08-c7bb-43ec-9b46-631291ebbcc0" "released" by "nova.context.set_target_cell..get_or_set_cached_cell_and_set_connections" :: held 0.001s {{(pid=87499) inner /opt/stack/data/venv/lib/python3.12/site-packages/oslo_concurrency/lockutils.py:544}}
Jul 19 20:51:10.690269 np0000005468 devstack@n-api.service[87499]: WARNING neutronclient.v2_0.client [None req-d18fc351-33ba-48d9-be99-95c0a940ed26 tempest-ServerBootFromVolumeStableRescueTest-442895226 tempest-ServerBootFromVolumeStableRescueTest-442895226-project-member] The python binding code in neutronclient is deprecated in favor of OpenstackSDK, please use that as this will be removed in a future release.
Jul 19 20:51:10.708214 np0000005468 devstack@n-api.service[87498]: DEBUG nova.api.openstack.wsgi [None req-f957d893-4f35-40cb-8aab-3c91b9b69e22 tempest-VolumesSnapshotsTestJSON-1610586375 tempest-VolumesSnapshotsTestJSON-1610586375-project-member] Calling method '>' {{(pid=87498) _process_stack /opt/stack/nova/nova/api/openstack/wsgi.py:551}}
Jul 19 20:51:10.738540 np0000005468 devstack@n-api.service[87498]: INFO nova.api.openstack.wsgi [None req-f957d893-4f35-40cb-8aab-3c91b9b69e22 tempest-VolumesSnapshotsTestJSON-1610586375 tempest-VolumesSnapshotsTestJSON-1610586375-project-member] HTTP exception thrown: Snapshot 0cb8e285-d3a8-4c0c-ac38-038141914c0f could not be found.
Jul 19 20:51:10.738872 np0000005468 devstack@n-api.service[87498]: DEBUG nova.api.openstack.wsgi [None req-f957d893-4f35-40cb-8aab-3c91b9b69e22 tempest-VolumesSnapshotsTestJSON-1610586375 tempest-VolumesSnapshotsTestJSON-1610586375-project-member] Returning 404 to user: Snapshot 0cb8e285-d3a8-4c0c-ac38-038141914c0f could not be found. {{(pid=87498) __call__ /opt/stack/nova/nova/api/openstack/wsgi.py:908}}
Jul 19 20:51:10.739263 np0000005468 devstack@n-api.service[87498]: INFO nova.api.openstack.requestlog [None req-f957d893-4f35-40cb-8aab-3c91b9b69e22 tempest-VolumesSnapshotsTestJSON-1610586375 tempest-VolumesSnapshotsTestJSON-1610586375-project-member] 10.4.3.43 "GET /compute/v2.1/os-snapshots/0cb8e285-d3a8-4c0c-ac38-038141914c0f" status: 404 len: 111 microversion: 2.1 time: 0.033534
Jul 19 20:51:10.739562 np0000005468 devstack@n-api.service[87498]: [pid: 87498|app: 0|req: 40/153] 10.4.3.43 () {66 vars in 1362 bytes} [Sun Jul 19 20:51:10 2026] GET /compute/v2.1/os-snapshots/0cb8e285-d3a8-4c0c-ac38-038141914c0f => generated 111 bytes in 34 msecs (HTTP/1.1 404) 9 headers in 379 bytes (1 switches on core 0)
Jul 19 20:51:10.748411 np0000005468 devstack@n-api.service[87497]: DEBUG nova.api.openstack.wsgi [None req-0da6e72c-166d-4cca-978b-96bd2dd92544 tempest-VolumesSnapshotsTestJSON-1610586375 tempest-VolumesSnapshotsTestJSON-1610586375-project-member] Calling method '>' {{(pid=87497) _process_stack /opt/stack/nova/nova/api/openstack/wsgi.py:551}}
Jul 19 20:51:10.815925 np0000005468 devstack@n-api.service[87497]: INFO nova.api.openstack.requestlog [None req-0da6e72c-166d-4cca-978b-96bd2dd92544 tempest-VolumesSnapshotsTestJSON-1610586375 tempest-VolumesSnapshotsTestJSON-1610586375-project-member] 10.4.3.43 "DELETE /compute/v2.1/os-volumes/ea5fab93-4d69-455a-967c-415b0a547237" status: 202 len: 0 microversion: 2.1 time: 0.069660
Jul 19 20:51:10.816574 np0000005468 devstack@n-api.service[87497]: [pid: 87497|app: 0|req: 43/154] 10.4.3.43 () {66 vars in 1359 bytes} [Sun Jul 19 20:51:10 2026] DELETE /compute/v2.1/os-volumes/ea5fab93-4d69-455a-967c-415b0a547237 => generated 0 bytes in 71 msecs (HTTP/1.1 202) 9 headers in 361 bytes (1 switches on core 0)
Jul 19 20:51:10.827483 np0000005468 devstack@n-api.service[87496]: DEBUG nova.api.openstack.wsgi [None req-93524eef-ce2d-422b-9643-868e318b1064 tempest-VolumesSnapshotsTestJSON-1610586375 tempest-VolumesSnapshotsTestJSON-1610586375-project-member] Calling method '>' {{(pid=87496) _process_stack /opt/stack/nova/nova/api/openstack/wsgi.py:551}}
Jul 19 20:51:10.873949 np0000005468 devstack@n-api.service[87496]: INFO nova.api.openstack.requestlog [None req-93524eef-ce2d-422b-9643-868e318b1064 tempest-VolumesSnapshotsTestJSON-1610586375 tempest-VolumesSnapshotsTestJSON-1610586375-project-member] 10.4.3.43 "GET /compute/v2.1/os-volumes/ea5fab93-4d69-455a-967c-415b0a547237" status: 200 len: 341 microversion: 2.1 time: 0.048208
Jul 19 20:51:10.876484 np0000005468 devstack@n-api.service[87496]: [pid: 87496|app: 0|req: 36/155] 10.4.3.43 () {66 vars in 1356 bytes} [Sun Jul 19 20:51:10 2026] GET /compute/v2.1/os-volumes/ea5fab93-4d69-455a-967c-415b0a547237 => generated 341 bytes in 51 msecs (HTTP/1.1 200) 9 headers in 357 bytes (1 switches on core 0)
Jul 19 20:51:10.902140 np0000005468 devstack@n-api.service[87499]: DEBUG nova.policy [None req-d18fc351-33ba-48d9-be99-95c0a940ed26 tempest-ServerBootFromVolumeStableRescueTest-442895226 tempest-ServerBootFromVolumeStableRescueTest-442895226-project-member] Policy check for os_compute_api:os-extended-server-attributes failed with credentials {'is_admin': False, 'user_id': '108d8844caac4207b2cf507b61900f4b', 'user_domain_id': 'default', 'system_scope': None, 'domain_id': None, 'project_id': '7182394494dd483abc83c44b41696578', 'project_domain_id': 'default', 'roles': ['reader', 'member'], 'is_admin_project': True, 'service_user_id': None, 'service_user_domain_id': None, 'service_project_id': None, 'service_project_domain_id': None, 'service_roles': []} {{(pid=87499) authorize /opt/stack/nova/nova/policy.py:192}}
Jul 19 20:51:10.908316 np0000005468 devstack@n-api.service[87499]: DEBUG nova.policy [None req-d18fc351-33ba-48d9-be99-95c0a940ed26 tempest-ServerBootFromVolumeStableRescueTest-442895226 tempest-ServerBootFromVolumeStableRescueTest-442895226-project-member] Policy check for os_compute_api:servers:show:host_status failed with credentials {'is_admin': False, 'user_id': '108d8844caac4207b2cf507b61900f4b', 'user_domain_id': 'default', 'system_scope': None, 'domain_id': None, 'project_id': '7182394494dd483abc83c44b41696578', 'project_domain_id': 'default', 'roles': ['reader', 'member'], 'is_admin_project': True, 'service_user_id': None, 'service_user_domain_id': None, 'service_project_id': None, 'service_project_domain_id': None, 'service_roles': []} {{(pid=87499) authorize /opt/stack/nova/nova/policy.py:192}}
Jul 19 20:51:10.908959 np0000005468 devstack@n-api.service[87499]: DEBUG nova.policy [None req-d18fc351-33ba-48d9-be99-95c0a940ed26 tempest-ServerBootFromVolumeStableRescueTest-442895226 tempest-ServerBootFromVolumeStableRescueTest-442895226-project-member] Policy check for os_compute_api:servers:show:host_status:unknown-only failed with credentials {'is_admin': False, 'user_id': '108d8844caac4207b2cf507b61900f4b', 'user_domain_id': 'default', 'system_scope': None, 'domain_id': None, 'project_id': '7182394494dd483abc83c44b41696578', 'project_domain_id': 'default', 'roles': ['reader', 'member'], 'is_admin_project': True, 'service_user_id': None, 'service_user_domain_id': None, 'service_project_id': None, 'service_project_domain_id': None, 'service_roles': []} {{(pid=87499) authorize /opt/stack/nova/nova/policy.py:192}}
Jul 19 20:51:10.916679 np0000005468 devstack@n-api.service[87499]: INFO nova.api.openstack.requestlog [None req-d18fc351-33ba-48d9-be99-95c0a940ed26 tempest-ServerBootFromVolumeStableRescueTest-442895226 tempest-ServerBootFromVolumeStableRescueTest-442895226-project-member] 10.4.3.43 "GET /compute/v2.1/servers/613ceb79-5b51-4106-9406-9493c25711cb" status: 200 len: 1771 microversion: 2.87 time: 0.262031
Jul 19 20:51:10.917239 np0000005468 devstack@n-api.service[87499]: [pid: 87499|app: 0|req: 37/156] 10.4.3.43 () {68 vars in 1388 bytes} [Sun Jul 19 20:51:10 2026] GET /compute/v2.1/servers/613ceb79-5b51-4106-9406-9493c25711cb => generated 1771 bytes in 263 msecs (HTTP/1.1 200) 9 headers in 360 bytes (1 switches on core 0)
Jul 19 20:51:11.161388 np0000005468 devstack@n-api.service[87498]: DEBUG nova.api.openstack.wsgi [None req-92b1eb05-f8a8-4f9f-b188-7100f9c6f4a1 tempest-ServerBootFromVolumeStableRescueTest-442895226 tempest-ServerBootFromVolumeStableRescueTest-442895226-project-member] Action: 'action', calling method: >, body: {"rescue": {"rescue_image_ref": "f8ad91a9-1870-4d08-bf5a-c4677ab08002"}} {{(pid=87498) _process_stack /opt/stack/nova/nova/api/openstack/wsgi.py:549}}
