Aug 02 18:51:44.517690 np0000006311 devstack@g-api.service[99861]: DEBUG glance_store.location [-] Registering scheme swift+config with {'store': , 'location_class': , 'store_entry': 'swift'} {{(pid=99861) register_scheme_map /opt/stack/data/venv/lib/python3.12/site-packages/glance_store/location.py:146}}
Aug 02 18:51:44.517761 np0000006311 devstack@g-api.service[99859]: DEBUG glance_store.location [-] Registering scheme swift+https with {'store': , 'location_class': , 'store_entry': 'swift'} {{(pid=99859) register_scheme_map /opt/stack/data/venv/lib/python3.12/site-packages/glance_store/location.py:146}}
Aug 02 18:51:44.517801 np0000006311 devstack@g-api.service[99859]: DEBUG glance_store.location [-] Registering scheme swift with {'store': , 'location_class': , 'store_entry': 'swift'} {{(pid=99859) register_scheme_map /opt/stack/data/venv/lib/python3.12/site-packages/glance_store/location.py:146}}
Aug 02 18:51:44.517830 np0000006311 devstack@g-api.service[99860]: DEBUG glance_store.capabilities [-] Store glance_store._drivers.swift.store.SingleTenantStore doesn't support updating dynamic storage capabilities. Please overwrite 'update_capabilities' method of the store to implement updating logics if needed. {{(pid=99860) update_capabilities /opt/stack/data/venv/lib/python3.12/site-packages/glance_store/capabilities.py:91}}
Aug 02 18:51:44.517856 np0000006311 devstack@g-api.service[99859]: DEBUG glance_store.location [-] Registering scheme swift+https with {'store': , 'location_class': , 'store_entry': 'swift'} {{(pid=99859) register_scheme_map /opt/stack/data/venv/lib/python3.12/site-packages/glance_store/location.py:146}}
Aug 02 18:51:44.517880 np0000006311 devstack@g-api.service[99860]: DEBUG glance_store.driver [-] Late loading location class glance_store._drivers.swift.store.StoreLocation {{(pid=99860) get_store_location_class /opt/stack/data/venv/lib/python3.12/site-packages/glance_store/driver.py:134}}
Aug 02 18:51:44.517906 np0000006311 devstack@g-api.service[99859]: DEBUG glance_store.location [-] Registering scheme swift with {'store': , 'location_class': , 'store_entry': 'swift'} {{(pid=99859) register_scheme_map /opt/stack/data/venv/lib/python3.12/site-packages/glance_store/location.py:146}}
Aug 02 18:51:44.517933 np0000006311 devstack@g-api.service[99859]: DEBUG glance_store.location [-] Registering scheme swift+http with {'store': , 'location_class': , 'store_entry': 'swift'} {{(pid=99859) register_scheme_map /opt/stack/data/venv/lib/python3.12/site-packages/glance_store/location.py:146}}
Aug 02 18:51:44.517971 np0000006311 devstack@g-api.service[99860]: DEBUG glance_store.location [-] Registering scheme swift+https with {'store': , 'location_class': , 'store_entry': 'swift'} {{(pid=99860) register_scheme_map /opt/stack/data/venv/lib/python3.12/site-packages/glance_store/location.py:146}}
Aug 02 18:51:44.518015 np0000006311 devstack@g-api.service[99861]: DEBUG glance.sqlite_migration [-] SQLite caching database not located, skipping migration {{(pid=99861) get_db_path /opt/stack/glance/glance/sqlite_migration.py:68}}
Aug 02 18:51:44.518044 np0000006311 devstack@g-api.service[99859]: DEBUG glance_store.location [-] Registering scheme swift+https with {'store': , 'location_class': , 'store_entry': 'swift'} {{(pid=99859) register_scheme_map /opt/stack/data/venv/lib/python3.12/site-packages/glance_store/location.py:146}}
Aug 02 18:51:44.518069 np0000006311 devstack@g-api.service[99860]: DEBUG glance_store.location [-] Registering scheme swift+https with {'store': , 'location_class': , 'store_entry': 'swift'} {{(pid=99860) register_scheme_map /opt/stack/data/venv/lib/python3.12/site-packages/glance_store/location.py:146}}
Aug 02 18:51:44.518095 np0000006311 devstack@g-api.service[99859]: DEBUG glance_store.location [-] Registering scheme swift with {'store': , 'location_class': , 'store_entry': 'swift'} {{(pid=99859) register_scheme_map /opt/stack/data/venv/lib/python3.12/site-packages/glance_store/location.py:146}}
Aug 02 18:51:44.518119 np0000006311 devstack@g-api.service[99860]: DEBUG glance_store.location [-] Registering scheme swift with {'store': , 'location_class': , 'store_entry': 'swift'} {{(pid=99860) register_scheme_map /opt/stack/data/venv/lib/python3.12/site-packages/glance_store/location.py:146}}
Aug 02 18:51:44.518152 np0000006311 devstack@g-api.service[99859]: DEBUG glance_store.location [-] Registering scheme swift+http with {'store': , 'location_class': , 'store_entry': 'swift'} {{(pid=99859) register_scheme_map /opt/stack/data/venv/lib/python3.12/site-packages/glance_store/location.py:146}}
Aug 02 18:51:44.518178 np0000006311 devstack@g-api.service[99860]: DEBUG glance_store.location [-] Registering scheme swift+https with {'store': , 'location_class': , 'store_entry': 'swift'} {{(pid=99860) register_scheme_map /opt/stack/data/venv/lib/python3.12/site-packages/glance_store/location.py:146}}
Aug 02 18:51:44.518202 np0000006311 devstack@g-api.service[99859]: DEBUG glance_store.location [-] Registering scheme swift+config with {'store': , 'location_class': , 'store_entry': 'swift'} {{(pid=99859) register_scheme_map /opt/stack/data/venv/lib/python3.12/site-packages/glance_store/location.py:146}}
Aug 02 18:51:44.518227 np0000006311 devstack@g-api.service[99860]: DEBUG glance_store.location [-] Registering scheme swift with {'store': , 'location_class': , 'store_entry': 'swift'} {{(pid=99860) register_scheme_map /opt/stack/data/venv/lib/python3.12/site-packages/glance_store/location.py:146}}
Aug 02 18:51:44.518279 np0000006311 devstack@g-api.service[99861]: WARNING glance.common.wsgi_app [-] Import methods are enabled but staging directory /tmp/staging/ does not exist; Imports will fail!
Aug 02 18:51:44.518326 np0000006311 devstack@g-api.service[99860]: DEBUG glance_store.location [-] Registering scheme swift+http with {'store': , 'location_class': , 'store_entry': 'swift'} {{(pid=99860) register_scheme_map /opt/stack/data/venv/lib/python3.12/site-packages/glance_store/location.py:146}}
Aug 02 18:51:44.518326 np0000006311 devstack@g-api.service[99860]: DEBUG glance_store.location [-] Registering scheme swift+https with {'store': , 'location_class': , 'store_entry': 'swift'} {{(pid=99860) register_scheme_map /opt/stack/data/venv/lib/python3.12/site-packages/glance_store/location.py:146}}
Aug 02 18:51:44.518326 np0000006311 devstack@g-api.service[99860]: DEBUG glance_store.location [-] Registering scheme swift with {'store': , 'location_class': , 'store_entry': 'swift'} {{(pid=99860) register_scheme_map /opt/stack/data/venv/lib/python3.12/site-packages/glance_store/location.py:146}}
Aug 02 18:51:44.518326 np0000006311 devstack@g-api.service[99860]: DEBUG glance_store.location [-] Registering scheme swift+http with {'store': , 'location_class': , 'store_entry': 'swift'} {{(pid=99860) register_scheme_map /opt/stack/data/venv/lib/python3.12/site-packages/glance_store/location.py:146}}
Aug 02 18:51:44.518455 np0000006311 devstack@g-api.service[99860]: DEBUG glance_store.location [-] Registering scheme swift+config with {'store': , 'location_class': , 'store_entry': 'swift'} {{(pid=99860) register_scheme_map /opt/stack/data/venv/lib/python3.12/site-packages/glance_store/location.py:146}}
Aug 02 18:51:44.518508 np0000006311 devstack@g-api.service[99859]: DEBUG glance.sqlite_migration [-] SQLite caching database not located, skipping migration {{(pid=99859) get_db_path /opt/stack/glance/glance/sqlite_migration.py:68}}
Aug 02 18:51:44.518665 np0000006311 devstack@g-api.service[99859]: WARNING glance.common.wsgi_app [-] Import methods are enabled but staging directory /tmp/staging/ does not exist; Imports will fail!
Aug 02 18:51:44.518749 np0000006311 devstack@g-api.service[99860]: DEBUG glance.sqlite_migration [-] SQLite caching database not located, skipping migration {{(pid=99860) get_db_path /opt/stack/glance/glance/sqlite_migration.py:68}}
Aug 02 18:51:44.518811 np0000006311 devstack@g-api.service[99860]: WARNING glance.common.wsgi_app [-] Import methods are enabled but staging directory /tmp/staging/ does not exist; Imports will fail!
Aug 02 18:51:44.650059 np0000006311 devstack@g-api.service[99859]: DEBUG glance.common.config [None req-aac30a32-0c8f-4e29-9920-beaab523c415 None None] Loading glance-api-keystone+cachemanagement from /etc/glance/glance-api-paste.ini {{(pid=99859) load_paste_app /opt/stack/glance/glance/common/config.py:765}}
Aug 02 18:51:44.656441 np0000006311 devstack@g-api.service[99860]: DEBUG glance.common.config [None req-928a20cf-bcd4-4fe0-855b-16420ce06fbc None None] Loading glance-api-keystone+cachemanagement from /etc/glance/glance-api-paste.ini {{(pid=99860) load_paste_app /opt/stack/glance/glance/common/config.py:765}}
Aug 02 18:51:44.662000 np0000006311 devstack@g-api.service[99861]: DEBUG glance.common.config [None req-e5bd24c6-3e39-4807-94fd-f15cbc9a20e3 None None] Loading glance-api-keystone+cachemanagement from /etc/glance/glance-api-paste.ini {{(pid=99861) load_paste_app /opt/stack/glance/glance/common/config.py:765}}
Aug 02 18:51:45.253614 np0000006311 devstack@g-api.service[99861]: INFO glance.image_cache [None req-e5bd24c6-3e39-4807-94fd-f15cbc9a20e3 None None] Image cache loaded driver 'centralized_db'.
Aug 02 18:51:45.254150 np0000006311 devstack@g-api.service[99860]: INFO glance.image_cache [None req-928a20cf-bcd4-4fe0-855b-16420ce06fbc None None] Image cache loaded driver 'centralized_db'.
Aug 02 18:51:45.255377 np0000006311 devstack@g-api.service[99859]: INFO glance.image_cache [None req-aac30a32-0c8f-4e29-9920-beaab523c415 None None] Image cache loaded driver 'centralized_db'.
Aug 02 18:51:45.298580 np0000006311 devstack@g-api.service[99860]: INFO dbcounter [None req-928a20cf-bcd4-4fe0-855b-16420ce06fbc None None] Registered counter for database glance
Aug 02 18:51:45.300362 np0000006311 devstack@g-api.service[99861]: INFO dbcounter [None req-e5bd24c6-3e39-4807-94fd-f15cbc9a20e3 None None] Registered counter for database glance
Aug 02 18:51:45.301606 np0000006311 devstack@g-api.service[99859]: INFO dbcounter [None req-aac30a32-0c8f-4e29-9920-beaab523c415 None None] Registered counter for database glance
Aug 02 18:51:45.338807 np0000006311 devstack@g-api.service[99860]: DEBUG oslo_db.sqlalchemy.engines [None req-928a20cf-bcd4-4fe0-855b-16420ce06fbc None None] MySQL server mode set to STRICT_TRANS_TABLES,STRICT_ALL_TABLES,NO_ZERO_IN_DATE,NO_ZERO_DATE,ERROR_FOR_DIVISION_BY_ZERO,TRADITIONAL,NO_ENGINE_SUBSTITUTION {{(pid=99860) _check_effective_sql_mode /opt/stack/data/venv/lib/python3.12/site-packages/oslo_db/sqlalchemy/engines.py:325}}
Aug 02 18:51:45.342436 np0000006311 devstack@g-api.service[99861]: DEBUG oslo_db.sqlalchemy.engines [None req-e5bd24c6-3e39-4807-94fd-f15cbc9a20e3 None None] MySQL server mode set to STRICT_TRANS_TABLES,STRICT_ALL_TABLES,NO_ZERO_IN_DATE,NO_ZERO_DATE,ERROR_FOR_DIVISION_BY_ZERO,TRADITIONAL,NO_ENGINE_SUBSTITUTION {{(pid=99861) _check_effective_sql_mode /opt/stack/data/venv/lib/python3.12/site-packages/oslo_db/sqlalchemy/engines.py:325}}
Aug 02 18:51:45.345745 np0000006311 devstack@g-api.service[99859]: DEBUG oslo_db.sqlalchemy.engines [None req-aac30a32-0c8f-4e29-9920-beaab523c415 None None] MySQL server mode set to STRICT_TRANS_TABLES,STRICT_ALL_TABLES,NO_ZERO_IN_DATE,NO_ZERO_DATE,ERROR_FOR_DIVISION_BY_ZERO,TRADITIONAL,NO_ENGINE_SUBSTITUTION {{(pid=99859) _check_effective_sql_mode /opt/stack/data/venv/lib/python3.12/site-packages/oslo_db/sqlalchemy/engines.py:325}}
Aug 02 18:51:45.443785 np0000006311 devstack@g-api.service[99860]: DEBUG dbcounter [-] [99860] Writer thread running {{(pid=99860) stat_writer /opt/stack/data/venv/lib/python3.12/site-packages/dbcounter.py:102}}
Aug 02 18:51:45.454411 np0000006311 devstack@g-api.service[99860]: INFO glance.image_cache [None req-928a20cf-bcd4-4fe0-855b-16420ce06fbc None None] Image cache loaded driver 'centralized_db'.
Aug 02 18:51:45.455530 np0000006311 devstack@g-api.service[99861]: DEBUG dbcounter [-] [99861] Writer thread running {{(pid=99861) stat_writer /opt/stack/data/venv/lib/python3.12/site-packages/dbcounter.py:102}}
Aug 02 18:51:45.458096 np0000006311 devstack@g-api.service[99861]: DEBUG glance.image_cache.drivers.centralized_db [None req-e5bd24c6-3e39-4807-94fd-f15cbc9a20e3 None None] Node reference is already recorded, ignoring it {{(pid=99861) configure /opt/stack/glance/glance/image_cache/drivers/centralized_db.py:71}}
Aug 02 18:51:45.460665 np0000006311 devstack@g-api.service[99859]: DEBUG dbcounter [-] [99859] Writer thread running {{(pid=99859) stat_writer /opt/stack/data/venv/lib/python3.12/site-packages/dbcounter.py:102}}
Aug 02 18:51:45.460764 np0000006311 devstack@g-api.service[99860]: DEBUG glance.image_cache.drivers.centralized_db [None req-928a20cf-bcd4-4fe0-855b-16420ce06fbc None None] Node reference is already recorded, ignoring it {{(pid=99860) configure /opt/stack/glance/glance/image_cache/drivers/centralized_db.py:71}}
Aug 02 18:51:45.463445 np0000006311 devstack@g-api.service[99861]: INFO glance.image_cache [None req-e5bd24c6-3e39-4807-94fd-f15cbc9a20e3 None None] Image cache loaded driver 'centralized_db'.
Aug 02 18:51:45.463746 np0000006311 devstack@g-api.service[99859]: DEBUG glance.image_cache.drivers.centralized_db [None req-aac30a32-0c8f-4e29-9920-beaab523c415 None None] Node reference is already recorded, ignoring it {{(pid=99859) configure /opt/stack/glance/glance/image_cache/drivers/centralized_db.py:71}}
Aug 02 18:51:45.465241 np0000006311 devstack@g-api.service[99860]: DEBUG glance.api.v2.cached_images [None req-928a20cf-bcd4-4fe0-855b-16420ce06fbc None None] Started cache worker thread {{(pid=99860) __init__ /opt/stack/glance/glance/api/v2/cached_images.py:71}}
Aug 02 18:51:45.465942 np0000006311 devstack@g-api.service[99860]: INFO glance.image_cache [None req-928a20cf-bcd4-4fe0-855b-16420ce06fbc None None] Image cache loaded driver 'centralized_db'.
Aug 02 18:51:45.469099 np0000006311 devstack@g-api.service[99859]: INFO glance.image_cache [None req-aac30a32-0c8f-4e29-9920-beaab523c415 None None] Image cache loaded driver 'centralized_db'.
Aug 02 18:51:45.470260 np0000006311 devstack@g-api.service[99861]: DEBUG glance.image_cache.drivers.centralized_db [None req-e5bd24c6-3e39-4807-94fd-f15cbc9a20e3 None None] Node reference is already recorded, ignoring it {{(pid=99861) configure /opt/stack/glance/glance/image_cache/drivers/centralized_db.py:71}}
Aug 02 18:51:45.471993 np0000006311 devstack@g-api.service[99860]: DEBUG glance.image_cache.drivers.centralized_db [None req-928a20cf-bcd4-4fe0-855b-16420ce06fbc None None] Node reference is already recorded, ignoring it {{(pid=99860) configure /opt/stack/glance/glance/image_cache/drivers/centralized_db.py:71}}
Aug 02 18:51:45.475081 np0000006311 devstack@g-api.service[99861]: DEBUG glance.api.v2.cached_images [None req-e5bd24c6-3e39-4807-94fd-f15cbc9a20e3 None None] Started cache worker thread {{(pid=99861) __init__ /opt/stack/glance/glance/api/v2/cached_images.py:71}}
Aug 02 18:51:45.475572 np0000006311 devstack@g-api.service[99859]: DEBUG glance.image_cache.drivers.centralized_db [None req-aac30a32-0c8f-4e29-9920-beaab523c415 None None] Node reference is already recorded, ignoring it {{(pid=99859) configure /opt/stack/glance/glance/image_cache/drivers/centralized_db.py:71}}
Aug 02 18:51:45.475699 np0000006311 devstack@g-api.service[99861]: INFO glance.image_cache [None req-e5bd24c6-3e39-4807-94fd-f15cbc9a20e3 None None] Image cache loaded driver 'centralized_db'.
Aug 02 18:51:45.476180 np0000006311 devstack@g-api.service[99860]: INFO glance.api.middleware.cache_manage [None req-928a20cf-bcd4-4fe0-855b-16420ce06fbc None None] Initialized image cache management middleware
Aug 02 18:51:45.476316 np0000006311 devstack@g-api.service[99860]: INFO glance.image_cache [None req-928a20cf-bcd4-4fe0-855b-16420ce06fbc None None] Image cache loaded driver 'centralized_db'.
Aug 02 18:51:45.479843 np0000006311 devstack@g-api.service[99859]: DEBUG glance.api.v2.cached_images [None req-aac30a32-0c8f-4e29-9920-beaab523c415 None None] Started cache worker thread {{(pid=99859) __init__ /opt/stack/glance/glance/api/v2/cached_images.py:71}}
Aug 02 18:51:45.480391 np0000006311 devstack@g-api.service[99859]: INFO glance.image_cache [None req-aac30a32-0c8f-4e29-9920-beaab523c415 None None] Image cache loaded driver 'centralized_db'.
Aug 02 18:51:45.481657 np0000006311 devstack@g-api.service[99861]: DEBUG glance.image_cache.drivers.centralized_db [None req-e5bd24c6-3e39-4807-94fd-f15cbc9a20e3 None None] Node reference is already recorded, ignoring it {{(pid=99861) configure /opt/stack/glance/glance/image_cache/drivers/centralized_db.py:71}}
Aug 02 18:51:45.483161 np0000006311 devstack@g-api.service[99860]: DEBUG glance.image_cache.drivers.centralized_db [None req-928a20cf-bcd4-4fe0-855b-16420ce06fbc None None] Node reference is already recorded, ignoring it {{(pid=99860) configure /opt/stack/glance/glance/image_cache/drivers/centralized_db.py:71}}
Aug 02 18:51:45.486164 np0000006311 devstack@g-api.service[99861]: INFO glance.api.middleware.cache_manage [None req-e5bd24c6-3e39-4807-94fd-f15cbc9a20e3 None None] Initialized image cache management middleware
Aug 02 18:51:45.486298 np0000006311 devstack@g-api.service[99861]: INFO glance.image_cache [None req-e5bd24c6-3e39-4807-94fd-f15cbc9a20e3 None None] Image cache loaded driver 'centralized_db'.
Aug 02 18:51:45.486556 np0000006311 devstack@g-api.service[99860]: INFO glance.api.middleware.cache [None req-928a20cf-bcd4-4fe0-855b-16420ce06fbc None None] Initialized image cache middleware
Aug 02 18:51:45.486678 np0000006311 devstack@g-api.service[99859]: DEBUG glance.image_cache.drivers.centralized_db [None req-aac30a32-0c8f-4e29-9920-beaab523c415 None None] Node reference is already recorded, ignoring it {{(pid=99859) configure /opt/stack/glance/glance/image_cache/drivers/centralized_db.py:71}}
Aug 02 18:51:45.492314 np0000006311 devstack@g-api.service[99859]: INFO glance.api.middleware.cache_manage [None req-aac30a32-0c8f-4e29-9920-beaab523c415 None None] Initialized image cache management middleware
Aug 02 18:51:45.492494 np0000006311 devstack@g-api.service[99859]: INFO glance.image_cache [None req-aac30a32-0c8f-4e29-9920-beaab523c415 None None] Image cache loaded driver 'centralized_db'.
Aug 02 18:51:45.493531 np0000006311 devstack@g-api.service[99861]: DEBUG glance.image_cache.drivers.centralized_db [None req-e5bd24c6-3e39-4807-94fd-f15cbc9a20e3 None None] Node reference is already recorded, ignoring it {{(pid=99861) configure /opt/stack/glance/glance/image_cache/drivers/centralized_db.py:71}}
Aug 02 18:51:45.497007 np0000006311 devstack@g-api.service[99861]: INFO glance.api.middleware.cache [None req-e5bd24c6-3e39-4807-94fd-f15cbc9a20e3 None None] Initialized image cache middleware
Aug 02 18:51:45.497495 np0000006311 devstack@g-api.service[99860]: DEBUG glance.common.config [None req-928a20cf-bcd4-4fe0-855b-16420ce06fbc None None] ******************************************************************************** {{(pid=99860) log_opt_values /opt/stack/data/venv/lib/python3.12/site-packages/oslo_config/cfg.py:3226}}
Aug 02 18:51:45.497588 np0000006311 devstack@g-api.service[99860]: DEBUG glance.common.config [None req-928a20cf-bcd4-4fe0-855b-16420ce06fbc None None] Configuration options gathered from: {{(pid=99860) log_opt_values /opt/stack/data/venv/lib/python3.12/site-packages/oslo_config/cfg.py:3227}}
Aug 02 18:51:45.497989 np0000006311 devstack@g-api.service[99860]: DEBUG glance.common.config [None req-928a20cf-bcd4-4fe0-855b-16420ce06fbc None None] command line args: [] {{(pid=99860) log_opt_values /opt/stack/data/venv/lib/python3.12/site-packages/oslo_config/cfg.py:3228}}
Aug 02 18:51:45.498133 np0000006311 devstack@g-api.service[99860]: DEBUG glance.common.config [None req-928a20cf-bcd4-4fe0-855b-16420ce06fbc None None] config files: ['/etc/glance/glance-image-import.conf', '/etc/glance/glance-api.conf'] {{(pid=99860) log_opt_values /opt/stack/data/venv/lib/python3.12/site-packages/oslo_config/cfg.py:3229}}
Aug 02 18:51:45.498231 np0000006311 devstack@g-api.service[99860]: DEBUG glance.common.config [None req-928a20cf-bcd4-4fe0-855b-16420ce06fbc None None] ================================================================================ {{(pid=99860) log_opt_values /opt/stack/data/venv/lib/python3.12/site-packages/oslo_config/cfg.py:3234}}
Aug 02 18:51:45.498370 np0000006311 devstack@g-api.service[99860]: DEBUG glance.common.config [None req-928a20cf-bcd4-4fe0-855b-16420ce06fbc None None] allow_anonymous_access = False {{(pid=99860) log_opt_values /opt/stack/data/venv/lib/python3.12/site-packages/oslo_config/cfg.py:3242}}
Aug 02 18:51:45.498478 np0000006311 devstack@g-api.service[99860]: DEBUG glance.common.config [None req-928a20cf-bcd4-4fe0-855b-16420ce06fbc None None] api_limit_max = 1000 {{(pid=99860) log_opt_values /opt/stack/data/venv/lib/python3.12/site-packages/oslo_config/cfg.py:3242}}
Aug 02 18:51:45.498543 np0000006311 devstack@g-api.service[99859]: DEBUG glance.image_cache.drivers.centralized_db [None req-aac30a32-0c8f-4e29-9920-beaab523c415 None None] Node reference is already recorded, ignoring it {{(pid=99859) configure /opt/stack/glance/glance/image_cache/drivers/centralized_db.py:71}}
Aug 02 18:51:45.498574 np0000006311 devstack@g-api.service[99860]: DEBUG glance.common.config [None req-928a20cf-bcd4-4fe0-855b-16420ce06fbc None None] config_dir = [] {{(pid=99860) log_opt_values /opt/stack/data/venv/lib/python3.12/site-packages/oslo_config/cfg.py:3242}}
Aug 02 18:51:45.498671 np0000006311 devstack@g-api.service[99860]: DEBUG glance.common.config [None req-928a20cf-bcd4-4fe0-855b-16420ce06fbc None None] config_file = ['/etc/glance/glance-image-import.conf', '/etc/glance/glance-api.conf'] {{(pid=99860) log_opt_values /opt/stack/data/venv/lib/python3.12/site-packages/oslo_config/cfg.py:3242}}
Aug 02 18:51:45.498795 np0000006311 devstack@g-api.service[99860]: DEBUG glance.common.config [None req-928a20cf-bcd4-4fe0-855b-16420ce06fbc None None] config_source = [] {{(pid=99860) log_opt_values /opt/stack/data/venv/lib/python3.12/site-packages/oslo_config/cfg.py:3242}}
Aug 02 18:51:45.498897 np0000006311 devstack@g-api.service[99860]: DEBUG glance.common.config [None req-928a20cf-bcd4-4fe0-855b-16420ce06fbc None None] control_exchange = glance {{(pid=99860) log_opt_values /opt/stack/data/venv/lib/python3.12/site-packages/oslo_config/cfg.py:3242}}
Aug 02 18:51:45.498964 np0000006311 devstack@g-api.service[99860]: DEBUG glance.common.config [None req-928a20cf-bcd4-4fe0-855b-16420ce06fbc None None] debug = True {{(pid=99860) log_opt_values /opt/stack/data/venv/lib/python3.12/site-packages/oslo_config/cfg.py:3242}}
Aug 02 18:51:45.499120 np0000006311 devstack@g-api.service[99860]: DEBUG glance.common.config [None req-928a20cf-bcd4-4fe0-855b-16420ce06fbc None None] default_log_levels = ['amqp=WARN', 'boto=WARN', 'sqlalchemy=WARN', 'suds=INFO', 'oslo.messaging=INFO', 'oslo_messaging=INFO', 'iso8601=WARN', 'requests.packages.urllib3.connectionpool=WARN', 'urllib3.connectionpool=WARN', 'websocket=WARN', 'requests.packages.urllib3.util.retry=WARN', 'urllib3.util.retry=WARN', 'keystonemiddleware=WARN', 'routes.middleware=WARN', 'stevedore=WARN', 'taskflow=WARN', 'keystoneauth=WARN', 'oslo.cache=INFO', 'oslo_policy=INFO', 'dogpile.core.dogpile=INFO'] {{(pid=99860) log_opt_values /opt/stack/data/venv/lib/python3.12/site-packages/oslo_config/cfg.py:3242}}
Aug 02 18:51:45.499215 np0000006311 devstack@g-api.service[99860]: DEBUG glance.common.config [None req-928a20cf-bcd4-4fe0-855b-16420ce06fbc None None] default_publisher_id = image.localhost {{(pid=99860) log_opt_values /opt/stack/data/venv/lib/python3.12/site-packages/oslo_config/cfg.py:3242}}
Aug 02 18:51:45.499299 np0000006311 devstack@g-api.service[99860]: DEBUG glance.common.config [None req-928a20cf-bcd4-4fe0-855b-16420ce06fbc None None] delayed_delete = False {{(pid=99860) log_opt_values /opt/stack/data/venv/lib/python3.12/site-packages/oslo_config/cfg.py:3242}}
Aug 02 18:51:45.499390 np0000006311 devstack@g-api.service[99860]: DEBUG glance.common.config [None req-928a20cf-bcd4-4fe0-855b-16420ce06fbc None None] digest_algorithm = sha256 {{(pid=99860) log_opt_values /opt/stack/data/venv/lib/python3.12/site-packages/oslo_config/cfg.py:3242}}
Aug 02 18:51:45.499484 np0000006311 devstack@g-api.service[99860]: DEBUG glance.common.config [None req-928a20cf-bcd4-4fe0-855b-16420ce06fbc None None] disabled_notifications = [] {{(pid=99860) log_opt_values /opt/stack/data/venv/lib/python3.12/site-packages/oslo_config/cfg.py:3242}}
Aug 02 18:51:45.499571 np0000006311 devstack@g-api.service[99860]: DEBUG glance.common.config [None req-928a20cf-bcd4-4fe0-855b-16420ce06fbc None None] do_secure_hash = True {{(pid=99860) log_opt_values /opt/stack/data/venv/lib/python3.12/site-packages/oslo_config/cfg.py:3242}}
Aug 02 18:51:45.499659 np0000006311 devstack@g-api.service[99860]: DEBUG glance.common.config [None req-928a20cf-bcd4-4fe0-855b-16420ce06fbc None None] enabled_backends = None {{(pid=99860) log_opt_values /opt/stack/data/venv/lib/python3.12/site-packages/oslo_config/cfg.py:3242}}
Aug 02 18:51:45.499783 np0000006311 devstack@g-api.service[99860]: DEBUG glance.common.config [None req-928a20cf-bcd4-4fe0-855b-16420ce06fbc None None] enabled_import_methods = ['glance-direct', 'web-download', 'copy-image'] {{(pid=99860) log_opt_values /opt/stack/data/venv/lib/python3.12/site-packages/oslo_config/cfg.py:3242}}
Aug 02 18:51:45.499872 np0000006311 devstack@g-api.service[99860]: DEBUG glance.common.config [None req-928a20cf-bcd4-4fe0-855b-16420ce06fbc None None] fatal_deprecations = False {{(pid=99860) log_opt_values /opt/stack/data/venv/lib/python3.12/site-packages/oslo_config/cfg.py:3242}}
Aug 02 18:51:45.499964 np0000006311 devstack@g-api.service[99860]: DEBUG glance.common.config [None req-928a20cf-bcd4-4fe0-855b-16420ce06fbc None None] hashing_algorithm = sha512 {{(pid=99860) log_opt_values /opt/stack/data/venv/lib/python3.12/site-packages/oslo_config/cfg.py:3242}}
Aug 02 18:51:45.500075 np0000006311 devstack@g-api.service[99860]: DEBUG glance.common.config [None req-928a20cf-bcd4-4fe0-855b-16420ce06fbc None None] http_retries = 3 {{(pid=99860) log_opt_values /opt/stack/data/venv/lib/python3.12/site-packages/oslo_config/cfg.py:3242}}
Aug 02 18:51:45.500175 np0000006311 devstack@g-api.service[99860]: DEBUG glance.common.config [None req-928a20cf-bcd4-4fe0-855b-16420ce06fbc None None] image_cache_dir = /opt/stack/data/glance/cache/ {{(pid=99860) log_opt_values /opt/stack/data/venv/lib/python3.12/site-packages/oslo_config/cfg.py:3242}}
Aug 02 18:51:45.500279 np0000006311 devstack@g-api.service[99860]: DEBUG glance.common.config [None req-928a20cf-bcd4-4fe0-855b-16420ce06fbc None None] image_cache_driver = centralized_db {{(pid=99860) log_opt_values /opt/stack/data/venv/lib/python3.12/site-packages/oslo_config/cfg.py:3242}}
Aug 02 18:51:45.500385 np0000006311 devstack@g-api.service[99860]: DEBUG glance.common.config [None req-928a20cf-bcd4-4fe0-855b-16420ce06fbc None None] image_cache_max_size = 10737418240 {{(pid=99860) log_opt_values /opt/stack/data/venv/lib/python3.12/site-packages/oslo_config/cfg.py:3242}}
Aug 02 18:51:45.500487 np0000006311 devstack@g-api.service[99860]: DEBUG glance.common.config [None req-928a20cf-bcd4-4fe0-855b-16420ce06fbc None None] image_cache_sqlite_db = cache.db {{(pid=99860) log_opt_values /opt/stack/data/venv/lib/python3.12/site-packages/oslo_config/cfg.py:3242}}
Aug 02 18:51:45.500575 np0000006311 devstack@g-api.service[99860]: DEBUG glance.common.config [None req-928a20cf-bcd4-4fe0-855b-16420ce06fbc None None] image_cache_stall_time = 86400 {{(pid=99860) log_opt_values /opt/stack/data/venv/lib/python3.12/site-packages/oslo_config/cfg.py:3242}}
Aug 02 18:51:45.500660 np0000006311 devstack@g-api.service[99860]: DEBUG glance.common.config [None req-928a20cf-bcd4-4fe0-855b-16420ce06fbc None None] image_location_quota = 10 {{(pid=99860) log_opt_values /opt/stack/data/venv/lib/python3.12/site-packages/oslo_config/cfg.py:3242}}
Aug 02 18:51:45.500761 np0000006311 devstack@g-api.service[99860]: DEBUG glance.common.config [None req-928a20cf-bcd4-4fe0-855b-16420ce06fbc None None] image_member_quota = 128 {{(pid=99860) log_opt_values /opt/stack/data/venv/lib/python3.12/site-packages/oslo_config/cfg.py:3242}}
Aug 02 18:51:45.500845 np0000006311 devstack@g-api.service[99860]: DEBUG glance.common.config [None req-928a20cf-bcd4-4fe0-855b-16420ce06fbc None None] image_property_quota = 128 {{(pid=99860) log_opt_values /opt/stack/data/venv/lib/python3.12/site-packages/oslo_config/cfg.py:3242}}
Aug 02 18:51:45.500931 np0000006311 devstack@g-api.service[99860]: DEBUG glance.common.config [None req-928a20cf-bcd4-4fe0-855b-16420ce06fbc None None] image_size_cap = 1099511627776 {{(pid=99860) log_opt_values /opt/stack/data/venv/lib/python3.12/site-packages/oslo_config/cfg.py:3242}}
Aug 02 18:51:45.501015 np0000006311 devstack@g-api.service[99860]: DEBUG glance.common.config [None req-928a20cf-bcd4-4fe0-855b-16420ce06fbc None None] image_tag_quota = 128 {{(pid=99860) log_opt_values /opt/stack/data/venv/lib/python3.12/site-packages/oslo_config/cfg.py:3242}}
Aug 02 18:51:45.501105 np0000006311 devstack@g-api.service[99860]: DEBUG glance.common.config [None req-928a20cf-bcd4-4fe0-855b-16420ce06fbc None None] instance_format = [instance: %(uuid)s] {{(pid=99860) log_opt_values /opt/stack/data/venv/lib/python3.12/site-packages/oslo_config/cfg.py:3242}}
Aug 02 18:51:45.501195 np0000006311 devstack@g-api.service[99860]: DEBUG glance.common.config [None req-928a20cf-bcd4-4fe0-855b-16420ce06fbc None None] instance_uuid_format = [instance: %(uuid)s] {{(pid=99860) log_opt_values /opt/stack/data/venv/lib/python3.12/site-packages/oslo_config/cfg.py:3242}}
Aug 02 18:51:45.501281 np0000006311 devstack@g-api.service[99860]: DEBUG glance.common.config [None req-928a20cf-bcd4-4fe0-855b-16420ce06fbc None None] limit_param_default = 25 {{(pid=99860) log_opt_values /opt/stack/data/venv/lib/python3.12/site-packages/oslo_config/cfg.py:3242}}
Aug 02 18:51:45.501373 np0000006311 devstack@g-api.service[99860]: DEBUG glance.common.config [None req-928a20cf-bcd4-4fe0-855b-16420ce06fbc None None] log_color = False {{(pid=99860) log_opt_values /opt/stack/data/venv/lib/python3.12/site-packages/oslo_config/cfg.py:3242}}
Aug 02 18:51:45.501463 np0000006311 devstack@g-api.service[99860]: DEBUG glance.common.config [None req-928a20cf-bcd4-4fe0-855b-16420ce06fbc None None] log_config_append = None {{(pid=99860) log_opt_values /opt/stack/data/venv/lib/python3.12/site-packages/oslo_config/cfg.py:3242}}
Aug 02 18:51:45.501571 np0000006311 devstack@g-api.service[99860]: DEBUG glance.common.config [None req-928a20cf-bcd4-4fe0-855b-16420ce06fbc None None] log_date_format = %Y-%m-%d %H:%M:%S {{(pid=99860) log_opt_values /opt/stack/data/venv/lib/python3.12/site-packages/oslo_config/cfg.py:3242}}
Aug 02 18:51:45.501658 np0000006311 devstack@g-api.service[99860]: DEBUG glance.common.config [None req-928a20cf-bcd4-4fe0-855b-16420ce06fbc None None] log_dir = None {{(pid=99860) log_opt_values /opt/stack/data/venv/lib/python3.12/site-packages/oslo_config/cfg.py:3242}}
Aug 02 18:51:45.501762 np0000006311 devstack@g-api.service[99860]: DEBUG glance.common.config [None req-928a20cf-bcd4-4fe0-855b-16420ce06fbc None None] log_file = None {{(pid=99860) log_opt_values /opt/stack/data/venv/lib/python3.12/site-packages/oslo_config/cfg.py:3242}}
Aug 02 18:51:45.501847 np0000006311 devstack@g-api.service[99860]: DEBUG glance.common.config [None req-928a20cf-bcd4-4fe0-855b-16420ce06fbc None None] log_rotate_interval = 1 {{(pid=99860) log_opt_values /opt/stack/data/venv/lib/python3.12/site-packages/oslo_config/cfg.py:3242}}
Aug 02 18:51:45.501891 np0000006311 devstack@g-api.service[99859]: INFO glance.api.middleware.cache [None req-aac30a32-0c8f-4e29-9920-beaab523c415 None None] Initialized image cache middleware
Aug 02 18:51:45.501940 np0000006311 devstack@g-api.service[99860]: DEBUG glance.common.config [None req-928a20cf-bcd4-4fe0-855b-16420ce06fbc None None] log_rotate_interval_type = days {{(pid=99860) log_opt_values /opt/stack/data/venv/lib/python3.12/site-packages/oslo_config/cfg.py:3242}}
Aug 02 18:51:45.502059 np0000006311 devstack@g-api.service[99860]: DEBUG glance.common.config [None req-928a20cf-bcd4-4fe0-855b-16420ce06fbc None None] log_rotation_type = none {{(pid=99860) log_opt_values /opt/stack/data/venv/lib/python3.12/site-packages/oslo_config/cfg.py:3242}}
Aug 02 18:51:45.502134 np0000006311 devstack@g-api.service[99860]: DEBUG glance.common.config [None req-928a20cf-bcd4-4fe0-855b-16420ce06fbc None None] logging_context_format_string = %(color)s%(levelname)s %(name)s [%(global_request_id)s %(request_id)s %(project_name)s %(user_name)s%(color)s] %(instance)s%(color)s%(message)s {{(pid=99860) log_opt_values /opt/stack/data/venv/lib/python3.12/site-packages/oslo_config/cfg.py:3242}}
Aug 02 18:51:45.502200 np0000006311 devstack@g-api.service[99860]: DEBUG glance.common.config [None req-928a20cf-bcd4-4fe0-855b-16420ce06fbc None None] logging_debug_format_suffix = {{(pid=%(process)d) %(funcName)s %(pathname)s:%(lineno)d}} {{(pid=99860) log_opt_values /opt/stack/data/venv/lib/python3.12/site-packages/oslo_config/cfg.py:3242}}
Aug 02 18:51:45.502297 np0000006311 devstack@g-api.service[99860]: DEBUG glance.common.config [None req-928a20cf-bcd4-4fe0-855b-16420ce06fbc None None] logging_default_format_string = %(color)s%(levelname)s %(name)s [-%(color)s] %(instance)s%(color)s%(message)s {{(pid=99860) log_opt_values /opt/stack/data/venv/lib/python3.12/site-packages/oslo_config/cfg.py:3242}}
Aug 02 18:51:45.502385 np0000006311 devstack@g-api.service[99860]: DEBUG glance.common.config [None req-928a20cf-bcd4-4fe0-855b-16420ce06fbc None None] logging_exception_prefix = ERROR %(name)s %(instance)s {{(pid=99860) log_opt_values /opt/stack/data/venv/lib/python3.12/site-packages/oslo_config/cfg.py:3242}}
Aug 02 18:51:45.502448 np0000006311 devstack@g-api.service[99860]: DEBUG glance.common.config [None req-928a20cf-bcd4-4fe0-855b-16420ce06fbc None None] logging_user_identity_format = %(user)s %(project)s %(domain)s %(system_scope)s %(user_domain)s %(project_domain)s {{(pid=99860) log_opt_values /opt/stack/data/venv/lib/python3.12/site-packages/oslo_config/cfg.py:3242}}
Aug 02 18:51:45.502549 np0000006311 devstack@g-api.service[99860]: DEBUG glance.common.config [None req-928a20cf-bcd4-4fe0-855b-16420ce06fbc None None] max_logfile_count = 30 {{(pid=99860) log_opt_values /opt/stack/data/venv/lib/python3.12/site-packages/oslo_config/cfg.py:3242}}
Aug 02 18:51:45.502635 np0000006311 devstack@g-api.service[99860]: DEBUG glance.common.config [None req-928a20cf-bcd4-4fe0-855b-16420ce06fbc None None] max_logfile_size_mb = 200 {{(pid=99860) log_opt_values /opt/stack/data/venv/lib/python3.12/site-packages/oslo_config/cfg.py:3242}}
Aug 02 18:51:45.502729 np0000006311 devstack@g-api.service[99860]: DEBUG glance.common.config [None req-928a20cf-bcd4-4fe0-855b-16420ce06fbc None None] max_request_id_length = 64 {{(pid=99860) log_opt_values /opt/stack/data/venv/lib/python3.12/site-packages/oslo_config/cfg.py:3242}}
Aug 02 18:51:45.502818 np0000006311 devstack@g-api.service[99860]: DEBUG glance.common.config [None req-928a20cf-bcd4-4fe0-855b-16420ce06fbc None None] metadata_encryption_key = **** {{(pid=99860) log_opt_values /opt/stack/data/venv/lib/python3.12/site-packages/oslo_config/cfg.py:3242}}
Aug 02 18:51:45.502906 np0000006311 devstack@g-api.service[99860]: DEBUG glance.common.config [None req-928a20cf-bcd4-4fe0-855b-16420ce06fbc None None] node_staging_uri = file:///tmp/staging/ {{(pid=99860) log_opt_values /opt/stack/data/venv/lib/python3.12/site-packages/oslo_config/cfg.py:3242}}
Aug 02 18:51:45.502988 np0000006311 devstack@g-api.service[99860]: DEBUG glance.common.config [None req-928a20cf-bcd4-4fe0-855b-16420ce06fbc None None] property_protection_file = None {{(pid=99860) log_opt_values /opt/stack/data/venv/lib/python3.12/site-packages/oslo_config/cfg.py:3242}}
Aug 02 18:51:45.503078 np0000006311 devstack@g-api.service[99860]: DEBUG glance.common.config [None req-928a20cf-bcd4-4fe0-855b-16420ce06fbc None None] property_protection_rule_format = roles {{(pid=99860) log_opt_values /opt/stack/data/venv/lib/python3.12/site-packages/oslo_config/cfg.py:3242}}
Aug 02 18:51:45.503168 np0000006311 devstack@g-api.service[99860]: DEBUG glance.common.config [None req-928a20cf-bcd4-4fe0-855b-16420ce06fbc None None] public_endpoint = https://10.4.3.230/image {{(pid=99860) log_opt_values /opt/stack/data/venv/lib/python3.12/site-packages/oslo_config/cfg.py:3242}}
Aug 02 18:51:45.503252 np0000006311 devstack@g-api.service[99860]: DEBUG glance.common.config [None req-928a20cf-bcd4-4fe0-855b-16420ce06fbc None None] publish_errors = False {{(pid=99860) log_opt_values /opt/stack/data/venv/lib/python3.12/site-packages/oslo_config/cfg.py:3242}}
Aug 02 18:51:45.503336 np0000006311 devstack@g-api.service[99860]: DEBUG glance.common.config [None req-928a20cf-bcd4-4fe0-855b-16420ce06fbc None None] pydev_worker_debug_host = None {{(pid=99860) log_opt_values /opt/stack/data/venv/lib/python3.12/site-packages/oslo_config/cfg.py:3242}}
Aug 02 18:51:45.503426 np0000006311 devstack@g-api.service[99860]: DEBUG glance.common.config [None req-928a20cf-bcd4-4fe0-855b-16420ce06fbc None None] pydev_worker_debug_port = 5678 {{(pid=99860) log_opt_values /opt/stack/data/venv/lib/python3.12/site-packages/oslo_config/cfg.py:3242}}
Aug 02 18:51:45.503521 np0000006311 devstack@g-api.service[99860]: DEBUG glance.common.config [None req-928a20cf-bcd4-4fe0-855b-16420ce06fbc None None] rate_limit_burst = 0 {{(pid=99860) log_opt_values /opt/stack/data/venv/lib/python3.12/site-packages/oslo_config/cfg.py:3242}}
Aug 02 18:51:45.503610 np0000006311 devstack@g-api.service[99860]: DEBUG glance.common.config [None req-928a20cf-bcd4-4fe0-855b-16420ce06fbc None None] rate_limit_except_level = CRITICAL {{(pid=99860) log_opt_values /opt/stack/data/venv/lib/python3.12/site-packages/oslo_config/cfg.py:3242}}
Aug 02 18:51:45.503695 np0000006311 devstack@g-api.service[99860]: DEBUG glance.common.config [None req-928a20cf-bcd4-4fe0-855b-16420ce06fbc None None] rate_limit_interval = 0 {{(pid=99860) log_opt_values /opt/stack/data/venv/lib/python3.12/site-packages/oslo_config/cfg.py:3242}}
Aug 02 18:51:45.503798 np0000006311 devstack@g-api.service[99860]: DEBUG glance.common.config [None req-928a20cf-bcd4-4fe0-855b-16420ce06fbc None None] scrub_pool_size = 1 {{(pid=99860) log_opt_values /opt/stack/data/venv/lib/python3.12/site-packages/oslo_config/cfg.py:3242}}
Aug 02 18:51:45.503882 np0000006311 devstack@g-api.service[99860]: DEBUG glance.common.config [None req-928a20cf-bcd4-4fe0-855b-16420ce06fbc None None] scrub_time = 0 {{(pid=99860) log_opt_values /opt/stack/data/venv/lib/python3.12/site-packages/oslo_config/cfg.py:3242}}
Aug 02 18:51:45.503965 np0000006311 devstack@g-api.service[99860]: DEBUG glance.common.config [None req-928a20cf-bcd4-4fe0-855b-16420ce06fbc None None] shell_completion = None {{(pid=99860) log_opt_values /opt/stack/data/venv/lib/python3.12/site-packages/oslo_config/cfg.py:3242}}
Aug 02 18:51:45.504081 np0000006311 devstack@g-api.service[99860]: DEBUG glance.common.config [None req-928a20cf-bcd4-4fe0-855b-16420ce06fbc None None] show_image_direct_url = False {{(pid=99860) log_opt_values /opt/stack/data/venv/lib/python3.12/site-packages/oslo_config/cfg.py:3242}}
Aug 02 18:51:45.504279 np0000006311 devstack@g-api.service[99860]: WARNING oslo_config.cfg [None req-928a20cf-bcd4-4fe0-855b-16420ce06fbc None None] Deprecated: Option "show_multiple_locations" from group "DEFAULT" is deprecated for removal (Use of this option, deprecated since Newton, is a security risk and will be removed once we figure out a way to satisfy those use cases that currently require it. An earlier announcement that the same functionality can be achieved with greater granularity by using policies is incorrect. You cannot work around this option via policy configuration at the present time, though that is the direction we believe the fix will take. Please keep an eye on the Glance release notes to stay up to date on progress in addressing this issue.). Its value may be silently ignored in the future.
Aug 02 18:51:45.504378 np0000006311 devstack@g-api.service[99860]: DEBUG glance.common.config [None req-928a20cf-bcd4-4fe0-855b-16420ce06fbc None None] show_multiple_locations = False {{(pid=99860) log_opt_values /opt/stack/data/venv/lib/python3.12/site-packages/oslo_config/cfg.py:3242}}
Aug 02 18:51:45.504479 np0000006311 devstack@g-api.service[99860]: DEBUG glance.common.config [None req-928a20cf-bcd4-4fe0-855b-16420ce06fbc None None] syslog_log_facility = LOG_USER {{(pid=99860) log_opt_values /opt/stack/data/venv/lib/python3.12/site-packages/oslo_config/cfg.py:3242}}
Aug 02 18:51:45.504574 np0000006311 devstack@g-api.service[99860]: DEBUG glance.common.config [None req-928a20cf-bcd4-4fe0-855b-16420ce06fbc None None] transport_url = **** {{(pid=99860) log_opt_values /opt/stack/data/venv/lib/python3.12/site-packages/oslo_config/cfg.py:3242}}
Aug 02 18:51:45.504658 np0000006311 devstack@g-api.service[99860]: DEBUG glance.common.config [None req-928a20cf-bcd4-4fe0-855b-16420ce06fbc None None] use_journal = False {{(pid=99860) log_opt_values /opt/stack/data/venv/lib/python3.12/site-packages/oslo_config/cfg.py:3242}}
Aug 02 18:51:45.504765 np0000006311 devstack@g-api.service[99860]: DEBUG glance.common.config [None req-928a20cf-bcd4-4fe0-855b-16420ce06fbc None None] use_json = False {{(pid=99860) log_opt_values /opt/stack/data/venv/lib/python3.12/site-packages/oslo_config/cfg.py:3242}}
Aug 02 18:51:45.504852 np0000006311 devstack@g-api.service[99860]: DEBUG glance.common.config [None req-928a20cf-bcd4-4fe0-855b-16420ce06fbc None None] use_keystone_limits = True {{(pid=99860) log_opt_values /opt/stack/data/venv/lib/python3.12/site-packages/oslo_config/cfg.py:3242}}
Aug 02 18:51:45.504936 np0000006311 devstack@g-api.service[99860]: DEBUG glance.common.config [None req-928a20cf-bcd4-4fe0-855b-16420ce06fbc None None] use_stderr = False {{(pid=99860) log_opt_values /opt/stack/data/venv/lib/python3.12/site-packages/oslo_config/cfg.py:3242}}
Aug 02 18:51:45.505026 np0000006311 devstack@g-api.service[99860]: DEBUG glance.common.config [None req-928a20cf-bcd4-4fe0-855b-16420ce06fbc None None] use_syslog = False {{(pid=99860) log_opt_values /opt/stack/data/venv/lib/python3.12/site-packages/oslo_config/cfg.py:3242}}
Aug 02 18:51:45.505112 np0000006311 devstack@g-api.service[99860]: DEBUG glance.common.config [None req-928a20cf-bcd4-4fe0-855b-16420ce06fbc None None] user_storage_quota = 0 {{(pid=99860) log_opt_values /opt/stack/data/venv/lib/python3.12/site-packages/oslo_config/cfg.py:3242}}
Aug 02 18:51:45.505200 np0000006311 devstack@g-api.service[99860]: DEBUG glance.common.config [None req-928a20cf-bcd4-4fe0-855b-16420ce06fbc None None] worker_self_reference_url = http://127.0.0.1:60999 {{(pid=99860) log_opt_values /opt/stack/data/venv/lib/python3.12/site-packages/oslo_config/cfg.py:3242}}
Aug 02 18:51:45.505300 np0000006311 devstack@g-api.service[99860]: DEBUG glance.common.config [None req-928a20cf-bcd4-4fe0-855b-16420ce06fbc None None] oslo_concurrency.disable_process_locking = False {{(pid=99860) log_opt_values /opt/stack/data/venv/lib/python3.12/site-packages/oslo_config/cfg.py:3253}}
Aug 02 18:51:45.505395 np0000006311 devstack@g-api.service[99860]: DEBUG glance.common.config [None req-928a20cf-bcd4-4fe0-855b-16420ce06fbc None None] oslo_concurrency.lock_path = /opt/stack/data/glance/locks {{(pid=99860) log_opt_values /opt/stack/data/venv/lib/python3.12/site-packages/oslo_config/cfg.py:3253}}
Aug 02 18:51:45.505503 np0000006311 devstack@g-api.service[99860]: DEBUG glance.common.config [None req-928a20cf-bcd4-4fe0-855b-16420ce06fbc None None] oslo_middleware.enable_proxy_headers_parsing = False {{(pid=99860) log_opt_values /opt/stack/data/venv/lib/python3.12/site-packages/oslo_config/cfg.py:3253}}
Aug 02 18:51:45.505596 np0000006311 devstack@g-api.service[99860]: DEBUG glance.common.config [None req-928a20cf-bcd4-4fe0-855b-16420ce06fbc None None] oslo_middleware.http_basic_auth_user_file = /etc/htpasswd {{(pid=99860) log_opt_values /opt/stack/data/venv/lib/python3.12/site-packages/oslo_config/cfg.py:3253}}
Aug 02 18:51:45.505684 np0000006311 devstack@g-api.service[99860]: DEBUG glance.common.config [None req-928a20cf-bcd4-4fe0-855b-16420ce06fbc None None] paste_deploy.config_file = None {{(pid=99860) log_opt_values /opt/stack/data/venv/lib/python3.12/site-packages/oslo_config/cfg.py:3253}}
Aug 02 18:51:45.505793 np0000006311 devstack@g-api.service[99860]: DEBUG glance.common.config [None req-928a20cf-bcd4-4fe0-855b-16420ce06fbc None None] paste_deploy.flavor = keystone+cachemanagement {{(pid=99860) log_opt_values /opt/stack/data/venv/lib/python3.12/site-packages/oslo_config/cfg.py:3253}}
Aug 02 18:51:45.505916 np0000006311 devstack@g-api.service[99860]: DEBUG glance.common.config [None req-928a20cf-bcd4-4fe0-855b-16420ce06fbc None None] image_format.container_formats = ['ami', 'ari', 'aki', 'bare', 'ovf', 'ova', 'docker', 'compressed'] {{(pid=99860) log_opt_values /opt/stack/data/venv/lib/python3.12/site-packages/oslo_config/cfg.py:3253}}
Aug 02 18:51:45.506063 np0000006311 devstack@g-api.service[99860]: DEBUG glance.common.config [None req-928a20cf-bcd4-4fe0-855b-16420ce06fbc None None] image_format.disk_formats = ['ami', 'ari', 'aki', 'vhd', 'vhdx', 'vmdk', 'raw', 'qcow2', 'vdi', 'iso', 'ploop'] {{(pid=99860) log_opt_values /opt/stack/data/venv/lib/python3.12/site-packages/oslo_config/cfg.py:3253}}
Aug 02 18:51:45.506158 np0000006311 devstack@g-api.service[99860]: DEBUG glance.common.config [None req-928a20cf-bcd4-4fe0-855b-16420ce06fbc None None] image_format.gpt_safety_checks_nonfatal = [] {{(pid=99860) log_opt_values /opt/stack/data/venv/lib/python3.12/site-packages/oslo_config/cfg.py:3253}}
Aug 02 18:51:45.506251 np0000006311 devstack@g-api.service[99860]: DEBUG glance.common.config [None req-928a20cf-bcd4-4fe0-855b-16420ce06fbc None None] image_format.require_image_format_match = True {{(pid=99860) log_opt_values /opt/stack/data/venv/lib/python3.12/site-packages/oslo_config/cfg.py:3253}}
Aug 02 18:51:45.506442 np0000006311 devstack@g-api.service[99860]: DEBUG glance.common.config [None req-928a20cf-bcd4-4fe0-855b-16420ce06fbc None None] image_format.vmdk_allowed_types = ['streamOptimized', 'monolithicSparse'] {{(pid=99860) log_opt_values /opt/stack/data/venv/lib/python3.12/site-packages/oslo_config/cfg.py:3253}}
Aug 02 18:51:45.506561 np0000006311 devstack@g-api.service[99860]: DEBUG glance.common.config [None req-928a20cf-bcd4-4fe0-855b-16420ce06fbc None None] task.task_executor = taskflow {{(pid=99860) log_opt_values /opt/stack/data/venv/lib/python3.12/site-packages/oslo_config/cfg.py:3253}}
Aug 02 18:51:45.506649 np0000006311 devstack@g-api.service[99860]: DEBUG glance.common.config [None req-928a20cf-bcd4-4fe0-855b-16420ce06fbc None None] task.task_time_to_live = 48 {{(pid=99860) log_opt_values /opt/stack/data/venv/lib/python3.12/site-packages/oslo_config/cfg.py:3253}}
Aug 02 18:51:45.506748 np0000006311 devstack@g-api.service[99860]: DEBUG glance.common.config [None req-928a20cf-bcd4-4fe0-855b-16420ce06fbc None None] task.work_dir = None {{(pid=99860) log_opt_values /opt/stack/data/venv/lib/python3.12/site-packages/oslo_config/cfg.py:3253}}
Aug 02 18:51:45.506844 np0000006311 devstack@g-api.service[99860]: DEBUG glance.common.config [None req-928a20cf-bcd4-4fe0-855b-16420ce06fbc None None] wsgi.python_interpreter = /opt/stack/data/venv/bin/python3 {{(pid=99860) log_opt_values /opt/stack/data/venv/lib/python3.12/site-packages/oslo_config/cfg.py:3253}}
Aug 02 18:51:45.506933 np0000006311 devstack@g-api.service[99860]: DEBUG glance.common.config [None req-928a20cf-bcd4-4fe0-855b-16420ce06fbc None None] wsgi.task_pool_threads = 16 {{(pid=99860) log_opt_values /opt/stack/data/venv/lib/python3.12/site-packages/oslo_config/cfg.py:3253}}
Aug 02 18:51:45.507051 np0000006311 devstack@g-api.service[99860]: DEBUG glance.common.config [None req-928a20cf-bcd4-4fe0-855b-16420ce06fbc None None] import_filtering_opts.allowed_hosts = [] {{(pid=99860) log_opt_values /opt/stack/data/venv/lib/python3.12/site-packages/oslo_config/cfg.py:3253}}
Aug 02 18:51:45.507150 np0000006311 devstack@g-api.service[99860]: DEBUG glance.common.config [None req-928a20cf-bcd4-4fe0-855b-16420ce06fbc None None] import_filtering_opts.allowed_ports = [80, 443] {{(pid=99860) log_opt_values /opt/stack/data/venv/lib/python3.12/site-packages/oslo_config/cfg.py:3253}}
Aug 02 18:51:45.507261 np0000006311 devstack@g-api.service[99860]: DEBUG glance.common.config [None req-928a20cf-bcd4-4fe0-855b-16420ce06fbc None None] import_filtering_opts.allowed_schemes = ['http', 'https'] {{(pid=99860) log_opt_values /opt/stack/data/venv/lib/python3.12/site-packages/oslo_config/cfg.py:3253}}
Aug 02 18:51:45.507350 np0000006311 devstack@g-api.service[99860]: DEBUG glance.common.config [None req-928a20cf-bcd4-4fe0-855b-16420ce06fbc None None] import_filtering_opts.disallowed_hosts = [] {{(pid=99860) log_opt_values /opt/stack/data/venv/lib/python3.12/site-packages/oslo_config/cfg.py:3253}}
Aug 02 18:51:45.507409 np0000006311 devstack@g-api.service[99861]: DEBUG glance.common.config [None req-e5bd24c6-3e39-4807-94fd-f15cbc9a20e3 None None] ******************************************************************************** {{(pid=99861) log_opt_values /opt/stack/data/venv/lib/python3.12/site-packages/oslo_config/cfg.py:3226}}
Aug 02 18:51:45.507480 np0000006311 devstack@g-api.service[99860]: DEBUG glance.common.config [None req-928a20cf-bcd4-4fe0-855b-16420ce06fbc None None] import_filtering_opts.disallowed_ports = [] {{(pid=99860) log_opt_values /opt/stack/data/venv/lib/python3.12/site-packages/oslo_config/cfg.py:3253}}
