Aug 02 18:56:18.924738 np0000006311 devstack@g-api.service[99859]: DEBUG oslo_utils.imageutils.format_inspector [None req-33862725-6c5d-4d5e-a8c9-8b288510b488 tempest-VolumesActionsTest-814320984 tempest-VolumesActionsTest-814320984-project-member] Format inspector for vhdx does not match, excluding from consideration (Region signature not found at 30000) {{(pid=99859) _process_chunk /opt/stack/data/venv/lib/python3.12/site-packages/oslo_utils/imageutils/format_inspector.py:1758}}
Aug 02 18:56:19.307173 np0000006311 devstack@g-api.service[99860]: DEBUG glance.api.middleware.version_negotiation [None req-106077f6-8772-40a5-800b-8dbbcd5a7600 tempest-VolumesActionsTest-814320984 tempest-VolumesActionsTest-814320984-project-member] Determining version of request: GET /v2/images/271b3657-4466-40c7-b706-7fdd099d72d9 Accept: application/json {{(pid=99860) process_request /opt/stack/glance/glance/api/middleware/version_negotiation.py:44}}
Aug 02 18:56:19.307557 np0000006311 devstack@g-api.service[99860]: DEBUG glance.api.middleware.version_negotiation [None req-106077f6-8772-40a5-800b-8dbbcd5a7600 tempest-VolumesActionsTest-814320984 tempest-VolumesActionsTest-814320984-project-member] Using url versioning {{(pid=99860) process_request /opt/stack/glance/glance/api/middleware/version_negotiation.py:57}}
Aug 02 18:56:19.307557 np0000006311 devstack@g-api.service[99860]: DEBUG glance.api.middleware.version_negotiation [None req-106077f6-8772-40a5-800b-8dbbcd5a7600 tempest-VolumesActionsTest-814320984 tempest-VolumesActionsTest-814320984-project-member] Matched version: v2 {{(pid=99860) process_request /opt/stack/glance/glance/api/middleware/version_negotiation.py:69}}
Aug 02 18:56:19.307653 np0000006311 devstack@g-api.service[99860]: DEBUG glance.api.middleware.version_negotiation [None req-106077f6-8772-40a5-800b-8dbbcd5a7600 tempest-VolumesActionsTest-814320984 tempest-VolumesActionsTest-814320984-project-member] new path /v2/images/271b3657-4466-40c7-b706-7fdd099d72d9 {{(pid=99860) process_request /opt/stack/glance/glance/api/middleware/version_negotiation.py:70}}
Aug 02 18:56:19.323217 np0000006311 devstack@g-api.service[99860]: [pid: 99860|app: 0|req: 62/185] 127.0.0.1 () {40 vars in 838 bytes} [Sun Aug 2 18:56:19 2026] GET /v2/images/271b3657-4466-40c7-b706-7fdd099d72d9 => generated 650 bytes in 17 msecs (HTTP/1.1 200) 4 headers in 157 bytes (1 switches on core 0)
Aug 02 18:56:20.333781 np0000006311 devstack@g-api.service[99861]: DEBUG glance.api.middleware.version_negotiation [None req-b8ae7b22-74b3-4197-b726-a9c9f3bb4920 tempest-VolumesActionsTest-814320984 tempest-VolumesActionsTest-814320984-project-member] Determining version of request: GET /v2/images/271b3657-4466-40c7-b706-7fdd099d72d9 Accept: application/json {{(pid=99861) process_request /opt/stack/glance/glance/api/middleware/version_negotiation.py:44}}
Aug 02 18:56:20.334267 np0000006311 devstack@g-api.service[99861]: DEBUG glance.api.middleware.version_negotiation [None req-b8ae7b22-74b3-4197-b726-a9c9f3bb4920 tempest-VolumesActionsTest-814320984 tempest-VolumesActionsTest-814320984-project-member] Using url versioning {{(pid=99861) process_request /opt/stack/glance/glance/api/middleware/version_negotiation.py:57}}
Aug 02 18:56:20.334267 np0000006311 devstack@g-api.service[99861]: DEBUG glance.api.middleware.version_negotiation [None req-b8ae7b22-74b3-4197-b726-a9c9f3bb4920 tempest-VolumesActionsTest-814320984 tempest-VolumesActionsTest-814320984-project-member] Matched version: v2 {{(pid=99861) process_request /opt/stack/glance/glance/api/middleware/version_negotiation.py:69}}
Aug 02 18:56:20.334385 np0000006311 devstack@g-api.service[99861]: DEBUG glance.api.middleware.version_negotiation [None req-b8ae7b22-74b3-4197-b726-a9c9f3bb4920 tempest-VolumesActionsTest-814320984 tempest-VolumesActionsTest-814320984-project-member] new path /v2/images/271b3657-4466-40c7-b706-7fdd099d72d9 {{(pid=99861) process_request /opt/stack/glance/glance/api/middleware/version_negotiation.py:70}}
Aug 02 18:56:20.343332 np0000006311 devstack@g-api.service[99861]: [pid: 99861|app: 0|req: 69/186] 127.0.0.1 () {40 vars in 838 bytes} [Sun Aug 2 18:56:20 2026] GET /v2/images/271b3657-4466-40c7-b706-7fdd099d72d9 => generated 650 bytes in 10 msecs (HTTP/1.1 200) 4 headers in 157 bytes (1 switches on core 0)
Aug 02 18:56:21.215691 np0000006311 devstack@g-api.service[99859]: DEBUG swiftclient [None req-33862725-6c5d-4d5e-a8c9-8b288510b488 tempest-VolumesActionsTest-814320984 tempest-VolumesActionsTest-814320984-project-member] REQ: curl -i https://10.4.3.230:8080/v1/AUTH_c786bf978f894a379ccd1a73ea52992c/glance/271b3657-4466-40c7-b706-7fdd099d72d9-00001 -X PUT -H "X-Auth-Token: gAAAAABqb5LSEF-W..." {{(pid=99859) http_log /opt/stack/data/venv/lib/python3.12/site-packages/swiftclient/client.py:160}}
Aug 02 18:56:21.216246 np0000006311 devstack@g-api.service[99859]: DEBUG swiftclient [None req-33862725-6c5d-4d5e-a8c9-8b288510b488 tempest-VolumesActionsTest-814320984 tempest-VolumesActionsTest-814320984-project-member] RESP STATUS: 201 Created {{(pid=99859) http_log /opt/stack/data/venv/lib/python3.12/site-packages/swiftclient/client.py:161}}
Aug 02 18:56:21.216246 np0000006311 devstack@g-api.service[99859]: DEBUG swiftclient [None req-33862725-6c5d-4d5e-a8c9-8b288510b488 tempest-VolumesActionsTest-814320984 tempest-VolumesActionsTest-814320984-project-member] RESP HEADERS: {'Date': 'Sun, 02 Aug 2026 18:56:21 GMT', 'Server': 'Apache/2.4.58 (Ubuntu)', 'Content-Type': 'text/html; charset=UTF-8', 'Content-Length': '0', 'Etag': 'eda9a9889837ac4bc81d6387d92c1bec', 'Last-Modified': 'Sun, 02 Aug 2026 18:56:19 GMT', 'X-Trans-Id': 'tx4626aa83ab884dab8fe50-006a6f92d2', 'X-Openstack-Request-Id': 'tx4626aa83ab884dab8fe50-006a6f92d2', 'Connection': 'close'} {{(pid=99859) http_log /opt/stack/data/venv/lib/python3.12/site-packages/swiftclient/client.py:162}}
Aug 02 18:56:21.216246 np0000006311 devstack@g-api.service[99859]: DEBUG glance_store._drivers.swift.store [None req-33862725-6c5d-4d5e-a8c9-8b288510b488 tempest-VolumesActionsTest-814320984 tempest-VolumesActionsTest-814320984-project-member] Wrote chunk 271b3657-4466-40c7-b706-7fdd099d72d9-00001 (1/?) of length 204800000 to Swift returning MD5 of content: eda9a9889837ac4bc81d6387d92c1bec {{(pid=99859) add /opt/stack/data/venv/lib/python3.12/site-packages/glance_store/_drivers/swift/store.py:1059}}
Aug 02 18:56:21.353615 np0000006311 devstack@g-api.service[99860]: DEBUG glance.api.middleware.version_negotiation [None req-49acae68-7680-46c0-b412-601d96d8f142 tempest-VolumesActionsTest-814320984 tempest-VolumesActionsTest-814320984-project-member] Determining version of request: GET /v2/images/271b3657-4466-40c7-b706-7fdd099d72d9 Accept: application/json {{(pid=99860) process_request /opt/stack/glance/glance/api/middleware/version_negotiation.py:44}}
Aug 02 18:56:21.354121 np0000006311 devstack@g-api.service[99860]: DEBUG glance.api.middleware.version_negotiation [None req-49acae68-7680-46c0-b412-601d96d8f142 tempest-VolumesActionsTest-814320984 tempest-VolumesActionsTest-814320984-project-member] Using url versioning {{(pid=99860) process_request /opt/stack/glance/glance/api/middleware/version_negotiation.py:57}}
Aug 02 18:56:21.354521 np0000006311 devstack@g-api.service[99860]: DEBUG glance.api.middleware.version_negotiation [None req-49acae68-7680-46c0-b412-601d96d8f142 tempest-VolumesActionsTest-814320984 tempest-VolumesActionsTest-814320984-project-member] Matched version: v2 {{(pid=99860) process_request /opt/stack/glance/glance/api/middleware/version_negotiation.py:69}}
Aug 02 18:56:21.354986 np0000006311 devstack@g-api.service[99860]: DEBUG glance.api.middleware.version_negotiation [None req-49acae68-7680-46c0-b412-601d96d8f142 tempest-VolumesActionsTest-814320984 tempest-VolumesActionsTest-814320984-project-member] new path /v2/images/271b3657-4466-40c7-b706-7fdd099d72d9 {{(pid=99860) process_request /opt/stack/glance/glance/api/middleware/version_negotiation.py:70}}
Aug 02 18:56:21.382935 np0000006311 devstack@g-api.service[99860]: [pid: 99860|app: 0|req: 63/187] 127.0.0.1 () {40 vars in 838 bytes} [Sun Aug 2 18:56:21 2026] GET /v2/images/271b3657-4466-40c7-b706-7fdd099d72d9 => generated 650 bytes in 30 msecs (HTTP/1.1 200) 4 headers in 157 bytes (1 switches on core 0)
Aug 02 18:56:22.399679 np0000006311 devstack@g-api.service[99861]: DEBUG glance.api.middleware.version_negotiation [None req-67b2675e-f316-4776-ba78-80949533ec7b tempest-VolumesActionsTest-814320984 tempest-VolumesActionsTest-814320984-project-member] Determining version of request: GET /v2/images/271b3657-4466-40c7-b706-7fdd099d72d9 Accept: application/json {{(pid=99861) process_request /opt/stack/glance/glance/api/middleware/version_negotiation.py:44}}
Aug 02 18:56:22.400252 np0000006311 devstack@g-api.service[99861]: DEBUG glance.api.middleware.version_negotiation [None req-67b2675e-f316-4776-ba78-80949533ec7b tempest-VolumesActionsTest-814320984 tempest-VolumesActionsTest-814320984-project-member] Using url versioning {{(pid=99861) process_request /opt/stack/glance/glance/api/middleware/version_negotiation.py:57}}
Aug 02 18:56:22.400252 np0000006311 devstack@g-api.service[99861]: DEBUG glance.api.middleware.version_negotiation [None req-67b2675e-f316-4776-ba78-80949533ec7b tempest-VolumesActionsTest-814320984 tempest-VolumesActionsTest-814320984-project-member] Matched version: v2 {{(pid=99861) process_request /opt/stack/glance/glance/api/middleware/version_negotiation.py:69}}
Aug 02 18:56:22.400252 np0000006311 devstack@g-api.service[99861]: DEBUG glance.api.middleware.version_negotiation [None req-67b2675e-f316-4776-ba78-80949533ec7b tempest-VolumesActionsTest-814320984 tempest-VolumesActionsTest-814320984-project-member] new path /v2/images/271b3657-4466-40c7-b706-7fdd099d72d9 {{(pid=99861) process_request /opt/stack/glance/glance/api/middleware/version_negotiation.py:70}}
Aug 02 18:56:22.425550 np0000006311 devstack@g-api.service[99861]: [pid: 99861|app: 0|req: 70/188] 127.0.0.1 () {40 vars in 838 bytes} [Sun Aug 2 18:56:22 2026] GET /v2/images/271b3657-4466-40c7-b706-7fdd099d72d9 => generated 650 bytes in 26 msecs (HTTP/1.1 200) 4 headers in 157 bytes (1 switches on core 0)
Aug 02 18:56:23.436588 np0000006311 devstack@g-api.service[99860]: DEBUG glance.api.middleware.version_negotiation [None req-aaa61bf1-945d-4e6c-bebc-a26444888a51 tempest-VolumesActionsTest-814320984 tempest-VolumesActionsTest-814320984-project-member] Determining version of request: GET /v2/images/271b3657-4466-40c7-b706-7fdd099d72d9 Accept: application/json {{(pid=99860) process_request /opt/stack/glance/glance/api/middleware/version_negotiation.py:44}}
Aug 02 18:56:23.437117 np0000006311 devstack@g-api.service[99860]: DEBUG glance.api.middleware.version_negotiation [None req-aaa61bf1-945d-4e6c-bebc-a26444888a51 tempest-VolumesActionsTest-814320984 tempest-VolumesActionsTest-814320984-project-member] Using url versioning {{(pid=99860) process_request /opt/stack/glance/glance/api/middleware/version_negotiation.py:57}}
Aug 02 18:56:23.437117 np0000006311 devstack@g-api.service[99860]: DEBUG glance.api.middleware.version_negotiation [None req-aaa61bf1-945d-4e6c-bebc-a26444888a51 tempest-VolumesActionsTest-814320984 tempest-VolumesActionsTest-814320984-project-member] Matched version: v2 {{(pid=99860) process_request /opt/stack/glance/glance/api/middleware/version_negotiation.py:69}}
Aug 02 18:56:23.437117 np0000006311 devstack@g-api.service[99860]: DEBUG glance.api.middleware.version_negotiation [None req-aaa61bf1-945d-4e6c-bebc-a26444888a51 tempest-VolumesActionsTest-814320984 tempest-VolumesActionsTest-814320984-project-member] new path /v2/images/271b3657-4466-40c7-b706-7fdd099d72d9 {{(pid=99860) process_request /opt/stack/glance/glance/api/middleware/version_negotiation.py:70}}
Aug 02 18:56:23.452054 np0000006311 devstack@g-api.service[99860]: [pid: 99860|app: 0|req: 64/189] 127.0.0.1 () {40 vars in 838 bytes} [Sun Aug 2 18:56:23 2026] GET /v2/images/271b3657-4466-40c7-b706-7fdd099d72d9 => generated 650 bytes in 16 msecs (HTTP/1.1 200) 4 headers in 157 bytes (1 switches on core 0)
Aug 02 18:56:23.921605 np0000006311 devstack@g-api.service[99859]: DEBUG swiftclient [None req-33862725-6c5d-4d5e-a8c9-8b288510b488 tempest-VolumesActionsTest-814320984 tempest-VolumesActionsTest-814320984-project-member] REQ: curl -i https://10.4.3.230:8080/v1/AUTH_c786bf978f894a379ccd1a73ea52992c/glance/271b3657-4466-40c7-b706-7fdd099d72d9-00002 -X PUT -H "X-Auth-Token: gAAAAABqb5LSEF-W..." {{(pid=99859) http_log /opt/stack/data/venv/lib/python3.12/site-packages/swiftclient/client.py:160}}
Aug 02 18:56:23.921605 np0000006311 devstack@g-api.service[99859]: DEBUG swiftclient [None req-33862725-6c5d-4d5e-a8c9-8b288510b488 tempest-VolumesActionsTest-814320984 tempest-VolumesActionsTest-814320984-project-member] RESP STATUS: 201 Created {{(pid=99859) http_log /opt/stack/data/venv/lib/python3.12/site-packages/swiftclient/client.py:161}}
Aug 02 18:56:23.921605 np0000006311 devstack@g-api.service[99859]: DEBUG swiftclient [None req-33862725-6c5d-4d5e-a8c9-8b288510b488 tempest-VolumesActionsTest-814320984 tempest-VolumesActionsTest-814320984-project-member] RESP HEADERS: {'Date': 'Sun, 02 Aug 2026 18:56:23 GMT', 'Server': 'Apache/2.4.58 (Ubuntu)', 'Content-Type': 'text/html; charset=UTF-8', 'Content-Length': '0', 'Etag': 'eda9a9889837ac4bc81d6387d92c1bec', 'Last-Modified': 'Sun, 02 Aug 2026 18:56:22 GMT', 'X-Trans-Id': 'tx999e524b274a4dee9c432-006a6f92d5', 'X-Openstack-Request-Id': 'tx999e524b274a4dee9c432-006a6f92d5', 'Connection': 'close'} {{(pid=99859) http_log /opt/stack/data/venv/lib/python3.12/site-packages/swiftclient/client.py:162}}
Aug 02 18:56:23.921605 np0000006311 devstack@g-api.service[99859]: DEBUG glance_store._drivers.swift.store [None req-33862725-6c5d-4d5e-a8c9-8b288510b488 tempest-VolumesActionsTest-814320984 tempest-VolumesActionsTest-814320984-project-member] Wrote chunk 271b3657-4466-40c7-b706-7fdd099d72d9-00002 (2/?) of length 204800000 to Swift returning MD5 of content: eda9a9889837ac4bc81d6387d92c1bec {{(pid=99859) add /opt/stack/data/venv/lib/python3.12/site-packages/glance_store/_drivers/swift/store.py:1059}}
Aug 02 18:56:24.470756 np0000006311 devstack@g-api.service[99861]: DEBUG glance.api.middleware.version_negotiation [None req-4722c606-4675-4d0b-b870-90fd3b2ff20c tempest-VolumesActionsTest-814320984 tempest-VolumesActionsTest-814320984-project-member] Determining version of request: GET /v2/images/271b3657-4466-40c7-b706-7fdd099d72d9 Accept: application/json {{(pid=99861) process_request /opt/stack/glance/glance/api/middleware/version_negotiation.py:44}}
Aug 02 18:56:24.470756 np0000006311 devstack@g-api.service[99861]: DEBUG glance.api.middleware.version_negotiation [None req-4722c606-4675-4d0b-b870-90fd3b2ff20c tempest-VolumesActionsTest-814320984 tempest-VolumesActionsTest-814320984-project-member] Using url versioning {{(pid=99861) process_request /opt/stack/glance/glance/api/middleware/version_negotiation.py:57}}
Aug 02 18:56:24.470756 np0000006311 devstack@g-api.service[99861]: DEBUG glance.api.middleware.version_negotiation [None req-4722c606-4675-4d0b-b870-90fd3b2ff20c tempest-VolumesActionsTest-814320984 tempest-VolumesActionsTest-814320984-project-member] Matched version: v2 {{(pid=99861) process_request /opt/stack/glance/glance/api/middleware/version_negotiation.py:69}}
Aug 02 18:56:24.470756 np0000006311 devstack@g-api.service[99861]: DEBUG glance.api.middleware.version_negotiation [None req-4722c606-4675-4d0b-b870-90fd3b2ff20c tempest-VolumesActionsTest-814320984 tempest-VolumesActionsTest-814320984-project-member] new path /v2/images/271b3657-4466-40c7-b706-7fdd099d72d9 {{(pid=99861) process_request /opt/stack/glance/glance/api/middleware/version_negotiation.py:70}}
Aug 02 18:56:24.501019 np0000006311 devstack@g-api.service[99861]: [pid: 99861|app: 0|req: 71/190] 127.0.0.1 () {40 vars in 838 bytes} [Sun Aug 2 18:56:24 2026] GET /v2/images/271b3657-4466-40c7-b706-7fdd099d72d9 => generated 650 bytes in 34 msecs (HTTP/1.1 200) 4 headers in 157 bytes (1 switches on core 0)
Aug 02 18:56:25.516613 np0000006311 devstack@g-api.service[99860]: DEBUG glance.api.middleware.version_negotiation [None req-20b21637-6ffd-43a5-bbe5-4303a7a37101 tempest-VolumesActionsTest-814320984 tempest-VolumesActionsTest-814320984-project-member] Determining version of request: GET /v2/images/271b3657-4466-40c7-b706-7fdd099d72d9 Accept: application/json {{(pid=99860) process_request /opt/stack/glance/glance/api/middleware/version_negotiation.py:44}}
Aug 02 18:56:25.516613 np0000006311 devstack@g-api.service[99860]: DEBUG glance.api.middleware.version_negotiation [None req-20b21637-6ffd-43a5-bbe5-4303a7a37101 tempest-VolumesActionsTest-814320984 tempest-VolumesActionsTest-814320984-project-member] Using url versioning {{(pid=99860) process_request /opt/stack/glance/glance/api/middleware/version_negotiation.py:57}}
Aug 02 18:56:25.516613 np0000006311 devstack@g-api.service[99860]: DEBUG glance.api.middleware.version_negotiation [None req-20b21637-6ffd-43a5-bbe5-4303a7a37101 tempest-VolumesActionsTest-814320984 tempest-VolumesActionsTest-814320984-project-member] Matched version: v2 {{(pid=99860) process_request /opt/stack/glance/glance/api/middleware/version_negotiation.py:69}}
Aug 02 18:56:25.516613 np0000006311 devstack@g-api.service[99860]: DEBUG glance.api.middleware.version_negotiation [None req-20b21637-6ffd-43a5-bbe5-4303a7a37101 tempest-VolumesActionsTest-814320984 tempest-VolumesActionsTest-814320984-project-member] new path /v2/images/271b3657-4466-40c7-b706-7fdd099d72d9 {{(pid=99860) process_request /opt/stack/glance/glance/api/middleware/version_negotiation.py:70}}
Aug 02 18:56:25.532511 np0000006311 devstack@g-api.service[99860]: [pid: 99860|app: 0|req: 65/191] 127.0.0.1 () {40 vars in 838 bytes} [Sun Aug 2 18:56:25 2026] GET /v2/images/271b3657-4466-40c7-b706-7fdd099d72d9 => generated 650 bytes in 17 msecs (HTTP/1.1 200) 4 headers in 157 bytes (1 switches on core 0)
Aug 02 18:56:26.545640 np0000006311 devstack@g-api.service[99861]: DEBUG glance.api.middleware.version_negotiation [None req-c718fb03-4375-47c5-b59e-af481d9f296b tempest-VolumesActionsTest-814320984 tempest-VolumesActionsTest-814320984-project-member] Determining version of request: GET /v2/images/271b3657-4466-40c7-b706-7fdd099d72d9 Accept: application/json {{(pid=99861) process_request /opt/stack/glance/glance/api/middleware/version_negotiation.py:44}}
Aug 02 18:56:26.546366 np0000006311 devstack@g-api.service[99861]: DEBUG glance.api.middleware.version_negotiation [None req-c718fb03-4375-47c5-b59e-af481d9f296b tempest-VolumesActionsTest-814320984 tempest-VolumesActionsTest-814320984-project-member] Using url versioning {{(pid=99861) process_request /opt/stack/glance/glance/api/middleware/version_negotiation.py:57}}
Aug 02 18:56:26.546366 np0000006311 devstack@g-api.service[99861]: DEBUG glance.api.middleware.version_negotiation [None req-c718fb03-4375-47c5-b59e-af481d9f296b tempest-VolumesActionsTest-814320984 tempest-VolumesActionsTest-814320984-project-member] Matched version: v2 {{(pid=99861) process_request /opt/stack/glance/glance/api/middleware/version_negotiation.py:69}}
Aug 02 18:56:26.546366 np0000006311 devstack@g-api.service[99861]: DEBUG glance.api.middleware.version_negotiation [None req-c718fb03-4375-47c5-b59e-af481d9f296b tempest-VolumesActionsTest-814320984 tempest-VolumesActionsTest-814320984-project-member] new path /v2/images/271b3657-4466-40c7-b706-7fdd099d72d9 {{(pid=99861) process_request /opt/stack/glance/glance/api/middleware/version_negotiation.py:70}}
Aug 02 18:56:26.565980 np0000006311 devstack@g-api.service[99861]: [pid: 99861|app: 0|req: 72/192] 127.0.0.1 () {40 vars in 838 bytes} [Sun Aug 2 18:56:26 2026] GET /v2/images/271b3657-4466-40c7-b706-7fdd099d72d9 => generated 650 bytes in 21 msecs (HTTP/1.1 200) 4 headers in 157 bytes (1 switches on core 0)
Aug 02 18:56:26.755418 np0000006311 devstack@g-api.service[99859]: DEBUG swiftclient [None req-33862725-6c5d-4d5e-a8c9-8b288510b488 tempest-VolumesActionsTest-814320984 tempest-VolumesActionsTest-814320984-project-member] REQ: curl -i https://10.4.3.230:8080/v1/AUTH_c786bf978f894a379ccd1a73ea52992c/glance/271b3657-4466-40c7-b706-7fdd099d72d9-00003 -X PUT -H "X-Auth-Token: gAAAAABqb5LSEF-W..." {{(pid=99859) http_log /opt/stack/data/venv/lib/python3.12/site-packages/swiftclient/client.py:160}}
Aug 02 18:56:26.756244 np0000006311 devstack@g-api.service[99859]: DEBUG swiftclient [None req-33862725-6c5d-4d5e-a8c9-8b288510b488 tempest-VolumesActionsTest-814320984 tempest-VolumesActionsTest-814320984-project-member] RESP STATUS: 201 Created {{(pid=99859) http_log /opt/stack/data/venv/lib/python3.12/site-packages/swiftclient/client.py:161}}
Aug 02 18:56:26.756244 np0000006311 devstack@g-api.service[99859]: DEBUG swiftclient [None req-33862725-6c5d-4d5e-a8c9-8b288510b488 tempest-VolumesActionsTest-814320984 tempest-VolumesActionsTest-814320984-project-member] RESP HEADERS: {'Date': 'Sun, 02 Aug 2026 18:56:26 GMT', 'Server': 'Apache/2.4.58 (Ubuntu)', 'Content-Type': 'text/html; charset=UTF-8', 'Content-Length': '0', 'Etag': 'eda9a9889837ac4bc81d6387d92c1bec', 'Last-Modified': 'Sun, 02 Aug 2026 18:56:24 GMT', 'X-Trans-Id': 'tx7a059465efc54d9eb7dd5-006a6f92d7', 'X-Openstack-Request-Id': 'tx7a059465efc54d9eb7dd5-006a6f92d7', 'Connection': 'close'} {{(pid=99859) http_log /opt/stack/data/venv/lib/python3.12/site-packages/swiftclient/client.py:162}}
Aug 02 18:56:26.756244 np0000006311 devstack@g-api.service[99859]: DEBUG glance_store._drivers.swift.store [None req-33862725-6c5d-4d5e-a8c9-8b288510b488 tempest-VolumesActionsTest-814320984 tempest-VolumesActionsTest-814320984-project-member] Wrote chunk 271b3657-4466-40c7-b706-7fdd099d72d9-00003 (3/?) of length 204800000 to Swift returning MD5 of content: eda9a9889837ac4bc81d6387d92c1bec {{(pid=99859) add /opt/stack/data/venv/lib/python3.12/site-packages/glance_store/_drivers/swift/store.py:1059}}
Aug 02 18:56:27.585410 np0000006311 devstack@g-api.service[99860]: DEBUG glance.api.middleware.version_negotiation [None req-25be5eea-45ee-419d-99d0-e6248c26eb3a tempest-VolumesActionsTest-814320984 tempest-VolumesActionsTest-814320984-project-member] Determining version of request: GET /v2/images/271b3657-4466-40c7-b706-7fdd099d72d9 Accept: application/json {{(pid=99860) process_request /opt/stack/glance/glance/api/middleware/version_negotiation.py:44}}
Aug 02 18:56:27.585410 np0000006311 devstack@g-api.service[99860]: DEBUG glance.api.middleware.version_negotiation [None req-25be5eea-45ee-419d-99d0-e6248c26eb3a tempest-VolumesActionsTest-814320984 tempest-VolumesActionsTest-814320984-project-member] Using url versioning {{(pid=99860) process_request /opt/stack/glance/glance/api/middleware/version_negotiation.py:57}}
Aug 02 18:56:27.585410 np0000006311 devstack@g-api.service[99860]: DEBUG glance.api.middleware.version_negotiation [None req-25be5eea-45ee-419d-99d0-e6248c26eb3a tempest-VolumesActionsTest-814320984 tempest-VolumesActionsTest-814320984-project-member] Matched version: v2 {{(pid=99860) process_request /opt/stack/glance/glance/api/middleware/version_negotiation.py:69}}
Aug 02 18:56:27.585410 np0000006311 devstack@g-api.service[99860]: DEBUG glance.api.middleware.version_negotiation [None req-25be5eea-45ee-419d-99d0-e6248c26eb3a tempest-VolumesActionsTest-814320984 tempest-VolumesActionsTest-814320984-project-member] new path /v2/images/271b3657-4466-40c7-b706-7fdd099d72d9 {{(pid=99860) process_request /opt/stack/glance/glance/api/middleware/version_negotiation.py:70}}
Aug 02 18:56:27.602211 np0000006311 devstack@g-api.service[99860]: [pid: 99860|app: 0|req: 66/193] 127.0.0.1 () {40 vars in 838 bytes} [Sun Aug 2 18:56:27 2026] GET /v2/images/271b3657-4466-40c7-b706-7fdd099d72d9 => generated 650 bytes in 17 msecs (HTTP/1.1 200) 4 headers in 157 bytes (1 switches on core 0)
Aug 02 18:56:28.588261 np0000006311 devstack@g-api.service[99859]: DEBUG dbcounter [-] [99859] Writing DB stats glance:SELECT=10,glance:UPDATE=1 {{(pid=99859) stat_writer /opt/stack/data/venv/lib/python3.12/site-packages/dbcounter.py:115}}
Aug 02 18:56:28.613638 np0000006311 devstack@g-api.service[99861]: DEBUG glance.api.middleware.version_negotiation [None req-491b236f-d298-45f0-abe7-d0c45425e693 tempest-VolumesActionsTest-814320984 tempest-VolumesActionsTest-814320984-project-member] Determining version of request: GET /v2/images/271b3657-4466-40c7-b706-7fdd099d72d9 Accept: application/json {{(pid=99861) process_request /opt/stack/glance/glance/api/middleware/version_negotiation.py:44}}
Aug 02 18:56:28.614305 np0000006311 devstack@g-api.service[99861]: DEBUG glance.api.middleware.version_negotiation [None req-491b236f-d298-45f0-abe7-d0c45425e693 tempest-VolumesActionsTest-814320984 tempest-VolumesActionsTest-814320984-project-member] Using url versioning {{(pid=99861) process_request /opt/stack/glance/glance/api/middleware/version_negotiation.py:57}}
Aug 02 18:56:28.614305 np0000006311 devstack@g-api.service[99861]: DEBUG glance.api.middleware.version_negotiation [None req-491b236f-d298-45f0-abe7-d0c45425e693 tempest-VolumesActionsTest-814320984 tempest-VolumesActionsTest-814320984-project-member] Matched version: v2 {{(pid=99861) process_request /opt/stack/glance/glance/api/middleware/version_negotiation.py:69}}
Aug 02 18:56:28.614305 np0000006311 devstack@g-api.service[99861]: DEBUG glance.api.middleware.version_negotiation [None req-491b236f-d298-45f0-abe7-d0c45425e693 tempest-VolumesActionsTest-814320984 tempest-VolumesActionsTest-814320984-project-member] new path /v2/images/271b3657-4466-40c7-b706-7fdd099d72d9 {{(pid=99861) process_request /opt/stack/glance/glance/api/middleware/version_negotiation.py:70}}
Aug 02 18:56:28.635631 np0000006311 devstack@g-api.service[99861]: [pid: 99861|app: 0|req: 73/194] 127.0.0.1 () {40 vars in 838 bytes} [Sun Aug 2 18:56:28 2026] GET /v2/images/271b3657-4466-40c7-b706-7fdd099d72d9 => generated 650 bytes in 21 msecs (HTTP/1.1 200) 4 headers in 157 bytes (1 switches on core 0)
Aug 02 18:56:29.611483 np0000006311 devstack@g-api.service[99859]: DEBUG swiftclient [None req-33862725-6c5d-4d5e-a8c9-8b288510b488 tempest-VolumesActionsTest-814320984 tempest-VolumesActionsTest-814320984-project-member] REQ: curl -i https://10.4.3.230:8080/v1/AUTH_c786bf978f894a379ccd1a73ea52992c/glance/271b3657-4466-40c7-b706-7fdd099d72d9-00004 -X PUT -H "X-Auth-Token: gAAAAABqb5LSEF-W..." {{(pid=99859) http_log /opt/stack/data/venv/lib/python3.12/site-packages/swiftclient/client.py:160}}
Aug 02 18:56:29.611995 np0000006311 devstack@g-api.service[99859]: DEBUG swiftclient [None req-33862725-6c5d-4d5e-a8c9-8b288510b488 tempest-VolumesActionsTest-814320984 tempest-VolumesActionsTest-814320984-project-member] RESP STATUS: 201 Created {{(pid=99859) http_log /opt/stack/data/venv/lib/python3.12/site-packages/swiftclient/client.py:161}}
Aug 02 18:56:29.611995 np0000006311 devstack@g-api.service[99859]: DEBUG swiftclient [None req-33862725-6c5d-4d5e-a8c9-8b288510b488 tempest-VolumesActionsTest-814320984 tempest-VolumesActionsTest-814320984-project-member] RESP HEADERS: {'Date': 'Sun, 02 Aug 2026 18:56:29 GMT', 'Server': 'Apache/2.4.58 (Ubuntu)', 'Content-Type': 'text/html; charset=UTF-8', 'Content-Length': '0', 'Etag': 'eda9a9889837ac4bc81d6387d92c1bec', 'Last-Modified': 'Sun, 02 Aug 2026 18:56:27 GMT', 'X-Trans-Id': 'tx8d63fd776f9c4601879c0-006a6f92da', 'X-Openstack-Request-Id': 'tx8d63fd776f9c4601879c0-006a6f92da', 'Connection': 'close'} {{(pid=99859) http_log /opt/stack/data/venv/lib/python3.12/site-packages/swiftclient/client.py:162}}
Aug 02 18:56:29.612138 np0000006311 devstack@g-api.service[99859]: DEBUG glance_store._drivers.swift.store [None req-33862725-6c5d-4d5e-a8c9-8b288510b488 tempest-VolumesActionsTest-814320984 tempest-VolumesActionsTest-814320984-project-member] Wrote chunk 271b3657-4466-40c7-b706-7fdd099d72d9-00004 (4/?) of length 204800000 to Swift returning MD5 of content: eda9a9889837ac4bc81d6387d92c1bec {{(pid=99859) add /opt/stack/data/venv/lib/python3.12/site-packages/glance_store/_drivers/swift/store.py:1059}}
Aug 02 18:56:29.646079 np0000006311 devstack@g-api.service[99860]: DEBUG glance.api.middleware.version_negotiation [None req-40c82958-265b-4dc4-8781-123752ebfb4b tempest-VolumesActionsTest-814320984 tempest-VolumesActionsTest-814320984-project-member] Determining version of request: GET /v2/images/271b3657-4466-40c7-b706-7fdd099d72d9 Accept: application/json {{(pid=99860) process_request /opt/stack/glance/glance/api/middleware/version_negotiation.py:44}}
Aug 02 18:56:29.646079 np0000006311 devstack@g-api.service[99860]: DEBUG glance.api.middleware.version_negotiation [None req-40c82958-265b-4dc4-8781-123752ebfb4b tempest-VolumesActionsTest-814320984 tempest-VolumesActionsTest-814320984-project-member] Using url versioning {{(pid=99860) process_request /opt/stack/glance/glance/api/middleware/version_negotiation.py:57}}
Aug 02 18:56:29.646079 np0000006311 devstack@g-api.service[99860]: DEBUG glance.api.middleware.version_negotiation [None req-40c82958-265b-4dc4-8781-123752ebfb4b tempest-VolumesActionsTest-814320984 tempest-VolumesActionsTest-814320984-project-member] Matched version: v2 {{(pid=99860) process_request /opt/stack/glance/glance/api/middleware/version_negotiation.py:69}}
Aug 02 18:56:29.646079 np0000006311 devstack@g-api.service[99860]: DEBUG glance.api.middleware.version_negotiation [None req-40c82958-265b-4dc4-8781-123752ebfb4b tempest-VolumesActionsTest-814320984 tempest-VolumesActionsTest-814320984-project-member] new path /v2/images/271b3657-4466-40c7-b706-7fdd099d72d9 {{(pid=99860) process_request /opt/stack/glance/glance/api/middleware/version_negotiation.py:70}}
Aug 02 18:56:29.667445 np0000006311 devstack@g-api.service[99860]: [pid: 99860|app: 0|req: 67/195] 127.0.0.1 () {40 vars in 838 bytes} [Sun Aug 2 18:56:29 2026] GET /v2/images/271b3657-4466-40c7-b706-7fdd099d72d9 => generated 650 bytes in 23 msecs (HTTP/1.1 200) 4 headers in 157 bytes (1 switches on core 0)
Aug 02 18:56:30.675141 np0000006311 devstack@g-api.service[99861]: DEBUG glance.api.middleware.version_negotiation [None req-4c062e5d-fe57-437f-84e4-14fb49594621 tempest-VolumesActionsTest-814320984 tempest-VolumesActionsTest-814320984-project-member] Determining version of request: GET /v2/images/271b3657-4466-40c7-b706-7fdd099d72d9 Accept: application/json {{(pid=99861) process_request /opt/stack/glance/glance/api/middleware/version_negotiation.py:44}}
Aug 02 18:56:30.675581 np0000006311 devstack@g-api.service[99861]: DEBUG glance.api.middleware.version_negotiation [None req-4c062e5d-fe57-437f-84e4-14fb49594621 tempest-VolumesActionsTest-814320984 tempest-VolumesActionsTest-814320984-project-member] Using url versioning {{(pid=99861) process_request /opt/stack/glance/glance/api/middleware/version_negotiation.py:57}}
Aug 02 18:56:30.675581 np0000006311 devstack@g-api.service[99861]: DEBUG glance.api.middleware.version_negotiation [None req-4c062e5d-fe57-437f-84e4-14fb49594621 tempest-VolumesActionsTest-814320984 tempest-VolumesActionsTest-814320984-project-member] Matched version: v2 {{(pid=99861) process_request /opt/stack/glance/glance/api/middleware/version_negotiation.py:69}}
Aug 02 18:56:30.675686 np0000006311 devstack@g-api.service[99861]: DEBUG glance.api.middleware.version_negotiation [None req-4c062e5d-fe57-437f-84e4-14fb49594621 tempest-VolumesActionsTest-814320984 tempest-VolumesActionsTest-814320984-project-member] new path /v2/images/271b3657-4466-40c7-b706-7fdd099d72d9 {{(pid=99861) process_request /opt/stack/glance/glance/api/middleware/version_negotiation.py:70}}
Aug 02 18:56:30.690452 np0000006311 devstack@g-api.service[99861]: [pid: 99861|app: 0|req: 74/196] 127.0.0.1 () {40 vars in 838 bytes} [Sun Aug 2 18:56:30 2026] GET /v2/images/271b3657-4466-40c7-b706-7fdd099d72d9 => generated 650 bytes in 16 msecs (HTTP/1.1 200) 4 headers in 157 bytes (1 switches on core 0)
Aug 02 18:56:31.706062 np0000006311 devstack@g-api.service[99860]: DEBUG glance.api.middleware.version_negotiation [None req-8c0a33c4-a897-4633-a94b-e3de65c30b0a tempest-VolumesActionsTest-814320984 tempest-VolumesActionsTest-814320984-project-member] Determining version of request: GET /v2/images/271b3657-4466-40c7-b706-7fdd099d72d9 Accept: application/json {{(pid=99860) process_request /opt/stack/glance/glance/api/middleware/version_negotiation.py:44}}
Aug 02 18:56:31.706062 np0000006311 devstack@g-api.service[99860]: DEBUG glance.api.middleware.version_negotiation [None req-8c0a33c4-a897-4633-a94b-e3de65c30b0a tempest-VolumesActionsTest-814320984 tempest-VolumesActionsTest-814320984-project-member] Using url versioning {{(pid=99860) process_request /opt/stack/glance/glance/api/middleware/version_negotiation.py:57}}
Aug 02 18:56:31.706062 np0000006311 devstack@g-api.service[99860]: DEBUG glance.api.middleware.version_negotiation [None req-8c0a33c4-a897-4633-a94b-e3de65c30b0a tempest-VolumesActionsTest-814320984 tempest-VolumesActionsTest-814320984-project-member] Matched version: v2 {{(pid=99860) process_request /opt/stack/glance/glance/api/middleware/version_negotiation.py:69}}
Aug 02 18:56:31.707224 np0000006311 devstack@g-api.service[99860]: DEBUG glance.api.middleware.version_negotiation [None req-8c0a33c4-a897-4633-a94b-e3de65c30b0a tempest-VolumesActionsTest-814320984 tempest-VolumesActionsTest-814320984-project-member] new path /v2/images/271b3657-4466-40c7-b706-7fdd099d72d9 {{(pid=99860) process_request /opt/stack/glance/glance/api/middleware/version_negotiation.py:70}}
Aug 02 18:56:31.723030 np0000006311 devstack@g-api.service[99860]: [pid: 99860|app: 0|req: 68/197] 127.0.0.1 () {40 vars in 838 bytes} [Sun Aug 2 18:56:31 2026] GET /v2/images/271b3657-4466-40c7-b706-7fdd099d72d9 => generated 650 bytes in 16 msecs (HTTP/1.1 200) 4 headers in 157 bytes (1 switches on core 0)
Aug 02 18:56:31.743963 np0000006311 devstack@g-api.service[99861]: DEBUG glance.api.middleware.version_negotiation [None req-1a2b5d78-4f3e-40c1-a8b0-ae47c3588a8d tempest-VolumesActionsTest-814320984 tempest-VolumesActionsTest-814320984-project-member] Determining version of request: GET /v2/images/aa8f7803-2b12-4105-9555-3f0ff18396a2 Accept: */* {{(pid=99861) process_request /opt/stack/glance/glance/api/middleware/version_negotiation.py:44}}
Aug 02 18:56:31.744481 np0000006311 devstack@g-api.service[99861]: DEBUG glance.api.middleware.version_negotiation [None req-1a2b5d78-4f3e-40c1-a8b0-ae47c3588a8d tempest-VolumesActionsTest-814320984 tempest-VolumesActionsTest-814320984-project-member] Using url versioning {{(pid=99861) process_request /opt/stack/glance/glance/api/middleware/version_negotiation.py:57}}
Aug 02 18:56:31.744481 np0000006311 devstack@g-api.service[99861]: DEBUG glance.api.middleware.version_negotiation [None req-1a2b5d78-4f3e-40c1-a8b0-ae47c3588a8d tempest-VolumesActionsTest-814320984 tempest-VolumesActionsTest-814320984-project-member] Matched version: v2 {{(pid=99861) process_request /opt/stack/glance/glance/api/middleware/version_negotiation.py:69}}
Aug 02 18:56:31.744481 np0000006311 devstack@g-api.service[99861]: DEBUG glance.api.middleware.version_negotiation [None req-1a2b5d78-4f3e-40c1-a8b0-ae47c3588a8d tempest-VolumesActionsTest-814320984 tempest-VolumesActionsTest-814320984-project-member] new path /v2/images/aa8f7803-2b12-4105-9555-3f0ff18396a2 {{(pid=99861) process_request /opt/stack/glance/glance/api/middleware/version_negotiation.py:70}}
Aug 02 18:56:31.760466 np0000006311 devstack@g-api.service[99861]: [pid: 99861|app: 0|req: 75/198] 127.0.0.1 () {44 vars in 1115 bytes} [Sun Aug 2 18:56:31 2026] GET /v2/images/aa8f7803-2b12-4105-9555-3f0ff18396a2 => generated 1044 bytes in 16 msecs (HTTP/1.1 200) 4 headers in 158 bytes (1 switches on core 0)
Aug 02 18:56:31.809309 np0000006311 devstack@g-api.service[99860]: DEBUG glance.api.middleware.version_negotiation [None req-b7a550bd-89d3-490c-9291-0284c57d6b3a tempest-VolumesActionsTest-814320984 tempest-VolumesActionsTest-814320984-project-member] Determining version of request: GET /v2/schemas/image Accept: */* {{(pid=99860) process_request /opt/stack/glance/glance/api/middleware/version_negotiation.py:44}}
Aug 02 18:56:31.809494 np0000006311 devstack@g-api.service[99860]: DEBUG glance.api.middleware.version_negotiation [None req-b7a550bd-89d3-490c-9291-0284c57d6b3a tempest-VolumesActionsTest-814320984 tempest-VolumesActionsTest-814320984-project-member] Using url versioning {{(pid=99860) process_request /opt/stack/glance/glance/api/middleware/version_negotiation.py:57}}
Aug 02 18:56:31.809613 np0000006311 devstack@g-api.service[99860]: DEBUG glance.api.middleware.version_negotiation [None req-b7a550bd-89d3-490c-9291-0284c57d6b3a tempest-VolumesActionsTest-814320984 tempest-VolumesActionsTest-814320984-project-member] Matched version: v2 {{(pid=99860) process_request /opt/stack/glance/glance/api/middleware/version_negotiation.py:69}}
Aug 02 18:56:31.810474 np0000006311 devstack@g-api.service[99860]: DEBUG glance.api.middleware.version_negotiation [None req-b7a550bd-89d3-490c-9291-0284c57d6b3a tempest-VolumesActionsTest-814320984 tempest-VolumesActionsTest-814320984-project-member] new path /v2/schemas/image {{(pid=99860) process_request /opt/stack/glance/glance/api/middleware/version_negotiation.py:70}}
Aug 02 18:56:31.815930 np0000006311 devstack@g-api.service[99860]: [pid: 99860|app: 0|req: 69/199] 127.0.0.1 () {44 vars in 1055 bytes} [Sun Aug 2 18:56:31 2026] GET /v2/schemas/image => generated 6083 bytes in 7 msecs (HTTP/1.1 200) 4 headers in 158 bytes (1 switches on core 0)
Aug 02 18:56:32.023453 np0000006311 devstack@g-api.service[99859]: DEBUG swiftclient [None req-33862725-6c5d-4d5e-a8c9-8b288510b488 tempest-VolumesActionsTest-814320984 tempest-VolumesActionsTest-814320984-project-member] REQ: curl -i https://10.4.3.230:8080/v1/AUTH_c786bf978f894a379ccd1a73ea52992c/glance/271b3657-4466-40c7-b706-7fdd099d72d9-00005 -X PUT -H "X-Auth-Token: gAAAAABqb5LSEF-W..." {{(pid=99859) http_log /opt/stack/data/venv/lib/python3.12/site-packages/swiftclient/client.py:160}}
Aug 02 18:56:32.024588 np0000006311 devstack@g-api.service[99859]: DEBUG swiftclient [None req-33862725-6c5d-4d5e-a8c9-8b288510b488 tempest-VolumesActionsTest-814320984 tempest-VolumesActionsTest-814320984-project-member] RESP STATUS: 201 Created {{(pid=99859) http_log /opt/stack/data/venv/lib/python3.12/site-packages/swiftclient/client.py:161}}
Aug 02 18:56:32.024588 np0000006311 devstack@g-api.service[99859]: DEBUG swiftclient [None req-33862725-6c5d-4d5e-a8c9-8b288510b488 tempest-VolumesActionsTest-814320984 tempest-VolumesActionsTest-814320984-project-member] RESP HEADERS: {'Date': 'Sun, 02 Aug 2026 18:56:32 GMT', 'Server': 'Apache/2.4.58 (Ubuntu)', 'Content-Type': 'text/html; charset=UTF-8', 'Content-Length': '0', 'Etag': 'eda9a9889837ac4bc81d6387d92c1bec', 'Last-Modified': 'Sun, 02 Aug 2026 18:56:30 GMT', 'X-Trans-Id': 'tx80c441cca2044ff9b9559-006a6f92dd', 'X-Openstack-Request-Id': 'tx80c441cca2044ff9b9559-006a6f92dd', 'Connection': 'close'} {{(pid=99859) http_log /opt/stack/data/venv/lib/python3.12/site-packages/swiftclient/client.py:162}}
Aug 02 18:56:32.024588 np0000006311 devstack@g-api.service[99859]: DEBUG glance_store._drivers.swift.store [None req-33862725-6c5d-4d5e-a8c9-8b288510b488 tempest-VolumesActionsTest-814320984 tempest-VolumesActionsTest-814320984-project-member] Wrote chunk 271b3657-4466-40c7-b706-7fdd099d72d9-00005 (5/?) of length 204800000 to Swift returning MD5 of content: eda9a9889837ac4bc81d6387d92c1bec {{(pid=99859) add /opt/stack/data/venv/lib/python3.12/site-packages/glance_store/_drivers/swift/store.py:1059}}
Aug 02 18:56:32.602816 np0000006311 devstack@g-api.service[99859]: DEBUG swiftclient [None req-33862725-6c5d-4d5e-a8c9-8b288510b488 tempest-VolumesActionsTest-814320984 tempest-VolumesActionsTest-814320984-project-member] REQ: curl -i https://10.4.3.230:8080/v1/AUTH_c786bf978f894a379ccd1a73ea52992c/glance/271b3657-4466-40c7-b706-7fdd099d72d9-00006 -X PUT -H "X-Auth-Token: gAAAAABqb5LSEF-W..." {{(pid=99859) http_log /opt/stack/data/venv/lib/python3.12/site-packages/swiftclient/client.py:160}}
Aug 02 18:56:32.602927 np0000006311 devstack@g-api.service[99859]: DEBUG swiftclient [None req-33862725-6c5d-4d5e-a8c9-8b288510b488 tempest-VolumesActionsTest-814320984 tempest-VolumesActionsTest-814320984-project-member] RESP STATUS: 201 Created {{(pid=99859) http_log /opt/stack/data/venv/lib/python3.12/site-packages/swiftclient/client.py:161}}
Aug 02 18:56:32.603055 np0000006311 devstack@g-api.service[99859]: DEBUG swiftclient [None req-33862725-6c5d-4d5e-a8c9-8b288510b488 tempest-VolumesActionsTest-814320984 tempest-VolumesActionsTest-814320984-project-member] RESP HEADERS: {'Date': 'Sun, 02 Aug 2026 18:56:32 GMT', 'Server': 'Apache/2.4.58 (Ubuntu)', 'Content-Type': 'text/html; charset=UTF-8', 'Content-Length': '0', 'Etag': '708761f3b8777ec77058e63da08eeeb6', 'Last-Modified': 'Sun, 02 Aug 2026 18:56:33 GMT', 'X-Trans-Id': 'tx677232efb131411296d5c-006a6f92e0', 'X-Openstack-Request-Id': 'tx677232efb131411296d5c-006a6f92e0', 'Connection': 'close'} {{(pid=99859) http_log /opt/stack/data/venv/lib/python3.12/site-packages/swiftclient/client.py:162}}
Aug 02 18:56:32.603165 np0000006311 devstack@g-api.service[99859]: DEBUG glance_store._drivers.swift.store [None req-33862725-6c5d-4d5e-a8c9-8b288510b488 tempest-VolumesActionsTest-814320984 tempest-VolumesActionsTest-814320984-project-member] Wrote chunk 271b3657-4466-40c7-b706-7fdd099d72d9-00006 (6/?) of length 49741824 to Swift returning MD5 of content: 708761f3b8777ec77058e63da08eeeb6 {{(pid=99859) add /opt/stack/data/venv/lib/python3.12/site-packages/glance_store/_drivers/swift/store.py:1059}}
Aug 02 18:56:32.603907 np0000006311 devstack@g-api.service[99859]: DEBUG glance_store._drivers.swift.store [None req-33862725-6c5d-4d5e-a8c9-8b288510b488 tempest-VolumesActionsTest-814320984 tempest-VolumesActionsTest-814320984-project-member] Not writing zero-length chunk. {{(pid=99859) add /opt/stack/data/venv/lib/python3.12/site-packages/glance_store/_drivers/swift/store.py:1028}}
Aug 02 18:56:32.631786 np0000006311 devstack@g-api.service[99859]: DEBUG swiftclient [None req-33862725-6c5d-4d5e-a8c9-8b288510b488 tempest-VolumesActionsTest-814320984 tempest-VolumesActionsTest-814320984-project-member] REQ: curl -i https://10.4.3.230:8080/v1/AUTH_c786bf978f894a379ccd1a73ea52992c/glance/271b3657-4466-40c7-b706-7fdd099d72d9 -X PUT -H "X-Object-Manifest: glance/271b3657-4466-40c7-b706-7fdd099d72d9-" -H "X-Auth-Token: gAAAAABqb5LSEF-W..." -H "Content-Length: 0" {{(pid=99859) http_log /opt/stack/data/venv/lib/python3.12/site-packages/swiftclient/client.py:160}}
Aug 02 18:56:32.632015 np0000006311 devstack@g-api.service[99859]: DEBUG swiftclient [None req-33862725-6c5d-4d5e-a8c9-8b288510b488 tempest-VolumesActionsTest-814320984 tempest-VolumesActionsTest-814320984-project-member] RESP STATUS: 201 Created {{(pid=99859) http_log /opt/stack/data/venv/lib/python3.12/site-packages/swiftclient/client.py:161}}
Aug 02 18:56:32.632015 np0000006311 devstack@g-api.service[99859]: DEBUG swiftclient [None req-33862725-6c5d-4d5e-a8c9-8b288510b488 tempest-VolumesActionsTest-814320984 tempest-VolumesActionsTest-814320984-project-member] RESP HEADERS: {'Date': 'Sun, 02 Aug 2026 18:56:32 GMT', 'Server': 'Apache/2.4.58 (Ubuntu)', 'Content-Type': 'text/html; charset=UTF-8', 'Content-Length': '0', 'Etag': 'd41d8cd98f00b204e9800998ecf8427e', 'Last-Modified': 'Sun, 02 Aug 2026 18:56:33 GMT', 'X-Trans-Id': 'tx6c755725be1d4fd1aeebf-006a6f92e0', 'X-Openstack-Request-Id': 'tx6c755725be1d4fd1aeebf-006a6f92e0', 'Connection': 'close'} {{(pid=99859) http_log /opt/stack/data/venv/lib/python3.12/site-packages/swiftclient/client.py:162}}
Aug 02 18:56:32.632483 np0000006311 devstack@g-api.service[99859]: INFO glance.location [None req-33862725-6c5d-4d5e-a8c9-8b288510b488 tempest-VolumesActionsTest-814320984 tempest-VolumesActionsTest-814320984-project-member] Image format matched and virtual size computed: 1073741824
Aug 02 18:56:32.682017 np0000006311 devstack@g-api.service[99859]: DEBUG glance_store.backend [None req-33862725-6c5d-4d5e-a8c9-8b288510b488 tempest-VolumesActionsTest-814320984 tempest-VolumesActionsTest-814320984-project-member] Attempting to import store swift {{(pid=99859) _load_store /opt/stack/data/venv/lib/python3.12/site-packages/glance_store/backend.py:215}}
Aug 02 18:56:32.684742 np0000006311 devstack@g-api.service[99859]: DEBUG glance_store.capabilities [None req-33862725-6c5d-4d5e-a8c9-8b288510b488 tempest-VolumesActionsTest-814320984 tempest-VolumesActionsTest-814320984-project-member] Store glance_store._drivers.swift.store.SingleTenantStore doesn't support updating dynamic storage capabilities. Please overwrite 'update_capabilities' method of the store to implement updating logics if needed. {{(pid=99859) update_capabilities /opt/stack/data/venv/lib/python3.12/site-packages/glance_store/capabilities.py:91}}
Aug 02 18:56:32.684914 np0000006311 devstack@g-api.service[99859]: DEBUG glance_store.driver [None req-33862725-6c5d-4d5e-a8c9-8b288510b488 tempest-VolumesActionsTest-814320984 tempest-VolumesActionsTest-814320984-project-member] Late loading location class glance_store._drivers.swift.store.StoreLocation {{(pid=99859) get_store_location_class /opt/stack/data/venv/lib/python3.12/site-packages/glance_store/driver.py:134}}
Aug 02 18:56:32.685080 np0000006311 devstack@g-api.service[99859]: DEBUG glance_store.location [None req-33862725-6c5d-4d5e-a8c9-8b288510b488 tempest-VolumesActionsTest-814320984 tempest-VolumesActionsTest-814320984-project-member] Registering scheme swift+https with {'store': , 'location_class': , 'store_entry': 'swift'} {{(pid=99859) register_scheme_map /opt/stack/data/venv/lib/python3.12/site-packages/glance_store/location.py:146}}
Aug 02 18:56:32.685184 np0000006311 devstack@g-api.service[99859]: DEBUG glance_store.location [None req-33862725-6c5d-4d5e-a8c9-8b288510b488 tempest-VolumesActionsTest-814320984 tempest-VolumesActionsTest-814320984-project-member] Registering scheme swift+https with {'store': , 'location_class': , 'store_entry': 'swift'} {{(pid=99859) register_scheme_map /opt/stack/data/venv/lib/python3.12/site-packages/glance_store/location.py:146}}
Aug 02 18:56:32.685311 np0000006311 devstack@g-api.service[99859]: DEBUG glance_store.location [None req-33862725-6c5d-4d5e-a8c9-8b288510b488 tempest-VolumesActionsTest-814320984 tempest-VolumesActionsTest-814320984-project-member] Registering scheme swift with {'store': , 'location_class': , 'store_entry': 'swift'} {{(pid=99859) register_scheme_map /opt/stack/data/venv/lib/python3.12/site-packages/glance_store/location.py:146}}
Aug 02 18:56:32.685436 np0000006311 devstack@g-api.service[99859]: DEBUG glance_store.location [None req-33862725-6c5d-4d5e-a8c9-8b288510b488 tempest-VolumesActionsTest-814320984 tempest-VolumesActionsTest-814320984-project-member] Registering scheme swift+https with {'store': , 'location_class': , 'store_entry': 'swift'} {{(pid=99859) register_scheme_map /opt/stack/data/venv/lib/python3.12/site-packages/glance_store/location.py:146}}
Aug 02 18:56:32.685506 np0000006311 devstack@g-api.service[99859]: DEBUG glance_store.location [None req-33862725-6c5d-4d5e-a8c9-8b288510b488 tempest-VolumesActionsTest-814320984 tempest-VolumesActionsTest-814320984-project-member] Registering scheme swift with {'store': , 'location_class': , 'store_entry': 'swift'} {{(pid=99859) register_scheme_map /opt/stack/data/venv/lib/python3.12/site-packages/glance_store/location.py:146}}
Aug 02 18:56:32.685582 np0000006311 devstack@g-api.service[99859]: DEBUG glance_store.location [None req-33862725-6c5d-4d5e-a8c9-8b288510b488 tempest-VolumesActionsTest-814320984 tempest-VolumesActionsTest-814320984-project-member] Registering scheme swift+http with {'store': , 'location_class': , 'store_entry': 'swift'} {{(pid=99859) register_scheme_map /opt/stack/data/venv/lib/python3.12/site-packages/glance_store/location.py:146}}
Aug 02 18:56:32.685672 np0000006311 devstack@g-api.service[99859]: DEBUG glance_store.location [None req-33862725-6c5d-4d5e-a8c9-8b288510b488 tempest-VolumesActionsTest-814320984 tempest-VolumesActionsTest-814320984-project-member] Registering scheme swift+https with {'store': , 'location_class': , 'store_entry': 'swift'} {{(pid=99859) register_scheme_map /opt/stack/data/venv/lib/python3.12/site-packages/glance_store/location.py:146}}
Aug 02 18:56:32.685784 np0000006311 devstack@g-api.service[99859]: DEBUG glance_store.location [None req-33862725-6c5d-4d5e-a8c9-8b288510b488 tempest-VolumesActionsTest-814320984 tempest-VolumesActionsTest-814320984-project-member] Registering scheme swift with {'store': , 'location_class': , 'store_entry': 'swift'} {{(pid=99859) register_scheme_map /opt/stack/data/venv/lib/python3.12/site-packages/glance_store/location.py:146}}
Aug 02 18:56:32.685946 np0000006311 devstack@g-api.service[99859]: DEBUG glance_store.location [None req-33862725-6c5d-4d5e-a8c9-8b288510b488 tempest-VolumesActionsTest-814320984 tempest-VolumesActionsTest-814320984-project-member] Registering scheme swift+http with {'store': , 'location_class': , 'store_entry': 'swift'} {{(pid=99859) register_scheme_map /opt/stack/data/venv/lib/python3.12/site-packages/glance_store/location.py:146}}
Aug 02 18:56:32.685946 np0000006311 devstack@g-api.service[99859]: DEBUG glance_store.location [None req-33862725-6c5d-4d5e-a8c9-8b288510b488 tempest-VolumesActionsTest-814320984 tempest-VolumesActionsTest-814320984-project-member] Registering scheme swift+config with {'store': , 'location_class': , 'store_entry': 'swift'} {{(pid=99859) register_scheme_map /opt/stack/data/venv/lib/python3.12/site-packages/glance_store/location.py:146}}
