Jul 21 13:26:48.630415 np0000005558 nova-scheduler[96482]: DEBUG cotyledon.oslo_config_glue [-] workarounds.enable_numa_live_migration = False {{(pid=96482) log_opt_values /opt/stack/data/venv/lib/python3.12/site-packages/oslo_config/cfg.py:3253}}
Jul 21 13:26:48.630415 np0000005558 nova-scheduler[96482]: DEBUG cotyledon.oslo_config_glue [-] workarounds.enable_qemu_monitor_announce_self = False {{(pid=96482) log_opt_values /opt/stack/data/venv/lib/python3.12/site-packages/oslo_config/cfg.py:3253}}
Jul 21 13:26:48.630415 np0000005558 nova-scheduler[96482]: DEBUG cotyledon.oslo_config_glue [-] workarounds.ensure_libvirt_rbd_instance_dir_cleanup = False {{(pid=96482) log_opt_values /opt/stack/data/venv/lib/python3.12/site-packages/oslo_config/cfg.py:3253}}
Jul 21 13:26:48.630610 np0000005558 nova-scheduler[96482]: DEBUG cotyledon.oslo_config_glue [-] workarounds.handle_virt_lifecycle_events = True {{(pid=96482) log_opt_values /opt/stack/data/venv/lib/python3.12/site-packages/oslo_config/cfg.py:3253}}
Jul 21 13:26:48.630610 np0000005558 nova-scheduler[96482]: DEBUG cotyledon.oslo_config_glue [-] workarounds.libvirt_disable_apic = False {{(pid=96482) log_opt_values /opt/stack/data/venv/lib/python3.12/site-packages/oslo_config/cfg.py:3253}}
Jul 21 13:26:48.630610 np0000005558 nova-scheduler[96482]: DEBUG cotyledon.oslo_config_glue [-] workarounds.never_download_image_if_on_rbd = False {{(pid=96482) log_opt_values /opt/stack/data/venv/lib/python3.12/site-packages/oslo_config/cfg.py:3253}}
Jul 21 13:26:48.630610 np0000005558 nova-scheduler[96482]: DEBUG cotyledon.oslo_config_glue [-] workarounds.qemu_monitor_announce_self_count = 3 {{(pid=96482) log_opt_values /opt/stack/data/venv/lib/python3.12/site-packages/oslo_config/cfg.py:3253}}
Jul 21 13:26:48.630610 np0000005558 nova-scheduler[96482]: DEBUG cotyledon.oslo_config_glue [-] workarounds.qemu_monitor_announce_self_interval = 1 {{(pid=96482) log_opt_values /opt/stack/data/venv/lib/python3.12/site-packages/oslo_config/cfg.py:3253}}
Jul 21 13:26:48.630610 np0000005558 nova-scheduler[96482]: DEBUG cotyledon.oslo_config_glue [-] workarounds.reserve_disk_resource_for_image_cache = False {{(pid=96482) log_opt_values /opt/stack/data/venv/lib/python3.12/site-packages/oslo_config/cfg.py:3253}}
Jul 21 13:26:48.630610 np0000005558 nova-scheduler[96482]: DEBUG cotyledon.oslo_config_glue [-] workarounds.skip_cpu_compare_at_startup = False {{(pid=96482) log_opt_values /opt/stack/data/venv/lib/python3.12/site-packages/oslo_config/cfg.py:3253}}
Jul 21 13:26:48.630610 np0000005558 nova-scheduler[96482]: DEBUG cotyledon.oslo_config_glue [-] workarounds.skip_cpu_compare_on_dest = False {{(pid=96482) log_opt_values /opt/stack/data/venv/lib/python3.12/site-packages/oslo_config/cfg.py:3253}}
Jul 21 13:26:48.630610 np0000005558 nova-scheduler[96482]: DEBUG cotyledon.oslo_config_glue [-] workarounds.skip_hypervisor_version_check_on_lm = False {{(pid=96482) log_opt_values /opt/stack/data/venv/lib/python3.12/site-packages/oslo_config/cfg.py:3253}}
Jul 21 13:26:48.630783 np0000005558 nova-scheduler[96482]: DEBUG cotyledon.oslo_config_glue [-] workarounds.skip_reserve_in_use_ironic_nodes = False {{(pid=96482) log_opt_values /opt/stack/data/venv/lib/python3.12/site-packages/oslo_config/cfg.py:3253}}
Jul 21 13:26:48.630783 np0000005558 nova-scheduler[96482]: DEBUG cotyledon.oslo_config_glue [-] workarounds.unified_limits_count_pcpu_as_vcpu = False {{(pid=96482) log_opt_values /opt/stack/data/venv/lib/python3.12/site-packages/oslo_config/cfg.py:3253}}
Jul 21 13:26:48.630783 np0000005558 nova-scheduler[96482]: DEBUG cotyledon.oslo_config_glue [-] workarounds.wait_for_vif_plugged_event_during_hard_reboot = [] {{(pid=96482) log_opt_values /opt/stack/data/venv/lib/python3.12/site-packages/oslo_config/cfg.py:3253}}
Jul 21 13:26:48.630783 np0000005558 nova-scheduler[96482]: DEBUG cotyledon.oslo_config_glue [-] wsgi.api_paste_config = /etc/nova/api-paste.ini {{(pid=96482) log_opt_values /opt/stack/data/venv/lib/python3.12/site-packages/oslo_config/cfg.py:3253}}
Jul 21 13:26:48.630783 np0000005558 nova-scheduler[96482]: DEBUG cotyledon.oslo_config_glue [-] wsgi.secure_proxy_ssl_header = None {{(pid=96482) log_opt_values /opt/stack/data/venv/lib/python3.12/site-packages/oslo_config/cfg.py:3253}}
Jul 21 13:26:48.630783 np0000005558 nova-scheduler[96482]: DEBUG cotyledon.oslo_config_glue [-] zvm.ca_file = None {{(pid=96482) log_opt_values /opt/stack/data/venv/lib/python3.12/site-packages/oslo_config/cfg.py:3253}}
Jul 21 13:26:48.630783 np0000005558 nova-scheduler[96482]: DEBUG cotyledon.oslo_config_glue [-] zvm.cloud_connector_url = None {{(pid=96482) log_opt_values /opt/stack/data/venv/lib/python3.12/site-packages/oslo_config/cfg.py:3253}}
Jul 21 13:26:48.630783 np0000005558 nova-scheduler[96482]: DEBUG cotyledon.oslo_config_glue [-] zvm.image_tmp_path = /opt/stack/data/nova/images {{(pid=96482) log_opt_values /opt/stack/data/venv/lib/python3.12/site-packages/oslo_config/cfg.py:3253}}
Jul 21 13:26:48.630783 np0000005558 nova-scheduler[96482]: DEBUG cotyledon.oslo_config_glue [-] zvm.reachable_timeout = 300 {{(pid=96482) log_opt_values /opt/stack/data/venv/lib/python3.12/site-packages/oslo_config/cfg.py:3253}}
Jul 21 13:26:48.630936 np0000005558 nova-scheduler[96482]: DEBUG cotyledon.oslo_config_glue [-] oslo_versionedobjects.fatal_exception_format_errors = False {{(pid=96482) log_opt_values /opt/stack/data/venv/lib/python3.12/site-packages/oslo_config/cfg.py:3253}}
Jul 21 13:26:48.630936 np0000005558 nova-scheduler[96482]: DEBUG cotyledon.oslo_config_glue [-] oslo_middleware.http_basic_auth_user_file = /etc/htpasswd {{(pid=96482) log_opt_values /opt/stack/data/venv/lib/python3.12/site-packages/oslo_config/cfg.py:3253}}
Jul 21 13:26:48.630936 np0000005558 nova-scheduler[96482]: DEBUG cotyledon.oslo_config_glue [-] oslo_messaging_metrics.metrics_buffer_size = 1000 {{(pid=96482) log_opt_values /opt/stack/data/venv/lib/python3.12/site-packages/oslo_config/cfg.py:3253}}
Jul 21 13:26:48.630936 np0000005558 nova-scheduler[96482]: DEBUG cotyledon.oslo_config_glue [-] oslo_messaging_metrics.metrics_enabled = False {{(pid=96482) log_opt_values /opt/stack/data/venv/lib/python3.12/site-packages/oslo_config/cfg.py:3253}}
Jul 21 13:26:48.630936 np0000005558 nova-scheduler[96482]: DEBUG cotyledon.oslo_config_glue [-] oslo_messaging_metrics.metrics_process_name = {{(pid=96482) log_opt_values /opt/stack/data/venv/lib/python3.12/site-packages/oslo_config/cfg.py:3253}}
Jul 21 13:26:48.630936 np0000005558 nova-scheduler[96482]: DEBUG cotyledon.oslo_config_glue [-] oslo_messaging_metrics.metrics_socket_file = /var/tmp/metrics_collector.sock {{(pid=96482) log_opt_values /opt/stack/data/venv/lib/python3.12/site-packages/oslo_config/cfg.py:3253}}
Jul 21 13:26:48.630936 np0000005558 nova-scheduler[96482]: DEBUG cotyledon.oslo_config_glue [-] oslo_messaging_metrics.metrics_thread_stop_timeout = 10 {{(pid=96482) log_opt_values /opt/stack/data/venv/lib/python3.12/site-packages/oslo_config/cfg.py:3253}}
Jul 21 13:26:48.630936 np0000005558 nova-scheduler[96482]: DEBUG cotyledon.oslo_config_glue [-] profiler.connection_string = messaging:// {{(pid=96482) log_opt_values /opt/stack/data/venv/lib/python3.12/site-packages/oslo_config/cfg.py:3253}}
Jul 21 13:26:48.631081 np0000005558 nova-scheduler[96482]: DEBUG cotyledon.oslo_config_glue [-] profiler.enabled = False {{(pid=96482) log_opt_values /opt/stack/data/venv/lib/python3.12/site-packages/oslo_config/cfg.py:3253}}
Jul 21 13:26:48.631081 np0000005558 nova-scheduler[96482]: DEBUG cotyledon.oslo_config_glue [-] profiler.es_doc_type = notification {{(pid=96482) log_opt_values /opt/stack/data/venv/lib/python3.12/site-packages/oslo_config/cfg.py:3253}}
Jul 21 13:26:48.631081 np0000005558 nova-scheduler[96482]: DEBUG cotyledon.oslo_config_glue [-] profiler.es_scroll_size = 10000 {{(pid=96482) log_opt_values /opt/stack/data/venv/lib/python3.12/site-packages/oslo_config/cfg.py:3253}}
Jul 21 13:26:48.631081 np0000005558 nova-scheduler[96482]: DEBUG cotyledon.oslo_config_glue [-] profiler.es_scroll_time = 2m {{(pid=96482) log_opt_values /opt/stack/data/venv/lib/python3.12/site-packages/oslo_config/cfg.py:3253}}
Jul 21 13:26:48.631081 np0000005558 nova-scheduler[96482]: DEBUG cotyledon.oslo_config_glue [-] profiler.filter_error_trace = False {{(pid=96482) log_opt_values /opt/stack/data/venv/lib/python3.12/site-packages/oslo_config/cfg.py:3253}}
Jul 21 13:26:48.631081 np0000005558 nova-scheduler[96482]: DEBUG cotyledon.oslo_config_glue [-] profiler.hmac_keys = **** {{(pid=96482) log_opt_values /opt/stack/data/venv/lib/python3.12/site-packages/oslo_config/cfg.py:3253}}
Jul 21 13:26:48.631081 np0000005558 nova-scheduler[96482]: DEBUG cotyledon.oslo_config_glue [-] profiler.sentinel_service_name = mymaster {{(pid=96482) log_opt_values /opt/stack/data/venv/lib/python3.12/site-packages/oslo_config/cfg.py:3253}}
Jul 21 13:26:48.631081 np0000005558 nova-scheduler[96482]: DEBUG cotyledon.oslo_config_glue [-] profiler.socket_timeout = 0.1 {{(pid=96482) log_opt_values /opt/stack/data/venv/lib/python3.12/site-packages/oslo_config/cfg.py:3253}}
Jul 21 13:26:48.631081 np0000005558 nova-scheduler[96482]: DEBUG cotyledon.oslo_config_glue [-] profiler.trace_requests = False {{(pid=96482) log_opt_values /opt/stack/data/venv/lib/python3.12/site-packages/oslo_config/cfg.py:3253}}
Jul 21 13:26:48.631273 np0000005558 nova-scheduler[96482]: DEBUG cotyledon.oslo_config_glue [-] profiler.trace_sqlalchemy = False {{(pid=96482) log_opt_values /opt/stack/data/venv/lib/python3.12/site-packages/oslo_config/cfg.py:3253}}
Jul 21 13:26:48.631273 np0000005558 nova-scheduler[96482]: DEBUG cotyledon.oslo_config_glue [-] profiler_jaeger.process_tags = {} {{(pid=96482) log_opt_values /opt/stack/data/venv/lib/python3.12/site-packages/oslo_config/cfg.py:3253}}
Jul 21 13:26:48.631273 np0000005558 nova-scheduler[96482]: DEBUG cotyledon.oslo_config_glue [-] profiler_jaeger.service_name_prefix = None {{(pid=96482) log_opt_values /opt/stack/data/venv/lib/python3.12/site-packages/oslo_config/cfg.py:3253}}
Jul 21 13:26:48.631273 np0000005558 nova-scheduler[96482]: DEBUG cotyledon.oslo_config_glue [-] profiler_otlp.service_name_prefix = None {{(pid=96482) log_opt_values /opt/stack/data/venv/lib/python3.12/site-packages/oslo_config/cfg.py:3253}}
Jul 21 13:26:48.631273 np0000005558 nova-scheduler[96482]: DEBUG cotyledon.oslo_config_glue [-] oslo_messaging_rabbit.amqp_auto_delete = False {{(pid=96482) log_opt_values /opt/stack/data/venv/lib/python3.12/site-packages/oslo_config/cfg.py:3253}}
Jul 21 13:26:48.631273 np0000005558 nova-scheduler[96482]: DEBUG cotyledon.oslo_config_glue [-] oslo_messaging_rabbit.amqp_durable_queues = False {{(pid=96482) log_opt_values /opt/stack/data/venv/lib/python3.12/site-packages/oslo_config/cfg.py:3253}}
Jul 21 13:26:48.631273 np0000005558 nova-scheduler[96482]: DEBUG cotyledon.oslo_config_glue [-] oslo_messaging_rabbit.conn_pool_min_size = 2 {{(pid=96482) log_opt_values /opt/stack/data/venv/lib/python3.12/site-packages/oslo_config/cfg.py:3253}}
Jul 21 13:26:48.631273 np0000005558 nova-scheduler[96482]: DEBUG cotyledon.oslo_config_glue [-] oslo_messaging_rabbit.conn_pool_ttl = 1200 {{(pid=96482) log_opt_values /opt/stack/data/venv/lib/python3.12/site-packages/oslo_config/cfg.py:3253}}
Jul 21 13:26:48.631273 np0000005558 nova-scheduler[96482]: DEBUG cotyledon.oslo_config_glue [-] oslo_messaging_rabbit.direct_mandatory_flag = True {{(pid=96482) log_opt_values /opt/stack/data/venv/lib/python3.12/site-packages/oslo_config/cfg.py:3253}}
Jul 21 13:26:48.631438 np0000005558 nova-scheduler[96482]: DEBUG cotyledon.oslo_config_glue [-] oslo_messaging_rabbit.enable_cancel_on_failover = False {{(pid=96482) log_opt_values /opt/stack/data/venv/lib/python3.12/site-packages/oslo_config/cfg.py:3253}}
Jul 21 13:26:48.631438 np0000005558 nova-scheduler[96482]: DEBUG cotyledon.oslo_config_glue [-] oslo_messaging_rabbit.heartbeat_rate = 3 {{(pid=96482) log_opt_values /opt/stack/data/venv/lib/python3.12/site-packages/oslo_config/cfg.py:3253}}
Jul 21 13:26:48.631438 np0000005558 nova-scheduler[96482]: DEBUG cotyledon.oslo_config_glue [-] oslo_messaging_rabbit.heartbeat_timeout_threshold = 60 {{(pid=96482) log_opt_values /opt/stack/data/venv/lib/python3.12/site-packages/oslo_config/cfg.py:3253}}
Jul 21 13:26:48.631438 np0000005558 nova-scheduler[96482]: DEBUG cotyledon.oslo_config_glue [-] oslo_messaging_rabbit.hostname = np0000005558 {{(pid=96482) log_opt_values /opt/stack/data/venv/lib/python3.12/site-packages/oslo_config/cfg.py:3253}}
Jul 21 13:26:48.631438 np0000005558 nova-scheduler[96482]: DEBUG cotyledon.oslo_config_glue [-] oslo_messaging_rabbit.kombu_compression = None {{(pid=96482) log_opt_values /opt/stack/data/venv/lib/python3.12/site-packages/oslo_config/cfg.py:3253}}
Jul 21 13:26:48.631438 np0000005558 nova-scheduler[96482]: DEBUG cotyledon.oslo_config_glue [-] oslo_messaging_rabbit.kombu_failover_strategy = round-robin {{(pid=96482) log_opt_values /opt/stack/data/venv/lib/python3.12/site-packages/oslo_config/cfg.py:3253}}
Jul 21 13:26:48.631438 np0000005558 nova-scheduler[96482]: DEBUG cotyledon.oslo_config_glue [-] oslo_messaging_rabbit.kombu_missing_consumer_retry_timeout = 60 {{(pid=96482) log_opt_values /opt/stack/data/venv/lib/python3.12/site-packages/oslo_config/cfg.py:3253}}
Jul 21 13:26:48.631438 np0000005558 nova-scheduler[96482]: DEBUG cotyledon.oslo_config_glue [-] oslo_messaging_rabbit.kombu_reconnect_delay = 1.0 {{(pid=96482) log_opt_values /opt/stack/data/venv/lib/python3.12/site-packages/oslo_config/cfg.py:3253}}
Jul 21 13:26:48.631438 np0000005558 nova-scheduler[96482]: DEBUG cotyledon.oslo_config_glue [-] oslo_messaging_rabbit.kombu_reconnect_splay = 0.0 {{(pid=96482) log_opt_values /opt/stack/data/venv/lib/python3.12/site-packages/oslo_config/cfg.py:3253}}
Jul 21 13:26:48.631613 np0000005558 nova-scheduler[96482]: DEBUG cotyledon.oslo_config_glue [-] oslo_messaging_rabbit.processname = nova-scheduler {{(pid=96482) log_opt_values /opt/stack/data/venv/lib/python3.12/site-packages/oslo_config/cfg.py:3253}}
Jul 21 13:26:48.631613 np0000005558 nova-scheduler[96482]: DEBUG cotyledon.oslo_config_glue [-] oslo_messaging_rabbit.rabbit_ha_queues = False {{(pid=96482) log_opt_values /opt/stack/data/venv/lib/python3.12/site-packages/oslo_config/cfg.py:3253}}
Jul 21 13:26:48.631613 np0000005558 nova-scheduler[96482]: DEBUG cotyledon.oslo_config_glue [-] oslo_messaging_rabbit.rabbit_interval_max = 30 {{(pid=96482) log_opt_values /opt/stack/data/venv/lib/python3.12/site-packages/oslo_config/cfg.py:3253}}
Jul 21 13:26:48.631613 np0000005558 nova-scheduler[96482]: DEBUG cotyledon.oslo_config_glue [-] oslo_messaging_rabbit.rabbit_login_method = AMQPLAIN {{(pid=96482) log_opt_values /opt/stack/data/venv/lib/python3.12/site-packages/oslo_config/cfg.py:3253}}
Jul 21 13:26:48.631613 np0000005558 nova-scheduler[96482]: DEBUG cotyledon.oslo_config_glue [-] oslo_messaging_rabbit.rabbit_qos_prefetch_count = 0 {{(pid=96482) log_opt_values /opt/stack/data/venv/lib/python3.12/site-packages/oslo_config/cfg.py:3253}}
Jul 21 13:26:48.631613 np0000005558 nova-scheduler[96482]: DEBUG cotyledon.oslo_config_glue [-] oslo_messaging_rabbit.rabbit_quorum_delivery_limit = 0 {{(pid=96482) log_opt_values /opt/stack/data/venv/lib/python3.12/site-packages/oslo_config/cfg.py:3253}}
Jul 21 13:26:48.631613 np0000005558 nova-scheduler[96482]: DEBUG cotyledon.oslo_config_glue [-] oslo_messaging_rabbit.rabbit_quorum_max_memory_bytes = 0 {{(pid=96482) log_opt_values /opt/stack/data/venv/lib/python3.12/site-packages/oslo_config/cfg.py:3253}}
Jul 21 13:26:48.631613 np0000005558 nova-scheduler[96482]: DEBUG cotyledon.oslo_config_glue [-] oslo_messaging_rabbit.rabbit_quorum_max_memory_length = 0 {{(pid=96482) log_opt_values /opt/stack/data/venv/lib/python3.12/site-packages/oslo_config/cfg.py:3253}}
Jul 21 13:26:48.631613 np0000005558 nova-scheduler[96482]: DEBUG cotyledon.oslo_config_glue [-] oslo_messaging_rabbit.rabbit_quorum_queue = False {{(pid=96482) log_opt_values /opt/stack/data/venv/lib/python3.12/site-packages/oslo_config/cfg.py:3253}}
Jul 21 13:26:48.631786 np0000005558 nova-scheduler[96482]: DEBUG cotyledon.oslo_config_glue [-] oslo_messaging_rabbit.rabbit_retry_backoff = 2 {{(pid=96482) log_opt_values /opt/stack/data/venv/lib/python3.12/site-packages/oslo_config/cfg.py:3253}}
Jul 21 13:26:48.631786 np0000005558 nova-scheduler[96482]: DEBUG cotyledon.oslo_config_glue [-] oslo_messaging_rabbit.rabbit_retry_interval = 1 {{(pid=96482) log_opt_values /opt/stack/data/venv/lib/python3.12/site-packages/oslo_config/cfg.py:3253}}
Jul 21 13:26:48.631786 np0000005558 nova-scheduler[96482]: DEBUG cotyledon.oslo_config_glue [-] oslo_messaging_rabbit.rabbit_stream_fanout = False {{(pid=96482) log_opt_values /opt/stack/data/venv/lib/python3.12/site-packages/oslo_config/cfg.py:3253}}
Jul 21 13:26:48.631786 np0000005558 nova-scheduler[96482]: DEBUG cotyledon.oslo_config_glue [-] oslo_messaging_rabbit.rabbit_transient_queues_ttl = 1800 {{(pid=96482) log_opt_values /opt/stack/data/venv/lib/python3.12/site-packages/oslo_config/cfg.py:3253}}
Jul 21 13:26:48.631786 np0000005558 nova-scheduler[96482]: DEBUG cotyledon.oslo_config_glue [-] oslo_messaging_rabbit.rabbit_transient_quorum_queue = False {{(pid=96482) log_opt_values /opt/stack/data/venv/lib/python3.12/site-packages/oslo_config/cfg.py:3253}}
Jul 21 13:26:48.631786 np0000005558 nova-scheduler[96482]: DEBUG cotyledon.oslo_config_glue [-] oslo_messaging_rabbit.rpc_conn_pool_size = 30 {{(pid=96482) log_opt_values /opt/stack/data/venv/lib/python3.12/site-packages/oslo_config/cfg.py:3253}}
Jul 21 13:26:48.631786 np0000005558 nova-scheduler[96482]: DEBUG cotyledon.oslo_config_glue [-] oslo_messaging_rabbit.ssl = False {{(pid=96482) log_opt_values /opt/stack/data/venv/lib/python3.12/site-packages/oslo_config/cfg.py:3253}}
Jul 21 13:26:48.631786 np0000005558 nova-scheduler[96482]: DEBUG cotyledon.oslo_config_glue [-] oslo_messaging_rabbit.ssl_ca_file = {{(pid=96482) log_opt_values /opt/stack/data/venv/lib/python3.12/site-packages/oslo_config/cfg.py:3253}}
Jul 21 13:26:48.631786 np0000005558 nova-scheduler[96482]: DEBUG cotyledon.oslo_config_glue [-] oslo_messaging_rabbit.ssl_cert_file = {{(pid=96482) log_opt_values /opt/stack/data/venv/lib/python3.12/site-packages/oslo_config/cfg.py:3253}}
Jul 21 13:26:48.631957 np0000005558 nova-scheduler[96482]: DEBUG cotyledon.oslo_config_glue [-] oslo_messaging_rabbit.ssl_enforce_fips_mode = False {{(pid=96482) log_opt_values /opt/stack/data/venv/lib/python3.12/site-packages/oslo_config/cfg.py:3253}}
Jul 21 13:26:48.631957 np0000005558 nova-scheduler[96482]: DEBUG cotyledon.oslo_config_glue [-] oslo_messaging_rabbit.ssl_enforce_hostname_verification = True {{(pid=96482) log_opt_values /opt/stack/data/venv/lib/python3.12/site-packages/oslo_config/cfg.py:3253}}
Jul 21 13:26:48.631957 np0000005558 nova-scheduler[96482]: DEBUG cotyledon.oslo_config_glue [-] oslo_messaging_rabbit.ssl_key_file = {{(pid=96482) log_opt_values /opt/stack/data/venv/lib/python3.12/site-packages/oslo_config/cfg.py:3253}}
Jul 21 13:26:48.631957 np0000005558 nova-scheduler[96482]: DEBUG cotyledon.oslo_config_glue [-] oslo_messaging_rabbit.ssl_version = {{(pid=96482) log_opt_values /opt/stack/data/venv/lib/python3.12/site-packages/oslo_config/cfg.py:3253}}
Jul 21 13:26:48.631957 np0000005558 nova-scheduler[96482]: DEBUG cotyledon.oslo_config_glue [-] oslo_messaging_rabbit.use_queue_manager = False {{(pid=96482) log_opt_values /opt/stack/data/venv/lib/python3.12/site-packages/oslo_config/cfg.py:3253}}
Jul 21 13:26:48.631957 np0000005558 nova-scheduler[96482]: DEBUG cotyledon.oslo_config_glue [-] oslo_messaging_notifications.driver = ['messagingv2'] {{(pid=96482) log_opt_values /opt/stack/data/venv/lib/python3.12/site-packages/oslo_config/cfg.py:3253}}
Jul 21 13:26:48.631957 np0000005558 nova-scheduler[96482]: DEBUG cotyledon.oslo_config_glue [-] oslo_messaging_notifications.retry = -1 {{(pid=96482) log_opt_values /opt/stack/data/venv/lib/python3.12/site-packages/oslo_config/cfg.py:3253}}
Jul 21 13:26:48.631957 np0000005558 nova-scheduler[96482]: DEBUG cotyledon.oslo_config_glue [-] oslo_messaging_notifications.topics = ['notifications'] {{(pid=96482) log_opt_values /opt/stack/data/venv/lib/python3.12/site-packages/oslo_config/cfg.py:3253}}
Jul 21 13:26:48.631957 np0000005558 nova-scheduler[96482]: DEBUG cotyledon.oslo_config_glue [-] oslo_messaging_notifications.transport_url = **** {{(pid=96482) log_opt_values /opt/stack/data/venv/lib/python3.12/site-packages/oslo_config/cfg.py:3253}}
Jul 21 13:26:48.632141 np0000005558 nova-scheduler[96482]: DEBUG cotyledon.oslo_config_glue [-] oslo_limit.auth_section = None {{(pid=96482) log_opt_values /opt/stack/data/venv/lib/python3.12/site-packages/oslo_config/cfg.py:3253}}
Jul 21 13:26:48.632141 np0000005558 nova-scheduler[96482]: DEBUG cotyledon.oslo_config_glue [-] oslo_limit.auth_type = None {{(pid=96482) log_opt_values /opt/stack/data/venv/lib/python3.12/site-packages/oslo_config/cfg.py:3253}}
Jul 21 13:26:48.632141 np0000005558 nova-scheduler[96482]: DEBUG cotyledon.oslo_config_glue [-] oslo_limit.cafile = None {{(pid=96482) log_opt_values /opt/stack/data/venv/lib/python3.12/site-packages/oslo_config/cfg.py:3253}}
Jul 21 13:26:48.632141 np0000005558 nova-scheduler[96482]: DEBUG cotyledon.oslo_config_glue [-] oslo_limit.certfile = None {{(pid=96482) log_opt_values /opt/stack/data/venv/lib/python3.12/site-packages/oslo_config/cfg.py:3253}}
Jul 21 13:26:48.632141 np0000005558 nova-scheduler[96482]: DEBUG cotyledon.oslo_config_glue [-] oslo_limit.collect_timing = False {{(pid=96482) log_opt_values /opt/stack/data/venv/lib/python3.12/site-packages/oslo_config/cfg.py:3253}}
Jul 21 13:26:48.632141 np0000005558 nova-scheduler[96482]: DEBUG cotyledon.oslo_config_glue [-] oslo_limit.connect_retries = None {{(pid=96482) log_opt_values /opt/stack/data/venv/lib/python3.12/site-packages/oslo_config/cfg.py:3253}}
Jul 21 13:26:48.632141 np0000005558 nova-scheduler[96482]: DEBUG cotyledon.oslo_config_glue [-] oslo_limit.connect_retry_delay = None {{(pid=96482) log_opt_values /opt/stack/data/venv/lib/python3.12/site-packages/oslo_config/cfg.py:3253}}
Jul 21 13:26:48.632141 np0000005558 nova-scheduler[96482]: DEBUG cotyledon.oslo_config_glue [-] oslo_limit.endpoint_id = None {{(pid=96482) log_opt_values /opt/stack/data/venv/lib/python3.12/site-packages/oslo_config/cfg.py:3253}}
Jul 21 13:26:48.632141 np0000005558 nova-scheduler[96482]: DEBUG cotyledon.oslo_config_glue [-] oslo_limit.endpoint_interface = public {{(pid=96482) log_opt_values /opt/stack/data/venv/lib/python3.12/site-packages/oslo_config/cfg.py:3253}}
Jul 21 13:26:48.632336 np0000005558 nova-scheduler[96482]: DEBUG cotyledon.oslo_config_glue [-] oslo_limit.endpoint_override = None {{(pid=96482) log_opt_values /opt/stack/data/venv/lib/python3.12/site-packages/oslo_config/cfg.py:3253}}
Jul 21 13:26:48.632336 np0000005558 nova-scheduler[96482]: DEBUG cotyledon.oslo_config_glue [-] oslo_limit.endpoint_region_name = None {{(pid=96482) log_opt_values /opt/stack/data/venv/lib/python3.12/site-packages/oslo_config/cfg.py:3253}}
Jul 21 13:26:48.632336 np0000005558 nova-scheduler[96482]: DEBUG cotyledon.oslo_config_glue [-] oslo_limit.endpoint_service_name = None {{(pid=96482) log_opt_values /opt/stack/data/venv/lib/python3.12/site-packages/oslo_config/cfg.py:3253}}
Jul 21 13:26:48.632336 np0000005558 nova-scheduler[96482]: DEBUG cotyledon.oslo_config_glue [-] oslo_limit.endpoint_service_type = None {{(pid=96482) log_opt_values /opt/stack/data/venv/lib/python3.12/site-packages/oslo_config/cfg.py:3253}}
Jul 21 13:26:48.632336 np0000005558 nova-scheduler[96482]: DEBUG cotyledon.oslo_config_glue [-] oslo_limit.insecure = False {{(pid=96482) log_opt_values /opt/stack/data/venv/lib/python3.12/site-packages/oslo_config/cfg.py:3253}}
Jul 21 13:26:48.632336 np0000005558 nova-scheduler[96482]: DEBUG cotyledon.oslo_config_glue [-] oslo_limit.keyfile = None {{(pid=96482) log_opt_values /opt/stack/data/venv/lib/python3.12/site-packages/oslo_config/cfg.py:3253}}
Jul 21 13:26:48.632336 np0000005558 nova-scheduler[96482]: DEBUG cotyledon.oslo_config_glue [-] oslo_limit.max_version = None {{(pid=96482) log_opt_values /opt/stack/data/venv/lib/python3.12/site-packages/oslo_config/cfg.py:3253}}
Jul 21 13:26:48.632336 np0000005558 nova-scheduler[96482]: DEBUG cotyledon.oslo_config_glue [-] oslo_limit.min_version = None {{(pid=96482) log_opt_values /opt/stack/data/venv/lib/python3.12/site-packages/oslo_config/cfg.py:3253}}
Jul 21 13:26:48.632336 np0000005558 nova-scheduler[96482]: DEBUG cotyledon.oslo_config_glue [-] oslo_limit.region_name = None {{(pid=96482) log_opt_values /opt/stack/data/venv/lib/python3.12/site-packages/oslo_config/cfg.py:3253}}
Jul 21 13:26:48.632493 np0000005558 nova-scheduler[96482]: DEBUG cotyledon.oslo_config_glue [-] oslo_limit.retriable_status_codes = None {{(pid=96482) log_opt_values /opt/stack/data/venv/lib/python3.12/site-packages/oslo_config/cfg.py:3253}}
Jul 21 13:26:48.632493 np0000005558 nova-scheduler[96482]: DEBUG cotyledon.oslo_config_glue [-] oslo_limit.service_name = None {{(pid=96482) log_opt_values /opt/stack/data/venv/lib/python3.12/site-packages/oslo_config/cfg.py:3253}}
Jul 21 13:26:48.632493 np0000005558 nova-scheduler[96482]: DEBUG cotyledon.oslo_config_glue [-] oslo_limit.service_type = None {{(pid=96482) log_opt_values /opt/stack/data/venv/lib/python3.12/site-packages/oslo_config/cfg.py:3253}}
Jul 21 13:26:48.632493 np0000005558 nova-scheduler[96482]: DEBUG cotyledon.oslo_config_glue [-] oslo_limit.split_loggers = False {{(pid=96482) log_opt_values /opt/stack/data/venv/lib/python3.12/site-packages/oslo_config/cfg.py:3253}}
Jul 21 13:26:48.632493 np0000005558 nova-scheduler[96482]: DEBUG cotyledon.oslo_config_glue [-] oslo_limit.status_code_retries = None {{(pid=96482) log_opt_values /opt/stack/data/venv/lib/python3.12/site-packages/oslo_config/cfg.py:3253}}
Jul 21 13:26:48.632493 np0000005558 nova-scheduler[96482]: DEBUG cotyledon.oslo_config_glue [-] oslo_limit.status_code_retry_delay = None {{(pid=96482) log_opt_values /opt/stack/data/venv/lib/python3.12/site-packages/oslo_config/cfg.py:3253}}
Jul 21 13:26:48.632493 np0000005558 nova-scheduler[96482]: DEBUG cotyledon.oslo_config_glue [-] oslo_limit.timeout = None {{(pid=96482) log_opt_values /opt/stack/data/venv/lib/python3.12/site-packages/oslo_config/cfg.py:3253}}
Jul 21 13:26:48.632493 np0000005558 nova-scheduler[96482]: DEBUG cotyledon.oslo_config_glue [-] oslo_limit.valid_interfaces = None {{(pid=96482) log_opt_values /opt/stack/data/venv/lib/python3.12/site-packages/oslo_config/cfg.py:3253}}
Jul 21 13:26:48.632493 np0000005558 nova-scheduler[96482]: DEBUG cotyledon.oslo_config_glue [-] oslo_limit.version = None {{(pid=96482) log_opt_values /opt/stack/data/venv/lib/python3.12/site-packages/oslo_config/cfg.py:3253}}
Jul 21 13:26:48.632669 np0000005558 nova-scheduler[96482]: DEBUG cotyledon.oslo_config_glue [-] oslo_reports.file_event_handler = None {{(pid=96482) log_opt_values /opt/stack/data/venv/lib/python3.12/site-packages/oslo_config/cfg.py:3253}}
Jul 21 13:26:48.632669 np0000005558 nova-scheduler[96482]: DEBUG cotyledon.oslo_config_glue [-] oslo_reports.file_event_handler_interval = 1 {{(pid=96482) log_opt_values /opt/stack/data/venv/lib/python3.12/site-packages/oslo_config/cfg.py:3253}}
Jul 21 13:26:48.632669 np0000005558 nova-scheduler[96482]: DEBUG cotyledon.oslo_config_glue [-] oslo_reports.log_dir = None {{(pid=96482) log_opt_values /opt/stack/data/venv/lib/python3.12/site-packages/oslo_config/cfg.py:3253}}
Jul 21 13:26:48.632669 np0000005558 nova-scheduler[96482]: DEBUG cotyledon.oslo_config_glue [-] ******************************************************************************** {{(pid=96482) log_opt_values /opt/stack/data/venv/lib/python3.12/site-packages/oslo_config/cfg.py:3260}}
Jul 21 13:26:48.632669 np0000005558 nova-scheduler[96482]: DEBUG cotyledon._service_worker [-] Run service ServiceWrapper(3) [96482] {{(pid=96482) wait_forever /opt/stack/data/venv/lib/python3.12/site-packages/cotyledon/_service_worker.py:218}}
Jul 21 13:26:48.632669 np0000005558 nova-scheduler[96482]: INFO nova.service [-] Starting scheduler node (version 33.1.0)
Jul 21 13:26:48.632787 np0000005558 nova-scheduler[96476]: DEBUG nova.service [None req-3dd0b7ac-34ec-410c-b196-17b60b92f027 None None] Creating RPC server for service: nova-scheduler on topic: scheduler {{(pid=96476) start /opt/stack/nova/nova/service.py:196}}
Jul 21 13:26:48.633376 np0000005558 nova-scheduler[96482]: INFO dbcounter [None req-4873f577-0c21-4bc7-ae1e-64402c48fb7e None None] Registered counter for database nova_cell0
Jul 21 13:26:48.644910 np0000005558 nova-scheduler[96478]: DEBUG oslo_db.sqlalchemy.engines [None req-4ef653e9-deb9-4bcd-b359-1732f3d2dd36 None None] MySQL server mode set to STRICT_TRANS_TABLES,STRICT_ALL_TABLES,NO_ZERO_IN_DATE,NO_ZERO_DATE,ERROR_FOR_DIVISION_BY_ZERO,TRADITIONAL,NO_ENGINE_SUBSTITUTION {{(pid=96478) _check_effective_sql_mode /opt/stack/data/venv/lib/python3.12/site-packages/oslo_db/sqlalchemy/engines.py:325}}
Jul 21 13:26:48.651676 np0000005558 nova-scheduler[96480]: DEBUG oslo_db.sqlalchemy.engines [None req-dda2a67a-4024-438c-896b-440b3f8bd4f1 None None] MySQL server mode set to STRICT_TRANS_TABLES,STRICT_ALL_TABLES,NO_ZERO_IN_DATE,NO_ZERO_DATE,ERROR_FOR_DIVISION_BY_ZERO,TRADITIONAL,NO_ENGINE_SUBSTITUTION {{(pid=96480) _check_effective_sql_mode /opt/stack/data/venv/lib/python3.12/site-packages/oslo_db/sqlalchemy/engines.py:325}}
Jul 21 13:26:48.656559 np0000005558 nova-scheduler[96476]: DEBUG nova.service [None req-3dd0b7ac-34ec-410c-b196-17b60b92f027 None None] Join ServiceGroup membership for this service scheduler {{(pid=96476) start /opt/stack/nova/nova/service.py:222}}
Jul 21 13:26:48.656767 np0000005558 nova-scheduler[96476]: DEBUG nova.servicegroup.drivers.db [None req-3dd0b7ac-34ec-410c-b196-17b60b92f027 None None] DB_Driver: join new ServiceGroup member np0000005558 to the scheduler group, service = {{(pid=96476) join /opt/stack/nova/nova/servicegroup/drivers/db.py:44}}
Jul 21 13:26:48.658226 np0000005558 nova-scheduler[96478]: DEBUG dbcounter [-] [96478] Writer thread running {{(pid=96478) stat_writer /opt/stack/data/venv/lib/python3.12/site-packages/dbcounter.py:102}}
Jul 21 13:26:48.662928 np0000005558 nova-scheduler[96480]: DEBUG dbcounter [-] [96480] Writer thread running {{(pid=96480) stat_writer /opt/stack/data/venv/lib/python3.12/site-packages/dbcounter.py:102}}
Jul 21 13:26:48.662985 np0000005558 nova-scheduler[96478]: DEBUG nova.service [None req-4ef653e9-deb9-4bcd-b359-1732f3d2dd36 None None] Creating RPC server for service: nova-scheduler on topic: scheduler {{(pid=96478) start /opt/stack/nova/nova/service.py:196}}
Jul 21 13:26:48.666323 np0000005558 nova-scheduler[96480]: DEBUG nova.service [None req-dda2a67a-4024-438c-896b-440b3f8bd4f1 None None] Creating RPC server for service: nova-scheduler on topic: scheduler {{(pid=96480) start /opt/stack/nova/nova/service.py:196}}
Jul 21 13:26:48.679175 np0000005558 nova-scheduler[96482]: DEBUG oslo_db.sqlalchemy.engines [None req-4873f577-0c21-4bc7-ae1e-64402c48fb7e None None] MySQL server mode set to STRICT_TRANS_TABLES,STRICT_ALL_TABLES,NO_ZERO_IN_DATE,NO_ZERO_DATE,ERROR_FOR_DIVISION_BY_ZERO,TRADITIONAL,NO_ENGINE_SUBSTITUTION {{(pid=96482) _check_effective_sql_mode /opt/stack/data/venv/lib/python3.12/site-packages/oslo_db/sqlalchemy/engines.py:325}}
Jul 21 13:26:48.686903 np0000005558 nova-scheduler[96480]: DEBUG nova.service [None req-dda2a67a-4024-438c-896b-440b3f8bd4f1 None None] Join ServiceGroup membership for this service scheduler {{(pid=96480) start /opt/stack/nova/nova/service.py:222}}
Jul 21 13:26:48.687436 np0000005558 nova-scheduler[96480]: DEBUG nova.servicegroup.drivers.db [None req-dda2a67a-4024-438c-896b-440b3f8bd4f1 None None] DB_Driver: join new ServiceGroup member np0000005558 to the scheduler group, service = {{(pid=96480) join /opt/stack/nova/nova/servicegroup/drivers/db.py:44}}
Jul 21 13:26:48.688050 np0000005558 nova-scheduler[96478]: DEBUG nova.service [None req-4ef653e9-deb9-4bcd-b359-1732f3d2dd36 None None] Join ServiceGroup membership for this service scheduler {{(pid=96478) start /opt/stack/nova/nova/service.py:222}}
Jul 21 13:26:48.688299 np0000005558 nova-scheduler[96478]: DEBUG nova.servicegroup.drivers.db [None req-4ef653e9-deb9-4bcd-b359-1732f3d2dd36 None None] DB_Driver: join new ServiceGroup member np0000005558 to the scheduler group, service = {{(pid=96478) join /opt/stack/nova/nova/servicegroup/drivers/db.py:44}}
Jul 21 13:26:48.693347 np0000005558 nova-scheduler[96482]: DEBUG dbcounter [-] [96482] Writer thread running {{(pid=96482) stat_writer /opt/stack/data/venv/lib/python3.12/site-packages/dbcounter.py:102}}
Jul 21 13:26:48.696916 np0000005558 nova-scheduler[96482]: DEBUG nova.service [None req-4873f577-0c21-4bc7-ae1e-64402c48fb7e None None] Creating RPC server for service: nova-scheduler on topic: scheduler {{(pid=96482) start /opt/stack/nova/nova/service.py:196}}
Jul 21 13:26:48.717944 np0000005558 nova-scheduler[96482]: DEBUG nova.service [None req-4873f577-0c21-4bc7-ae1e-64402c48fb7e None None] Join ServiceGroup membership for this service scheduler {{(pid=96482) start /opt/stack/nova/nova/service.py:222}}
Jul 21 13:26:48.718192 np0000005558 nova-scheduler[96482]: DEBUG nova.servicegroup.drivers.db [None req-4873f577-0c21-4bc7-ae1e-64402c48fb7e None None] DB_Driver: join new ServiceGroup member np0000005558 to the scheduler group, service = {{(pid=96482) join /opt/stack/nova/nova/servicegroup/drivers/db.py:44}}
Jul 21 13:26:50.691012 np0000005558 nova-scheduler[96480]: DEBUG oslo.service.backend._threading.loopingcall [None req-c10b233c-15d4-4544-b1e2-6469948b8c49 None None] Dynamic interval looping call 'nova.service.Service.periodic_tasks' sleeping for 60.00 seconds {{(pid=96480) _run_loop /opt/stack/data/venv/lib/python3.12/site-packages/oslo_service/backend/_threading/loopingcall.py:125}}
Jul 21 13:26:52.691328 np0000005558 nova-scheduler[96478]: DEBUG oslo.service.backend._threading.loopingcall [None req-b05970e2-6e60-4e3a-a217-2260755ac2d9 None None] Dynamic interval looping call 'nova.service.Service.periodic_tasks' sleeping for 60.00 seconds {{(pid=96478) _run_loop /opt/stack/data/venv/lib/python3.12/site-packages/oslo_service/backend/_threading/loopingcall.py:125}}
Jul 21 13:26:53.672282 np0000005558 nova-scheduler[96476]: DEBUG oslo.service.backend._threading.loopingcall [-] Fixed interval looping call 'nova.servicegroup.drivers.db.DbDriver._report_state' sleeping for 119.99 seconds {{(pid=96476) _run_loop /opt/stack/data/venv/lib/python3.12/site-packages/oslo_service/backend/_threading/loopingcall.py:125}}
Jul 21 13:26:53.702714 np0000005558 nova-scheduler[96480]: DEBUG oslo.service.backend._threading.loopingcall [-] Fixed interval looping call 'nova.servicegroup.drivers.db.DbDriver._report_state' sleeping for 119.99 seconds {{(pid=96480) _run_loop /opt/stack/data/venv/lib/python3.12/site-packages/oslo_service/backend/_threading/loopingcall.py:125}}
Jul 21 13:26:53.703112 np0000005558 nova-scheduler[96478]: DEBUG oslo.service.backend._threading.loopingcall [-] Fixed interval looping call 'nova.servicegroup.drivers.db.DbDriver._report_state' sleeping for 119.99 seconds {{(pid=96478) _run_loop /opt/stack/data/venv/lib/python3.12/site-packages/oslo_service/backend/_threading/loopingcall.py:125}}
Jul 21 13:26:53.731342 np0000005558 nova-scheduler[96482]: DEBUG oslo.service.backend._threading.loopingcall [-] Fixed interval looping call 'nova.servicegroup.drivers.db.DbDriver._report_state' sleeping for 119.99 seconds {{(pid=96482) _run_loop /opt/stack/data/venv/lib/python3.12/site-packages/oslo_service/backend/_threading/loopingcall.py:125}}
Jul 21 13:26:57.230163 np0000005558 nova-scheduler[95284]: DEBUG dbcounter [-] [95284] Writing DB stats nova_api:SELECT=3 {{(pid=95284) stat_writer /opt/stack/data/venv/lib/python3.12/site-packages/dbcounter.py:115}}
Jul 21 13:26:57.366272 np0000005558 nova-scheduler[95284]: DEBUG dbcounter [-] [95284] Writing DB stats nova_cell1:SELECT=1 {{(pid=95284) stat_writer /opt/stack/data/venv/lib/python3.12/site-packages/dbcounter.py:115}}
Jul 21 13:26:57.369955 np0000005558 nova-scheduler[95284]: DEBUG dbcounter [-] [95284] Writing DB stats nova_cell0:SELECT=1 {{(pid=95284) stat_writer /opt/stack/data/venv/lib/python3.12/site-packages/dbcounter.py:115}}
Jul 21 13:27:03.667793 np0000005558 nova-scheduler[96476]: DEBUG dbcounter [-] [96476] Writing DB stats nova_cell0:SELECT=4,nova_cell0:INSERT=1,nova_cell0:UPDATE=1 {{(pid=96476) stat_writer /opt/stack/data/venv/lib/python3.12/site-packages/dbcounter.py:115}}
Jul 21 13:27:03.699450 np0000005558 nova-scheduler[96480]: DEBUG dbcounter [-] [96480] Writing DB stats nova_cell0:SELECT=3 {{(pid=96480) stat_writer /opt/stack/data/venv/lib/python3.12/site-packages/dbcounter.py:115}}
Jul 21 13:27:03.700704 np0000005558 nova-scheduler[96478]: DEBUG dbcounter [-] [96478] Writing DB stats nova_cell0:SELECT=3 {{(pid=96478) stat_writer /opt/stack/data/venv/lib/python3.12/site-packages/dbcounter.py:115}}
Jul 21 13:27:03.727603 np0000005558 nova-scheduler[96482]: DEBUG dbcounter [-] [96482] Writing DB stats nova_cell0:SELECT=3 {{(pid=96482) stat_writer /opt/stack/data/venv/lib/python3.12/site-packages/dbcounter.py:115}}
Jul 21 13:27:12.658668 np0000005558 nova-scheduler[96476]: DEBUG oslo.service.backend._threading.loopingcall [None req-a55c0ebd-ebba-44af-b21a-81b2d209d4b8 None None] Dynamic interval looping call 'nova.service.Service.periodic_tasks' sleeping for 60.00 seconds {{(pid=96476) _run_loop /opt/stack/data/venv/lib/python3.12/site-packages/oslo_service/backend/_threading/loopingcall.py:125}}
Jul 21 13:27:26.720410 np0000005558 nova-scheduler[96482]: DEBUG oslo.service.backend._threading.loopingcall [None req-9c336935-b159-496c-b54a-5a52aa6f181e None None] Dynamic interval looping call 'nova.service.Service.periodic_tasks' sleeping for 60.00 seconds {{(pid=96482) _run_loop /opt/stack/data/venv/lib/python3.12/site-packages/oslo_service/backend/_threading/loopingcall.py:125}}
Jul 21 13:27:50.691516 np0000005558 nova-scheduler[96480]: DEBUG oslo.service.backend._threading.loopingcall [None req-c10b233c-15d4-4544-b1e2-6469948b8c49 None None] Dynamic interval looping call 'nova.service.Service.periodic_tasks' sleeping for 60.00 seconds {{(pid=96480) _run_loop /opt/stack/data/venv/lib/python3.12/site-packages/oslo_service/backend/_threading/loopingcall.py:125}}
Jul 21 13:27:52.691779 np0000005558 nova-scheduler[96478]: DEBUG oslo.service.backend._threading.loopingcall [None req-b05970e2-6e60-4e3a-a217-2260755ac2d9 None None] Dynamic interval looping call 'nova.service.Service.periodic_tasks' sleeping for 60.00 seconds {{(pid=96478) _run_loop /opt/stack/data/venv/lib/python3.12/site-packages/oslo_service/backend/_threading/loopingcall.py:125}}
Jul 21 13:28:12.659272 np0000005558 nova-scheduler[96476]: DEBUG oslo.service.backend._threading.loopingcall [None req-a55c0ebd-ebba-44af-b21a-81b2d209d4b8 None None] Dynamic interval looping call 'nova.service.Service.periodic_tasks' sleeping for 60.00 seconds {{(pid=96476) _run_loop /opt/stack/data/venv/lib/python3.12/site-packages/oslo_service/backend/_threading/loopingcall.py:125}}
Jul 21 13:28:26.720944 np0000005558 nova-scheduler[96482]: DEBUG oslo.service.backend._threading.loopingcall [None req-9c336935-b159-496c-b54a-5a52aa6f181e None None] Dynamic interval looping call 'nova.service.Service.periodic_tasks' sleeping for 60.00 seconds {{(pid=96482) _run_loop /opt/stack/data/venv/lib/python3.12/site-packages/oslo_service/backend/_threading/loopingcall.py:125}}
Jul 21 13:28:50.692051 np0000005558 nova-scheduler[96480]: DEBUG oslo.service.backend._threading.loopingcall [None req-c10b233c-15d4-4544-b1e2-6469948b8c49 None None] Dynamic interval looping call 'nova.service.Service.periodic_tasks' sleeping for 60.00 seconds {{(pid=96480) _run_loop /opt/stack/data/venv/lib/python3.12/site-packages/oslo_service/backend/_threading/loopingcall.py:125}}
Jul 21 13:28:52.693628 np0000005558 nova-scheduler[96478]: DEBUG oslo.service.backend._threading.loopingcall [None req-b05970e2-6e60-4e3a-a217-2260755ac2d9 None None] Dynamic interval looping call 'nova.service.Service.periodic_tasks' sleeping for 60.00 seconds {{(pid=96478) _run_loop /opt/stack/data/venv/lib/python3.12/site-packages/oslo_service/backend/_threading/loopingcall.py:125}}
Jul 21 13:28:53.673844 np0000005558 nova-scheduler[96476]: DEBUG oslo.service.backend._threading.loopingcall [-] Fixed interval looping call 'nova.servicegroup.drivers.db.DbDriver._report_state' sleeping for 119.99 seconds {{(pid=96476) _run_loop /opt/stack/data/venv/lib/python3.12/site-packages/oslo_service/backend/_threading/loopingcall.py:125}}
Jul 21 13:28:53.697618 np0000005558 nova-scheduler[96478]: DEBUG oslo.service.backend._threading.loopingcall [-] Fixed interval looping call 'nova.servicegroup.drivers.db.DbDriver._report_state' sleeping for 120.00 seconds {{(pid=96478) _run_loop /opt/stack/data/venv/lib/python3.12/site-packages/oslo_service/backend/_threading/loopingcall.py:125}}
Jul 21 13:28:53.698050 np0000005558 nova-scheduler[96480]: DEBUG oslo.service.backend._threading.loopingcall [-] Fixed interval looping call 'nova.servicegroup.drivers.db.DbDriver._report_state' sleeping for 119.99 seconds {{(pid=96480) _run_loop /opt/stack/data/venv/lib/python3.12/site-packages/oslo_service/backend/_threading/loopingcall.py:125}}
Jul 21 13:28:53.727802 np0000005558 nova-scheduler[96482]: DEBUG oslo.service.backend._threading.loopingcall [-] Fixed interval looping call 'nova.servicegroup.drivers.db.DbDriver._report_state' sleeping for 119.99 seconds {{(pid=96482) _run_loop /opt/stack/data/venv/lib/python3.12/site-packages/oslo_service/backend/_threading/loopingcall.py:125}}
Jul 21 13:29:03.668472 np0000005558 nova-scheduler[96476]: DEBUG dbcounter [-] [96476] Writing DB stats nova_cell0:SELECT=1,nova_cell0:UPDATE=1 {{(pid=96476) stat_writer /opt/stack/data/venv/lib/python3.12/site-packages/dbcounter.py:115}}
Jul 21 13:29:03.695045 np0000005558 nova-scheduler[96478]: DEBUG dbcounter [-] [96478] Writing DB stats nova_cell0:SELECT=1 {{(pid=96478) stat_writer /opt/stack/data/venv/lib/python3.12/site-packages/dbcounter.py:115}}
Jul 21 13:29:03.695348 np0000005558 nova-scheduler[96480]: DEBUG dbcounter [-] [96480] Writing DB stats nova_cell0:SELECT=1 {{(pid=96480) stat_writer /opt/stack/data/venv/lib/python3.12/site-packages/dbcounter.py:115}}
Jul 21 13:29:03.723389 np0000005558 nova-scheduler[96482]: DEBUG dbcounter [-] [96482] Writing DB stats nova_cell0:SELECT=1 {{(pid=96482) stat_writer /opt/stack/data/venv/lib/python3.12/site-packages/dbcounter.py:115}}
Jul 21 13:29:08.928139 np0000005558 nova-scheduler[96476]: DEBUG nova.scheduler.manager [None req-d5148cb9-ba33-4b3d-ade6-51431bd520fc tempest-ServerActionsTestOtherB-270154749 tempest-ServerActionsTestOtherB-270154749-project-member] Starting to schedule for instances: ['918cc777-e2b0-4cae-9ac7-6ca785c909e9'] {{(pid=96476) select_destinations /opt/stack/nova/nova/scheduler/manager.py:209}}
Jul 21 13:29:08.928139 np0000005558 nova-scheduler[96476]: DEBUG nova.scheduler.request_filter [None req-d5148cb9-ba33-4b3d-ade6-51431bd520fc tempest-ServerActionsTestOtherB-270154749 tempest-ServerActionsTestOtherB-270154749-project-member] compute_status_filter request filter added forbidden trait COMPUTE_STATUS_DISABLED {{(pid=96476) compute_status_filter /opt/stack/nova/nova/scheduler/request_filter.py:253}}
Jul 21 13:29:08.928139 np0000005558 nova-scheduler[96476]: DEBUG nova.scheduler.request_filter [None req-d5148cb9-ba33-4b3d-ade6-51431bd520fc tempest-ServerActionsTestOtherB-270154749 tempest-ServerActionsTestOtherB-270154749-project-member] Request filter 'compute_status_filter' took 0.0 seconds {{(pid=96476) wrapper /opt/stack/nova/nova/scheduler/request_filter.py:46}}
Jul 21 13:29:08.928139 np0000005558 nova-scheduler[96476]: DEBUG nova.scheduler.request_filter [None req-d5148cb9-ba33-4b3d-ade6-51431bd520fc tempest-ServerActionsTestOtherB-270154749 tempest-ServerActionsTestOtherB-270154749-project-member] Request filter 'accelerators_filter' took 0.0 seconds {{(pid=96476) wrapper /opt/stack/nova/nova/scheduler/request_filter.py:46}}
Jul 21 13:29:08.928139 np0000005558 nova-scheduler[96476]: DEBUG nova.scheduler.request_filter [None req-d5148cb9-ba33-4b3d-ade6-51431bd520fc tempest-ServerActionsTestOtherB-270154749 tempest-ServerActionsTestOtherB-270154749-project-member] Request filter 'packed_virtqueue_filter' took 0.0 seconds {{(pid=96476) wrapper /opt/stack/nova/nova/scheduler/request_filter.py:46}}
Jul 21 13:29:08.929193 np0000005558 nova-scheduler[96476]: DEBUG nova.scheduler.request_filter [None req-d5148cb9-ba33-4b3d-ade6-51431bd520fc tempest-ServerActionsTestOtherB-270154749 tempest-ServerActionsTestOtherB-270154749-project-member] Request filter 'remote_managed_ports_filter' took 0.0 seconds {{(pid=96476) wrapper /opt/stack/nova/nova/scheduler/request_filter.py:46}}
Jul 21 13:29:08.929999 np0000005558 nova-scheduler[96476]: DEBUG nova.scheduler.request_filter [None req-d5148cb9-ba33-4b3d-ade6-51431bd520fc tempest-ServerActionsTestOtherB-270154749 tempest-ServerActionsTestOtherB-270154749-project-member] ephemeral_encryption_filter skipped {{(pid=96476) ephemeral_encryption_filter /opt/stack/nova/nova/scheduler/request_filter.py:426}}
Jul 21 13:29:08.930440 np0000005558 nova-scheduler[96476]: DEBUG nova.scheduler.request_filter [None req-d5148cb9-ba33-4b3d-ade6-51431bd520fc tempest-ServerActionsTestOtherB-270154749 tempest-ServerActionsTestOtherB-270154749-project-member] virtio_sound_filter skipped {{(pid=96476) virtio_sound_filter /opt/stack/nova/nova/scheduler/request_filter.py:460}}
Jul 21 13:29:08.930819 np0000005558 nova-scheduler[96476]: DEBUG nova.scheduler.request_filter [None req-d5148cb9-ba33-4b3d-ade6-51431bd520fc tempest-ServerActionsTestOtherB-270154749 tempest-ServerActionsTestOtherB-270154749-project-member] tpm_secret_security_filter skipped {{(pid=96476) tpm_secret_security_filter /opt/stack/nova/nova/scheduler/request_filter.py:477}}
Jul 21 13:29:09.500824 np0000005558 nova-scheduler[96476]: INFO nova.utils [None req-d5148cb9-ba33-4b3d-ade6-51431bd520fc tempest-ServerActionsTestOtherB-270154749 tempest-ServerActionsTestOtherB-270154749-project-member] The cell worker thread pool ForkProcess-1.cell_worker is initialized
Jul 21 13:29:09.501203 np0000005558 nova-scheduler[96476]: DEBUG oslo_concurrency.lockutils [None req-d5148cb9-ba33-4b3d-ade6-51431bd520fc tempest-ServerActionsTestOtherB-270154749 tempest-ServerActionsTestOtherB-270154749-project-member] Acquiring lock "f75d765c-6a38-4bd1-a632-bafddabe6198" by "nova.context.set_target_cell..get_or_set_cached_cell_and_set_connections" {{(pid=96476) inner /opt/stack/data/venv/lib/python3.12/site-packages/oslo_concurrency/lockutils.py:512}}
Jul 21 13:29:09.501401 np0000005558 nova-scheduler[96476]: DEBUG oslo_concurrency.lockutils [None req-d5148cb9-ba33-4b3d-ade6-51431bd520fc tempest-ServerActionsTestOtherB-270154749 tempest-ServerActionsTestOtherB-270154749-project-member] Lock "f75d765c-6a38-4bd1-a632-bafddabe6198" acquired by "nova.context.set_target_cell..get_or_set_cached_cell_and_set_connections" :: waited 0.000s {{(pid=96476) inner /opt/stack/data/venv/lib/python3.12/site-packages/oslo_concurrency/lockutils.py:525}}
Jul 21 13:29:09.503053 np0000005558 nova-scheduler[96476]: DEBUG oslo_concurrency.lockutils [None req-d5148cb9-ba33-4b3d-ade6-51431bd520fc tempest-ServerActionsTestOtherB-270154749 tempest-ServerActionsTestOtherB-270154749-project-member] Lock "f75d765c-6a38-4bd1-a632-bafddabe6198" "released" by "nova.context.set_target_cell..get_or_set_cached_cell_and_set_connections" :: held 0.002s {{(pid=96476) inner /opt/stack/data/venv/lib/python3.12/site-packages/oslo_concurrency/lockutils.py:544}}
Jul 21 13:29:09.507382 np0000005558 nova-scheduler[96476]: INFO dbcounter [None req-d5148cb9-ba33-4b3d-ade6-51431bd520fc tempest-ServerActionsTestOtherB-270154749 tempest-ServerActionsTestOtherB-270154749-project-member] Registered counter for database nova_cell1
Jul 21 13:29:09.553164 np0000005558 nova-scheduler[96476]: DEBUG oslo_db.sqlalchemy.engines [None req-d5148cb9-ba33-4b3d-ade6-51431bd520fc tempest-ServerActionsTestOtherB-270154749 tempest-ServerActionsTestOtherB-270154749-project-member] MySQL server mode set to STRICT_TRANS_TABLES,STRICT_ALL_TABLES,NO_ZERO_IN_DATE,NO_ZERO_DATE,ERROR_FOR_DIVISION_BY_ZERO,TRADITIONAL,NO_ENGINE_SUBSTITUTION {{(pid=96476) _check_effective_sql_mode /opt/stack/data/venv/lib/python3.12/site-packages/oslo_db/sqlalchemy/engines.py:325}}
Jul 21 13:29:09.563250 np0000005558 nova-scheduler[96476]: DEBUG dbcounter [-] [96476] Writer thread running {{(pid=96476) stat_writer /opt/stack/data/venv/lib/python3.12/site-packages/dbcounter.py:102}}
Jul 21 13:29:09.576388 np0000005558 nova-scheduler[96476]: DEBUG oslo_db.sqlalchemy.engines [None req-d5148cb9-ba33-4b3d-ade6-51431bd520fc tempest-ServerActionsTestOtherB-270154749 tempest-ServerActionsTestOtherB-270154749-project-member] Parent process 95284 forked (96476) with an open database connection, which is being discarded and recreated. {{(pid=96476) checkout /opt/stack/data/venv/lib/python3.12/site-packages/oslo_db/sqlalchemy/engines.py:402}}
Jul 21 13:29:09.639816 np0000005558 nova-scheduler[96476]: DEBUG dbcounter [-] [96476] Writer thread running {{(pid=96476) stat_writer /opt/stack/data/venv/lib/python3.12/site-packages/dbcounter.py:102}}
