Jul 21 13:26:22.720940 np0000005558 devstack@neutron-api.service[90698]: INFO neutron.api.extensions [None req-c23123c5-0a40-468a-b834-d13e6f3ed161 None None] Loaded extension: subnet_allocation
Jul 21 13:26:22.721037 np0000005558 devstack@neutron-api.service[90698]: DEBUG neutron.api.extensions [None req-c23123c5-0a40-468a-b834-d13e6f3ed161 None None] Loading extension file: subnetpool_prefix_ops.py {{(pid=90698) _load_all_extensions_from_path /opt/stack/neutron/neutron/api/extensions.py:449}}
Jul 21 13:26:22.721163 np0000005558 devstack@neutron-api.service[90696]: DEBUG neutron.api.extensions [None req-4279502b-044a-46c4-bd6f-d366e035e37b None None] Extended resource: network-ip-availabilities {{(pid=90696) __init__ /opt/stack/neutron/neutron/api/extensions.py:156}}
Jul 21 13:26:22.721307 np0000005558 devstack@neutron-api.service[90698]: DEBUG neutron.api.extensions [None req-c23123c5-0a40-468a-b834-d13e6f3ed161 None None] Ext name="Subnet Pool Prefix Operations" alias="subnetpool-prefix-ops" description="Provides support for adjusting the prefix list of subnet pools" updated="2019-02-08T10:00:00-00:00" {{(pid=90698) _check_extension /opt/stack/neutron/neutron/api/extensions.py:415}}
Jul 21 13:26:22.721509 np0000005558 devstack@neutron-api.service[90698]: INFO neutron.api.extensions [None req-c23123c5-0a40-468a-b834-d13e6f3ed161 None None] Loaded extension: subnetpool-prefix-ops
Jul 21 13:26:22.721604 np0000005558 devstack@neutron-api.service[90698]: DEBUG neutron.api.extensions [None req-c23123c5-0a40-468a-b834-d13e6f3ed161 None None] Loading extension file: tag_creation.py {{(pid=90698) _load_all_extensions_from_path /opt/stack/neutron/neutron/api/extensions.py:449}}
Jul 21 13:26:22.721842 np0000005558 devstack@neutron-api.service[90698]: DEBUG neutron.api.extensions [None req-c23123c5-0a40-468a-b834-d13e6f3ed161 None None] Ext name="Tag creation extension" alias="tag-creation" description="Allow to create multiple tags for a resource" updated="2024-23-07T10:00:00-00:00" {{(pid=90698) _check_extension /opt/stack/neutron/neutron/api/extensions.py:415}}
Jul 21 13:26:22.721967 np0000005558 devstack@neutron-api.service[90698]: INFO neutron.api.extensions [None req-c23123c5-0a40-468a-b834-d13e6f3ed161 None None] Loaded extension: tag-creation
Jul 21 13:26:22.722023 np0000005558 devstack@neutron-api.service[90698]: DEBUG neutron.api.extensions [None req-c23123c5-0a40-468a-b834-d13e6f3ed161 None None] Loading extension file: tag_ports_during_bulk_creation.py {{(pid=90698) _load_all_extensions_from_path /opt/stack/neutron/neutron/api/extensions.py:449}}
Jul 21 13:26:22.722250 np0000005558 devstack@neutron-api.service[90698]: DEBUG neutron.api.extensions [None req-c23123c5-0a40-468a-b834-d13e6f3ed161 None None] Ext name="Tag Ports During Bulk Creation" alias="tag-ports-during-bulk-creation" description="Allow to tag ports during bulk creation" updated="2019-12-29T19:00:00-00:00" {{(pid=90698) _check_extension /opt/stack/neutron/neutron/api/extensions.py:415}}
Jul 21 13:26:22.722422 np0000005558 devstack@neutron-api.service[90698]: INFO neutron.api.extensions [None req-c23123c5-0a40-468a-b834-d13e6f3ed161 None None] Extension tag-ports-during-bulk-creation not supported by any of loaded plugins
Jul 21 13:26:22.722422 np0000005558 devstack@neutron-api.service[90698]: DEBUG neutron.api.extensions [None req-c23123c5-0a40-468a-b834-d13e6f3ed161 None None] Loading extension file: tagging.py {{(pid=90698) _load_all_extensions_from_path /opt/stack/neutron/neutron/api/extensions.py:449}}
Jul 21 13:26:22.722652 np0000005558 devstack@neutron-api.service[90696]: DEBUG neutron.api.extensions [None req-4279502b-044a-46c4-bd6f-d366e035e37b None None] Extended resource: bindings {{(pid=90696) __init__ /opt/stack/neutron/neutron/api/extensions.py:156}}
Jul 21 13:26:22.723146 np0000005558 devstack@neutron-api.service[90696]: DEBUG neutron.api.extensions [None req-4279502b-044a-46c4-bd6f-d366e035e37b None None] Extended resource: quotas {{(pid=90696) __init__ /opt/stack/neutron/neutron/api/extensions.py:156}}
Jul 21 13:26:22.723649 np0000005558 devstack@neutron-api.service[90698]: DEBUG neutron.api.extensions [None req-c23123c5-0a40-468a-b834-d13e6f3ed161 None None] Ext name="Tag support for resources with standard attribute: port, subnet, subnetpool, network, security_group, router, floatingip, policy, trunk, network_segment_range" alias="standard-attr-tag" description="Enables to set tag on resources with standard attribute." updated="2017-01-01T00:00:00-00:00" {{(pid=90698) _check_extension /opt/stack/neutron/neutron/api/extensions.py:415}}
Jul 21 13:26:22.723784 np0000005558 devstack@neutron-api.service[90696]: DEBUG neutron.api.extensions [None req-4279502b-044a-46c4-bd6f-d366e035e37b None None] Extended resource: quotas {{(pid=90696) __init__ /opt/stack/neutron/neutron/api/extensions.py:156}}
Jul 21 13:26:22.723841 np0000005558 devstack@neutron-api.service[90698]: INFO neutron.api.extensions [None req-c23123c5-0a40-468a-b834-d13e6f3ed161 None None] Loaded extension: standard-attr-tag
Jul 21 13:26:22.723841 np0000005558 devstack@neutron-api.service[90698]: DEBUG neutron.api.extensions [None req-c23123c5-0a40-468a-b834-d13e6f3ed161 None None] Loading extension file: timestamp.py {{(pid=90698) _load_all_extensions_from_path /opt/stack/neutron/neutron/api/extensions.py:449}}
Jul 21 13:26:22.724068 np0000005558 devstack@neutron-api.service[90698]: DEBUG neutron.api.extensions [None req-c23123c5-0a40-468a-b834-d13e6f3ed161 None None] Ext name="Resource timestamps" alias="standard-attr-timestamp" description="Adds created_at and updated_at fields to all Neutron resources that have Neutron standard attributes." updated="2016-09-12T10:00:00-00:00" {{(pid=90698) _check_extension /opt/stack/neutron/neutron/api/extensions.py:415}}
Jul 21 13:26:22.724435 np0000005558 devstack@neutron-api.service[90698]: INFO neutron.api.extensions [None req-c23123c5-0a40-468a-b834-d13e6f3ed161 None None] Loaded extension: standard-attr-timestamp
Jul 21 13:26:22.724435 np0000005558 devstack@neutron-api.service[90698]: DEBUG neutron.api.extensions [None req-c23123c5-0a40-468a-b834-d13e6f3ed161 None None] Loading extension file: trunk.py {{(pid=90698) _load_all_extensions_from_path /opt/stack/neutron/neutron/api/extensions.py:449}}
Jul 21 13:26:22.724599 np0000005558 devstack@neutron-api.service[90696]: DEBUG neutron.api.extensions [None req-4279502b-044a-46c4-bd6f-d366e035e37b None None] Extended resource: rbac-policies {{(pid=90696) __init__ /opt/stack/neutron/neutron/api/extensions.py:156}}
Jul 21 13:26:22.724655 np0000005558 devstack@neutron-api.service[90698]: DEBUG neutron.api.extensions [None req-c23123c5-0a40-468a-b834-d13e6f3ed161 None None] Ext name="Trunk Extension" alias="trunk" description="Provides support for trunk ports" updated="2016-01-01T10:00:00-00:00" {{(pid=90698) _check_extension /opt/stack/neutron/neutron/api/extensions.py:415}}
Jul 21 13:26:22.724713 np0000005558 devstack@neutron-api.service[90698]: INFO neutron.api.extensions [None req-c23123c5-0a40-468a-b834-d13e6f3ed161 None None] Extension trunk not supported by any of loaded plugins
Jul 21 13:26:22.724789 np0000005558 devstack@neutron-api.service[90698]: DEBUG neutron.api.extensions [None req-c23123c5-0a40-468a-b834-d13e6f3ed161 None None] Loading extension file: trunk_details.py {{(pid=90698) _load_all_extensions_from_path /opt/stack/neutron/neutron/api/extensions.py:449}}
Jul 21 13:26:22.724889 np0000005558 devstack@neutron-api.service[90696]: DEBUG neutron.api.extensions [None req-4279502b-044a-46c4-bd6f-d366e035e37b None None] Extended resource: default-security-group-rules {{(pid=90696) __init__ /opt/stack/neutron/neutron/api/extensions.py:156}}
Jul 21 13:26:22.724994 np0000005558 devstack@neutron-api.service[90698]: DEBUG neutron.api.extensions [None req-c23123c5-0a40-468a-b834-d13e6f3ed161 None None] Ext name="Trunk port details" alias="trunk-details" description="Expose trunk port details" updated="2016-01-01T10:00:00-00:00" {{(pid=90698) _check_extension /opt/stack/neutron/neutron/api/extensions.py:415}}
Jul 21 13:26:22.725191 np0000005558 devstack@neutron-api.service[90698]: INFO neutron.api.extensions [None req-c23123c5-0a40-468a-b834-d13e6f3ed161 None None] Extension trunk-details not supported by any of loaded plugins
Jul 21 13:26:22.725278 np0000005558 devstack@neutron-api.service[90698]: DEBUG neutron.api.extensions [None req-c23123c5-0a40-468a-b834-d13e6f3ed161 None None] Loading extension file: uplink_status_propagation.py {{(pid=90698) _load_all_extensions_from_path /opt/stack/neutron/neutron/api/extensions.py:449}}
Jul 21 13:26:22.725330 np0000005558 devstack@neutron-api.service[90696]: DEBUG neutron.api.extensions [None req-4279502b-044a-46c4-bd6f-d366e035e37b None None] Extended resource: security-groups-default-statefulness {{(pid=90696) __init__ /opt/stack/neutron/neutron/api/extensions.py:156}}
Jul 21 13:26:22.725498 np0000005558 devstack@neutron-api.service[90698]: DEBUG neutron.api.extensions [None req-c23123c5-0a40-468a-b834-d13e6f3ed161 None None] Ext name="Uplink status propagation extension" alias="uplink-status-propagation" description="Provides ability to propagate port uplink status." updated="2018-05-31T18:00:00-00:00" {{(pid=90698) _check_extension /opt/stack/neutron/neutron/api/extensions.py:415}}
Jul 21 13:26:22.725634 np0000005558 devstack@neutron-api.service[90698]: INFO neutron.api.extensions [None req-c23123c5-0a40-468a-b834-d13e6f3ed161 None None] Extension uplink-status-propagation not supported by any of loaded plugins
Jul 21 13:26:22.725762 np0000005558 devstack@neutron-api.service[90698]: DEBUG neutron.api.extensions [None req-c23123c5-0a40-468a-b834-d13e6f3ed161 None None] Loading extension file: uplink_status_propagation_updatable.py {{(pid=90698) _load_all_extensions_from_path /opt/stack/neutron/neutron/api/extensions.py:449}}
Jul 21 13:26:22.725842 np0000005558 devstack@neutron-api.service[90696]: DEBUG neutron.api.extensions [None req-4279502b-044a-46c4-bd6f-d366e035e37b None None] Extended resource: security-groups {{(pid=90696) __init__ /opt/stack/neutron/neutron/api/extensions.py:156}}
Jul 21 13:26:22.725987 np0000005558 devstack@neutron-api.service[90698]: DEBUG neutron.api.extensions [None req-c23123c5-0a40-468a-b834-d13e6f3ed161 None None] Ext name="Uplink status propagation updatable extension" alias="uplink-status-propagation-updatable" description="Provides ability to update the port uplink status." updated="2024-09-03T18:00:00-00:00" {{(pid=90698) _check_extension /opt/stack/neutron/neutron/api/extensions.py:415}}
Jul 21 13:26:22.726109 np0000005558 devstack@neutron-api.service[90698]: INFO neutron.api.extensions [None req-c23123c5-0a40-468a-b834-d13e6f3ed161 None None] Extension uplink-status-propagation-updatable not supported by any of loaded plugins
Jul 21 13:26:22.726204 np0000005558 devstack@neutron-api.service[90698]: DEBUG neutron.api.extensions [None req-c23123c5-0a40-468a-b834-d13e6f3ed161 None None] Loading extension file: vlantransparent.py {{(pid=90698) _load_all_extensions_from_path /opt/stack/neutron/neutron/api/extensions.py:449}}
Jul 21 13:26:22.726270 np0000005558 devstack@neutron-api.service[90696]: DEBUG neutron.api.extensions [None req-4279502b-044a-46c4-bd6f-d366e035e37b None None] Extended resource: security-group-rules {{(pid=90696) __init__ /opt/stack/neutron/neutron/api/extensions.py:156}}
Jul 21 13:26:22.726669 np0000005558 devstack@neutron-api.service[90696]: DEBUG neutron.api.extensions [None req-4279502b-044a-46c4-bd6f-d366e035e37b None None] Extended resource: service-providers {{(pid=90696) __init__ /opt/stack/neutron/neutron/api/extensions.py:156}}
Jul 21 13:26:22.726726 np0000005558 devstack@neutron-api.service[90698]: DEBUG neutron.api.extensions [None req-c23123c5-0a40-468a-b834-d13e6f3ed161 None None] Ext name="Vlantransparent" alias="vlan-transparent" description="Provides Vlan Transparent Networks" updated="2015-03-23T09:00:00-00:00" {{(pid=90698) _check_extension /opt/stack/neutron/neutron/api/extensions.py:415}}
Jul 21 13:26:22.726803 np0000005558 devstack@neutron-api.service[90698]: INFO neutron.api.extensions [None req-c23123c5-0a40-468a-b834-d13e6f3ed161 None None] Loaded extension: vlan-transparent
Jul 21 13:26:22.727178 np0000005558 devstack@neutron-api.service[90696]: DEBUG neutron.api.extensions [None req-4279502b-044a-46c4-bd6f-d366e035e37b None None] Extended resource: subnetpools {{(pid=90696) __init__ /opt/stack/neutron/neutron/api/extensions.py:156}}
Jul 21 13:26:22.728055 np0000005558 devstack@neutron-api.service[90696]: DEBUG neutron.api.extensions [None req-4279502b-044a-46c4-bd6f-d366e035e37b None None] Extended resource: subnetpools {{(pid=90696) __init__ /opt/stack/neutron/neutron/api/extensions.py:156}}
Jul 21 13:26:22.728055 np0000005558 devstack@neutron-api.service[90696]: DEBUG neutron.api.extensions [None req-4279502b-044a-46c4-bd6f-d366e035e37b None None] Extended resource: tags {{(pid=90696) __init__ /opt/stack/neutron/neutron/api/extensions.py:156}}
Jul 21 13:26:22.728392 np0000005558 devstack@neutron-api.service[90698]: INFO neutron.quota.resource_registry [None req-c23123c5-0a40-468a-b834-d13e6f3ed161 None None] Creating instance of TrackedResource for resource:network
Jul 21 13:26:22.728646 np0000005558 devstack@neutron-api.service[90698]: INFO neutron.quota.resource_registry [None req-c23123c5-0a40-468a-b834-d13e6f3ed161 None None] Creating instance of TrackedResource for resource:subnet
Jul 21 13:26:22.728707 np0000005558 devstack@neutron-api.service[90696]: DEBUG neutron.api.extensions [None req-4279502b-044a-46c4-bd6f-d366e035e37b None None] Extended resource: tags {{(pid=90696) __init__ /opt/stack/neutron/neutron/api/extensions.py:156}}
Jul 21 13:26:22.728785 np0000005558 devstack@neutron-api.service[90698]: INFO neutron.quota.resource_registry [None req-c23123c5-0a40-468a-b834-d13e6f3ed161 None None] Creating instance of TrackedResource for resource:subnetpool
Jul 21 13:26:22.728906 np0000005558 devstack@neutron-api.service[90698]: INFO neutron.quota.resource_registry [None req-c23123c5-0a40-468a-b834-d13e6f3ed161 None None] Creating instance of TrackedResource for resource:port
Jul 21 13:26:22.729365 np0000005558 devstack@neutron-api.service[90696]: DEBUG neutron.api.extensions [None req-4279502b-044a-46c4-bd6f-d366e035e37b None None] Extended resource: tags {{(pid=90696) __init__ /opt/stack/neutron/neutron/api/extensions.py:156}}
Jul 21 13:26:22.730324 np0000005558 devstack@neutron-api.service[90696]: DEBUG neutron.api.extensions [None req-4279502b-044a-46c4-bd6f-d366e035e37b None None] Extended resource: tags {{(pid=90696) __init__ /opt/stack/neutron/neutron/api/extensions.py:156}}
Jul 21 13:26:22.730530 np0000005558 devstack@neutron-api.service[90698]: INFO neutron.quota.resource_registry [None req-c23123c5-0a40-468a-b834-d13e6f3ed161 None None] Creating instance of CountableResource for resource:router_route
Jul 21 13:26:22.730580 np0000005558 devstack@neutron-api.service[90696]: DEBUG neutron.api.extensions [None req-4279502b-044a-46c4-bd6f-d366e035e37b None None] Extended resource: tags {{(pid=90696) __init__ /opt/stack/neutron/neutron/api/extensions.py:156}}
Jul 21 13:26:22.731039 np0000005558 devstack@neutron-api.service[90698]: DEBUG neutron.api.v2.resource_helper [None req-c23123c5-0a40-468a-b834-d13e6f3ed161 None None] Service L3_ROUTER_NAT assigned prefix: {{(pid=90698) build_resource_info /opt/stack/neutron/neutron/api/v2/resource_helper.py:77}}
Jul 21 13:26:22.731213 np0000005558 devstack@neutron-api.service[90696]: DEBUG neutron.api.extensions [None req-4279502b-044a-46c4-bd6f-d366e035e37b None None] Extended resource: tags {{(pid=90696) __init__ /opt/stack/neutron/neutron/api/extensions.py:156}}
Jul 21 13:26:22.731293 np0000005558 devstack@neutron-api.service[90698]: DEBUG neutron.api.v2.resource_helper [None req-c23123c5-0a40-468a-b834-d13e6f3ed161 None None] Service FLAVORS assigned prefix: {{(pid=90698) build_resource_info /opt/stack/neutron/neutron/api/v2/resource_helper.py:77}}
Jul 21 13:26:22.731780 np0000005558 devstack@neutron-api.service[90696]: DEBUG neutron.api.extensions [None req-4279502b-044a-46c4-bd6f-d366e035e37b None None] Extended resource: tags {{(pid=90696) __init__ /opt/stack/neutron/neutron/api/extensions.py:156}}
Jul 21 13:26:22.732257 np0000005558 devstack@neutron-api.service[90698]: DEBUG neutron.api.v2.resource_helper [None req-c23123c5-0a40-468a-b834-d13e6f3ed161 None None] Service L3_ROUTER_NAT assigned prefix: {{(pid=90698) build_resource_info /opt/stack/neutron/neutron/api/v2/resource_helper.py:77}}
Jul 21 13:26:22.732471 np0000005558 devstack@neutron-api.service[90696]: DEBUG neutron.api.extensions [None req-4279502b-044a-46c4-bd6f-d366e035e37b None None] Extended resource: tags {{(pid=90696) __init__ /opt/stack/neutron/neutron/api/extensions.py:156}}
Jul 21 13:26:22.732868 np0000005558 devstack@neutron-api.service[90698]: DEBUG neutron.api.v2.resource_helper [None req-c23123c5-0a40-468a-b834-d13e6f3ed161 None None] Service L3_ROUTER_NAT assigned prefix: {{(pid=90698) build_resource_info /opt/stack/neutron/neutron/api/v2/resource_helper.py:77}}
Jul 21 13:26:22.732984 np0000005558 devstack@neutron-api.service[90698]: INFO neutron.quota.resource_registry [None req-c23123c5-0a40-468a-b834-d13e6f3ed161 None None] Creating instance of TrackedResource for resource:router
Jul 21 13:26:22.733072 np0000005558 devstack@neutron-api.service[90696]: DEBUG neutron.api.extensions [None req-4279502b-044a-46c4-bd6f-d366e035e37b None None] Extended resource: tags {{(pid=90696) __init__ /opt/stack/neutron/neutron/api/extensions.py:156}}
Jul 21 13:26:22.733506 np0000005558 devstack@neutron-api.service[90698]: INFO neutron.quota.resource_registry [None req-c23123c5-0a40-468a-b834-d13e6f3ed161 None None] Creating instance of TrackedResource for resource:floatingip
Jul 21 13:26:22.733772 np0000005558 devstack@neutron-api.service[90696]: DEBUG neutron.api.extensions [None req-4279502b-044a-46c4-bd6f-d366e035e37b None None] Extended resource: tags {{(pid=90696) __init__ /opt/stack/neutron/neutron/api/extensions.py:156}}
Jul 21 13:26:22.734918 np0000005558 devstack@neutron-api.service[90698]: INFO neutron.quota.resource_registry [None req-c23123c5-0a40-468a-b834-d13e6f3ed161 None None] Creating instance of CountableResource for resource:rbac_policy
Jul 21 13:26:22.735540 np0000005558 devstack@neutron-api.service[90698]: INFO neutron.quota.resource_registry [None req-c23123c5-0a40-468a-b834-d13e6f3ed161 None None] Creating instance of TrackedResource for resource:security_group
Jul 21 13:26:22.735793 np0000005558 devstack@neutron-api.service[90698]: INFO neutron.quota.resource_registry [None req-c23123c5-0a40-468a-b834-d13e6f3ed161 None None] Creating instance of TrackedResource for resource:security_group_rule
Jul 21 13:26:22.736736 np0000005558 devstack@neutron-api.service[90698]: DEBUG neutron.api.v2.resource_helper [None req-c23123c5-0a40-468a-b834-d13e6f3ed161 None None] Service CORE assigned prefix: {{(pid=90698) build_resource_info /opt/stack/neutron/neutron/api/v2/resource_helper.py:77}}
Jul 21 13:26:22.736736 np0000005558 devstack@neutron-api.service[90698]: INFO neutron.quota.resource_registry [None req-c23123c5-0a40-468a-b834-d13e6f3ed161 None None] Creating instance of TrackedResource for resource:subnetpool
Jul 21 13:26:22.736736 np0000005558 devstack@neutron-api.service[90698]: WARNING neutron.quota.resource_registry [None req-c23123c5-0a40-468a-b834-d13e6f3ed161 None None] subnetpool is already registered
Jul 21 13:26:22.737049 np0000005558 devstack@neutron-api.service[90698]: DEBUG neutron.api.v2.resource_helper [None req-c23123c5-0a40-468a-b834-d13e6f3ed161 None None] Service CORE assigned prefix: {{(pid=90698) build_resource_info /opt/stack/neutron/neutron/api/v2/resource_helper.py:77}}
Jul 21 13:26:22.737859 np0000005558 devstack@neutron-api.service[90698]: INFO neutron.quota.resource_registry [None req-c23123c5-0a40-468a-b834-d13e6f3ed161 None None] Creating instance of TrackedResource for resource:subnetpool
Jul 21 13:26:22.737859 np0000005558 devstack@neutron-api.service[90698]: WARNING neutron.quota.resource_registry [None req-c23123c5-0a40-468a-b834-d13e6f3ed161 None None] subnetpool is already registered
Jul 21 13:26:22.739528 np0000005558 devstack@neutron-api.service[90698]: INFO neutron.quota.resource_registry [None req-c23123c5-0a40-468a-b834-d13e6f3ed161 None None] Creating instance of CountableResource for resource:router_route
Jul 21 13:26:22.739655 np0000005558 devstack@neutron-api.service[90698]: WARNING neutron.quota.resource_registry [None req-c23123c5-0a40-468a-b834-d13e6f3ed161 None None] router_route is already registered
Jul 21 13:26:22.739812 np0000005558 devstack@neutron-api.service[90698]: DEBUG neutron.api.v2.resource_helper [None req-c23123c5-0a40-468a-b834-d13e6f3ed161 None None] Service L3_ROUTER_NAT assigned prefix: {{(pid=90698) build_resource_info /opt/stack/neutron/neutron/api/v2/resource_helper.py:77}}
Jul 21 13:26:22.740476 np0000005558 devstack@neutron-api.service[90698]: DEBUG neutron.api.v2.resource_helper [None req-c23123c5-0a40-468a-b834-d13e6f3ed161 None None] Service FLAVORS assigned prefix: {{(pid=90698) build_resource_info /opt/stack/neutron/neutron/api/v2/resource_helper.py:77}}
Jul 21 13:26:22.741350 np0000005558 devstack@neutron-api.service[90698]: DEBUG neutron.api.v2.resource_helper [None req-c23123c5-0a40-468a-b834-d13e6f3ed161 None None] Service L3_ROUTER_NAT assigned prefix: {{(pid=90698) build_resource_info /opt/stack/neutron/neutron/api/v2/resource_helper.py:77}}
Jul 21 13:26:22.741350 np0000005558 devstack@neutron-api.service[90698]: DEBUG neutron.api.v2.resource_helper [None req-c23123c5-0a40-468a-b834-d13e6f3ed161 None None] Service L3_ROUTER_NAT assigned prefix: {{(pid=90698) build_resource_info /opt/stack/neutron/neutron/api/v2/resource_helper.py:77}}
Jul 21 13:26:22.741350 np0000005558 devstack@neutron-api.service[90698]: INFO neutron.quota.resource_registry [None req-c23123c5-0a40-468a-b834-d13e6f3ed161 None None] Creating instance of TrackedResource for resource:router
Jul 21 13:26:22.741534 np0000005558 devstack@neutron-api.service[90698]: WARNING neutron.quota.resource_registry [None req-c23123c5-0a40-468a-b834-d13e6f3ed161 None None] router is already registered
Jul 21 13:26:22.741908 np0000005558 devstack@neutron-api.service[90698]: INFO neutron.quota.resource_registry [None req-c23123c5-0a40-468a-b834-d13e6f3ed161 None None] Creating instance of TrackedResource for resource:floatingip
Jul 21 13:26:22.742053 np0000005558 devstack@neutron-api.service[90698]: WARNING neutron.quota.resource_registry [None req-c23123c5-0a40-468a-b834-d13e6f3ed161 None None] floatingip is already registered
Jul 21 13:26:22.742249 np0000005558 devstack@neutron-api.service[90696]: DEBUG neutron_lib.callbacks.manager [None req-4279502b-044a-46c4-bd6f-d366e035e37b None None] Publish callbacks ['neutron.plugins.ml2.drivers.ovn.mech_driver.mech_driver.OVNMechanismDriver.pre_fork_initialize-384266'] for process (None), before_spawn {{(pid=90696) _notify_loop /opt/stack/data/venv/lib/python3.12/site-packages/neutron_lib/callbacks/manager.py:184}}
Jul 21 13:26:22.742627 np0000005558 devstack@neutron-api.service[90696]: DEBUG oslo_concurrency.processutils [None req-4279502b-044a-46c4-bd6f-d366e035e37b None None] Running cmd (subprocess): ovsdb-client transact ssl:10.4.3.203:6641 --timeout 180 -p /opt/stack/data/CA/int-ca/private/devstack-cert.key -c /opt/stack/data/CA/int-ca/devstack-cert.crt -C /opt/stack/data/CA/int-ca/ca-chain.pem ["OVN_Northbound", {"op": "wait", "timeout": 0, "table": "Port_Group", "where": [["name", "==", "neutron_pg_drop"]], "until": "==", "rows": []}, {"op": "insert", "table": "ACL", "row": {"action": "drop", "direction": "to-lport", "match": "outport == @neutron_pg_drop && ip", "priority": 1001}, "uuid-name": "droptoport"}, {"op": "insert", "table": "ACL", "row": {"action": "drop", "direction": "from-lport", "match": "inport == @neutron_pg_drop && ip", "priority": 1001}, "uuid-name": "dropfromport"}, {"op": "insert", "table": "Port_Group", "row": {"name": "neutron_pg_drop", "acls": ["set", [["named-uuid", "droptoport"], ["named-uuid", "dropfromport"]]]}}] {{(pid=90696) execute /opt/stack/data/venv/lib/python3.12/site-packages/oslo_concurrency/processutils.py:440}}
Jul 21 13:26:22.743113 np0000005558 devstack@neutron-api.service[90698]: INFO neutron.quota.resource_registry [None req-c23123c5-0a40-468a-b834-d13e6f3ed161 None None] Creating instance of CountableResource for resource:rbac_policy
Jul 21 13:26:22.743215 np0000005558 devstack@neutron-api.service[90698]: WARNING neutron.quota.resource_registry [None req-c23123c5-0a40-468a-b834-d13e6f3ed161 None None] rbac_policy is already registered
Jul 21 13:26:22.743866 np0000005558 devstack@neutron-api.service[90698]: INFO neutron.quota.resource_registry [None req-c23123c5-0a40-468a-b834-d13e6f3ed161 None None] Creating instance of TrackedResource for resource:security_group
Jul 21 13:26:22.743974 np0000005558 devstack@neutron-api.service[90698]: WARNING neutron.quota.resource_registry [None req-c23123c5-0a40-468a-b834-d13e6f3ed161 None None] security_group is already registered
Jul 21 13:26:22.744299 np0000005558 devstack@neutron-api.service[90698]: INFO neutron.quota.resource_registry [None req-c23123c5-0a40-468a-b834-d13e6f3ed161 None None] Creating instance of TrackedResource for resource:security_group_rule
Jul 21 13:26:22.744435 np0000005558 devstack@neutron-api.service[90698]: WARNING neutron.quota.resource_registry [None req-c23123c5-0a40-468a-b834-d13e6f3ed161 None None] security_group_rule is already registered
Jul 21 13:26:22.745739 np0000005558 devstack@neutron-api.service[90698]: DEBUG neutron.api.v2.resource_helper [None req-c23123c5-0a40-468a-b834-d13e6f3ed161 None None] Service CORE assigned prefix: {{(pid=90698) build_resource_info /opt/stack/neutron/neutron/api/v2/resource_helper.py:77}}
Jul 21 13:26:22.745739 np0000005558 devstack@neutron-api.service[90698]: INFO neutron.quota.resource_registry [None req-c23123c5-0a40-468a-b834-d13e6f3ed161 None None] Creating instance of TrackedResource for resource:subnetpool
Jul 21 13:26:22.745739 np0000005558 devstack@neutron-api.service[90698]: WARNING neutron.quota.resource_registry [None req-c23123c5-0a40-468a-b834-d13e6f3ed161 None None] subnetpool is already registered
Jul 21 13:26:22.745739 np0000005558 devstack@neutron-api.service[90698]: DEBUG neutron.api.v2.resource_helper [None req-c23123c5-0a40-468a-b834-d13e6f3ed161 None None] Service CORE assigned prefix: {{(pid=90698) build_resource_info /opt/stack/neutron/neutron/api/v2/resource_helper.py:77}}
Jul 21 13:26:22.745739 np0000005558 devstack@neutron-api.service[90698]: INFO neutron.quota.resource_registry [None req-c23123c5-0a40-468a-b834-d13e6f3ed161 None None] Creating instance of TrackedResource for resource:subnetpool
Jul 21 13:26:22.745739 np0000005558 devstack@neutron-api.service[90698]: WARNING neutron.quota.resource_registry [None req-c23123c5-0a40-468a-b834-d13e6f3ed161 None None] subnetpool is already registered
Jul 21 13:26:22.746424 np0000005558 devstack@neutron-api.service[90698]: DEBUG neutron.api.extensions [None req-c23123c5-0a40-468a-b834-d13e6f3ed161 None None] Extended resource: extensions {{(pid=90698) __init__ /opt/stack/neutron/neutron/api/extensions.py:156}}
Jul 21 13:26:22.747013 np0000005558 devstack@neutron-api.service[90698]: DEBUG neutron.api.extensions [None req-c23123c5-0a40-468a-b834-d13e6f3ed161 None None] Extended resource: address-groups {{(pid=90698) __init__ /opt/stack/neutron/neutron/api/extensions.py:156}}
Jul 21 13:26:22.747565 np0000005558 devstack@neutron-api.service[90698]: DEBUG neutron.api.extensions [None req-c23123c5-0a40-468a-b834-d13e6f3ed161 None None] Extended resource: address-scopes {{(pid=90698) __init__ /opt/stack/neutron/neutron/api/extensions.py:156}}
Jul 21 13:26:22.748064 np0000005558 devstack@neutron-api.service[90698]: DEBUG neutron.api.extensions [None req-c23123c5-0a40-468a-b834-d13e6f3ed161 None None] Extended resource: agents {{(pid=90698) __init__ /opt/stack/neutron/neutron/api/extensions.py:156}}
Jul 21 13:26:22.748481 np0000005558 devstack@neutron-api.service[90698]: DEBUG neutron.api.extensions [None req-c23123c5-0a40-468a-b834-d13e6f3ed161 None None] Extended resource: auto-allocated-topology {{(pid=90698) __init__ /opt/stack/neutron/neutron/api/extensions.py:156}}
Jul 21 13:26:22.749049 np0000005558 devstack@neutron-api.service[90698]: DEBUG neutron.api.extensions [None req-c23123c5-0a40-468a-b834-d13e6f3ed161 None None] Extended resource: availability_zones {{(pid=90698) __init__ /opt/stack/neutron/neutron/api/extensions.py:156}}
Jul 21 13:26:22.749654 np0000005558 devstack@neutron-api.service[90698]: DEBUG neutron.api.extensions [None req-c23123c5-0a40-468a-b834-d13e6f3ed161 None None] Extended resource: dhcp-networks {{(pid=90698) __init__ /opt/stack/neutron/neutron/api/extensions.py:156}}
Jul 21 13:26:22.750078 np0000005558 devstack@neutron-api.service[90698]: DEBUG neutron.api.extensions [None req-c23123c5-0a40-468a-b834-d13e6f3ed161 None None] Extended resource: dhcp-agents {{(pid=90698) __init__ /opt/stack/neutron/neutron/api/extensions.py:156}}
Jul 21 13:26:22.750713 np0000005558 devstack@neutron-api.service[90698]: DEBUG neutron.api.extensions [None req-c23123c5-0a40-468a-b834-d13e6f3ed161 None None] Extended resource: routers {{(pid=90698) __init__ /opt/stack/neutron/neutron/api/extensions.py:156}}
Jul 21 13:26:22.751496 np0000005558 devstack@neutron-api.service[90699]: DEBUG oslo_concurrency.processutils [None req-9b260d6e-aa38-4a0c-a117-51ae412f9902 None None] CMD "ovsdb-client transact ssl:10.4.3.203:6641 --timeout 180 -p /opt/stack/data/CA/int-ca/private/devstack-cert.key -c /opt/stack/data/CA/int-ca/devstack-cert.crt -C /opt/stack/data/CA/int-ca/ca-chain.pem ["OVN_Northbound", {"op": "wait", "timeout": 0, "table": "Port_Group", "where": [["name", "==", "neutron_pg_drop"]], "until": "==", "rows": []}, {"op": "insert", "table": "ACL", "row": {"action": "drop", "direction": "to-lport", "match": "outport == @neutron_pg_drop && ip", "priority": 1001}, "uuid-name": "droptoport"}, {"op": "insert", "table": "ACL", "row": {"action": "drop", "direction": "from-lport", "match": "inport == @neutron_pg_drop && ip", "priority": 1001}, "uuid-name": "dropfromport"}, {"op": "insert", "table": "Port_Group", "row": {"name": "neutron_pg_drop", "acls": ["set", [["named-uuid", "droptoport"], ["named-uuid", "dropfromport"]]]}}]" returned: 0 in 0.040s {{(pid=90699) execute /opt/stack/data/venv/lib/python3.12/site-packages/oslo_concurrency/processutils.py:468}}
Jul 21 13:26:22.751734 np0000005558 devstack@neutron-api.service[90698]: DEBUG neutron.api.extensions [None req-c23123c5-0a40-468a-b834-d13e6f3ed161 None None] Extended resource: flavors {{(pid=90698) __init__ /opt/stack/neutron/neutron/api/extensions.py:156}}
Jul 21 13:26:22.752059 np0000005558 devstack@neutron-api.service[90698]: DEBUG neutron.api.extensions [None req-c23123c5-0a40-468a-b834-d13e6f3ed161 None None] Extended resource: service_profiles {{(pid=90698) __init__ /opt/stack/neutron/neutron/api/extensions.py:156}}
Jul 21 13:26:22.752623 np0000005558 devstack@neutron-api.service[90699]: DEBUG neutron_lib.callbacks.manager [None req-9b260d6e-aa38-4a0c-a117-51ae412f9902 None None] Publish callbacks ['neutron.plugins.ml2.drivers.ovn.mech_driver.mech_driver.OVNMechanismDriver.post_fork_initialize-258699', 'neutron.services.pvlan.drivers.ovn.driver._initialize_pvlan_pg_drop-7783719143024', 'neutron.services.ovn_l3.plugin.OVNL3RouterPlugin._post_fork_initialize-1442307'] for process (None), after_init {{(pid=90699) _notify_loop /opt/stack/data/venv/lib/python3.12/site-packages/neutron_lib/callbacks/manager.py:184}}
Jul 21 13:26:22.752775 np0000005558 devstack@neutron-api.service[90698]: DEBUG neutron.api.extensions [None req-c23123c5-0a40-468a-b834-d13e6f3ed161 None None] Extended resource: next_providers {{(pid=90698) __init__ /opt/stack/neutron/neutron/api/extensions.py:156}}
Jul 21 13:26:22.753046 np0000005558 devstack@neutron-api.service[90699]: DEBUG oslo_concurrency.lockutils [None req-9b260d6e-aa38-4a0c-a117-51ae412f9902 None None] Acquiring lock "singleton_lock" {{(pid=90699) lock /opt/stack/data/venv/lib/python3.12/site-packages/oslo_concurrency/lockutils.py:396}}
Jul 21 13:26:22.753754 np0000005558 devstack@neutron-api.service[90698]: DEBUG neutron.api.extensions [None req-c23123c5-0a40-468a-b834-d13e6f3ed161 None None] Extended resource: service_profiles {{(pid=90698) __init__ /opt/stack/neutron/neutron/api/extensions.py:156}}
Jul 21 13:26:22.754647 np0000005558 devstack@neutron-api.service[90699]: DEBUG oslo_concurrency.lockutils [None req-9b260d6e-aa38-4a0c-a117-51ae412f9902 None None] Acquired lock "singleton_lock" {{(pid=90699) lock /opt/stack/data/venv/lib/python3.12/site-packages/oslo_concurrency/lockutils.py:399}}
Jul 21 13:26:22.754647 np0000005558 devstack@neutron-api.service[90699]: DEBUG oslo_concurrency.lockutils [None req-9b260d6e-aa38-4a0c-a117-51ae412f9902 None None] Releasing lock "singleton_lock" {{(pid=90699) lock /opt/stack/data/venv/lib/python3.12/site-packages/oslo_concurrency/lockutils.py:419}}
Jul 21 13:26:22.755803 np0000005558 devstack@neutron-api.service[90698]: DEBUG neutron.api.extensions [None req-c23123c5-0a40-468a-b834-d13e6f3ed161 None None] Extended resource: floatingip-pools {{(pid=90698) __init__ /opt/stack/neutron/neutron/api/extensions.py:156}}
Jul 21 13:26:22.755803 np0000005558 devstack@neutron-api.service[90698]: DEBUG neutron.api.extensions [None req-c23123c5-0a40-468a-b834-d13e6f3ed161 None None] Extended resource: routers {{(pid=90698) __init__ /opt/stack/neutron/neutron/api/extensions.py:156}}
Jul 21 13:26:22.755803 np0000005558 devstack@neutron-api.service[90698]: DEBUG neutron.api.extensions [None req-c23123c5-0a40-468a-b834-d13e6f3ed161 None None] Extended resource: floatingips {{(pid=90698) __init__ /opt/stack/neutron/neutron/api/extensions.py:156}}
Jul 21 13:26:22.755803 np0000005558 devstack@neutron-api.service[90698]: DEBUG neutron.api.extensions [None req-c23123c5-0a40-468a-b834-d13e6f3ed161 None None] Extended resource: l3-routers {{(pid=90698) __init__ /opt/stack/neutron/neutron/api/extensions.py:156}}
Jul 21 13:26:22.756257 np0000005558 devstack@neutron-api.service[90698]: DEBUG neutron.api.extensions [None req-c23123c5-0a40-468a-b834-d13e6f3ed161 None None] Extended resource: l3-agents {{(pid=90698) __init__ /opt/stack/neutron/neutron/api/extensions.py:156}}
Jul 21 13:26:22.756937 np0000005558 devstack@neutron-api.service[90698]: DEBUG neutron.api.extensions [None req-c23123c5-0a40-468a-b834-d13e6f3ed161 None None] Extended resource: network-ip-availabilities {{(pid=90698) __init__ /opt/stack/neutron/neutron/api/extensions.py:156}}
Jul 21 13:26:22.757617 np0000005558 devstack@neutron-api.service[90698]: DEBUG neutron.api.extensions [None req-c23123c5-0a40-468a-b834-d13e6f3ed161 None None] Extended resource: network-ip-availabilities {{(pid=90698) __init__ /opt/stack/neutron/neutron/api/extensions.py:156}}
Jul 21 13:26:22.758752 np0000005558 devstack@neutron-api.service[90699]: DEBUG neutron.plugins.ml2.drivers.ovn.mech_driver.mech_driver [None req-9b260d6e-aa38-4a0c-a117-51ae412f9902 None None] Hash Ring setup using WSGI start time 2026-07-21 13:26:16+00:00 {{(pid=90699) _init_hash_ring /opt/stack/neutron/neutron/plugins/ml2/drivers/ovn/mech_driver/mech_driver.py:404}}
Jul 21 13:26:22.760631 np0000005558 devstack@neutron-api.service[90698]: DEBUG neutron.api.extensions [None req-c23123c5-0a40-468a-b834-d13e6f3ed161 None None] Extended resource: bindings {{(pid=90698) __init__ /opt/stack/neutron/neutron/api/extensions.py:156}}
Jul 21 13:26:22.760631 np0000005558 devstack@neutron-api.service[90698]: DEBUG neutron.api.extensions [None req-c23123c5-0a40-468a-b834-d13e6f3ed161 None None] Extended resource: quotas {{(pid=90698) __init__ /opt/stack/neutron/neutron/api/extensions.py:156}}
Jul 21 13:26:22.760631 np0000005558 devstack@neutron-api.service[90698]: DEBUG neutron.api.extensions [None req-c23123c5-0a40-468a-b834-d13e6f3ed161 None None] Extended resource: quotas {{(pid=90698) __init__ /opt/stack/neutron/neutron/api/extensions.py:156}}
Jul 21 13:26:22.760953 np0000005558 devstack@neutron-api.service[90698]: DEBUG neutron.api.extensions [None req-c23123c5-0a40-468a-b834-d13e6f3ed161 None None] Extended resource: rbac-policies {{(pid=90698) __init__ /opt/stack/neutron/neutron/api/extensions.py:156}}
Jul 21 13:26:22.762214 np0000005558 devstack@neutron-api.service[90698]: DEBUG neutron.api.extensions [None req-c23123c5-0a40-468a-b834-d13e6f3ed161 None None] Extended resource: default-security-group-rules {{(pid=90698) __init__ /opt/stack/neutron/neutron/api/extensions.py:156}}
Jul 21 13:26:22.762214 np0000005558 devstack@neutron-api.service[90698]: DEBUG neutron.api.extensions [None req-c23123c5-0a40-468a-b834-d13e6f3ed161 None None] Extended resource: security-groups-default-statefulness {{(pid=90698) __init__ /opt/stack/neutron/neutron/api/extensions.py:156}}
Jul 21 13:26:22.762781 np0000005558 devstack@neutron-api.service[90698]: DEBUG neutron.api.extensions [None req-c23123c5-0a40-468a-b834-d13e6f3ed161 None None] Extended resource: security-groups {{(pid=90698) __init__ /opt/stack/neutron/neutron/api/extensions.py:156}}
Jul 21 13:26:22.762871 np0000005558 devstack@neutron-api.service[90698]: DEBUG neutron.api.extensions [None req-c23123c5-0a40-468a-b834-d13e6f3ed161 None None] Extended resource: security-group-rules {{(pid=90698) __init__ /opt/stack/neutron/neutron/api/extensions.py:156}}
Jul 21 13:26:22.763328 np0000005558 devstack@neutron-api.service[90698]: DEBUG neutron.api.extensions [None req-c23123c5-0a40-468a-b834-d13e6f3ed161 None None] Extended resource: service-providers {{(pid=90698) __init__ /opt/stack/neutron/neutron/api/extensions.py:156}}
Jul 21 13:26:22.764017 np0000005558 devstack@neutron-api.service[90698]: DEBUG neutron.api.extensions [None req-c23123c5-0a40-468a-b834-d13e6f3ed161 None None] Extended resource: subnetpools {{(pid=90698) __init__ /opt/stack/neutron/neutron/api/extensions.py:156}}
Jul 21 13:26:22.764681 np0000005558 devstack@neutron-api.service[90698]: DEBUG neutron.api.extensions [None req-c23123c5-0a40-468a-b834-d13e6f3ed161 None None] Extended resource: subnetpools {{(pid=90698) __init__ /opt/stack/neutron/neutron/api/extensions.py:156}}
Jul 21 13:26:22.764960 np0000005558 devstack@neutron-api.service[90699]: INFO neutron.db.ovn_hash_ring_db [None req-9b260d6e-aa38-4a0c-a117-51ae412f9902 None None] Nodes from host "np0000005558" and group "mechanism_driver" removed from the Hash Ring created at 2026-07-21 13:26:16+00:00
Jul 21 13:26:22.765653 np0000005558 devstack@neutron-api.service[90698]: DEBUG neutron.api.extensions [None req-c23123c5-0a40-468a-b834-d13e6f3ed161 None None] Extended resource: tags {{(pid=90698) __init__ /opt/stack/neutron/neutron/api/extensions.py:156}}
Jul 21 13:26:22.766001 np0000005558 devstack@neutron-api.service[90698]: DEBUG neutron.api.extensions [None req-c23123c5-0a40-468a-b834-d13e6f3ed161 None None] Extended resource: tags {{(pid=90698) __init__ /opt/stack/neutron/neutron/api/extensions.py:156}}
Jul 21 13:26:22.768668 np0000005558 devstack@neutron-api.service[90698]: DEBUG neutron.api.extensions [None req-c23123c5-0a40-468a-b834-d13e6f3ed161 None None] Extended resource: tags {{(pid=90698) __init__ /opt/stack/neutron/neutron/api/extensions.py:156}}
Jul 21 13:26:22.768668 np0000005558 devstack@neutron-api.service[90698]: DEBUG neutron.api.extensions [None req-c23123c5-0a40-468a-b834-d13e6f3ed161 None None] Extended resource: tags {{(pid=90698) __init__ /opt/stack/neutron/neutron/api/extensions.py:156}}
Jul 21 13:26:22.768668 np0000005558 devstack@neutron-api.service[90698]: DEBUG neutron.api.extensions [None req-c23123c5-0a40-468a-b834-d13e6f3ed161 None None] Extended resource: tags {{(pid=90698) __init__ /opt/stack/neutron/neutron/api/extensions.py:156}}
Jul 21 13:26:22.769084 np0000005558 devstack@neutron-api.service[90698]: DEBUG neutron.api.extensions [None req-c23123c5-0a40-468a-b834-d13e6f3ed161 None None] Extended resource: tags {{(pid=90698) __init__ /opt/stack/neutron/neutron/api/extensions.py:156}}
Jul 21 13:26:22.769763 np0000005558 devstack@neutron-api.service[90698]: DEBUG neutron.api.extensions [None req-c23123c5-0a40-468a-b834-d13e6f3ed161 None None] Extended resource: tags {{(pid=90698) __init__ /opt/stack/neutron/neutron/api/extensions.py:156}}
Jul 21 13:26:22.770676 np0000005558 devstack@neutron-api.service[90698]: DEBUG neutron.api.extensions [None req-c23123c5-0a40-468a-b834-d13e6f3ed161 None None] Extended resource: tags {{(pid=90698) __init__ /opt/stack/neutron/neutron/api/extensions.py:156}}
Jul 21 13:26:22.771501 np0000005558 devstack@neutron-api.service[90698]: DEBUG neutron.api.extensions [None req-c23123c5-0a40-468a-b834-d13e6f3ed161 None None] Extended resource: tags {{(pid=90698) __init__ /opt/stack/neutron/neutron/api/extensions.py:156}}
Jul 21 13:26:22.772260 np0000005558 devstack@neutron-api.service[90698]: DEBUG neutron.api.extensions [None req-c23123c5-0a40-468a-b834-d13e6f3ed161 None None] Extended resource: tags {{(pid=90698) __init__ /opt/stack/neutron/neutron/api/extensions.py:156}}
Jul 21 13:26:22.772473 np0000005558 devstack@neutron-api.service[90699]: INFO neutron.db.ovn_hash_ring_db [None req-9b260d6e-aa38-4a0c-a117-51ae412f9902 None None] Node a4b47af562015801962085b2b62619eb from host "np0000005558" and group "mechanism_driver" added to the Hash Ring
Jul 21 13:26:22.777521 np0000005558 devstack@neutron-api.service[90699]: DEBUG neutron.plugins.ml2.drivers.ovn.mech_driver.mech_driver [None req-9b260d6e-aa38-4a0c-a117-51ae412f9902 None None] Hash Ring setup, this worker has detected 2 OVN hash ring registers in the database {{(pid=90699) _init_hash_ring /opt/stack/neutron/neutron/plugins/ml2/drivers/ovn/mech_driver/mech_driver.py:414}}
Jul 21 13:26:22.782404 np0000005558 devstack@neutron-api.service[90696]: DEBUG oslo_concurrency.processutils [None req-4279502b-044a-46c4-bd6f-d366e035e37b None None] CMD "ovsdb-client transact ssl:10.4.3.203:6641 --timeout 180 -p /opt/stack/data/CA/int-ca/private/devstack-cert.key -c /opt/stack/data/CA/int-ca/devstack-cert.crt -C /opt/stack/data/CA/int-ca/ca-chain.pem ["OVN_Northbound", {"op": "wait", "timeout": 0, "table": "Port_Group", "where": [["name", "==", "neutron_pg_drop"]], "until": "==", "rows": []}, {"op": "insert", "table": "ACL", "row": {"action": "drop", "direction": "to-lport", "match": "outport == @neutron_pg_drop && ip", "priority": 1001}, "uuid-name": "droptoport"}, {"op": "insert", "table": "ACL", "row": {"action": "drop", "direction": "from-lport", "match": "inport == @neutron_pg_drop && ip", "priority": 1001}, "uuid-name": "dropfromport"}, {"op": "insert", "table": "Port_Group", "row": {"name": "neutron_pg_drop", "acls": ["set", [["named-uuid", "droptoport"], ["named-uuid", "dropfromport"]]]}}]" returned: 0 in 0.039s {{(pid=90696) execute /opt/stack/data/venv/lib/python3.12/site-packages/oslo_concurrency/processutils.py:468}}
Jul 21 13:26:22.782822 np0000005558 devstack@neutron-api.service[90698]: DEBUG neutron_lib.callbacks.manager [None req-c23123c5-0a40-468a-b834-d13e6f3ed161 None None] Publish callbacks ['neutron.plugins.ml2.drivers.ovn.mech_driver.mech_driver.OVNMechanismDriver.pre_fork_initialize-383902'] for process (None), before_spawn {{(pid=90698) _notify_loop /opt/stack/data/venv/lib/python3.12/site-packages/neutron_lib/callbacks/manager.py:184}}
Jul 21 13:26:22.783054 np0000005558 devstack@neutron-api.service[90698]: DEBUG oslo_concurrency.processutils [None req-c23123c5-0a40-468a-b834-d13e6f3ed161 None None] Running cmd (subprocess): ovsdb-client transact ssl:10.4.3.203:6641 --timeout 180 -p /opt/stack/data/CA/int-ca/private/devstack-cert.key -c /opt/stack/data/CA/int-ca/devstack-cert.crt -C /opt/stack/data/CA/int-ca/ca-chain.pem ["OVN_Northbound", {"op": "wait", "timeout": 0, "table": "Port_Group", "where": [["name", "==", "neutron_pg_drop"]], "until": "==", "rows": []}, {"op": "insert", "table": "ACL", "row": {"action": "drop", "direction": "to-lport", "match": "outport == @neutron_pg_drop && ip", "priority": 1001}, "uuid-name": "droptoport"}, {"op": "insert", "table": "ACL", "row": {"action": "drop", "direction": "from-lport", "match": "inport == @neutron_pg_drop && ip", "priority": 1001}, "uuid-name": "dropfromport"}, {"op": "insert", "table": "Port_Group", "row": {"name": "neutron_pg_drop", "acls": ["set", [["named-uuid", "droptoport"], ["named-uuid", "dropfromport"]]]}}] {{(pid=90698) execute /opt/stack/data/venv/lib/python3.12/site-packages/oslo_concurrency/processutils.py:440}}
Jul 21 13:26:22.784845 np0000005558 devstack@neutron-api.service[90699]: DEBUG neutron.plugins.ml2.drivers.ovn.mech_driver.ovsdb.maintenance [None req-9b260d6e-aa38-4a0c-a117-51ae412f9902 None None] Periodic task found: HashRingHealthCheckPeriodics.touch_hash_ring_node {{(pid=90699) add_periodics /opt/stack/neutron/neutron/plugins/ml2/drivers/ovn/mech_driver/ovsdb/maintenance.py:146}}
Jul 21 13:26:22.786753 np0000005558 devstack@neutron-api.service[90696]: DEBUG neutron_lib.callbacks.manager [None req-4279502b-044a-46c4-bd6f-d366e035e37b None None] Publish callbacks ['neutron.plugins.ml2.drivers.ovn.mech_driver.mech_driver.OVNMechanismDriver.post_fork_initialize-384370', 'neutron.services.pvlan.drivers.ovn.driver._initialize_pvlan_pg_drop-7783719140856', 'neutron.services.ovn_l3.plugin.OVNL3RouterPlugin._post_fork_initialize-1059490'] for process (None), after_init {{(pid=90696) _notify_loop /opt/stack/data/venv/lib/python3.12/site-packages/neutron_lib/callbacks/manager.py:184}}
Jul 21 13:26:22.788550 np0000005558 devstack@neutron-api.service[90699]: INFO neutron.plugins.ml2.drivers.ovn.mech_driver.mech_driver [None req-9b260d6e-aa38-4a0c-a117-51ae412f9902 None None] Hash Ring probing thread for node a4b47af562015801962085b2b62619eb has started
Jul 21 13:26:22.788890 np0000005558 devstack@neutron-api.service[90696]: DEBUG oslo_concurrency.lockutils [None req-4279502b-044a-46c4-bd6f-d366e035e37b None None] Acquiring lock "singleton_lock" {{(pid=90696) lock /opt/stack/data/venv/lib/python3.12/site-packages/oslo_concurrency/lockutils.py:396}}
Jul 21 13:26:22.788890 np0000005558 devstack@neutron-api.service[90696]: DEBUG oslo_concurrency.lockutils [None req-4279502b-044a-46c4-bd6f-d366e035e37b None None] Acquired lock "singleton_lock" {{(pid=90696) lock /opt/stack/data/venv/lib/python3.12/site-packages/oslo_concurrency/lockutils.py:399}}
Jul 21 13:26:22.788890 np0000005558 devstack@neutron-api.service[90696]: DEBUG oslo_concurrency.lockutils [None req-4279502b-044a-46c4-bd6f-d366e035e37b None None] Releasing lock "singleton_lock" {{(pid=90696) lock /opt/stack/data/venv/lib/python3.12/site-packages/oslo_concurrency/lockutils.py:419}}
Jul 21 13:26:22.789294 np0000005558 devstack@neutron-api.service[90699]: INFO neutron.plugins.ml2.drivers.ovn.mech_driver.ovsdb.impl_idl_ovn [None req-9b260d6e-aa38-4a0c-a117-51ae412f9902 None None] Getting OvsdbNbOvnIdl for WorkerService with retry
Jul 21 13:26:22.789662 np0000005558 devstack@neutron-api.service[90696]: DEBUG neutron.plugins.ml2.drivers.ovn.mech_driver.mech_driver [None req-4279502b-044a-46c4-bd6f-d366e035e37b None None] Hash Ring setup using WSGI start time 2026-07-21 13:26:16+00:00 {{(pid=90696) _init_hash_ring /opt/stack/neutron/neutron/plugins/ml2/drivers/ovn/mech_driver/mech_driver.py:404}}
Jul 21 13:26:22.796341 np0000005558 devstack@neutron-api.service[90696]: INFO neutron.db.ovn_hash_ring_db [None req-4279502b-044a-46c4-bd6f-d366e035e37b None None] Nodes from host "np0000005558" and group "mechanism_driver" removed from the Hash Ring created at 2026-07-21 13:26:16+00:00
Jul 21 13:26:22.803436 np0000005558 devstack@neutron-api.service[90696]: INFO neutron.db.ovn_hash_ring_db [None req-4279502b-044a-46c4-bd6f-d366e035e37b None None] Node 4fc6d6c0c3495b388d04df421b185c83 from host "np0000005558" and group "mechanism_driver" added to the Hash Ring
Jul 21 13:26:22.808560 np0000005558 devstack@neutron-api.service[90696]: DEBUG neutron.plugins.ml2.drivers.ovn.mech_driver.mech_driver [None req-4279502b-044a-46c4-bd6f-d366e035e37b None None] Hash Ring setup, this worker has detected 3 OVN hash ring registers in the database {{(pid=90696) _init_hash_ring /opt/stack/neutron/neutron/plugins/ml2/drivers/ovn/mech_driver/mech_driver.py:414}}
Jul 21 13:26:22.816197 np0000005558 devstack@neutron-api.service[90696]: DEBUG neutron.plugins.ml2.drivers.ovn.mech_driver.ovsdb.maintenance [None req-4279502b-044a-46c4-bd6f-d366e035e37b None None] Periodic task found: HashRingHealthCheckPeriodics.touch_hash_ring_node {{(pid=90696) add_periodics /opt/stack/neutron/neutron/plugins/ml2/drivers/ovn/mech_driver/ovsdb/maintenance.py:146}}
Jul 21 13:26:22.818368 np0000005558 devstack@neutron-api.service[90696]: INFO neutron.plugins.ml2.drivers.ovn.mech_driver.mech_driver [None req-4279502b-044a-46c4-bd6f-d366e035e37b None None] Hash Ring probing thread for node 4fc6d6c0c3495b388d04df421b185c83 has started
Jul 21 13:26:22.818771 np0000005558 devstack@neutron-api.service[90696]: INFO neutron.plugins.ml2.drivers.ovn.mech_driver.ovsdb.impl_idl_ovn [None req-4279502b-044a-46c4-bd6f-d366e035e37b None None] Getting OvsdbNbOvnIdl for WorkerService with retry
