May 14 04:22:07.139537 np0000000747 nova-conductor[97843]: DEBUG cotyledon.oslo_config_glue [-] oslo_messaging_rabbit.ssl_key_file = {{(pid=97843) log_opt_values /opt/stack/data/venv/lib/python3.12/site-packages/oslo_config/cfg.py:3006}}
May 14 04:22:07.139537 np0000000747 nova-conductor[97843]: DEBUG cotyledon.oslo_config_glue [-] oslo_messaging_rabbit.ssl_version = {{(pid=97843) log_opt_values /opt/stack/data/venv/lib/python3.12/site-packages/oslo_config/cfg.py:3006}}
May 14 04:22:07.139723 np0000000747 nova-conductor[97843]: DEBUG cotyledon.oslo_config_glue [-] oslo_messaging_rabbit.use_queue_manager = False {{(pid=97843) log_opt_values /opt/stack/data/venv/lib/python3.12/site-packages/oslo_config/cfg.py:3006}}
May 14 04:22:07.139723 np0000000747 nova-conductor[97843]: DEBUG cotyledon.oslo_config_glue [-] oslo_messaging_notifications.driver = ['messagingv2'] {{(pid=97843) log_opt_values /opt/stack/data/venv/lib/python3.12/site-packages/oslo_config/cfg.py:3006}}
May 14 04:22:07.139723 np0000000747 nova-conductor[97843]: DEBUG cotyledon.oslo_config_glue [-] oslo_messaging_notifications.retry = -1 {{(pid=97843) log_opt_values /opt/stack/data/venv/lib/python3.12/site-packages/oslo_config/cfg.py:3006}}
May 14 04:22:07.139723 np0000000747 nova-conductor[97843]: DEBUG cotyledon.oslo_config_glue [-] oslo_messaging_notifications.topics = ['notifications'] {{(pid=97843) log_opt_values /opt/stack/data/venv/lib/python3.12/site-packages/oslo_config/cfg.py:3006}}
May 14 04:22:07.139723 np0000000747 nova-conductor[97843]: DEBUG cotyledon.oslo_config_glue [-] oslo_messaging_notifications.transport_url = **** {{(pid=97843) log_opt_values /opt/stack/data/venv/lib/python3.12/site-packages/oslo_config/cfg.py:3006}}
May 14 04:22:07.139723 np0000000747 nova-conductor[97843]: DEBUG cotyledon.oslo_config_glue [-] oslo_limit.auth_section = None {{(pid=97843) log_opt_values /opt/stack/data/venv/lib/python3.12/site-packages/oslo_config/cfg.py:3006}}
May 14 04:22:07.139723 np0000000747 nova-conductor[97843]: DEBUG cotyledon.oslo_config_glue [-] oslo_limit.auth_type = None {{(pid=97843) log_opt_values /opt/stack/data/venv/lib/python3.12/site-packages/oslo_config/cfg.py:3006}}
May 14 04:22:07.139723 np0000000747 nova-conductor[97843]: DEBUG cotyledon.oslo_config_glue [-] oslo_limit.cafile = None {{(pid=97843) log_opt_values /opt/stack/data/venv/lib/python3.12/site-packages/oslo_config/cfg.py:3006}}
May 14 04:22:07.139723 np0000000747 nova-conductor[97843]: DEBUG cotyledon.oslo_config_glue [-] oslo_limit.certfile = None {{(pid=97843) log_opt_values /opt/stack/data/venv/lib/python3.12/site-packages/oslo_config/cfg.py:3006}}
May 14 04:22:07.139924 np0000000747 nova-conductor[97843]: DEBUG cotyledon.oslo_config_glue [-] oslo_limit.collect_timing = False {{(pid=97843) log_opt_values /opt/stack/data/venv/lib/python3.12/site-packages/oslo_config/cfg.py:3006}}
May 14 04:22:07.139924 np0000000747 nova-conductor[97843]: DEBUG cotyledon.oslo_config_glue [-] oslo_limit.connect_retries = None {{(pid=97843) log_opt_values /opt/stack/data/venv/lib/python3.12/site-packages/oslo_config/cfg.py:3006}}
May 14 04:22:07.139924 np0000000747 nova-conductor[97843]: DEBUG cotyledon.oslo_config_glue [-] oslo_limit.connect_retry_delay = None {{(pid=97843) log_opt_values /opt/stack/data/venv/lib/python3.12/site-packages/oslo_config/cfg.py:3006}}
May 14 04:22:07.139924 np0000000747 nova-conductor[97843]: DEBUG cotyledon.oslo_config_glue [-] oslo_limit.endpoint_id = None {{(pid=97843) log_opt_values /opt/stack/data/venv/lib/python3.12/site-packages/oslo_config/cfg.py:3006}}
May 14 04:22:07.139924 np0000000747 nova-conductor[97843]: DEBUG cotyledon.oslo_config_glue [-] oslo_limit.endpoint_interface = public {{(pid=97843) log_opt_values /opt/stack/data/venv/lib/python3.12/site-packages/oslo_config/cfg.py:3006}}
May 14 04:22:07.139924 np0000000747 nova-conductor[97843]: DEBUG cotyledon.oslo_config_glue [-] oslo_limit.endpoint_override = None {{(pid=97843) log_opt_values /opt/stack/data/venv/lib/python3.12/site-packages/oslo_config/cfg.py:3006}}
May 14 04:22:07.139924 np0000000747 nova-conductor[97843]: DEBUG cotyledon.oslo_config_glue [-] oslo_limit.endpoint_region_name = None {{(pid=97843) log_opt_values /opt/stack/data/venv/lib/python3.12/site-packages/oslo_config/cfg.py:3006}}
May 14 04:22:07.139924 np0000000747 nova-conductor[97843]: DEBUG cotyledon.oslo_config_glue [-] oslo_limit.endpoint_service_name = None {{(pid=97843) log_opt_values /opt/stack/data/venv/lib/python3.12/site-packages/oslo_config/cfg.py:3006}}
May 14 04:22:07.139924 np0000000747 nova-conductor[97843]: DEBUG cotyledon.oslo_config_glue [-] oslo_limit.endpoint_service_type = None {{(pid=97843) log_opt_values /opt/stack/data/venv/lib/python3.12/site-packages/oslo_config/cfg.py:3006}}
May 14 04:22:07.140118 np0000000747 nova-conductor[97843]: DEBUG cotyledon.oslo_config_glue [-] oslo_limit.insecure = False {{(pid=97843) log_opt_values /opt/stack/data/venv/lib/python3.12/site-packages/oslo_config/cfg.py:3006}}
May 14 04:22:07.140118 np0000000747 nova-conductor[97843]: DEBUG cotyledon.oslo_config_glue [-] oslo_limit.keyfile = None {{(pid=97843) log_opt_values /opt/stack/data/venv/lib/python3.12/site-packages/oslo_config/cfg.py:3006}}
May 14 04:22:07.140118 np0000000747 nova-conductor[97843]: DEBUG cotyledon.oslo_config_glue [-] oslo_limit.max_version = None {{(pid=97843) log_opt_values /opt/stack/data/venv/lib/python3.12/site-packages/oslo_config/cfg.py:3006}}
May 14 04:22:07.140198 np0000000747 nova-conductor[97839]: DEBUG dbcounter [-] [97839] Writer thread running {{(pid=97839) stat_writer /opt/stack/data/venv/lib/python3.12/site-packages/dbcounter.py:102}}
May 14 04:22:07.140225 np0000000747 nova-conductor[97843]: DEBUG cotyledon.oslo_config_glue [-] oslo_limit.min_version = None {{(pid=97843) log_opt_values /opt/stack/data/venv/lib/python3.12/site-packages/oslo_config/cfg.py:3006}}
May 14 04:22:07.140225 np0000000747 nova-conductor[97843]: DEBUG cotyledon.oslo_config_glue [-] oslo_limit.region_name = None {{(pid=97843) log_opt_values /opt/stack/data/venv/lib/python3.12/site-packages/oslo_config/cfg.py:3006}}
May 14 04:22:07.140225 np0000000747 nova-conductor[97843]: DEBUG cotyledon.oslo_config_glue [-] oslo_limit.retriable_status_codes = None {{(pid=97843) log_opt_values /opt/stack/data/venv/lib/python3.12/site-packages/oslo_config/cfg.py:3006}}
May 14 04:22:07.140225 np0000000747 nova-conductor[97843]: DEBUG cotyledon.oslo_config_glue [-] oslo_limit.service_name = None {{(pid=97843) log_opt_values /opt/stack/data/venv/lib/python3.12/site-packages/oslo_config/cfg.py:3006}}
May 14 04:22:07.140225 np0000000747 nova-conductor[97843]: DEBUG cotyledon.oslo_config_glue [-] oslo_limit.service_type = None {{(pid=97843) log_opt_values /opt/stack/data/venv/lib/python3.12/site-packages/oslo_config/cfg.py:3006}}
May 14 04:22:07.140225 np0000000747 nova-conductor[97843]: DEBUG cotyledon.oslo_config_glue [-] oslo_limit.split_loggers = False {{(pid=97843) log_opt_values /opt/stack/data/venv/lib/python3.12/site-packages/oslo_config/cfg.py:3006}}
May 14 04:22:07.140225 np0000000747 nova-conductor[97843]: DEBUG cotyledon.oslo_config_glue [-] oslo_limit.status_code_retries = None {{(pid=97843) log_opt_values /opt/stack/data/venv/lib/python3.12/site-packages/oslo_config/cfg.py:3006}}
May 14 04:22:07.140225 np0000000747 nova-conductor[97843]: DEBUG cotyledon.oslo_config_glue [-] oslo_limit.status_code_retry_delay = None {{(pid=97843) log_opt_values /opt/stack/data/venv/lib/python3.12/site-packages/oslo_config/cfg.py:3006}}
May 14 04:22:07.140225 np0000000747 nova-conductor[97843]: DEBUG cotyledon.oslo_config_glue [-] oslo_limit.timeout = None {{(pid=97843) log_opt_values /opt/stack/data/venv/lib/python3.12/site-packages/oslo_config/cfg.py:3006}}
May 14 04:22:07.140417 np0000000747 nova-conductor[97843]: DEBUG cotyledon.oslo_config_glue [-] oslo_limit.valid_interfaces = None {{(pid=97843) log_opt_values /opt/stack/data/venv/lib/python3.12/site-packages/oslo_config/cfg.py:3006}}
May 14 04:22:07.140417 np0000000747 nova-conductor[97843]: DEBUG cotyledon.oslo_config_glue [-] oslo_limit.version = None {{(pid=97843) log_opt_values /opt/stack/data/venv/lib/python3.12/site-packages/oslo_config/cfg.py:3006}}
May 14 04:22:07.140417 np0000000747 nova-conductor[97843]: DEBUG cotyledon.oslo_config_glue [-] oslo_reports.file_event_handler = None {{(pid=97843) log_opt_values /opt/stack/data/venv/lib/python3.12/site-packages/oslo_config/cfg.py:3006}}
May 14 04:22:07.140417 np0000000747 nova-conductor[97843]: DEBUG cotyledon.oslo_config_glue [-] oslo_reports.file_event_handler_interval = 1 {{(pid=97843) log_opt_values /opt/stack/data/venv/lib/python3.12/site-packages/oslo_config/cfg.py:3006}}
May 14 04:22:07.140417 np0000000747 nova-conductor[97843]: DEBUG cotyledon.oslo_config_glue [-] oslo_reports.log_dir = None {{(pid=97843) log_opt_values /opt/stack/data/venv/lib/python3.12/site-packages/oslo_config/cfg.py:3006}}
May 14 04:22:07.140417 np0000000747 nova-conductor[97843]: DEBUG cotyledon.oslo_config_glue [-] ******************************************************************************** {{(pid=97843) log_opt_values /opt/stack/data/venv/lib/python3.12/site-packages/oslo_config/cfg.py:3013}}
May 14 04:22:07.140417 np0000000747 nova-conductor[97843]: DEBUG cotyledon._service_worker [-] Run service ServiceWrapper(2) [97843] {{(pid=97843) wait_forever /opt/stack/data/venv/lib/python3.12/site-packages/cotyledon/_service_worker.py:218}}
May 14 04:22:07.141225 np0000000747 nova-conductor[97843]: INFO nova.service [-] Starting conductor node (version 33.1.0)
May 14 04:22:07.145327 np0000000747 nova-conductor[97843]: INFO dbcounter [None req-87c35b5f-9bbb-4f90-b923-d33ecdc551e1 None None] Registered counter for database nova_cell0
May 14 04:22:07.151048 np0000000747 nova-conductor[97843]: DEBUG oslo_db.sqlalchemy.engines [None req-87c35b5f-9bbb-4f90-b923-d33ecdc551e1 None None] MySQL server mode set to STRICT_TRANS_TABLES,STRICT_ALL_TABLES,NO_ZERO_IN_DATE,NO_ZERO_DATE,ERROR_FOR_DIVISION_BY_ZERO,TRADITIONAL,NO_ENGINE_SUBSTITUTION {{(pid=97843) _check_effective_sql_mode /opt/stack/data/venv/lib/python3.12/site-packages/oslo_db/sqlalchemy/engines.py:325}}
May 14 04:22:07.151917 np0000000747 nova-conductor[97841]: DEBUG dbcounter [-] [97841] Writer thread running {{(pid=97841) stat_writer /opt/stack/data/venv/lib/python3.12/site-packages/dbcounter.py:102}}
May 14 04:22:07.152787 np0000000747 nova-conductor[97839]: DEBUG nova.service [None req-1fee2d35-de78-47dd-a62b-6f4bacc4e65b None None] Creating RPC server for service: nova-conductor on topic: conductor {{(pid=97839) start /opt/stack/nova/nova/service.py:195}}
May 14 04:22:07.155380 np0000000747 nova-conductor[97841]: DEBUG nova.service [None req-107ecc1c-b5aa-4a9f-889a-585144fb6fbf None None] Creating RPC server for service: nova-conductor on topic: conductor {{(pid=97841) start /opt/stack/nova/nova/service.py:195}}
May 14 04:22:07.161772 np0000000747 nova-conductor[97843]: DEBUG dbcounter [-] [97843] Writer thread running {{(pid=97843) stat_writer /opt/stack/data/venv/lib/python3.12/site-packages/dbcounter.py:102}}
May 14 04:22:07.166493 np0000000747 nova-conductor[97843]: DEBUG nova.service [None req-87c35b5f-9bbb-4f90-b923-d33ecdc551e1 None None] Creating RPC server for service: nova-conductor on topic: conductor {{(pid=97843) start /opt/stack/nova/nova/service.py:195}}
May 14 04:22:07.182344 np0000000747 nova-conductor[97841]: DEBUG nova.service [None req-107ecc1c-b5aa-4a9f-889a-585144fb6fbf None None] Join ServiceGroup membership for this service conductor {{(pid=97841) start /opt/stack/nova/nova/service.py:221}}
May 14 04:22:07.182519 np0000000747 nova-conductor[97841]: DEBUG nova.servicegroup.drivers.db [None req-107ecc1c-b5aa-4a9f-889a-585144fb6fbf None None] DB_Driver: join new ServiceGroup member np0000000747 to the conductor group, service = {{(pid=97841) join /opt/stack/nova/nova/servicegroup/drivers/db.py:44}}
May 14 04:22:07.189629 np0000000747 nova-conductor[97839]: DEBUG nova.service [None req-1fee2d35-de78-47dd-a62b-6f4bacc4e65b None None] Join ServiceGroup membership for this service conductor {{(pid=97839) start /opt/stack/nova/nova/service.py:221}}
May 14 04:22:07.189748 np0000000747 nova-conductor[97843]: DEBUG nova.service [None req-87c35b5f-9bbb-4f90-b923-d33ecdc551e1 None None] Join ServiceGroup membership for this service conductor {{(pid=97843) start /opt/stack/nova/nova/service.py:221}}
May 14 04:22:07.189783 np0000000747 nova-conductor[97839]: DEBUG nova.servicegroup.drivers.db [None req-1fee2d35-de78-47dd-a62b-6f4bacc4e65b None None] DB_Driver: join new ServiceGroup member np0000000747 to the conductor group, service = {{(pid=97839) join /opt/stack/nova/nova/servicegroup/drivers/db.py:44}}
May 14 04:22:07.189826 np0000000747 nova-conductor[97843]: DEBUG nova.servicegroup.drivers.db [None req-87c35b5f-9bbb-4f90-b923-d33ecdc551e1 None None] DB_Driver: join new ServiceGroup member np0000000747 to the conductor group, service = {{(pid=97843) join /opt/stack/nova/nova/servicegroup/drivers/db.py:44}}
May 14 04:22:12.195152 np0000000747 nova-conductor[97841]: DEBUG oslo.service.backend._threading.loopingcall [-] Fixed interval looping call 'nova.servicegroup.drivers.db.DbDriver._report_state' sleeping for 119.99 seconds {{(pid=97841) _run_loop /opt/stack/data/venv/lib/python3.12/site-packages/oslo_service/backend/_threading/loopingcall.py:125}}
May 14 04:22:12.197924 np0000000747 nova-conductor[97839]: DEBUG oslo.service.backend._threading.loopingcall [-] Fixed interval looping call 'nova.servicegroup.drivers.db.DbDriver._report_state' sleeping for 119.99 seconds {{(pid=97839) _run_loop /opt/stack/data/venv/lib/python3.12/site-packages/oslo_service/backend/_threading/loopingcall.py:125}}
May 14 04:22:12.199859 np0000000747 nova-conductor[97843]: DEBUG oslo.service.backend._threading.loopingcall [-] Fixed interval looping call 'nova.servicegroup.drivers.db.DbDriver._report_state' sleeping for 119.99 seconds {{(pid=97843) _run_loop /opt/stack/data/venv/lib/python3.12/site-packages/oslo_service/backend/_threading/loopingcall.py:125}}
May 14 04:22:15.837145 np0000000747 nova-conductor[96246]: DEBUG dbcounter [-] [96246] Writing DB stats nova_api:SELECT=1 {{(pid=96246) stat_writer /opt/stack/data/venv/lib/python3.12/site-packages/dbcounter.py:115}}
May 14 04:22:15.929901 np0000000747 nova-conductor[96246]: DEBUG dbcounter [-] [96246] Writing DB stats nova_cell0:SELECT=1 {{(pid=96246) stat_writer /opt/stack/data/venv/lib/python3.12/site-packages/dbcounter.py:115}}
May 14 04:22:15.930344 np0000000747 nova-conductor[96246]: DEBUG dbcounter [-] [96246] Writing DB stats nova_cell1:SELECT=1 {{(pid=96246) stat_writer /opt/stack/data/venv/lib/python3.12/site-packages/dbcounter.py:115}}
May 14 04:22:22.191836 np0000000747 nova-conductor[97841]: DEBUG dbcounter [-] [97841] Writing DB stats nova_cell0:SELECT=3,nova_cell0:UPDATE=1 {{(pid=97841) stat_writer /opt/stack/data/venv/lib/python3.12/site-packages/dbcounter.py:115}}
May 14 04:22:22.195807 np0000000747 nova-conductor[97839]: DEBUG dbcounter [-] [97839] Writing DB stats nova_cell0:SELECT=4,nova_cell0:INSERT=1 {{(pid=97839) stat_writer /opt/stack/data/venv/lib/python3.12/site-packages/dbcounter.py:115}}
May 14 04:22:22.197768 np0000000747 nova-conductor[97843]: DEBUG dbcounter [-] [97843] Writing DB stats nova_cell0:SELECT=3 {{(pid=97843) stat_writer /opt/stack/data/venv/lib/python3.12/site-packages/dbcounter.py:115}}
May 14 04:22:23.184411 np0000000747 nova-conductor[97841]: DEBUG oslo.service.backend._threading.loopingcall [None req-eaa0a01f-b3d0-4bb5-9ea7-35f6b57ef9cb None None] Dynamic interval looping call 'nova.service.Service.periodic_tasks' sleeping for 60.00 seconds {{(pid=97841) _run_loop /opt/stack/data/venv/lib/python3.12/site-packages/oslo_service/backend/_threading/loopingcall.py:125}}
May 14 04:22:51.192097 np0000000747 nova-conductor[97839]: DEBUG oslo.service.backend._threading.loopingcall [None req-7ccbe070-abb6-46da-9877-c47869a040fd None None] Dynamic interval looping call 'nova.service.Service.periodic_tasks' sleeping for 60.00 seconds {{(pid=97839) _run_loop /opt/stack/data/venv/lib/python3.12/site-packages/oslo_service/backend/_threading/loopingcall.py:125}}
May 14 04:23:07.191709 np0000000747 nova-conductor[97843]: DEBUG oslo.service.backend._threading.loopingcall [None req-a76f4d11-2728-4d71-8d4e-e77c06b0e985 None None] Dynamic interval looping call 'nova.service.Service.periodic_tasks' sleeping for 60.00 seconds {{(pid=97843) _run_loop /opt/stack/data/venv/lib/python3.12/site-packages/oslo_service/backend/_threading/loopingcall.py:125}}
May 14 04:23:23.184883 np0000000747 nova-conductor[97841]: DEBUG oslo.service.backend._threading.loopingcall [None req-eaa0a01f-b3d0-4bb5-9ea7-35f6b57ef9cb None None] Dynamic interval looping call 'nova.service.Service.periodic_tasks' sleeping for 60.00 seconds {{(pid=97841) _run_loop /opt/stack/data/venv/lib/python3.12/site-packages/oslo_service/backend/_threading/loopingcall.py:125}}
May 14 04:23:51.192561 np0000000747 nova-conductor[97839]: DEBUG oslo.service.backend._threading.loopingcall [None req-7ccbe070-abb6-46da-9877-c47869a040fd None None] Dynamic interval looping call 'nova.service.Service.periodic_tasks' sleeping for 60.00 seconds {{(pid=97839) _run_loop /opt/stack/data/venv/lib/python3.12/site-packages/oslo_service/backend/_threading/loopingcall.py:125}}
May 14 04:24:07.192257 np0000000747 nova-conductor[97843]: DEBUG oslo.service.backend._threading.loopingcall [None req-a76f4d11-2728-4d71-8d4e-e77c06b0e985 None None] Dynamic interval looping call 'nova.service.Service.periodic_tasks' sleeping for 60.00 seconds {{(pid=97843) _run_loop /opt/stack/data/venv/lib/python3.12/site-packages/oslo_service/backend/_threading/loopingcall.py:125}}
May 14 04:24:12.192047 np0000000747 nova-conductor[97841]: DEBUG oslo.service.backend._threading.loopingcall [-] Fixed interval looping call 'nova.servicegroup.drivers.db.DbDriver._report_state' sleeping for 119.99 seconds {{(pid=97841) _run_loop /opt/stack/data/venv/lib/python3.12/site-packages/oslo_service/backend/_threading/loopingcall.py:125}}
May 14 04:24:12.193578 np0000000747 nova-conductor[97843]: DEBUG oslo.service.backend._threading.loopingcall [-] Fixed interval looping call 'nova.servicegroup.drivers.db.DbDriver._report_state' sleeping for 120.00 seconds {{(pid=97843) _run_loop /opt/stack/data/venv/lib/python3.12/site-packages/oslo_service/backend/_threading/loopingcall.py:125}}
May 14 04:24:12.193810 np0000000747 nova-conductor[97839]: DEBUG oslo.service.backend._threading.loopingcall [-] Fixed interval looping call 'nova.servicegroup.drivers.db.DbDriver._report_state' sleeping for 119.99 seconds {{(pid=97839) _run_loop /opt/stack/data/venv/lib/python3.12/site-packages/oslo_service/backend/_threading/loopingcall.py:125}}
May 14 04:24:22.189755 np0000000747 nova-conductor[97841]: DEBUG dbcounter [-] [97841] Writing DB stats nova_cell0:SELECT=1,nova_cell0:UPDATE=1 {{(pid=97841) stat_writer /opt/stack/data/venv/lib/python3.12/site-packages/dbcounter.py:115}}
May 14 04:24:22.192268 np0000000747 nova-conductor[97839]: DEBUG dbcounter [-] [97839] Writing DB stats nova_cell0:SELECT=1,nova_cell0:UPDATE=1 {{(pid=97839) stat_writer /opt/stack/data/venv/lib/python3.12/site-packages/dbcounter.py:115}}
May 14 04:24:22.192572 np0000000747 nova-conductor[97843]: DEBUG dbcounter [-] [97843] Writing DB stats nova_cell0:SELECT=1 {{(pid=97843) stat_writer /opt/stack/data/venv/lib/python3.12/site-packages/dbcounter.py:115}}
May 14 04:24:23.185462 np0000000747 nova-conductor[97841]: DEBUG oslo.service.backend._threading.loopingcall [None req-eaa0a01f-b3d0-4bb5-9ea7-35f6b57ef9cb None None] Dynamic interval looping call 'nova.service.Service.periodic_tasks' sleeping for 60.00 seconds {{(pid=97841) _run_loop /opt/stack/data/venv/lib/python3.12/site-packages/oslo_service/backend/_threading/loopingcall.py:125}}
May 14 04:24:39.617695 np0000000747 nova-conductor[97841]: DEBUG oslo_db.sqlalchemy.engines [None req-6466f381-f304-42fe-94b4-891ea1f4c995 tempest-DeleteServersTestJSON-1902086793 tempest-DeleteServersTestJSON-1902086793-project-member] Parent process 96246 forked (97841) with an open database connection, which is being discarded and recreated. {{(pid=97841) checkout /opt/stack/data/venv/lib/python3.12/site-packages/oslo_db/sqlalchemy/engines.py:402}}
May 14 04:24:39.624508 np0000000747 nova-conductor[97841]: DEBUG dbcounter [-] [97841] Writer thread running {{(pid=97841) stat_writer /opt/stack/data/venv/lib/python3.12/site-packages/dbcounter.py:102}}
May 14 04:24:40.643027 np0000000747 nova-conductor[97839]: DEBUG dbcounter [-] [97839] Writer thread running {{(pid=97839) stat_writer /opt/stack/data/venv/lib/python3.12/site-packages/dbcounter.py:102}}
May 14 04:24:40.652872 np0000000747 nova-conductor[97841]: DEBUG nova.conductor.manager [None req-6466f381-f304-42fe-94b4-891ea1f4c995 tempest-DeleteServersTestJSON-1902086793 tempest-DeleteServersTestJSON-1902086793-project-member] Took 1.02 seconds to select destinations for 1 instance(s). {{(pid=97841) _schedule_instances /opt/stack/nova/nova/conductor/manager.py:968}}
May 14 04:24:40.685485 np0000000747 nova-conductor[97841]: DEBUG oslo_concurrency.lockutils [None req-6466f381-f304-42fe-94b4-891ea1f4c995 tempest-DeleteServersTestJSON-1902086793 tempest-DeleteServersTestJSON-1902086793-project-member] Acquiring lock "3c9421dc-8e1e-47aa-8216-b7e83b37ce88" by "nova.context.set_target_cell..get_or_set_cached_cell_and_set_connections" {{(pid=97841) inner /opt/stack/data/venv/lib/python3.12/site-packages/oslo_concurrency/lockutils.py:506}}
May 14 04:24:40.685772 np0000000747 nova-conductor[97841]: DEBUG oslo_concurrency.lockutils [None req-6466f381-f304-42fe-94b4-891ea1f4c995 tempest-DeleteServersTestJSON-1902086793 tempest-DeleteServersTestJSON-1902086793-project-member] Lock "3c9421dc-8e1e-47aa-8216-b7e83b37ce88" acquired by "nova.context.set_target_cell..get_or_set_cached_cell_and_set_connections" :: waited 0.000s {{(pid=97841) inner /opt/stack/data/venv/lib/python3.12/site-packages/oslo_concurrency/lockutils.py:519}}
May 14 04:24:40.687046 np0000000747 nova-conductor[97841]: DEBUG oslo_concurrency.lockutils [None req-6466f381-f304-42fe-94b4-891ea1f4c995 tempest-DeleteServersTestJSON-1902086793 tempest-DeleteServersTestJSON-1902086793-project-member] Lock "3c9421dc-8e1e-47aa-8216-b7e83b37ce88" "released" by "nova.context.set_target_cell..get_or_set_cached_cell_and_set_connections" :: held 0.001s {{(pid=97841) inner /opt/stack/data/venv/lib/python3.12/site-packages/oslo_concurrency/lockutils.py:538}}
May 14 04:24:40.688716 np0000000747 nova-conductor[97841]: INFO dbcounter [None req-6466f381-f304-42fe-94b4-891ea1f4c995 tempest-DeleteServersTestJSON-1902086793 tempest-DeleteServersTestJSON-1902086793-project-member] Registered counter for database nova_cell1
May 14 04:24:40.701629 np0000000747 nova-conductor[97841]: DEBUG oslo_db.sqlalchemy.engines [None req-6466f381-f304-42fe-94b4-891ea1f4c995 tempest-DeleteServersTestJSON-1902086793 tempest-DeleteServersTestJSON-1902086793-project-member] MySQL server mode set to STRICT_TRANS_TABLES,STRICT_ALL_TABLES,NO_ZERO_IN_DATE,NO_ZERO_DATE,ERROR_FOR_DIVISION_BY_ZERO,TRADITIONAL,NO_ENGINE_SUBSTITUTION {{(pid=97841) _check_effective_sql_mode /opt/stack/data/venv/lib/python3.12/site-packages/oslo_db/sqlalchemy/engines.py:325}}
May 14 04:24:40.704922 np0000000747 nova-conductor[97843]: DEBUG dbcounter [-] [97843] Writer thread running {{(pid=97843) stat_writer /opt/stack/data/venv/lib/python3.12/site-packages/dbcounter.py:102}}
May 14 04:24:40.709365 np0000000747 nova-conductor[97841]: DEBUG dbcounter [-] [97841] Writer thread running {{(pid=97841) stat_writer /opt/stack/data/venv/lib/python3.12/site-packages/dbcounter.py:102}}
May 14 04:24:40.785385 np0000000747 nova-conductor[97841]: INFO nova.utils [None req-6466f381-f304-42fe-94b4-891ea1f4c995 tempest-DeleteServersTestJSON-1902086793 tempest-DeleteServersTestJSON-1902086793-project-member] The cell worker thread pool ForkProcess-2.cell_worker is initialized
May 14 04:24:40.785747 np0000000747 nova-conductor[97841]: DEBUG oslo_concurrency.lockutils [None req-6466f381-f304-42fe-94b4-891ea1f4c995 tempest-DeleteServersTestJSON-1902086793 tempest-DeleteServersTestJSON-1902086793-project-member] Acquiring lock "00000000-0000-0000-0000-000000000000" by "nova.context.set_target_cell..get_or_set_cached_cell_and_set_connections" {{(pid=97841) inner /opt/stack/data/venv/lib/python3.12/site-packages/oslo_concurrency/lockutils.py:506}}
May 14 04:24:40.785940 np0000000747 nova-conductor[97841]: DEBUG oslo_concurrency.lockutils [None req-6466f381-f304-42fe-94b4-891ea1f4c995 tempest-DeleteServersTestJSON-1902086793 tempest-DeleteServersTestJSON-1902086793-project-member] Lock "00000000-0000-0000-0000-000000000000" acquired by "nova.context.set_target_cell..get_or_set_cached_cell_and_set_connections" :: waited 0.000s {{(pid=97841) inner /opt/stack/data/venv/lib/python3.12/site-packages/oslo_concurrency/lockutils.py:519}}
May 14 04:24:40.786385 np0000000747 nova-conductor[97841]: DEBUG oslo_concurrency.lockutils [None req-6466f381-f304-42fe-94b4-891ea1f4c995 tempest-DeleteServersTestJSON-1902086793 tempest-DeleteServersTestJSON-1902086793-project-member] Lock "00000000-0000-0000-0000-000000000000" "released" by "nova.context.set_target_cell..get_or_set_cached_cell_and_set_connections" :: held 0.000s {{(pid=97841) inner /opt/stack/data/venv/lib/python3.12/site-packages/oslo_concurrency/lockutils.py:538}}
May 14 04:24:40.787102 np0000000747 nova-conductor[97841]: DEBUG oslo_concurrency.lockutils [None req-6466f381-f304-42fe-94b4-891ea1f4c995 tempest-DeleteServersTestJSON-1902086793 tempest-DeleteServersTestJSON-1902086793-project-member] Acquiring lock "3c9421dc-8e1e-47aa-8216-b7e83b37ce88" by "nova.context.set_target_cell..get_or_set_cached_cell_and_set_connections" {{(pid=97841) inner /opt/stack/data/venv/lib/python3.12/site-packages/oslo_concurrency/lockutils.py:506}}
May 14 04:24:40.787377 np0000000747 nova-conductor[97841]: DEBUG oslo_concurrency.lockutils [None req-6466f381-f304-42fe-94b4-891ea1f4c995 tempest-DeleteServersTestJSON-1902086793 tempest-DeleteServersTestJSON-1902086793-project-member] Lock "3c9421dc-8e1e-47aa-8216-b7e83b37ce88" acquired by "nova.context.set_target_cell..get_or_set_cached_cell_and_set_connections" :: waited 0.000s {{(pid=97841) inner /opt/stack/data/venv/lib/python3.12/site-packages/oslo_concurrency/lockutils.py:519}}
May 14 04:24:40.787452 np0000000747 nova-conductor[97841]: DEBUG oslo_concurrency.lockutils [None req-6466f381-f304-42fe-94b4-891ea1f4c995 tempest-DeleteServersTestJSON-1902086793 tempest-DeleteServersTestJSON-1902086793-project-member] Lock "3c9421dc-8e1e-47aa-8216-b7e83b37ce88" "released" by "nova.context.set_target_cell..get_or_set_cached_cell_and_set_connections" :: held 0.000s {{(pid=97841) inner /opt/stack/data/venv/lib/python3.12/site-packages/oslo_concurrency/lockutils.py:538}}
May 14 04:24:40.788900 np0000000747 nova-conductor[97841]: INFO dbcounter [None req-6466f381-f304-42fe-94b4-891ea1f4c995 tempest-DeleteServersTestJSON-1902086793 tempest-DeleteServersTestJSON-1902086793-project-member] Registered counter for database nova_cell0
May 14 04:24:40.806840 np0000000747 nova-conductor[97841]: DEBUG oslo_db.sqlalchemy.engines [None req-6466f381-f304-42fe-94b4-891ea1f4c995 tempest-DeleteServersTestJSON-1902086793 tempest-DeleteServersTestJSON-1902086793-project-member] MySQL server mode set to STRICT_TRANS_TABLES,STRICT_ALL_TABLES,NO_ZERO_IN_DATE,NO_ZERO_DATE,ERROR_FOR_DIVISION_BY_ZERO,TRADITIONAL,NO_ENGINE_SUBSTITUTION {{(pid=97841) _check_effective_sql_mode /opt/stack/data/venv/lib/python3.12/site-packages/oslo_db/sqlalchemy/engines.py:325}}
May 14 04:24:40.813074 np0000000747 nova-conductor[97841]: DEBUG dbcounter [-] [97841] Writer thread running {{(pid=97841) stat_writer /opt/stack/data/venv/lib/python3.12/site-packages/dbcounter.py:102}}
May 14 04:24:40.824447 np0000000747 nova-conductor[97841]: DEBUG nova.quota [None req-6466f381-f304-42fe-94b4-891ea1f4c995 tempest-DeleteServersTestJSON-1902086793 tempest-DeleteServersTestJSON-1902086793-project-member] Getting quotas for project f9f5cd5a00b64eab8642956b8f115b22. Resources: {'cores', 'instances', 'ram'} {{(pid=97841) _get_quotas /opt/stack/nova/nova/quota.py:392}}
May 14 04:24:40.826810 np0000000747 nova-conductor[97841]: DEBUG nova.quota [None req-6466f381-f304-42fe-94b4-891ea1f4c995 tempest-DeleteServersTestJSON-1902086793 tempest-DeleteServersTestJSON-1902086793-project-member] Getting quotas for user 4e2981eaaa334996912cedae5d7757da and project f9f5cd5a00b64eab8642956b8f115b22. Resources: {'cores', 'instances', 'ram'} {{(pid=97841) _get_quotas /opt/stack/nova/nova/quota.py:382}}
May 14 04:24:40.832238 np0000000747 nova-conductor[97841]: DEBUG nova.conductor.manager [None req-6466f381-f304-42fe-94b4-891ea1f4c995 tempest-DeleteServersTestJSON-1902086793 tempest-DeleteServersTestJSON-1902086793-project-member] [instance: 751c9f9b-6010-466c-b158-0d29f4b48ecb] Selected host: np0000000747; Selected node: np0000000747; Alternates: [] {{(pid=97841) schedule_and_build_instances /opt/stack/nova/nova/conductor/manager.py:1784}}
May 14 04:24:40.832310 np0000000747 nova-conductor[97841]: DEBUG oslo_concurrency.lockutils [None req-6466f381-f304-42fe-94b4-891ea1f4c995 tempest-DeleteServersTestJSON-1902086793 tempest-DeleteServersTestJSON-1902086793-project-member] Acquiring lock "3c9421dc-8e1e-47aa-8216-b7e83b37ce88" by "nova.context.set_target_cell..get_or_set_cached_cell_and_set_connections" {{(pid=97841) inner /opt/stack/data/venv/lib/python3.12/site-packages/oslo_concurrency/lockutils.py:506}}
May 14 04:24:40.832551 np0000000747 nova-conductor[97841]: DEBUG oslo_concurrency.lockutils [None req-6466f381-f304-42fe-94b4-891ea1f4c995 tempest-DeleteServersTestJSON-1902086793 tempest-DeleteServersTestJSON-1902086793-project-member] Lock "3c9421dc-8e1e-47aa-8216-b7e83b37ce88" acquired by "nova.context.set_target_cell..get_or_set_cached_cell_and_set_connections" :: waited 0.000s {{(pid=97841) inner /opt/stack/data/venv/lib/python3.12/site-packages/oslo_concurrency/lockutils.py:519}}
May 14 04:24:40.832639 np0000000747 nova-conductor[97841]: DEBUG oslo_concurrency.lockutils [None req-6466f381-f304-42fe-94b4-891ea1f4c995 tempest-DeleteServersTestJSON-1902086793 tempest-DeleteServersTestJSON-1902086793-project-member] Lock "3c9421dc-8e1e-47aa-8216-b7e83b37ce88" "released" by "nova.context.set_target_cell..get_or_set_cached_cell_and_set_connections" :: held 0.000s {{(pid=97841) inner /opt/stack/data/venv/lib/python3.12/site-packages/oslo_concurrency/lockutils.py:538}}
May 14 04:24:40.843628 np0000000747 nova-conductor[97841]: DEBUG nova.conductor.manager [None req-6466f381-f304-42fe-94b4-891ea1f4c995 tempest-DeleteServersTestJSON-1902086793 tempest-DeleteServersTestJSON-1902086793-project-member] [instance: 751c9f9b-6010-466c-b158-0d29f4b48ecb] block_device_mapping [BlockDeviceMapping(attachment_id=,boot_index=0,connection_info=None,created_at=,delete_on_termination=True,deleted=,deleted_at=,destination_type='local',device_name=None,device_type='disk',disk_bus=None,encrypted=False,encryption_format=None,encryption_options=None,encryption_secret_uuid=None,guest_format=None,id=,image_id='61ff7b79-8a72-479d-a718-78041e1efa4d',instance=,instance_uuid=,no_device=False,snapshot_id=None,source_type='image',tag=None,updated_at=,uuid=,volume_id=None,volume_size=None,volume_type=None)] {{(pid=97841) _create_block_device_mapping /opt/stack/nova/nova/conductor/manager.py:1529}}
May 14 04:24:40.845131 np0000000747 nova-conductor[97841]: DEBUG oslo_concurrency.lockutils [None req-6466f381-f304-42fe-94b4-891ea1f4c995 tempest-DeleteServersTestJSON-1902086793 tempest-DeleteServersTestJSON-1902086793-project-member] Acquiring lock "3c9421dc-8e1e-47aa-8216-b7e83b37ce88" by "nova.context.set_target_cell..get_or_set_cached_cell_and_set_connections" {{(pid=97841) inner /opt/stack/data/venv/lib/python3.12/site-packages/oslo_concurrency/lockutils.py:506}}
May 14 04:24:40.845334 np0000000747 nova-conductor[97841]: DEBUG oslo_concurrency.lockutils [None req-6466f381-f304-42fe-94b4-891ea1f4c995 tempest-DeleteServersTestJSON-1902086793 tempest-DeleteServersTestJSON-1902086793-project-member] Lock "3c9421dc-8e1e-47aa-8216-b7e83b37ce88" acquired by "nova.context.set_target_cell..get_or_set_cached_cell_and_set_connections" :: waited 0.000s {{(pid=97841) inner /opt/stack/data/venv/lib/python3.12/site-packages/oslo_concurrency/lockutils.py:519}}
May 14 04:24:40.845461 np0000000747 nova-conductor[97841]: DEBUG oslo_concurrency.lockutils [None req-6466f381-f304-42fe-94b4-891ea1f4c995 tempest-DeleteServersTestJSON-1902086793 tempest-DeleteServersTestJSON-1902086793-project-member] Lock "3c9421dc-8e1e-47aa-8216-b7e83b37ce88" "released" by "nova.context.set_target_cell..get_or_set_cached_cell_and_set_connections" :: held 0.000s {{(pid=97841) inner /opt/stack/data/venv/lib/python3.12/site-packages/oslo_concurrency/lockutils.py:538}}
May 14 04:24:40.880440 np0000000747 nova-conductor[97841]: DEBUG oslo_concurrency.lockutils [None req-6466f381-f304-42fe-94b4-891ea1f4c995 tempest-DeleteServersTestJSON-1902086793 tempest-DeleteServersTestJSON-1902086793-project-member] Acquiring lock "3c9421dc-8e1e-47aa-8216-b7e83b37ce88" by "nova.context.set_target_cell..get_or_set_cached_cell_and_set_connections" {{(pid=97841) inner /opt/stack/data/venv/lib/python3.12/site-packages/oslo_concurrency/lockutils.py:506}}
May 14 04:24:40.880603 np0000000747 nova-conductor[97841]: DEBUG oslo_concurrency.lockutils [None req-6466f381-f304-42fe-94b4-891ea1f4c995 tempest-DeleteServersTestJSON-1902086793 tempest-DeleteServersTestJSON-1902086793-project-member] Lock "3c9421dc-8e1e-47aa-8216-b7e83b37ce88" acquired by "nova.context.set_target_cell..get_or_set_cached_cell_and_set_connections" :: waited 0.000s {{(pid=97841) inner /opt/stack/data/venv/lib/python3.12/site-packages/oslo_concurrency/lockutils.py:519}}
May 14 04:24:40.880827 np0000000747 nova-conductor[97841]: DEBUG oslo_concurrency.lockutils [None req-6466f381-f304-42fe-94b4-891ea1f4c995 tempest-DeleteServersTestJSON-1902086793 tempest-DeleteServersTestJSON-1902086793-project-member] Lock "3c9421dc-8e1e-47aa-8216-b7e83b37ce88" "released" by "nova.context.set_target_cell..get_or_set_cached_cell_and_set_connections" :: held 0.000s {{(pid=97841) inner /opt/stack/data/venv/lib/python3.12/site-packages/oslo_concurrency/lockutils.py:538}}
May 14 04:24:40.881070 np0000000747 nova-conductor[97841]: DEBUG oslo_concurrency.lockutils [None req-6466f381-f304-42fe-94b4-891ea1f4c995 tempest-DeleteServersTestJSON-1902086793 tempest-DeleteServersTestJSON-1902086793-project-member] Acquiring lock "compute-rpcapi-router" {{(pid=97841) lock /opt/stack/data/venv/lib/python3.12/site-packages/oslo_concurrency/lockutils.py:390}}
May 14 04:24:40.881212 np0000000747 nova-conductor[97841]: DEBUG oslo_concurrency.lockutils [None req-6466f381-f304-42fe-94b4-891ea1f4c995 tempest-DeleteServersTestJSON-1902086793 tempest-DeleteServersTestJSON-1902086793-project-member] Acquired lock "compute-rpcapi-router" {{(pid=97841) lock /opt/stack/data/venv/lib/python3.12/site-packages/oslo_concurrency/lockutils.py:393}}
May 14 04:24:40.881705 np0000000747 nova-conductor[97841]: DEBUG oslo_concurrency.lockutils [None req-a2c0b80f-5db7-4ab0-a684-88d9f2633226 None None] Acquiring lock "00000000-0000-0000-0000-000000000000" by "nova.context.set_target_cell..get_or_set_cached_cell_and_set_connections" {{(pid=97841) inner /opt/stack/data/venv/lib/python3.12/site-packages/oslo_concurrency/lockutils.py:506}}
May 14 04:24:40.881894 np0000000747 nova-conductor[97841]: DEBUG oslo_concurrency.lockutils [None req-a2c0b80f-5db7-4ab0-a684-88d9f2633226 None None] Lock "00000000-0000-0000-0000-000000000000" acquired by "nova.context.set_target_cell..get_or_set_cached_cell_and_set_connections" :: waited 0.000s {{(pid=97841) inner /opt/stack/data/venv/lib/python3.12/site-packages/oslo_concurrency/lockutils.py:519}}
May 14 04:24:40.882144 np0000000747 nova-conductor[97841]: DEBUG oslo_concurrency.lockutils [None req-a2c0b80f-5db7-4ab0-a684-88d9f2633226 None None] Lock "00000000-0000-0000-0000-000000000000" "released" by "nova.context.set_target_cell..get_or_set_cached_cell_and_set_connections" :: held 0.000s {{(pid=97841) inner /opt/stack/data/venv/lib/python3.12/site-packages/oslo_concurrency/lockutils.py:538}}
May 14 04:24:40.882967 np0000000747 nova-conductor[97841]: DEBUG oslo_concurrency.lockutils [None req-a2c0b80f-5db7-4ab0-a684-88d9f2633226 None None] Acquiring lock "3c9421dc-8e1e-47aa-8216-b7e83b37ce88" by "nova.context.set_target_cell..get_or_set_cached_cell_and_set_connections" {{(pid=97841) inner /opt/stack/data/venv/lib/python3.12/site-packages/oslo_concurrency/lockutils.py:506}}
May 14 04:24:40.883128 np0000000747 nova-conductor[97841]: DEBUG oslo_concurrency.lockutils [None req-a2c0b80f-5db7-4ab0-a684-88d9f2633226 None None] Lock "3c9421dc-8e1e-47aa-8216-b7e83b37ce88" acquired by "nova.context.set_target_cell..get_or_set_cached_cell_and_set_connections" :: waited 0.000s {{(pid=97841) inner /opt/stack/data/venv/lib/python3.12/site-packages/oslo_concurrency/lockutils.py:519}}
May 14 04:24:40.883330 np0000000747 nova-conductor[97841]: DEBUG oslo_concurrency.lockutils [None req-a2c0b80f-5db7-4ab0-a684-88d9f2633226 None None] Lock "3c9421dc-8e1e-47aa-8216-b7e83b37ce88" "released" by "nova.context.set_target_cell..get_or_set_cached_cell_and_set_connections" :: held 0.000s {{(pid=97841) inner /opt/stack/data/venv/lib/python3.12/site-packages/oslo_concurrency/lockutils.py:538}}
May 14 04:24:40.891515 np0000000747 nova-conductor[97841]: INFO nova.compute.rpcapi [None req-a2c0b80f-5db7-4ab0-a684-88d9f2633226 None None] Automatically selected compute RPC version 6.5 from minimum service version 72
May 14 04:24:40.891911 np0000000747 nova-conductor[97841]: DEBUG oslo_concurrency.lockutils [None req-a2c0b80f-5db7-4ab0-a684-88d9f2633226 None None] Releasing lock "compute-rpcapi-router" {{(pid=97841) lock /opt/stack/data/venv/lib/python3.12/site-packages/oslo_concurrency/lockutils.py:413}}
May 14 04:24:41.176151 np0000000747 nova-conductor[97839]: DEBUG nova.conductor.manager [None req-ee47927f-b8e6-44a6-9d6b-15e359ace72d tempest-ServerActionsTestOtherA-1166153365 tempest-ServerActionsTestOtherA-1166153365-project-member] Took 0.53 seconds to select destinations for 1 instance(s). {{(pid=97839) _schedule_instances /opt/stack/nova/nova/conductor/manager.py:968}}
May 14 04:24:41.199568 np0000000747 nova-conductor[97839]: DEBUG oslo_concurrency.lockutils [None req-ee47927f-b8e6-44a6-9d6b-15e359ace72d tempest-ServerActionsTestOtherA-1166153365 tempest-ServerActionsTestOtherA-1166153365-project-member] Acquiring lock "3c9421dc-8e1e-47aa-8216-b7e83b37ce88" by "nova.context.set_target_cell..get_or_set_cached_cell_and_set_connections" {{(pid=97839) inner /opt/stack/data/venv/lib/python3.12/site-packages/oslo_concurrency/lockutils.py:506}}
May 14 04:24:41.199772 np0000000747 nova-conductor[97839]: DEBUG oslo_concurrency.lockutils [None req-ee47927f-b8e6-44a6-9d6b-15e359ace72d tempest-ServerActionsTestOtherA-1166153365 tempest-ServerActionsTestOtherA-1166153365-project-member] Lock "3c9421dc-8e1e-47aa-8216-b7e83b37ce88" acquired by "nova.context.set_target_cell..get_or_set_cached_cell_and_set_connections" :: waited 0.000s {{(pid=97839) inner /opt/stack/data/venv/lib/python3.12/site-packages/oslo_concurrency/lockutils.py:519}}
May 14 04:24:41.200855 np0000000747 nova-conductor[97839]: DEBUG oslo_concurrency.lockutils [None req-ee47927f-b8e6-44a6-9d6b-15e359ace72d tempest-ServerActionsTestOtherA-1166153365 tempest-ServerActionsTestOtherA-1166153365-project-member] Lock "3c9421dc-8e1e-47aa-8216-b7e83b37ce88" "released" by "nova.context.set_target_cell..get_or_set_cached_cell_and_set_connections" :: held 0.001s {{(pid=97839) inner /opt/stack/data/venv/lib/python3.12/site-packages/oslo_concurrency/lockutils.py:538}}
May 14 04:24:41.202695 np0000000747 nova-conductor[97839]: INFO dbcounter [None req-ee47927f-b8e6-44a6-9d6b-15e359ace72d tempest-ServerActionsTestOtherA-1166153365 tempest-ServerActionsTestOtherA-1166153365-project-member] Registered counter for database nova_cell1
May 14 04:24:41.208081 np0000000747 nova-conductor[97839]: DEBUG oslo_db.sqlalchemy.engines [None req-ee47927f-b8e6-44a6-9d6b-15e359ace72d tempest-ServerActionsTestOtherA-1166153365 tempest-ServerActionsTestOtherA-1166153365-project-member] MySQL server mode set to STRICT_TRANS_TABLES,STRICT_ALL_TABLES,NO_ZERO_IN_DATE,NO_ZERO_DATE,ERROR_FOR_DIVISION_BY_ZERO,TRADITIONAL,NO_ENGINE_SUBSTITUTION {{(pid=97839) _check_effective_sql_mode /opt/stack/data/venv/lib/python3.12/site-packages/oslo_db/sqlalchemy/engines.py:325}}
May 14 04:24:41.215278 np0000000747 nova-conductor[97839]: DEBUG dbcounter [-] [97839] Writer thread running {{(pid=97839) stat_writer /opt/stack/data/venv/lib/python3.12/site-packages/dbcounter.py:102}}
May 14 04:24:41.233640 np0000000747 nova-conductor[97843]: DEBUG nova.conductor.manager [None req-9bc903e4-b5a1-4f79-8e80-ccb6e2806e35 tempest-ServerActionsTestOtherB-1774572299 tempest-ServerActionsTestOtherB-1774572299-project-member] Took 0.53 seconds to select destinations for 1 instance(s). {{(pid=97843) _schedule_instances /opt/stack/nova/nova/conductor/manager.py:968}}
May 14 04:24:41.258642 np0000000747 nova-conductor[97839]: INFO nova.utils [None req-ee47927f-b8e6-44a6-9d6b-15e359ace72d tempest-ServerActionsTestOtherA-1166153365 tempest-ServerActionsTestOtherA-1166153365-project-member] The cell worker thread pool ForkProcess-1.cell_worker is initialized
May 14 04:24:41.258956 np0000000747 nova-conductor[97839]: DEBUG oslo_concurrency.lockutils [None req-ee47927f-b8e6-44a6-9d6b-15e359ace72d tempest-ServerActionsTestOtherA-1166153365 tempest-ServerActionsTestOtherA-1166153365-project-member] Acquiring lock "00000000-0000-0000-0000-000000000000" by "nova.context.set_target_cell..get_or_set_cached_cell_and_set_connections" {{(pid=97839) inner /opt/stack/data/venv/lib/python3.12/site-packages/oslo_concurrency/lockutils.py:506}}
May 14 04:24:41.259187 np0000000747 nova-conductor[97839]: DEBUG oslo_concurrency.lockutils [None req-ee47927f-b8e6-44a6-9d6b-15e359ace72d tempest-ServerActionsTestOtherA-1166153365 tempest-ServerActionsTestOtherA-1166153365-project-member] Lock "00000000-0000-0000-0000-000000000000" acquired by "nova.context.set_target_cell..get_or_set_cached_cell_and_set_connections" :: waited 0.000s {{(pid=97839) inner /opt/stack/data/venv/lib/python3.12/site-packages/oslo_concurrency/lockutils.py:519}}
May 14 04:24:41.259476 np0000000747 nova-conductor[97839]: DEBUG oslo_concurrency.lockutils [None req-ee47927f-b8e6-44a6-9d6b-15e359ace72d tempest-ServerActionsTestOtherA-1166153365 tempest-ServerActionsTestOtherA-1166153365-project-member] Lock "00000000-0000-0000-0000-000000000000" "released" by "nova.context.set_target_cell..get_or_set_cached_cell_and_set_connections" :: held 0.000s {{(pid=97839) inner /opt/stack/data/venv/lib/python3.12/site-packages/oslo_concurrency/lockutils.py:538}}
May 14 04:24:41.260115 np0000000747 nova-conductor[97839]: DEBUG oslo_concurrency.lockutils [None req-ee47927f-b8e6-44a6-9d6b-15e359ace72d tempest-ServerActionsTestOtherA-1166153365 tempest-ServerActionsTestOtherA-1166153365-project-member] Acquiring lock "3c9421dc-8e1e-47aa-8216-b7e83b37ce88" by "nova.context.set_target_cell..get_or_set_cached_cell_and_set_connections" {{(pid=97839) inner /opt/stack/data/venv/lib/python3.12/site-packages/oslo_concurrency/lockutils.py:506}}
May 14 04:24:41.260280 np0000000747 nova-conductor[97839]: DEBUG oslo_concurrency.lockutils [None req-ee47927f-b8e6-44a6-9d6b-15e359ace72d tempest-ServerActionsTestOtherA-1166153365 tempest-ServerActionsTestOtherA-1166153365-project-member] Lock "3c9421dc-8e1e-47aa-8216-b7e83b37ce88" acquired by "nova.context.set_target_cell..get_or_set_cached_cell_and_set_connections" :: waited 0.000s {{(pid=97839) inner /opt/stack/data/venv/lib/python3.12/site-packages/oslo_concurrency/lockutils.py:519}}
May 14 04:24:41.260418 np0000000747 nova-conductor[97839]: DEBUG oslo_concurrency.lockutils [None req-ee47927f-b8e6-44a6-9d6b-15e359ace72d tempest-ServerActionsTestOtherA-1166153365 tempest-ServerActionsTestOtherA-1166153365-project-member] Lock "3c9421dc-8e1e-47aa-8216-b7e83b37ce88" "released" by "nova.context.set_target_cell..get_or_set_cached_cell_and_set_connections" :: held 0.000s {{(pid=97839) inner /opt/stack/data/venv/lib/python3.12/site-packages/oslo_concurrency/lockutils.py:538}}
May 14 04:24:41.261824 np0000000747 nova-conductor[97839]: INFO dbcounter [None req-ee47927f-b8e6-44a6-9d6b-15e359ace72d tempest-ServerActionsTestOtherA-1166153365 tempest-ServerActionsTestOtherA-1166153365-project-member] Registered counter for database nova_cell0
May 14 04:24:41.262085 np0000000747 nova-conductor[97843]: DEBUG oslo_concurrency.lockutils [None req-9bc903e4-b5a1-4f79-8e80-ccb6e2806e35 tempest-ServerActionsTestOtherB-1774572299 tempest-ServerActionsTestOtherB-1774572299-project-member] Acquiring lock "3c9421dc-8e1e-47aa-8216-b7e83b37ce88" by "nova.context.set_target_cell..get_or_set_cached_cell_and_set_connections" {{(pid=97843) inner /opt/stack/data/venv/lib/python3.12/site-packages/oslo_concurrency/lockutils.py:506}}
May 14 04:24:41.262364 np0000000747 nova-conductor[97843]: DEBUG oslo_concurrency.lockutils [None req-9bc903e4-b5a1-4f79-8e80-ccb6e2806e35 tempest-ServerActionsTestOtherB-1774572299 tempest-ServerActionsTestOtherB-1774572299-project-member] Lock "3c9421dc-8e1e-47aa-8216-b7e83b37ce88" acquired by "nova.context.set_target_cell..get_or_set_cached_cell_and_set_connections" :: waited 0.000s {{(pid=97843) inner /opt/stack/data/venv/lib/python3.12/site-packages/oslo_concurrency/lockutils.py:519}}
May 14 04:24:41.263919 np0000000747 nova-conductor[97843]: DEBUG oslo_concurrency.lockutils [None req-9bc903e4-b5a1-4f79-8e80-ccb6e2806e35 tempest-ServerActionsTestOtherB-1774572299 tempest-ServerActionsTestOtherB-1774572299-project-member] Lock "3c9421dc-8e1e-47aa-8216-b7e83b37ce88" "released" by "nova.context.set_target_cell..get_or_set_cached_cell_and_set_connections" :: held 0.002s {{(pid=97843) inner /opt/stack/data/venv/lib/python3.12/site-packages/oslo_concurrency/lockutils.py:538}}
May 14 04:24:41.266394 np0000000747 nova-conductor[97843]: INFO dbcounter [None req-9bc903e4-b5a1-4f79-8e80-ccb6e2806e35 tempest-ServerActionsTestOtherB-1774572299 tempest-ServerActionsTestOtherB-1774572299-project-member] Registered counter for database nova_cell1
May 14 04:24:41.272909 np0000000747 nova-conductor[97843]: DEBUG oslo_db.sqlalchemy.engines [None req-9bc903e4-b5a1-4f79-8e80-ccb6e2806e35 tempest-ServerActionsTestOtherB-1774572299 tempest-ServerActionsTestOtherB-1774572299-project-member] MySQL server mode set to STRICT_TRANS_TABLES,STRICT_ALL_TABLES,NO_ZERO_IN_DATE,NO_ZERO_DATE,ERROR_FOR_DIVISION_BY_ZERO,TRADITIONAL,NO_ENGINE_SUBSTITUTION {{(pid=97843) _check_effective_sql_mode /opt/stack/data/venv/lib/python3.12/site-packages/oslo_db/sqlalchemy/engines.py:325}}
May 14 04:24:41.276937 np0000000747 nova-conductor[97839]: DEBUG oslo_db.sqlalchemy.engines [None req-ee47927f-b8e6-44a6-9d6b-15e359ace72d tempest-ServerActionsTestOtherA-1166153365 tempest-ServerActionsTestOtherA-1166153365-project-member] MySQL server mode set to STRICT_TRANS_TABLES,STRICT_ALL_TABLES,NO_ZERO_IN_DATE,NO_ZERO_DATE,ERROR_FOR_DIVISION_BY_ZERO,TRADITIONAL,NO_ENGINE_SUBSTITUTION {{(pid=97839) _check_effective_sql_mode /opt/stack/data/venv/lib/python3.12/site-packages/oslo_db/sqlalchemy/engines.py:325}}
May 14 04:24:41.279208 np0000000747 nova-conductor[97843]: DEBUG dbcounter [-] [97843] Writer thread running {{(pid=97843) stat_writer /opt/stack/data/venv/lib/python3.12/site-packages/dbcounter.py:102}}
May 14 04:24:41.282356 np0000000747 nova-conductor[97839]: DEBUG dbcounter [-] [97839] Writer thread running {{(pid=97839) stat_writer /opt/stack/data/venv/lib/python3.12/site-packages/dbcounter.py:102}}
May 14 04:24:41.297782 np0000000747 nova-conductor[97839]: DEBUG nova.quota [None req-ee47927f-b8e6-44a6-9d6b-15e359ace72d tempest-ServerActionsTestOtherA-1166153365 tempest-ServerActionsTestOtherA-1166153365-project-member] Getting quotas for project c6680b6e8f4e4852b7d9bb1f67e84fe6. Resources: {'cores', 'instances', 'ram'} {{(pid=97839) _get_quotas /opt/stack/nova/nova/quota.py:392}}
May 14 04:24:41.303462 np0000000747 nova-conductor[97839]: DEBUG nova.quota [None req-ee47927f-b8e6-44a6-9d6b-15e359ace72d tempest-ServerActionsTestOtherA-1166153365 tempest-ServerActionsTestOtherA-1166153365-project-member] Getting quotas for user 5a8ede1ead104b17957a4b8b20b80d6b and project c6680b6e8f4e4852b7d9bb1f67e84fe6. Resources: {'cores', 'instances', 'ram'} {{(pid=97839) _get_quotas /opt/stack/nova/nova/quota.py:382}}
May 14 04:24:41.313671 np0000000747 nova-conductor[97839]: DEBUG nova.conductor.manager [None req-ee47927f-b8e6-44a6-9d6b-15e359ace72d tempest-ServerActionsTestOtherA-1166153365 tempest-ServerActionsTestOtherA-1166153365-project-member] [instance: fc4ebe11-0b32-401a-ba93-a7e3f9ad48aa] Selected host: np0000000747; Selected node: np0000000747; Alternates: [] {{(pid=97839) schedule_and_build_instances /opt/stack/nova/nova/conductor/manager.py:1784}}
May 14 04:24:41.314092 np0000000747 nova-conductor[97839]: DEBUG oslo_concurrency.lockutils [None req-ee47927f-b8e6-44a6-9d6b-15e359ace72d tempest-ServerActionsTestOtherA-1166153365 tempest-ServerActionsTestOtherA-1166153365-project-member] Acquiring lock "3c9421dc-8e1e-47aa-8216-b7e83b37ce88" by "nova.context.set_target_cell..get_or_set_cached_cell_and_set_connections" {{(pid=97839) inner /opt/stack/data/venv/lib/python3.12/site-packages/oslo_concurrency/lockutils.py:506}}
