Aug 03 11:59:07.472327 np0000006350 nova-conductor[99046]: DEBUG cotyledon.oslo_config_glue [-] workarounds.disable_fallback_pcpu_query = False {{(pid=99046) log_opt_values /opt/stack/data/venv/lib/python3.12/site-packages/oslo_config/cfg.py:3253}}
Aug 03 11:59:07.472327 np0000006350 nova-conductor[99046]: DEBUG cotyledon.oslo_config_glue [-] workarounds.disable_group_policy_check_upcall = False {{(pid=99046) log_opt_values /opt/stack/data/venv/lib/python3.12/site-packages/oslo_config/cfg.py:3253}}
Aug 03 11:59:07.472327 np0000006350 nova-conductor[99046]: DEBUG cotyledon.oslo_config_glue [-] workarounds.disable_libvirt_livesnapshot = False {{(pid=99046) log_opt_values /opt/stack/data/venv/lib/python3.12/site-packages/oslo_config/cfg.py:3253}}
Aug 03 11:59:07.472327 np0000006350 nova-conductor[99046]: DEBUG cotyledon.oslo_config_glue [-] workarounds.disable_rootwrap = False {{(pid=99046) log_opt_values /opt/stack/data/venv/lib/python3.12/site-packages/oslo_config/cfg.py:3253}}
Aug 03 11:59:07.472327 np0000006350 nova-conductor[99046]: DEBUG cotyledon.oslo_config_glue [-] workarounds.enable_numa_live_migration = False {{(pid=99046) log_opt_values /opt/stack/data/venv/lib/python3.12/site-packages/oslo_config/cfg.py:3253}}
Aug 03 11:59:07.472327 np0000006350 nova-conductor[99046]: DEBUG cotyledon.oslo_config_glue [-] workarounds.enable_qemu_monitor_announce_self = False {{(pid=99046) log_opt_values /opt/stack/data/venv/lib/python3.12/site-packages/oslo_config/cfg.py:3253}}
Aug 03 11:59:07.472327 np0000006350 nova-conductor[99046]: DEBUG cotyledon.oslo_config_glue [-] workarounds.ensure_libvirt_rbd_instance_dir_cleanup = False {{(pid=99046) log_opt_values /opt/stack/data/venv/lib/python3.12/site-packages/oslo_config/cfg.py:3253}}
Aug 03 11:59:07.472327 np0000006350 nova-conductor[99046]: DEBUG cotyledon.oslo_config_glue [-] workarounds.handle_virt_lifecycle_events = True {{(pid=99046) log_opt_values /opt/stack/data/venv/lib/python3.12/site-packages/oslo_config/cfg.py:3253}}
Aug 03 11:59:07.472617 np0000006350 nova-conductor[99046]: DEBUG cotyledon.oslo_config_glue [-] workarounds.libvirt_disable_apic = False {{(pid=99046) log_opt_values /opt/stack/data/venv/lib/python3.12/site-packages/oslo_config/cfg.py:3253}}
Aug 03 11:59:07.472617 np0000006350 nova-conductor[99046]: DEBUG cotyledon.oslo_config_glue [-] workarounds.never_download_image_if_on_rbd = False {{(pid=99046) log_opt_values /opt/stack/data/venv/lib/python3.12/site-packages/oslo_config/cfg.py:3253}}
Aug 03 11:59:07.472617 np0000006350 nova-conductor[99046]: DEBUG cotyledon.oslo_config_glue [-] workarounds.qemu_monitor_announce_self_count = 3 {{(pid=99046) log_opt_values /opt/stack/data/venv/lib/python3.12/site-packages/oslo_config/cfg.py:3253}}
Aug 03 11:59:07.472617 np0000006350 nova-conductor[99046]: DEBUG cotyledon.oslo_config_glue [-] workarounds.qemu_monitor_announce_self_interval = 1 {{(pid=99046) log_opt_values /opt/stack/data/venv/lib/python3.12/site-packages/oslo_config/cfg.py:3253}}
Aug 03 11:59:07.472617 np0000006350 nova-conductor[99046]: DEBUG cotyledon.oslo_config_glue [-] workarounds.reserve_disk_resource_for_image_cache = False {{(pid=99046) log_opt_values /opt/stack/data/venv/lib/python3.12/site-packages/oslo_config/cfg.py:3253}}
Aug 03 11:59:07.472617 np0000006350 nova-conductor[99046]: DEBUG cotyledon.oslo_config_glue [-] workarounds.skip_cpu_compare_at_startup = False {{(pid=99046) log_opt_values /opt/stack/data/venv/lib/python3.12/site-packages/oslo_config/cfg.py:3253}}
Aug 03 11:59:07.472617 np0000006350 nova-conductor[99046]: DEBUG cotyledon.oslo_config_glue [-] workarounds.skip_cpu_compare_on_dest = False {{(pid=99046) log_opt_values /opt/stack/data/venv/lib/python3.12/site-packages/oslo_config/cfg.py:3253}}
Aug 03 11:59:07.472617 np0000006350 nova-conductor[99046]: DEBUG cotyledon.oslo_config_glue [-] workarounds.skip_hypervisor_version_check_on_lm = False {{(pid=99046) log_opt_values /opt/stack/data/venv/lib/python3.12/site-packages/oslo_config/cfg.py:3253}}
Aug 03 11:59:07.472617 np0000006350 nova-conductor[99046]: DEBUG cotyledon.oslo_config_glue [-] workarounds.skip_reserve_in_use_ironic_nodes = False {{(pid=99046) log_opt_values /opt/stack/data/venv/lib/python3.12/site-packages/oslo_config/cfg.py:3253}}
Aug 03 11:59:07.472903 np0000006350 nova-conductor[99046]: DEBUG cotyledon.oslo_config_glue [-] workarounds.unified_limits_count_pcpu_as_vcpu = False {{(pid=99046) log_opt_values /opt/stack/data/venv/lib/python3.12/site-packages/oslo_config/cfg.py:3253}}
Aug 03 11:59:07.472903 np0000006350 nova-conductor[99046]: DEBUG cotyledon.oslo_config_glue [-] workarounds.wait_for_vif_plugged_event_during_hard_reboot = [] {{(pid=99046) log_opt_values /opt/stack/data/venv/lib/python3.12/site-packages/oslo_config/cfg.py:3253}}
Aug 03 11:59:07.472903 np0000006350 nova-conductor[99046]: DEBUG cotyledon.oslo_config_glue [-] wsgi.api_paste_config = /etc/nova/api-paste.ini {{(pid=99046) log_opt_values /opt/stack/data/venv/lib/python3.12/site-packages/oslo_config/cfg.py:3253}}
Aug 03 11:59:07.472903 np0000006350 nova-conductor[99046]: DEBUG cotyledon.oslo_config_glue [-] wsgi.secure_proxy_ssl_header = None {{(pid=99046) log_opt_values /opt/stack/data/venv/lib/python3.12/site-packages/oslo_config/cfg.py:3253}}
Aug 03 11:59:07.472903 np0000006350 nova-conductor[99046]: DEBUG cotyledon.oslo_config_glue [-] zvm.ca_file = None {{(pid=99046) log_opt_values /opt/stack/data/venv/lib/python3.12/site-packages/oslo_config/cfg.py:3253}}
Aug 03 11:59:07.472903 np0000006350 nova-conductor[99046]: DEBUG cotyledon.oslo_config_glue [-] zvm.cloud_connector_url = None {{(pid=99046) log_opt_values /opt/stack/data/venv/lib/python3.12/site-packages/oslo_config/cfg.py:3253}}
Aug 03 11:59:07.472903 np0000006350 nova-conductor[99046]: DEBUG cotyledon.oslo_config_glue [-] zvm.image_tmp_path = /opt/stack/data/nova/images {{(pid=99046) log_opt_values /opt/stack/data/venv/lib/python3.12/site-packages/oslo_config/cfg.py:3253}}
Aug 03 11:59:07.473104 np0000006350 nova-conductor[99038]: INFO dbcounter [None req-194ffe30-ce56-4d72-9e90-f3027cd5aebe None None] Registered counter for database nova_cell0
Aug 03 11:59:07.473157 np0000006350 nova-conductor[99046]: DEBUG cotyledon.oslo_config_glue [-] zvm.reachable_timeout = 300 {{(pid=99046) log_opt_values /opt/stack/data/venv/lib/python3.12/site-packages/oslo_config/cfg.py:3253}}
Aug 03 11:59:07.473157 np0000006350 nova-conductor[99046]: DEBUG cotyledon.oslo_config_glue [-] oslo_versionedobjects.fatal_exception_format_errors = False {{(pid=99046) log_opt_values /opt/stack/data/venv/lib/python3.12/site-packages/oslo_config/cfg.py:3253}}
Aug 03 11:59:07.473157 np0000006350 nova-conductor[99046]: DEBUG cotyledon.oslo_config_glue [-] oslo_middleware.http_basic_auth_user_file = /etc/htpasswd {{(pid=99046) log_opt_values /opt/stack/data/venv/lib/python3.12/site-packages/oslo_config/cfg.py:3253}}
Aug 03 11:59:07.473157 np0000006350 nova-conductor[99046]: DEBUG cotyledon.oslo_config_glue [-] profiler.connection_string = messaging:// {{(pid=99046) log_opt_values /opt/stack/data/venv/lib/python3.12/site-packages/oslo_config/cfg.py:3253}}
Aug 03 11:59:07.473157 np0000006350 nova-conductor[99046]: DEBUG cotyledon.oslo_config_glue [-] profiler.enabled = False {{(pid=99046) log_opt_values /opt/stack/data/venv/lib/python3.12/site-packages/oslo_config/cfg.py:3253}}
Aug 03 11:59:07.473157 np0000006350 nova-conductor[99046]: DEBUG cotyledon.oslo_config_glue [-] profiler.es_doc_type = notification {{(pid=99046) log_opt_values /opt/stack/data/venv/lib/python3.12/site-packages/oslo_config/cfg.py:3253}}
Aug 03 11:59:07.473157 np0000006350 nova-conductor[99046]: DEBUG cotyledon.oslo_config_glue [-] profiler.es_scroll_size = 10000 {{(pid=99046) log_opt_values /opt/stack/data/venv/lib/python3.12/site-packages/oslo_config/cfg.py:3253}}
Aug 03 11:59:07.473157 np0000006350 nova-conductor[99046]: DEBUG cotyledon.oslo_config_glue [-] profiler.es_scroll_time = 2m {{(pid=99046) log_opt_values /opt/stack/data/venv/lib/python3.12/site-packages/oslo_config/cfg.py:3253}}
Aug 03 11:59:07.473157 np0000006350 nova-conductor[99046]: DEBUG cotyledon.oslo_config_glue [-] profiler.filter_error_trace = False {{(pid=99046) log_opt_values /opt/stack/data/venv/lib/python3.12/site-packages/oslo_config/cfg.py:3253}}
Aug 03 11:59:07.473426 np0000006350 nova-conductor[99046]: DEBUG cotyledon.oslo_config_glue [-] profiler.hmac_keys = **** {{(pid=99046) log_opt_values /opt/stack/data/venv/lib/python3.12/site-packages/oslo_config/cfg.py:3253}}
Aug 03 11:59:07.473426 np0000006350 nova-conductor[99046]: DEBUG cotyledon.oslo_config_glue [-] profiler.sentinel_service_name = mymaster {{(pid=99046) log_opt_values /opt/stack/data/venv/lib/python3.12/site-packages/oslo_config/cfg.py:3253}}
Aug 03 11:59:07.473426 np0000006350 nova-conductor[99046]: DEBUG cotyledon.oslo_config_glue [-] profiler.socket_timeout = 0.1 {{(pid=99046) log_opt_values /opt/stack/data/venv/lib/python3.12/site-packages/oslo_config/cfg.py:3253}}
Aug 03 11:59:07.473426 np0000006350 nova-conductor[99046]: DEBUG cotyledon.oslo_config_glue [-] profiler.trace_requests = False {{(pid=99046) log_opt_values /opt/stack/data/venv/lib/python3.12/site-packages/oslo_config/cfg.py:3253}}
Aug 03 11:59:07.473426 np0000006350 nova-conductor[99046]: DEBUG cotyledon.oslo_config_glue [-] profiler.trace_sqlalchemy = False {{(pid=99046) log_opt_values /opt/stack/data/venv/lib/python3.12/site-packages/oslo_config/cfg.py:3253}}
Aug 03 11:59:07.473426 np0000006350 nova-conductor[99046]: DEBUG cotyledon.oslo_config_glue [-] profiler_jaeger.process_tags = {} {{(pid=99046) log_opt_values /opt/stack/data/venv/lib/python3.12/site-packages/oslo_config/cfg.py:3253}}
Aug 03 11:59:07.473426 np0000006350 nova-conductor[99046]: DEBUG cotyledon.oslo_config_glue [-] profiler_jaeger.service_name_prefix = None {{(pid=99046) log_opt_values /opt/stack/data/venv/lib/python3.12/site-packages/oslo_config/cfg.py:3253}}
Aug 03 11:59:07.473426 np0000006350 nova-conductor[99046]: DEBUG cotyledon.oslo_config_glue [-] profiler_otlp.service_name_prefix = None {{(pid=99046) log_opt_values /opt/stack/data/venv/lib/python3.12/site-packages/oslo_config/cfg.py:3253}}
Aug 03 11:59:07.473426 np0000006350 nova-conductor[99046]: DEBUG cotyledon.oslo_config_glue [-] oslo_messaging_rabbit.amqp_auto_delete = False {{(pid=99046) log_opt_values /opt/stack/data/venv/lib/python3.12/site-packages/oslo_config/cfg.py:3253}}
Aug 03 11:59:07.473676 np0000006350 nova-conductor[99046]: DEBUG cotyledon.oslo_config_glue [-] oslo_messaging_rabbit.amqp_durable_queues = False {{(pid=99046) log_opt_values /opt/stack/data/venv/lib/python3.12/site-packages/oslo_config/cfg.py:3253}}
Aug 03 11:59:07.473676 np0000006350 nova-conductor[99046]: DEBUG cotyledon.oslo_config_glue [-] oslo_messaging_rabbit.conn_pool_min_size = 2 {{(pid=99046) log_opt_values /opt/stack/data/venv/lib/python3.12/site-packages/oslo_config/cfg.py:3253}}
Aug 03 11:59:07.473676 np0000006350 nova-conductor[99046]: DEBUG cotyledon.oslo_config_glue [-] oslo_messaging_rabbit.conn_pool_ttl = 1200 {{(pid=99046) log_opt_values /opt/stack/data/venv/lib/python3.12/site-packages/oslo_config/cfg.py:3253}}
Aug 03 11:59:07.473676 np0000006350 nova-conductor[99046]: DEBUG cotyledon.oslo_config_glue [-] oslo_messaging_rabbit.direct_mandatory_flag = True {{(pid=99046) log_opt_values /opt/stack/data/venv/lib/python3.12/site-packages/oslo_config/cfg.py:3253}}
Aug 03 11:59:07.473676 np0000006350 nova-conductor[99046]: DEBUG cotyledon.oslo_config_glue [-] oslo_messaging_rabbit.enable_cancel_on_failover = False {{(pid=99046) log_opt_values /opt/stack/data/venv/lib/python3.12/site-packages/oslo_config/cfg.py:3253}}
Aug 03 11:59:07.473676 np0000006350 nova-conductor[99046]: DEBUG cotyledon.oslo_config_glue [-] oslo_messaging_rabbit.heartbeat_rate = 3 {{(pid=99046) log_opt_values /opt/stack/data/venv/lib/python3.12/site-packages/oslo_config/cfg.py:3253}}
Aug 03 11:59:07.473676 np0000006350 nova-conductor[99046]: DEBUG cotyledon.oslo_config_glue [-] oslo_messaging_rabbit.heartbeat_timeout_threshold = 60 {{(pid=99046) log_opt_values /opt/stack/data/venv/lib/python3.12/site-packages/oslo_config/cfg.py:3253}}
Aug 03 11:59:07.473676 np0000006350 nova-conductor[99046]: DEBUG cotyledon.oslo_config_glue [-] oslo_messaging_rabbit.hostname = np0000006350 {{(pid=99046) log_opt_values /opt/stack/data/venv/lib/python3.12/site-packages/oslo_config/cfg.py:3253}}
Aug 03 11:59:07.473676 np0000006350 nova-conductor[99046]: DEBUG cotyledon.oslo_config_glue [-] oslo_messaging_rabbit.kombu_compression = None {{(pid=99046) log_opt_values /opt/stack/data/venv/lib/python3.12/site-packages/oslo_config/cfg.py:3253}}
Aug 03 11:59:07.473967 np0000006350 nova-conductor[99046]: DEBUG cotyledon.oslo_config_glue [-] oslo_messaging_rabbit.kombu_failover_strategy = round-robin {{(pid=99046) log_opt_values /opt/stack/data/venv/lib/python3.12/site-packages/oslo_config/cfg.py:3253}}
Aug 03 11:59:07.473967 np0000006350 nova-conductor[99046]: DEBUG cotyledon.oslo_config_glue [-] oslo_messaging_rabbit.kombu_missing_consumer_retry_timeout = 60 {{(pid=99046) log_opt_values /opt/stack/data/venv/lib/python3.12/site-packages/oslo_config/cfg.py:3253}}
Aug 03 11:59:07.473967 np0000006350 nova-conductor[99046]: DEBUG cotyledon.oslo_config_glue [-] oslo_messaging_rabbit.kombu_reconnect_delay = 1.0 {{(pid=99046) log_opt_values /opt/stack/data/venv/lib/python3.12/site-packages/oslo_config/cfg.py:3253}}
Aug 03 11:59:07.473967 np0000006350 nova-conductor[99046]: DEBUG cotyledon.oslo_config_glue [-] oslo_messaging_rabbit.kombu_reconnect_splay = 0.0 {{(pid=99046) log_opt_values /opt/stack/data/venv/lib/python3.12/site-packages/oslo_config/cfg.py:3253}}
Aug 03 11:59:07.473967 np0000006350 nova-conductor[99046]: DEBUG cotyledon.oslo_config_glue [-] oslo_messaging_rabbit.processname = nova-conductor {{(pid=99046) log_opt_values /opt/stack/data/venv/lib/python3.12/site-packages/oslo_config/cfg.py:3253}}
Aug 03 11:59:07.473967 np0000006350 nova-conductor[99046]: DEBUG cotyledon.oslo_config_glue [-] oslo_messaging_rabbit.rabbit_ha_queues = False {{(pid=99046) log_opt_values /opt/stack/data/venv/lib/python3.12/site-packages/oslo_config/cfg.py:3253}}
Aug 03 11:59:07.473967 np0000006350 nova-conductor[99046]: DEBUG cotyledon.oslo_config_glue [-] oslo_messaging_rabbit.rabbit_interval_max = 30 {{(pid=99046) log_opt_values /opt/stack/data/venv/lib/python3.12/site-packages/oslo_config/cfg.py:3253}}
Aug 03 11:59:07.473967 np0000006350 nova-conductor[99046]: DEBUG cotyledon.oslo_config_glue [-] oslo_messaging_rabbit.rabbit_login_method = AMQPLAIN {{(pid=99046) log_opt_values /opt/stack/data/venv/lib/python3.12/site-packages/oslo_config/cfg.py:3253}}
Aug 03 11:59:07.474567 np0000006350 nova-conductor[99046]: DEBUG cotyledon.oslo_config_glue [-] oslo_messaging_rabbit.rabbit_qos_prefetch_count = 0 {{(pid=99046) log_opt_values /opt/stack/data/venv/lib/python3.12/site-packages/oslo_config/cfg.py:3253}}
Aug 03 11:59:07.474567 np0000006350 nova-conductor[99046]: DEBUG cotyledon.oslo_config_glue [-] oslo_messaging_rabbit.rabbit_quorum_delivery_limit = 0 {{(pid=99046) log_opt_values /opt/stack/data/venv/lib/python3.12/site-packages/oslo_config/cfg.py:3253}}
Aug 03 11:59:07.474567 np0000006350 nova-conductor[99046]: DEBUG cotyledon.oslo_config_glue [-] oslo_messaging_rabbit.rabbit_quorum_max_memory_bytes = 0 {{(pid=99046) log_opt_values /opt/stack/data/venv/lib/python3.12/site-packages/oslo_config/cfg.py:3253}}
Aug 03 11:59:07.474567 np0000006350 nova-conductor[99046]: DEBUG cotyledon.oslo_config_glue [-] oslo_messaging_rabbit.rabbit_quorum_max_memory_length = 0 {{(pid=99046) log_opt_values /opt/stack/data/venv/lib/python3.12/site-packages/oslo_config/cfg.py:3253}}
Aug 03 11:59:07.474567 np0000006350 nova-conductor[99046]: DEBUG cotyledon.oslo_config_glue [-] oslo_messaging_rabbit.rabbit_quorum_queue = False {{(pid=99046) log_opt_values /opt/stack/data/venv/lib/python3.12/site-packages/oslo_config/cfg.py:3253}}
Aug 03 11:59:07.474567 np0000006350 nova-conductor[99046]: DEBUG cotyledon.oslo_config_glue [-] oslo_messaging_rabbit.rabbit_retry_backoff = 2 {{(pid=99046) log_opt_values /opt/stack/data/venv/lib/python3.12/site-packages/oslo_config/cfg.py:3253}}
Aug 03 11:59:07.474567 np0000006350 nova-conductor[99046]: DEBUG cotyledon.oslo_config_glue [-] oslo_messaging_rabbit.rabbit_retry_interval = 1 {{(pid=99046) log_opt_values /opt/stack/data/venv/lib/python3.12/site-packages/oslo_config/cfg.py:3253}}
Aug 03 11:59:07.474567 np0000006350 nova-conductor[99046]: DEBUG cotyledon.oslo_config_glue [-] oslo_messaging_rabbit.rabbit_stream_fanout = False {{(pid=99046) log_opt_values /opt/stack/data/venv/lib/python3.12/site-packages/oslo_config/cfg.py:3253}}
Aug 03 11:59:07.474820 np0000006350 nova-conductor[99046]: DEBUG cotyledon.oslo_config_glue [-] oslo_messaging_rabbit.rabbit_transient_queues_ttl = 1800 {{(pid=99046) log_opt_values /opt/stack/data/venv/lib/python3.12/site-packages/oslo_config/cfg.py:3253}}
Aug 03 11:59:07.474820 np0000006350 nova-conductor[99046]: DEBUG cotyledon.oslo_config_glue [-] oslo_messaging_rabbit.rabbit_transient_quorum_queue = False {{(pid=99046) log_opt_values /opt/stack/data/venv/lib/python3.12/site-packages/oslo_config/cfg.py:3253}}
Aug 03 11:59:07.474820 np0000006350 nova-conductor[99046]: DEBUG cotyledon.oslo_config_glue [-] oslo_messaging_rabbit.rpc_conn_pool_size = 30 {{(pid=99046) log_opt_values /opt/stack/data/venv/lib/python3.12/site-packages/oslo_config/cfg.py:3253}}
Aug 03 11:59:07.474820 np0000006350 nova-conductor[99046]: DEBUG cotyledon.oslo_config_glue [-] oslo_messaging_rabbit.ssl = False {{(pid=99046) log_opt_values /opt/stack/data/venv/lib/python3.12/site-packages/oslo_config/cfg.py:3253}}
Aug 03 11:59:07.474820 np0000006350 nova-conductor[99046]: DEBUG cotyledon.oslo_config_glue [-] oslo_messaging_rabbit.ssl_ca_file = {{(pid=99046) log_opt_values /opt/stack/data/venv/lib/python3.12/site-packages/oslo_config/cfg.py:3253}}
Aug 03 11:59:07.474820 np0000006350 nova-conductor[99046]: DEBUG cotyledon.oslo_config_glue [-] oslo_messaging_rabbit.ssl_cert_file = {{(pid=99046) log_opt_values /opt/stack/data/venv/lib/python3.12/site-packages/oslo_config/cfg.py:3253}}
Aug 03 11:59:07.474820 np0000006350 nova-conductor[99046]: DEBUG cotyledon.oslo_config_glue [-] oslo_messaging_rabbit.ssl_enforce_fips_mode = False {{(pid=99046) log_opt_values /opt/stack/data/venv/lib/python3.12/site-packages/oslo_config/cfg.py:3253}}
Aug 03 11:59:07.474820 np0000006350 nova-conductor[99046]: DEBUG cotyledon.oslo_config_glue [-] oslo_messaging_rabbit.ssl_enforce_hostname_verification = True {{(pid=99046) log_opt_values /opt/stack/data/venv/lib/python3.12/site-packages/oslo_config/cfg.py:3253}}
Aug 03 11:59:07.474820 np0000006350 nova-conductor[99046]: DEBUG cotyledon.oslo_config_glue [-] oslo_messaging_rabbit.ssl_key_file = {{(pid=99046) log_opt_values /opt/stack/data/venv/lib/python3.12/site-packages/oslo_config/cfg.py:3253}}
Aug 03 11:59:07.475161 np0000006350 nova-conductor[99046]: DEBUG cotyledon.oslo_config_glue [-] oslo_messaging_rabbit.ssl_version = {{(pid=99046) log_opt_values /opt/stack/data/venv/lib/python3.12/site-packages/oslo_config/cfg.py:3253}}
Aug 03 11:59:07.475161 np0000006350 nova-conductor[99046]: DEBUG cotyledon.oslo_config_glue [-] oslo_messaging_rabbit.use_queue_manager = False {{(pid=99046) log_opt_values /opt/stack/data/venv/lib/python3.12/site-packages/oslo_config/cfg.py:3253}}
Aug 03 11:59:07.475161 np0000006350 nova-conductor[99046]: DEBUG cotyledon.oslo_config_glue [-] oslo_messaging_notifications.driver = ['messagingv2'] {{(pid=99046) log_opt_values /opt/stack/data/venv/lib/python3.12/site-packages/oslo_config/cfg.py:3253}}
Aug 03 11:59:07.475161 np0000006350 nova-conductor[99046]: DEBUG cotyledon.oslo_config_glue [-] oslo_messaging_notifications.retry = -1 {{(pid=99046) log_opt_values /opt/stack/data/venv/lib/python3.12/site-packages/oslo_config/cfg.py:3253}}
Aug 03 11:59:07.475161 np0000006350 nova-conductor[99046]: DEBUG cotyledon.oslo_config_glue [-] oslo_messaging_notifications.topics = ['notifications'] {{(pid=99046) log_opt_values /opt/stack/data/venv/lib/python3.12/site-packages/oslo_config/cfg.py:3253}}
Aug 03 11:59:07.475161 np0000006350 nova-conductor[99046]: DEBUG cotyledon.oslo_config_glue [-] oslo_messaging_notifications.transport_url = **** {{(pid=99046) log_opt_values /opt/stack/data/venv/lib/python3.12/site-packages/oslo_config/cfg.py:3253}}
Aug 03 11:59:07.475161 np0000006350 nova-conductor[99046]: DEBUG cotyledon.oslo_config_glue [-] oslo_limit.auth_section = None {{(pid=99046) log_opt_values /opt/stack/data/venv/lib/python3.12/site-packages/oslo_config/cfg.py:3253}}
Aug 03 11:59:07.475161 np0000006350 nova-conductor[99046]: DEBUG cotyledon.oslo_config_glue [-] oslo_limit.auth_type = None {{(pid=99046) log_opt_values /opt/stack/data/venv/lib/python3.12/site-packages/oslo_config/cfg.py:3253}}
Aug 03 11:59:07.475161 np0000006350 nova-conductor[99046]: DEBUG cotyledon.oslo_config_glue [-] oslo_limit.cafile = None {{(pid=99046) log_opt_values /opt/stack/data/venv/lib/python3.12/site-packages/oslo_config/cfg.py:3253}}
Aug 03 11:59:07.475433 np0000006350 nova-conductor[99046]: DEBUG cotyledon.oslo_config_glue [-] oslo_limit.certfile = None {{(pid=99046) log_opt_values /opt/stack/data/venv/lib/python3.12/site-packages/oslo_config/cfg.py:3253}}
Aug 03 11:59:07.475433 np0000006350 nova-conductor[99046]: DEBUG cotyledon.oslo_config_glue [-] oslo_limit.collect_timing = False {{(pid=99046) log_opt_values /opt/stack/data/venv/lib/python3.12/site-packages/oslo_config/cfg.py:3253}}
Aug 03 11:59:07.475433 np0000006350 nova-conductor[99046]: DEBUG cotyledon.oslo_config_glue [-] oslo_limit.connect_retries = None {{(pid=99046) log_opt_values /opt/stack/data/venv/lib/python3.12/site-packages/oslo_config/cfg.py:3253}}
Aug 03 11:59:07.475433 np0000006350 nova-conductor[99046]: DEBUG cotyledon.oslo_config_glue [-] oslo_limit.connect_retry_delay = None {{(pid=99046) log_opt_values /opt/stack/data/venv/lib/python3.12/site-packages/oslo_config/cfg.py:3253}}
Aug 03 11:59:07.475433 np0000006350 nova-conductor[99046]: DEBUG cotyledon.oslo_config_glue [-] oslo_limit.endpoint_id = None {{(pid=99046) log_opt_values /opt/stack/data/venv/lib/python3.12/site-packages/oslo_config/cfg.py:3253}}
Aug 03 11:59:07.475433 np0000006350 nova-conductor[99046]: DEBUG cotyledon.oslo_config_glue [-] oslo_limit.endpoint_interface = public {{(pid=99046) log_opt_values /opt/stack/data/venv/lib/python3.12/site-packages/oslo_config/cfg.py:3253}}
Aug 03 11:59:07.475433 np0000006350 nova-conductor[99046]: DEBUG cotyledon.oslo_config_glue [-] oslo_limit.endpoint_override = None {{(pid=99046) log_opt_values /opt/stack/data/venv/lib/python3.12/site-packages/oslo_config/cfg.py:3253}}
Aug 03 11:59:07.475433 np0000006350 nova-conductor[99046]: DEBUG cotyledon.oslo_config_glue [-] oslo_limit.endpoint_region_name = None {{(pid=99046) log_opt_values /opt/stack/data/venv/lib/python3.12/site-packages/oslo_config/cfg.py:3253}}
Aug 03 11:59:07.475433 np0000006350 nova-conductor[99046]: DEBUG cotyledon.oslo_config_glue [-] oslo_limit.endpoint_service_name = None {{(pid=99046) log_opt_values /opt/stack/data/venv/lib/python3.12/site-packages/oslo_config/cfg.py:3253}}
Aug 03 11:59:07.475712 np0000006350 nova-conductor[99046]: DEBUG cotyledon.oslo_config_glue [-] oslo_limit.endpoint_service_type = None {{(pid=99046) log_opt_values /opt/stack/data/venv/lib/python3.12/site-packages/oslo_config/cfg.py:3253}}
Aug 03 11:59:07.475712 np0000006350 nova-conductor[99046]: DEBUG cotyledon.oslo_config_glue [-] oslo_limit.insecure = False {{(pid=99046) log_opt_values /opt/stack/data/venv/lib/python3.12/site-packages/oslo_config/cfg.py:3253}}
Aug 03 11:59:07.475712 np0000006350 nova-conductor[99046]: DEBUG cotyledon.oslo_config_glue [-] oslo_limit.keyfile = None {{(pid=99046) log_opt_values /opt/stack/data/venv/lib/python3.12/site-packages/oslo_config/cfg.py:3253}}
Aug 03 11:59:07.475712 np0000006350 nova-conductor[99046]: DEBUG cotyledon.oslo_config_glue [-] oslo_limit.max_version = None {{(pid=99046) log_opt_values /opt/stack/data/venv/lib/python3.12/site-packages/oslo_config/cfg.py:3253}}
Aug 03 11:59:07.475712 np0000006350 nova-conductor[99046]: DEBUG cotyledon.oslo_config_glue [-] oslo_limit.min_version = None {{(pid=99046) log_opt_values /opt/stack/data/venv/lib/python3.12/site-packages/oslo_config/cfg.py:3253}}
Aug 03 11:59:07.475712 np0000006350 nova-conductor[99046]: DEBUG cotyledon.oslo_config_glue [-] oslo_limit.region_name = None {{(pid=99046) log_opt_values /opt/stack/data/venv/lib/python3.12/site-packages/oslo_config/cfg.py:3253}}
Aug 03 11:59:07.475712 np0000006350 nova-conductor[99046]: DEBUG cotyledon.oslo_config_glue [-] oslo_limit.retriable_status_codes = None {{(pid=99046) log_opt_values /opt/stack/data/venv/lib/python3.12/site-packages/oslo_config/cfg.py:3253}}
Aug 03 11:59:07.475712 np0000006350 nova-conductor[99046]: DEBUG cotyledon.oslo_config_glue [-] oslo_limit.service_name = None {{(pid=99046) log_opt_values /opt/stack/data/venv/lib/python3.12/site-packages/oslo_config/cfg.py:3253}}
Aug 03 11:59:07.475712 np0000006350 nova-conductor[99046]: DEBUG cotyledon.oslo_config_glue [-] oslo_limit.service_type = None {{(pid=99046) log_opt_values /opt/stack/data/venv/lib/python3.12/site-packages/oslo_config/cfg.py:3253}}
Aug 03 11:59:07.476012 np0000006350 nova-conductor[99046]: DEBUG cotyledon.oslo_config_glue [-] oslo_limit.split_loggers = False {{(pid=99046) log_opt_values /opt/stack/data/venv/lib/python3.12/site-packages/oslo_config/cfg.py:3253}}
Aug 03 11:59:07.476012 np0000006350 nova-conductor[99046]: DEBUG cotyledon.oslo_config_glue [-] oslo_limit.status_code_retries = None {{(pid=99046) log_opt_values /opt/stack/data/venv/lib/python3.12/site-packages/oslo_config/cfg.py:3253}}
Aug 03 11:59:07.476012 np0000006350 nova-conductor[99046]: DEBUG cotyledon.oslo_config_glue [-] oslo_limit.status_code_retry_delay = None {{(pid=99046) log_opt_values /opt/stack/data/venv/lib/python3.12/site-packages/oslo_config/cfg.py:3253}}
Aug 03 11:59:07.476012 np0000006350 nova-conductor[99046]: DEBUG cotyledon.oslo_config_glue [-] oslo_limit.timeout = None {{(pid=99046) log_opt_values /opt/stack/data/venv/lib/python3.12/site-packages/oslo_config/cfg.py:3253}}
Aug 03 11:59:07.476012 np0000006350 nova-conductor[99046]: DEBUG cotyledon.oslo_config_glue [-] oslo_limit.valid_interfaces = None {{(pid=99046) log_opt_values /opt/stack/data/venv/lib/python3.12/site-packages/oslo_config/cfg.py:3253}}
Aug 03 11:59:07.476012 np0000006350 nova-conductor[99046]: DEBUG cotyledon.oslo_config_glue [-] oslo_limit.version = None {{(pid=99046) log_opt_values /opt/stack/data/venv/lib/python3.12/site-packages/oslo_config/cfg.py:3253}}
Aug 03 11:59:07.476012 np0000006350 nova-conductor[99046]: DEBUG cotyledon.oslo_config_glue [-] oslo_reports.file_event_handler = None {{(pid=99046) log_opt_values /opt/stack/data/venv/lib/python3.12/site-packages/oslo_config/cfg.py:3253}}
Aug 03 11:59:07.476012 np0000006350 nova-conductor[99046]: DEBUG cotyledon.oslo_config_glue [-] oslo_reports.file_event_handler_interval = 1 {{(pid=99046) log_opt_values /opt/stack/data/venv/lib/python3.12/site-packages/oslo_config/cfg.py:3253}}
Aug 03 11:59:07.476012 np0000006350 nova-conductor[99046]: DEBUG cotyledon.oslo_config_glue [-] oslo_reports.log_dir = None {{(pid=99046) log_opt_values /opt/stack/data/venv/lib/python3.12/site-packages/oslo_config/cfg.py:3253}}
Aug 03 11:59:07.476286 np0000006350 nova-conductor[99046]: DEBUG cotyledon.oslo_config_glue [-] ******************************************************************************** {{(pid=99046) log_opt_values /opt/stack/data/venv/lib/python3.12/site-packages/oslo_config/cfg.py:3260}}
Aug 03 11:59:07.476286 np0000006350 nova-conductor[99046]: DEBUG cotyledon._service_worker [-] Run service ServiceWrapper(3) [99046] {{(pid=99046) wait_forever /opt/stack/data/venv/lib/python3.12/site-packages/cotyledon/_service_worker.py:218}}
Aug 03 11:59:07.476286 np0000006350 nova-conductor[99046]: INFO nova.service [-] Starting conductor node (version 33.1.0)
Aug 03 11:59:07.476378 np0000006350 nova-conductor[99019]: DEBUG oslo_db.sqlalchemy.engines [None req-807ee628-8eb6-4d01-b5e3-bf7d0501451e None None] MySQL server mode set to STRICT_TRANS_TABLES,STRICT_ALL_TABLES,NO_ZERO_IN_DATE,NO_ZERO_DATE,ERROR_FOR_DIVISION_BY_ZERO,TRADITIONAL,NO_ENGINE_SUBSTITUTION {{(pid=99019) _check_effective_sql_mode /opt/stack/data/venv/lib/python3.12/site-packages/oslo_db/sqlalchemy/engines.py:325}}
Aug 03 11:59:07.476418 np0000006350 nova-conductor[99046]: INFO dbcounter [None req-edd55a20-155c-4036-a7cd-d80ff4fc0cbe None None] Registered counter for database nova_cell0
Aug 03 11:59:07.476453 np0000006350 nova-conductor[99019]: DEBUG dbcounter [-] [99019] Writer thread running {{(pid=99019) stat_writer /opt/stack/data/venv/lib/python3.12/site-packages/dbcounter.py:102}}
Aug 03 11:59:07.476453 np0000006350 nova-conductor[99019]: DEBUG nova.service [None req-807ee628-8eb6-4d01-b5e3-bf7d0501451e None None] Creating RPC server for service: nova-conductor on topic: conductor {{(pid=99019) start /opt/stack/nova/nova/service.py:196}}
Aug 03 11:59:07.476539 np0000006350 nova-conductor[99038]: DEBUG oslo_db.sqlalchemy.engines [None req-194ffe30-ce56-4d72-9e90-f3027cd5aebe None None] MySQL server mode set to STRICT_TRANS_TABLES,STRICT_ALL_TABLES,NO_ZERO_IN_DATE,NO_ZERO_DATE,ERROR_FOR_DIVISION_BY_ZERO,TRADITIONAL,NO_ENGINE_SUBSTITUTION {{(pid=99038) _check_effective_sql_mode /opt/stack/data/venv/lib/python3.12/site-packages/oslo_db/sqlalchemy/engines.py:325}}
Aug 03 11:59:07.476579 np0000006350 nova-conductor[99025]: DEBUG oslo_db.sqlalchemy.engines [None req-ed014751-1d52-4157-acf2-d5d4f80b9838 None None] MySQL server mode set to STRICT_TRANS_TABLES,STRICT_ALL_TABLES,NO_ZERO_IN_DATE,NO_ZERO_DATE,ERROR_FOR_DIVISION_BY_ZERO,TRADITIONAL,NO_ENGINE_SUBSTITUTION {{(pid=99025) _check_effective_sql_mode /opt/stack/data/venv/lib/python3.12/site-packages/oslo_db/sqlalchemy/engines.py:325}}
Aug 03 11:59:07.483817 np0000006350 nova-conductor[99046]: DEBUG oslo_db.sqlalchemy.engines [None req-edd55a20-155c-4036-a7cd-d80ff4fc0cbe None None] MySQL server mode set to STRICT_TRANS_TABLES,STRICT_ALL_TABLES,NO_ZERO_IN_DATE,NO_ZERO_DATE,ERROR_FOR_DIVISION_BY_ZERO,TRADITIONAL,NO_ENGINE_SUBSTITUTION {{(pid=99046) _check_effective_sql_mode /opt/stack/data/venv/lib/python3.12/site-packages/oslo_db/sqlalchemy/engines.py:325}}
Aug 03 11:59:07.485799 np0000006350 nova-conductor[99038]: DEBUG dbcounter [-] [99038] Writer thread running {{(pid=99038) stat_writer /opt/stack/data/venv/lib/python3.12/site-packages/dbcounter.py:102}}
Aug 03 11:59:07.489326 np0000006350 nova-conductor[99025]: DEBUG dbcounter [-] [99025] Writer thread running {{(pid=99025) stat_writer /opt/stack/data/venv/lib/python3.12/site-packages/dbcounter.py:102}}
Aug 03 11:59:07.489554 np0000006350 nova-conductor[99038]: DEBUG nova.service [None req-194ffe30-ce56-4d72-9e90-f3027cd5aebe None None] Creating RPC server for service: nova-conductor on topic: conductor {{(pid=99038) start /opt/stack/nova/nova/service.py:196}}
Aug 03 11:59:07.493998 np0000006350 nova-conductor[99025]: DEBUG nova.service [None req-ed014751-1d52-4157-acf2-d5d4f80b9838 None None] Creating RPC server for service: nova-conductor on topic: conductor {{(pid=99025) start /opt/stack/nova/nova/service.py:196}}
Aug 03 11:59:07.496292 np0000006350 nova-conductor[99046]: DEBUG dbcounter [-] [99046] Writer thread running {{(pid=99046) stat_writer /opt/stack/data/venv/lib/python3.12/site-packages/dbcounter.py:102}}
Aug 03 11:59:07.499747 np0000006350 nova-conductor[99046]: DEBUG nova.service [None req-edd55a20-155c-4036-a7cd-d80ff4fc0cbe None None] Creating RPC server for service: nova-conductor on topic: conductor {{(pid=99046) start /opt/stack/nova/nova/service.py:196}}
Aug 03 11:59:07.506964 np0000006350 nova-conductor[99019]: DEBUG nova.service [None req-807ee628-8eb6-4d01-b5e3-bf7d0501451e None None] Join ServiceGroup membership for this service conductor {{(pid=99019) start /opt/stack/nova/nova/service.py:222}}
Aug 03 11:59:07.507469 np0000006350 nova-conductor[99019]: DEBUG nova.servicegroup.drivers.db [None req-807ee628-8eb6-4d01-b5e3-bf7d0501451e None None] DB_Driver: join new ServiceGroup member np0000006350 to the conductor group, service = {{(pid=99019) join /opt/stack/nova/nova/servicegroup/drivers/db.py:44}}
Aug 03 11:59:07.510430 np0000006350 nova-conductor[99038]: DEBUG nova.service [None req-194ffe30-ce56-4d72-9e90-f3027cd5aebe None None] Join ServiceGroup membership for this service conductor {{(pid=99038) start /opt/stack/nova/nova/service.py:222}}
Aug 03 11:59:07.510675 np0000006350 nova-conductor[99038]: DEBUG nova.servicegroup.drivers.db [None req-194ffe30-ce56-4d72-9e90-f3027cd5aebe None None] DB_Driver: join new ServiceGroup member np0000006350 to the conductor group, service = {{(pid=99038) join /opt/stack/nova/nova/servicegroup/drivers/db.py:44}}
Aug 03 11:59:07.517938 np0000006350 nova-conductor[99025]: DEBUG nova.service [None req-ed014751-1d52-4157-acf2-d5d4f80b9838 None None] Join ServiceGroup membership for this service conductor {{(pid=99025) start /opt/stack/nova/nova/service.py:222}}
Aug 03 11:59:07.517938 np0000006350 nova-conductor[99025]: DEBUG nova.servicegroup.drivers.db [None req-ed014751-1d52-4157-acf2-d5d4f80b9838 None None] DB_Driver: join new ServiceGroup member np0000006350 to the conductor group, service = {{(pid=99025) join /opt/stack/nova/nova/servicegroup/drivers/db.py:44}}
Aug 03 11:59:07.518426 np0000006350 nova-conductor[99046]: DEBUG nova.service [None req-edd55a20-155c-4036-a7cd-d80ff4fc0cbe None None] Join ServiceGroup membership for this service conductor {{(pid=99046) start /opt/stack/nova/nova/service.py:222}}
Aug 03 11:59:07.518695 np0000006350 nova-conductor[99046]: DEBUG nova.servicegroup.drivers.db [None req-edd55a20-155c-4036-a7cd-d80ff4fc0cbe None None] DB_Driver: join new ServiceGroup member np0000006350 to the conductor group, service = {{(pid=99046) join /opt/stack/nova/nova/servicegroup/drivers/db.py:44}}
Aug 03 11:59:12.521674 np0000006350 nova-conductor[99019]: DEBUG oslo.service.backend._threading.loopingcall [-] Fixed interval looping call 'nova.servicegroup.drivers.db.DbDriver._report_state' sleeping for 119.99 seconds {{(pid=99019) _run_loop /opt/stack/data/venv/lib/python3.12/site-packages/oslo_service/backend/_threading/loopingcall.py:125}}
Aug 03 11:59:12.524376 np0000006350 nova-conductor[99038]: DEBUG oslo.service.backend._threading.loopingcall [-] Fixed interval looping call 'nova.servicegroup.drivers.db.DbDriver._report_state' sleeping for 119.99 seconds {{(pid=99038) _run_loop /opt/stack/data/venv/lib/python3.12/site-packages/oslo_service/backend/_threading/loopingcall.py:125}}
Aug 03 11:59:12.529414 np0000006350 nova-conductor[99025]: DEBUG oslo.service.backend._threading.loopingcall [-] Fixed interval looping call 'nova.servicegroup.drivers.db.DbDriver._report_state' sleeping for 119.99 seconds {{(pid=99025) _run_loop /opt/stack/data/venv/lib/python3.12/site-packages/oslo_service/backend/_threading/loopingcall.py:125}}
Aug 03 11:59:12.541803 np0000006350 nova-conductor[99046]: DEBUG oslo.service.backend._threading.loopingcall [-] Fixed interval looping call 'nova.servicegroup.drivers.db.DbDriver._report_state' sleeping for 119.98 seconds {{(pid=99046) _run_loop /opt/stack/data/venv/lib/python3.12/site-packages/oslo_service/backend/_threading/loopingcall.py:125}}
Aug 03 11:59:16.081919 np0000006350 nova-conductor[97545]: DEBUG dbcounter [-] [97545] Writing DB stats nova_api:SELECT=1 {{(pid=97545) stat_writer /opt/stack/data/venv/lib/python3.12/site-packages/dbcounter.py:115}}
Aug 03 11:59:16.200257 np0000006350 nova-conductor[97545]: DEBUG dbcounter [-] [97545] Writing DB stats nova_cell0:SELECT=1 {{(pid=97545) stat_writer /opt/stack/data/venv/lib/python3.12/site-packages/dbcounter.py:115}}
Aug 03 11:59:16.205469 np0000006350 nova-conductor[97545]: DEBUG dbcounter [-] [97545] Writing DB stats nova_cell1:SELECT=1 {{(pid=97545) stat_writer /opt/stack/data/venv/lib/python3.12/site-packages/dbcounter.py:115}}
Aug 03 11:59:22.516936 np0000006350 nova-conductor[99019]: DEBUG dbcounter [-] [99019] Writing DB stats nova_cell0:SELECT=4,nova_cell0:INSERT=1,nova_cell0:UPDATE=1 {{(pid=99019) stat_writer /opt/stack/data/venv/lib/python3.12/site-packages/dbcounter.py:115}}
Aug 03 11:59:22.519105 np0000006350 nova-conductor[99038]: DEBUG dbcounter [-] [99038] Writing DB stats nova_cell0:SELECT=3 {{(pid=99038) stat_writer /opt/stack/data/venv/lib/python3.12/site-packages/dbcounter.py:115}}
Aug 03 11:59:22.526516 np0000006350 nova-conductor[99025]: DEBUG dbcounter [-] [99025] Writing DB stats nova_cell0:SELECT=3 {{(pid=99025) stat_writer /opt/stack/data/venv/lib/python3.12/site-packages/dbcounter.py:115}}
Aug 03 11:59:22.534524 np0000006350 nova-conductor[99046]: DEBUG dbcounter [-] [99046] Writing DB stats nova_cell0:SELECT=3 {{(pid=99046) stat_writer /opt/stack/data/venv/lib/python3.12/site-packages/dbcounter.py:115}}
Aug 03 11:59:38.510076 np0000006350 nova-conductor[99019]: DEBUG oslo.service.backend._threading.loopingcall [None req-d4020589-a5d4-4e6e-ae60-f08d83eab7bd None None] Dynamic interval looping call 'nova.service.Service.periodic_tasks' sleeping for 60.00 seconds {{(pid=99019) _run_loop /opt/stack/data/venv/lib/python3.12/site-packages/oslo_service/backend/_threading/loopingcall.py:125}}
Aug 03 11:59:52.521022 np0000006350 nova-conductor[99046]: DEBUG oslo.service.backend._threading.loopingcall [None req-a01f2965-d8c0-4555-bca4-c5c9d316d6fd None None] Dynamic interval looping call 'nova.service.Service.periodic_tasks' sleeping for 60.00 seconds {{(pid=99046) _run_loop /opt/stack/data/venv/lib/python3.12/site-packages/oslo_service/backend/_threading/loopingcall.py:125}}
Aug 03 11:59:56.520354 np0000006350 nova-conductor[99025]: DEBUG oslo.service.backend._threading.loopingcall [None req-15a08e88-d26b-4f99-b581-d2d9badfdee1 None None] Dynamic interval looping call 'nova.service.Service.periodic_tasks' sleeping for 60.00 seconds {{(pid=99025) _run_loop /opt/stack/data/venv/lib/python3.12/site-packages/oslo_service/backend/_threading/loopingcall.py:125}}
Aug 03 11:59:59.512912 np0000006350 nova-conductor[99038]: DEBUG oslo.service.backend._threading.loopingcall [None req-c412fcba-7e4a-4c4d-ba92-dc64e5867db2 None None] Dynamic interval looping call 'nova.service.Service.periodic_tasks' sleeping for 60.00 seconds {{(pid=99038) _run_loop /opt/stack/data/venv/lib/python3.12/site-packages/oslo_service/backend/_threading/loopingcall.py:125}}
Aug 03 12:00:38.510580 np0000006350 nova-conductor[99019]: DEBUG oslo.service.backend._threading.loopingcall [None req-d4020589-a5d4-4e6e-ae60-f08d83eab7bd None None] Dynamic interval looping call 'nova.service.Service.periodic_tasks' sleeping for 60.00 seconds {{(pid=99019) _run_loop /opt/stack/data/venv/lib/python3.12/site-packages/oslo_service/backend/_threading/loopingcall.py:125}}
Aug 03 12:00:52.521553 np0000006350 nova-conductor[99046]: DEBUG oslo.service.backend._threading.loopingcall [None req-a01f2965-d8c0-4555-bca4-c5c9d316d6fd None None] Dynamic interval looping call 'nova.service.Service.periodic_tasks' sleeping for 60.00 seconds {{(pid=99046) _run_loop /opt/stack/data/venv/lib/python3.12/site-packages/oslo_service/backend/_threading/loopingcall.py:125}}
Aug 03 12:00:56.520814 np0000006350 nova-conductor[99025]: DEBUG oslo.service.backend._threading.loopingcall [None req-15a08e88-d26b-4f99-b581-d2d9badfdee1 None None] Dynamic interval looping call 'nova.service.Service.periodic_tasks' sleeping for 60.00 seconds {{(pid=99025) _run_loop /opt/stack/data/venv/lib/python3.12/site-packages/oslo_service/backend/_threading/loopingcall.py:125}}
Aug 03 12:00:59.513416 np0000006350 nova-conductor[99038]: DEBUG oslo.service.backend._threading.loopingcall [None req-c412fcba-7e4a-4c4d-ba92-dc64e5867db2 None None] Dynamic interval looping call 'nova.service.Service.periodic_tasks' sleeping for 60.00 seconds {{(pid=99038) _run_loop /opt/stack/data/venv/lib/python3.12/site-packages/oslo_service/backend/_threading/loopingcall.py:125}}
Aug 03 12:01:12.518071 np0000006350 nova-conductor[99019]: DEBUG oslo.service.backend._threading.loopingcall [-] Fixed interval looping call 'nova.servicegroup.drivers.db.DbDriver._report_state' sleeping for 119.99 seconds {{(pid=99019) _run_loop /opt/stack/data/venv/lib/python3.12/site-packages/oslo_service/backend/_threading/loopingcall.py:125}}
Aug 03 12:01:12.521074 np0000006350 nova-conductor[99038]: DEBUG oslo.service.backend._threading.loopingcall [-] Fixed interval looping call 'nova.servicegroup.drivers.db.DbDriver._report_state' sleeping for 119.99 seconds {{(pid=99038) _run_loop /opt/stack/data/venv/lib/python3.12/site-packages/oslo_service/backend/_threading/loopingcall.py:125}}
Aug 03 12:01:12.522585 np0000006350 nova-conductor[99025]: DEBUG oslo.service.backend._threading.loopingcall [-] Fixed interval looping call 'nova.servicegroup.drivers.db.DbDriver._report_state' sleeping for 120.00 seconds {{(pid=99025) _run_loop /opt/stack/data/venv/lib/python3.12/site-packages/oslo_service/backend/_threading/loopingcall.py:125}}
Aug 03 12:01:12.525021 np0000006350 nova-conductor[99046]: DEBUG oslo.service.backend._threading.loopingcall [-] Fixed interval looping call 'nova.servicegroup.drivers.db.DbDriver._report_state' sleeping for 120.00 seconds {{(pid=99046) _run_loop /opt/stack/data/venv/lib/python3.12/site-packages/oslo_service/backend/_threading/loopingcall.py:125}}
Aug 03 12:01:22.515127 np0000006350 nova-conductor[99019]: DEBUG dbcounter [-] [99019] Writing DB stats nova_cell0:SELECT=1,nova_cell0:UPDATE=1 {{(pid=99019) stat_writer /opt/stack/data/venv/lib/python3.12/site-packages/dbcounter.py:115}}
Aug 03 12:01:22.519194 np0000006350 nova-conductor[99038]: DEBUG dbcounter [-] [99038] Writing DB stats nova_cell0:SELECT=1,nova_cell0:UPDATE=1 {{(pid=99038) stat_writer /opt/stack/data/venv/lib/python3.12/site-packages/dbcounter.py:115}}
Aug 03 12:01:22.521970 np0000006350 nova-conductor[99025]: DEBUG dbcounter [-] [99025] Writing DB stats nova_cell0:SELECT=1 {{(pid=99025) stat_writer /opt/stack/data/venv/lib/python3.12/site-packages/dbcounter.py:115}}
Aug 03 12:01:22.523766 np0000006350 nova-conductor[99046]: DEBUG dbcounter [-] [99046] Writing DB stats nova_cell0:SELECT=1 {{(pid=99046) stat_writer /opt/stack/data/venv/lib/python3.12/site-packages/dbcounter.py:115}}
Aug 03 12:01:25.717217 np0000006350 nova-conductor[99019]: DEBUG oslo_db.sqlalchemy.engines [None req-ed1ec678-7116-479e-8361-d3612f99bf93 tempest-DeleteServersTestJSON-784730606 tempest-DeleteServersTestJSON-784730606-project-member] Parent process 97545 forked (99019) with an open database connection, which is being discarded and recreated. {{(pid=99019) checkout /opt/stack/data/venv/lib/python3.12/site-packages/oslo_db/sqlalchemy/engines.py:402}}
Aug 03 12:01:25.763965 np0000006350 nova-conductor[99019]: DEBUG dbcounter [-] [99019] Writer thread running {{(pid=99019) stat_writer /opt/stack/data/venv/lib/python3.12/site-packages/dbcounter.py:102}}
Aug 03 12:01:26.683619 np0000006350 nova-conductor[99019]: DEBUG nova.conductor.manager [None req-ed1ec678-7116-479e-8361-d3612f99bf93 tempest-DeleteServersTestJSON-784730606 tempest-DeleteServersTestJSON-784730606-project-member] Took 0.92 seconds to select destinations for 1 instance(s). {{(pid=99019) _schedule_instances /opt/stack/nova/nova/conductor/manager.py:968}}
Aug 03 12:01:26.706728 np0000006350 nova-conductor[99019]: DEBUG oslo_concurrency.lockutils [None req-ed1ec678-7116-479e-8361-d3612f99bf93 tempest-DeleteServersTestJSON-784730606 tempest-DeleteServersTestJSON-784730606-project-member] Acquiring lock "8bbd2e33-9f6d-4799-af35-71fbf9e9fa8b" by "nova.context.set_target_cell..get_or_set_cached_cell_and_set_connections" {{(pid=99019) inner /opt/stack/data/venv/lib/python3.12/site-packages/oslo_concurrency/lockutils.py:512}}
Aug 03 12:01:26.706894 np0000006350 nova-conductor[99019]: DEBUG oslo_concurrency.lockutils [None req-ed1ec678-7116-479e-8361-d3612f99bf93 tempest-DeleteServersTestJSON-784730606 tempest-DeleteServersTestJSON-784730606-project-member] Lock "8bbd2e33-9f6d-4799-af35-71fbf9e9fa8b" acquired by "nova.context.set_target_cell..get_or_set_cached_cell_and_set_connections" :: waited 0.000s {{(pid=99019) inner /opt/stack/data/venv/lib/python3.12/site-packages/oslo_concurrency/lockutils.py:525}}
Aug 03 12:01:26.708067 np0000006350 nova-conductor[99019]: DEBUG oslo_concurrency.lockutils [None req-ed1ec678-7116-479e-8361-d3612f99bf93 tempest-DeleteServersTestJSON-784730606 tempest-DeleteServersTestJSON-784730606-project-member] Lock "8bbd2e33-9f6d-4799-af35-71fbf9e9fa8b" "released" by "nova.context.set_target_cell..get_or_set_cached_cell_and_set_connections" :: held 0.001s {{(pid=99019) inner /opt/stack/data/venv/lib/python3.12/site-packages/oslo_concurrency/lockutils.py:544}}
Aug 03 12:01:26.709559 np0000006350 nova-conductor[99019]: INFO dbcounter [None req-ed1ec678-7116-479e-8361-d3612f99bf93 tempest-DeleteServersTestJSON-784730606 tempest-DeleteServersTestJSON-784730606-project-member] Registered counter for database nova_cell1
Aug 03 12:01:26.746117 np0000006350 nova-conductor[99019]: DEBUG oslo_db.sqlalchemy.engines [None req-ed1ec678-7116-479e-8361-d3612f99bf93 tempest-DeleteServersTestJSON-784730606 tempest-DeleteServersTestJSON-784730606-project-member] MySQL server mode set to STRICT_TRANS_TABLES,STRICT_ALL_TABLES,NO_ZERO_IN_DATE,NO_ZERO_DATE,ERROR_FOR_DIVISION_BY_ZERO,TRADITIONAL,NO_ENGINE_SUBSTITUTION {{(pid=99019) _check_effective_sql_mode /opt/stack/data/venv/lib/python3.12/site-packages/oslo_db/sqlalchemy/engines.py:325}}
Aug 03 12:01:26.753556 np0000006350 nova-conductor[99019]: DEBUG dbcounter [-] [99019] Writer thread running {{(pid=99019) stat_writer /opt/stack/data/venv/lib/python3.12/site-packages/dbcounter.py:102}}
Aug 03 12:01:26.814590 np0000006350 nova-conductor[99019]: INFO nova.utils [None req-ed1ec678-7116-479e-8361-d3612f99bf93 tempest-DeleteServersTestJSON-784730606 tempest-DeleteServersTestJSON-784730606-project-member] The cell worker thread pool ForkProcess-1.cell_worker is initialized
Aug 03 12:01:26.814950 np0000006350 nova-conductor[99019]: DEBUG oslo_concurrency.lockutils [None req-ed1ec678-7116-479e-8361-d3612f99bf93 tempest-DeleteServersTestJSON-784730606 tempest-DeleteServersTestJSON-784730606-project-member] Acquiring lock "00000000-0000-0000-0000-000000000000" by "nova.context.set_target_cell..get_or_set_cached_cell_and_set_connections" {{(pid=99019) inner /opt/stack/data/venv/lib/python3.12/site-packages/oslo_concurrency/lockutils.py:512}}
Aug 03 12:01:26.815158 np0000006350 nova-conductor[99019]: DEBUG oslo_concurrency.lockutils [None req-ed1ec678-7116-479e-8361-d3612f99bf93 tempest-DeleteServersTestJSON-784730606 tempest-DeleteServersTestJSON-784730606-project-member] Lock "00000000-0000-0000-0000-000000000000" acquired by "nova.context.set_target_cell..get_or_set_cached_cell_and_set_connections" :: waited 0.000s {{(pid=99019) inner /opt/stack/data/venv/lib/python3.12/site-packages/oslo_concurrency/lockutils.py:525}}
Aug 03 12:01:26.815661 np0000006350 nova-conductor[99019]: DEBUG oslo_concurrency.lockutils [None req-ed1ec678-7116-479e-8361-d3612f99bf93 tempest-DeleteServersTestJSON-784730606 tempest-DeleteServersTestJSON-784730606-project-member] Lock "00000000-0000-0000-0000-000000000000" "released" by "nova.context.set_target_cell..get_or_set_cached_cell_and_set_connections" :: held 0.000s {{(pid=99019) inner /opt/stack/data/venv/lib/python3.12/site-packages/oslo_concurrency/lockutils.py:544}}
Aug 03 12:01:26.818202 np0000006350 nova-conductor[99019]: DEBUG oslo_concurrency.lockutils [None req-ed1ec678-7116-479e-8361-d3612f99bf93 tempest-DeleteServersTestJSON-784730606 tempest-DeleteServersTestJSON-784730606-project-member] Acquiring lock "8bbd2e33-9f6d-4799-af35-71fbf9e9fa8b" by "nova.context.set_target_cell..get_or_set_cached_cell_and_set_connections" {{(pid=99019) inner /opt/stack/data/venv/lib/python3.12/site-packages/oslo_concurrency/lockutils.py:512}}
Aug 03 12:01:26.818341 np0000006350 nova-conductor[99019]: DEBUG oslo_concurrency.lockutils [None req-ed1ec678-7116-479e-8361-d3612f99bf93 tempest-DeleteServersTestJSON-784730606 tempest-DeleteServersTestJSON-784730606-project-member] Lock "8bbd2e33-9f6d-4799-af35-71fbf9e9fa8b" acquired by "nova.context.set_target_cell..get_or_set_cached_cell_and_set_connections" :: waited 0.000s {{(pid=99019) inner /opt/stack/data/venv/lib/python3.12/site-packages/oslo_concurrency/lockutils.py:525}}
Aug 03 12:01:26.818521 np0000006350 nova-conductor[99019]: DEBUG oslo_concurrency.lockutils [None req-ed1ec678-7116-479e-8361-d3612f99bf93 tempest-DeleteServersTestJSON-784730606 tempest-DeleteServersTestJSON-784730606-project-member] Lock "8bbd2e33-9f6d-4799-af35-71fbf9e9fa8b" "released" by "nova.context.set_target_cell..get_or_set_cached_cell_and_set_connections" :: held 0.000s {{(pid=99019) inner /opt/stack/data/venv/lib/python3.12/site-packages/oslo_concurrency/lockutils.py:544}}
Aug 03 12:01:26.821952 np0000006350 nova-conductor[99019]: INFO dbcounter [None req-ed1ec678-7116-479e-8361-d3612f99bf93 tempest-DeleteServersTestJSON-784730606 tempest-DeleteServersTestJSON-784730606-project-member] Registered counter for database nova_cell0
Aug 03 12:01:26.884679 np0000006350 nova-conductor[99019]: DEBUG oslo_db.sqlalchemy.engines [None req-ed1ec678-7116-479e-8361-d3612f99bf93 tempest-DeleteServersTestJSON-784730606 tempest-DeleteServersTestJSON-784730606-project-member] MySQL server mode set to STRICT_TRANS_TABLES,STRICT_ALL_TABLES,NO_ZERO_IN_DATE,NO_ZERO_DATE,ERROR_FOR_DIVISION_BY_ZERO,TRADITIONAL,NO_ENGINE_SUBSTITUTION {{(pid=99019) _check_effective_sql_mode /opt/stack/data/venv/lib/python3.12/site-packages/oslo_db/sqlalchemy/engines.py:325}}
