May 27 15:58:22.118735 np0000001523 devstack@g-api.service[101893]: DEBUG glance_store.location [-] Registering scheme swift+config with {'store': , 'location_class': , 'store_entry': 'swift'} {{(pid=101893) register_scheme_map /opt/stack/data/venv/lib/python3.12/site-packages/glance_store/location.py:146}}
May 27 15:58:22.118800 np0000001523 devstack@g-api.service[101893]: DEBUG glance_store.backend [-] Attempting to import store http {{(pid=101893) _load_store /opt/stack/data/venv/lib/python3.12/site-packages/glance_store/backend.py:215}}
May 27 15:58:22.118972 np0000001523 devstack@g-api.service[101893]: DEBUG glance_store.capabilities [-] Store glance_store._drivers.http.Store doesn't support updating dynamic storage capabilities. Please overwrite 'update_capabilities' method of the store to implement updating logics if needed. {{(pid=101893) update_capabilities /opt/stack/data/venv/lib/python3.12/site-packages/glance_store/capabilities.py:91}}
May 27 15:58:22.119026 np0000001523 devstack@g-api.service[101893]: DEBUG glance_store.backend [-] Registering store http with schemes ('http', 'https') {{(pid=101893) create_stores /opt/stack/data/venv/lib/python3.12/site-packages/glance_store/backend.py:261}}
May 27 15:58:22.119067 np0000001523 devstack@g-api.service[101893]: DEBUG glance_store.driver [-] Late loading location class glance_store._drivers.http.StoreLocation {{(pid=101893) get_store_location_class /opt/stack/data/venv/lib/python3.12/site-packages/glance_store/driver.py:134}}
May 27 15:58:22.119135 np0000001523 devstack@g-api.service[101893]: DEBUG glance_store.location [-] Registering scheme http with {'store': , 'location_class': , 'store_entry': 'http'} {{(pid=101893) register_scheme_map /opt/stack/data/venv/lib/python3.12/site-packages/glance_store/location.py:146}}
May 27 15:58:22.119175 np0000001523 devstack@g-api.service[101893]: DEBUG glance_store.location [-] Registering scheme https with {'store': , 'location_class': , 'store_entry': 'http'} {{(pid=101893) register_scheme_map /opt/stack/data/venv/lib/python3.12/site-packages/glance_store/location.py:146}}
May 27 15:58:22.119214 np0000001523 devstack@g-api.service[101893]: DEBUG glance_store.backend [-] Attempting to import store file {{(pid=101893) _load_store /opt/stack/data/venv/lib/python3.12/site-packages/glance_store/backend.py:215}}
May 27 15:58:22.119681 np0000001523 devstack@g-api.service[101893]: DEBUG glance_store.capabilities [-] Store glance_store._drivers.filesystem.Store doesn't support updating dynamic storage capabilities. Please overwrite 'update_capabilities' method of the store to implement updating logics if needed. {{(pid=101893) update_capabilities /opt/stack/data/venv/lib/python3.12/site-packages/glance_store/capabilities.py:91}}
May 27 15:58:22.119727 np0000001523 devstack@g-api.service[101893]: DEBUG glance_store.backend [-] Registering store file with schemes ('file', 'filesystem') {{(pid=101893) create_stores /opt/stack/data/venv/lib/python3.12/site-packages/glance_store/backend.py:261}}
May 27 15:58:22.119777 np0000001523 devstack@g-api.service[101893]: DEBUG glance_store.driver [-] Late loading location class glance_store._drivers.filesystem.StoreLocation {{(pid=101893) get_store_location_class /opt/stack/data/venv/lib/python3.12/site-packages/glance_store/driver.py:134}}
May 27 15:58:22.119835 np0000001523 devstack@g-api.service[101893]: DEBUG glance_store.location [-] Registering scheme file with {'store': , 'location_class': , 'store_entry': 'file'} {{(pid=101893) register_scheme_map /opt/stack/data/venv/lib/python3.12/site-packages/glance_store/location.py:146}}
May 27 15:58:22.119887 np0000001523 devstack@g-api.service[101893]: DEBUG glance_store.location [-] Registering scheme filesystem with {'store': , 'location_class': , 'store_entry': 'file'} {{(pid=101893) register_scheme_map /opt/stack/data/venv/lib/python3.12/site-packages/glance_store/location.py:146}}
May 27 15:58:22.119987 np0000001523 devstack@g-api.service[101893]: DEBUG glance_store.backend [-] Attempting to import store swift {{(pid=101893) _load_store /opt/stack/data/venv/lib/python3.12/site-packages/glance_store/backend.py:215}}
May 27 15:58:22.121079 np0000001523 devstack@g-api.service[101893]: DEBUG glance_store.capabilities [-] Store glance_store._drivers.swift.store.SingleTenantStore doesn't support updating dynamic storage capabilities. Please overwrite 'update_capabilities' method of the store to implement updating logics if needed. {{(pid=101893) update_capabilities /opt/stack/data/venv/lib/python3.12/site-packages/glance_store/capabilities.py:91}}
May 27 15:58:22.121153 np0000001523 devstack@g-api.service[101893]: DEBUG glance_store.driver [-] Late loading location class glance_store._drivers.swift.store.StoreLocation {{(pid=101893) get_store_location_class /opt/stack/data/venv/lib/python3.12/site-packages/glance_store/driver.py:134}}
May 27 15:58:22.121212 np0000001523 devstack@g-api.service[101893]: DEBUG glance_store.location [-] Registering scheme swift+https with {'store': , 'location_class': , 'store_entry': 'swift'} {{(pid=101893) register_scheme_map /opt/stack/data/venv/lib/python3.12/site-packages/glance_store/location.py:146}}
May 27 15:58:22.121266 np0000001523 devstack@g-api.service[101893]: DEBUG glance_store.location [-] Registering scheme swift+https with {'store': , 'location_class': , 'store_entry': 'swift'} {{(pid=101893) register_scheme_map /opt/stack/data/venv/lib/python3.12/site-packages/glance_store/location.py:146}}
May 27 15:58:22.121308 np0000001523 devstack@g-api.service[101893]: DEBUG glance_store.location [-] Registering scheme swift with {'store': , 'location_class': , 'store_entry': 'swift'} {{(pid=101893) register_scheme_map /opt/stack/data/venv/lib/python3.12/site-packages/glance_store/location.py:146}}
May 27 15:58:22.121360 np0000001523 devstack@g-api.service[101893]: DEBUG glance_store.location [-] Registering scheme swift+https with {'store': , 'location_class': , 'store_entry': 'swift'} {{(pid=101893) register_scheme_map /opt/stack/data/venv/lib/python3.12/site-packages/glance_store/location.py:146}}
May 27 15:58:22.121425 np0000001523 devstack@g-api.service[101893]: DEBUG glance_store.location [-] Registering scheme swift with {'store': , 'location_class': , 'store_entry': 'swift'} {{(pid=101893) register_scheme_map /opt/stack/data/venv/lib/python3.12/site-packages/glance_store/location.py:146}}
May 27 15:58:22.121465 np0000001523 devstack@g-api.service[101893]: DEBUG glance_store.location [-] Registering scheme swift+http with {'store': , 'location_class': , 'store_entry': 'swift'} {{(pid=101893) register_scheme_map /opt/stack/data/venv/lib/python3.12/site-packages/glance_store/location.py:146}}
May 27 15:58:22.121513 np0000001523 devstack@g-api.service[101893]: DEBUG glance_store.location [-] Registering scheme swift+https with {'store': , 'location_class': , 'store_entry': 'swift'} {{(pid=101893) register_scheme_map /opt/stack/data/venv/lib/python3.12/site-packages/glance_store/location.py:146}}
May 27 15:58:22.121600 np0000001523 devstack@g-api.service[101893]: DEBUG glance_store.location [-] Registering scheme swift with {'store': , 'location_class': , 'store_entry': 'swift'} {{(pid=101893) register_scheme_map /opt/stack/data/venv/lib/python3.12/site-packages/glance_store/location.py:146}}
May 27 15:58:22.121671 np0000001523 devstack@g-api.service[101893]: DEBUG glance_store.location [-] Registering scheme swift+http with {'store': , 'location_class': , 'store_entry': 'swift'} {{(pid=101893) register_scheme_map /opt/stack/data/venv/lib/python3.12/site-packages/glance_store/location.py:146}}
May 27 15:58:22.121715 np0000001523 devstack@g-api.service[101893]: DEBUG glance_store.location [-] Registering scheme swift+config with {'store': , 'location_class': , 'store_entry': 'swift'} {{(pid=101893) register_scheme_map /opt/stack/data/venv/lib/python3.12/site-packages/glance_store/location.py:146}}
May 27 15:58:22.121949 np0000001523 devstack@g-api.service[101893]: DEBUG glance.sqlite_migration [-] SQLite caching database not located, skipping migration {{(pid=101893) get_db_path /opt/stack/glance/glance/sqlite_migration.py:68}}
May 27 15:58:22.122120 np0000001523 devstack@g-api.service[101893]: WARNING glance.common.wsgi_app [-] Import methods are enabled but staging directory /tmp/staging/ does not exist; Imports will fail!
May 27 15:58:22.357716 np0000001523 devstack@g-api.service[101892]: DEBUG glance.common.config [None req-9e2de98e-465a-42d3-b415-49ea4907a33e None None] Loading glance-api-keystone+cachemanagement from /etc/glance/glance-api-paste.ini {{(pid=101892) load_paste_app /opt/stack/glance/glance/common/config.py:758}}
May 27 15:58:22.373477 np0000001523 devstack@g-api.service[101894]: DEBUG glance.common.config [None req-da115936-1eb8-4111-b0de-dfd810c6cbee None None] Loading glance-api-keystone+cachemanagement from /etc/glance/glance-api-paste.ini {{(pid=101894) load_paste_app /opt/stack/glance/glance/common/config.py:758}}
May 27 15:58:22.383172 np0000001523 devstack@g-api.service[101893]: DEBUG glance.common.config [None req-19cc7b54-6ddc-4827-8fd4-003e61c6db96 None None] Loading glance-api-keystone+cachemanagement from /etc/glance/glance-api-paste.ini {{(pid=101893) load_paste_app /opt/stack/glance/glance/common/config.py:758}}
May 27 15:58:22.928399 np0000001523 devstack@g-api.service[101893]: INFO glance.image_cache [None req-19cc7b54-6ddc-4827-8fd4-003e61c6db96 None None] Image cache loaded driver 'centralized_db'.
May 27 15:58:22.939610 np0000001523 devstack@g-api.service[101894]: INFO glance.image_cache [None req-da115936-1eb8-4111-b0de-dfd810c6cbee None None] Image cache loaded driver 'centralized_db'.
May 27 15:58:22.954391 np0000001523 devstack@g-api.service[101892]: INFO glance.image_cache [None req-9e2de98e-465a-42d3-b415-49ea4907a33e None None] Image cache loaded driver 'centralized_db'.
May 27 15:58:22.974544 np0000001523 devstack@g-api.service[101893]: INFO dbcounter [None req-19cc7b54-6ddc-4827-8fd4-003e61c6db96 None None] Registered counter for database glance
May 27 15:58:22.987800 np0000001523 devstack@g-api.service[101894]: INFO dbcounter [None req-da115936-1eb8-4111-b0de-dfd810c6cbee None None] Registered counter for database glance
May 27 15:58:23.010054 np0000001523 devstack@g-api.service[101892]: INFO dbcounter [None req-9e2de98e-465a-42d3-b415-49ea4907a33e None None] Registered counter for database glance
May 27 15:58:23.015313 np0000001523 devstack@g-api.service[101893]: DEBUG oslo_db.sqlalchemy.engines [None req-19cc7b54-6ddc-4827-8fd4-003e61c6db96 None None] MySQL server mode set to STRICT_TRANS_TABLES,STRICT_ALL_TABLES,NO_ZERO_IN_DATE,NO_ZERO_DATE,ERROR_FOR_DIVISION_BY_ZERO,TRADITIONAL,NO_ENGINE_SUBSTITUTION {{(pid=101893) _check_effective_sql_mode /opt/stack/data/venv/lib/python3.12/site-packages/oslo_db/sqlalchemy/engines.py:325}}
May 27 15:58:23.031286 np0000001523 devstack@g-api.service[101894]: DEBUG oslo_db.sqlalchemy.engines [None req-da115936-1eb8-4111-b0de-dfd810c6cbee None None] MySQL server mode set to STRICT_TRANS_TABLES,STRICT_ALL_TABLES,NO_ZERO_IN_DATE,NO_ZERO_DATE,ERROR_FOR_DIVISION_BY_ZERO,TRADITIONAL,NO_ENGINE_SUBSTITUTION {{(pid=101894) _check_effective_sql_mode /opt/stack/data/venv/lib/python3.12/site-packages/oslo_db/sqlalchemy/engines.py:325}}
May 27 15:58:23.034801 np0000001523 devstack@g-api.service[101893]: DEBUG dbcounter [-] [101893] Writer thread running {{(pid=101893) stat_writer /opt/stack/data/venv/lib/python3.12/site-packages/dbcounter.py:102}}
May 27 15:58:23.045114 np0000001523 devstack@g-api.service[101893]: INFO glance.image_cache [None req-19cc7b54-6ddc-4827-8fd4-003e61c6db96 None None] Image cache loaded driver 'centralized_db'.
May 27 15:58:23.052276 np0000001523 devstack@g-api.service[101894]: DEBUG dbcounter [-] [101894] Writer thread running {{(pid=101894) stat_writer /opt/stack/data/venv/lib/python3.12/site-packages/dbcounter.py:102}}
May 27 15:58:23.053778 np0000001523 devstack@g-api.service[101892]: DEBUG oslo_db.sqlalchemy.engines [None req-9e2de98e-465a-42d3-b415-49ea4907a33e None None] MySQL server mode set to STRICT_TRANS_TABLES,STRICT_ALL_TABLES,NO_ZERO_IN_DATE,NO_ZERO_DATE,ERROR_FOR_DIVISION_BY_ZERO,TRADITIONAL,NO_ENGINE_SUBSTITUTION {{(pid=101892) _check_effective_sql_mode /opt/stack/data/venv/lib/python3.12/site-packages/oslo_db/sqlalchemy/engines.py:325}}
May 27 15:58:23.054693 np0000001523 devstack@g-api.service[101893]: DEBUG glance.image_cache.drivers.centralized_db [None req-19cc7b54-6ddc-4827-8fd4-003e61c6db96 None None] Node reference is already recorded, ignoring it {{(pid=101893) configure /opt/stack/glance/glance/image_cache/drivers/centralized_db.py:71}}
May 27 15:58:23.055579 np0000001523 devstack@g-api.service[101894]: DEBUG glance.image_cache.drivers.centralized_db [None req-da115936-1eb8-4111-b0de-dfd810c6cbee None None] Node reference is already recorded, ignoring it {{(pid=101894) configure /opt/stack/glance/glance/image_cache/drivers/centralized_db.py:71}}
May 27 15:58:23.060484 np0000001523 devstack@g-api.service[101893]: DEBUG glance.api.v2.cached_images [None req-19cc7b54-6ddc-4827-8fd4-003e61c6db96 None None] Started cache worker thread {{(pid=101893) __init__ /opt/stack/glance/glance/api/v2/cached_images.py:69}}
May 27 15:58:23.060677 np0000001523 devstack@g-api.service[101894]: INFO glance.image_cache [None req-da115936-1eb8-4111-b0de-dfd810c6cbee None None] Image cache loaded driver 'centralized_db'.
May 27 15:58:23.061090 np0000001523 devstack@g-api.service[101893]: INFO glance.image_cache [None req-19cc7b54-6ddc-4827-8fd4-003e61c6db96 None None] Image cache loaded driver 'centralized_db'.
May 27 15:58:23.066891 np0000001523 devstack@g-api.service[101893]: DEBUG glance.image_cache.drivers.centralized_db [None req-19cc7b54-6ddc-4827-8fd4-003e61c6db96 None None] Node reference is already recorded, ignoring it {{(pid=101893) configure /opt/stack/glance/glance/image_cache/drivers/centralized_db.py:71}}
May 27 15:58:23.069359 np0000001523 devstack@g-api.service[101894]: DEBUG glance.image_cache.drivers.centralized_db [None req-da115936-1eb8-4111-b0de-dfd810c6cbee None None] Node reference is already recorded, ignoring it {{(pid=101894) configure /opt/stack/glance/glance/image_cache/drivers/centralized_db.py:71}}
May 27 15:58:23.071942 np0000001523 devstack@g-api.service[101893]: INFO glance.api.middleware.cache_manage [None req-19cc7b54-6ddc-4827-8fd4-003e61c6db96 None None] Initialized image cache management middleware
May 27 15:58:23.072069 np0000001523 devstack@g-api.service[101893]: INFO glance.image_cache [None req-19cc7b54-6ddc-4827-8fd4-003e61c6db96 None None] Image cache loaded driver 'centralized_db'.
May 27 15:58:23.073997 np0000001523 devstack@g-api.service[101894]: DEBUG glance.api.v2.cached_images [None req-da115936-1eb8-4111-b0de-dfd810c6cbee None None] Started cache worker thread {{(pid=101894) __init__ /opt/stack/glance/glance/api/v2/cached_images.py:69}}
May 27 15:58:23.074333 np0000001523 devstack@g-api.service[101892]: DEBUG dbcounter [-] [101892] Writer thread running {{(pid=101892) stat_writer /opt/stack/data/venv/lib/python3.12/site-packages/dbcounter.py:102}}
May 27 15:58:23.074680 np0000001523 devstack@g-api.service[101894]: INFO glance.image_cache [None req-da115936-1eb8-4111-b0de-dfd810c6cbee None None] Image cache loaded driver 'centralized_db'.
May 27 15:58:23.077475 np0000001523 devstack@g-api.service[101892]: DEBUG glance.image_cache.drivers.centralized_db [None req-9e2de98e-465a-42d3-b415-49ea4907a33e None None] Node reference is already recorded, ignoring it {{(pid=101892) configure /opt/stack/glance/glance/image_cache/drivers/centralized_db.py:71}}
May 27 15:58:23.078696 np0000001523 devstack@g-api.service[101893]: DEBUG glance.image_cache.drivers.centralized_db [None req-19cc7b54-6ddc-4827-8fd4-003e61c6db96 None None] Node reference is already recorded, ignoring it {{(pid=101893) configure /opt/stack/glance/glance/image_cache/drivers/centralized_db.py:71}}
May 27 15:58:23.081919 np0000001523 devstack@g-api.service[101893]: INFO glance.api.middleware.cache [None req-19cc7b54-6ddc-4827-8fd4-003e61c6db96 None None] Initialized image cache middleware
May 27 15:58:23.082228 np0000001523 devstack@g-api.service[101892]: INFO glance.image_cache [None req-9e2de98e-465a-42d3-b415-49ea4907a33e None None] Image cache loaded driver 'centralized_db'.
May 27 15:58:23.083180 np0000001523 devstack@g-api.service[101894]: DEBUG glance.image_cache.drivers.centralized_db [None req-da115936-1eb8-4111-b0de-dfd810c6cbee None None] Node reference is already recorded, ignoring it {{(pid=101894) configure /opt/stack/glance/glance/image_cache/drivers/centralized_db.py:71}}
May 27 15:58:23.087689 np0000001523 devstack@g-api.service[101894]: INFO glance.api.middleware.cache_manage [None req-da115936-1eb8-4111-b0de-dfd810c6cbee None None] Initialized image cache management middleware
May 27 15:58:23.087846 np0000001523 devstack@g-api.service[101894]: INFO glance.image_cache [None req-da115936-1eb8-4111-b0de-dfd810c6cbee None None] Image cache loaded driver 'centralized_db'.
May 27 15:58:23.088863 np0000001523 devstack@g-api.service[101892]: DEBUG glance.image_cache.drivers.centralized_db [None req-9e2de98e-465a-42d3-b415-49ea4907a33e None None] Node reference is already recorded, ignoring it {{(pid=101892) configure /opt/stack/glance/glance/image_cache/drivers/centralized_db.py:71}}
May 27 15:58:23.093000 np0000001523 devstack@g-api.service[101893]: DEBUG glance.common.config [None req-19cc7b54-6ddc-4827-8fd4-003e61c6db96 None None] ******************************************************************************** {{(pid=101893) log_opt_values /opt/stack/data/venv/lib/python3.12/site-packages/oslo_config/cfg.py:3229}}
May 27 15:58:23.093102 np0000001523 devstack@g-api.service[101892]: DEBUG glance.api.v2.cached_images [None req-9e2de98e-465a-42d3-b415-49ea4907a33e None None] Started cache worker thread {{(pid=101892) __init__ /opt/stack/glance/glance/api/v2/cached_images.py:69}}
May 27 15:58:23.093147 np0000001523 devstack@g-api.service[101893]: DEBUG glance.common.config [None req-19cc7b54-6ddc-4827-8fd4-003e61c6db96 None None] Configuration options gathered from: {{(pid=101893) log_opt_values /opt/stack/data/venv/lib/python3.12/site-packages/oslo_config/cfg.py:3230}}
May 27 15:58:23.093426 np0000001523 devstack@g-api.service[101893]: DEBUG glance.common.config [None req-19cc7b54-6ddc-4827-8fd4-003e61c6db96 None None] command line args: [] {{(pid=101893) log_opt_values /opt/stack/data/venv/lib/python3.12/site-packages/oslo_config/cfg.py:3231}}
May 27 15:58:23.093482 np0000001523 devstack@g-api.service[101892]: INFO glance.image_cache [None req-9e2de98e-465a-42d3-b415-49ea4907a33e None None] Image cache loaded driver 'centralized_db'.
May 27 15:58:23.093611 np0000001523 devstack@g-api.service[101893]: DEBUG glance.common.config [None req-19cc7b54-6ddc-4827-8fd4-003e61c6db96 None None] config files: ['/etc/glance/glance-image-import.conf', '/etc/glance/glance-api.conf'] {{(pid=101893) log_opt_values /opt/stack/data/venv/lib/python3.12/site-packages/oslo_config/cfg.py:3232}}
May 27 15:58:23.094432 np0000001523 devstack@g-api.service[101893]: DEBUG glance.common.config [None req-19cc7b54-6ddc-4827-8fd4-003e61c6db96 None None] ================================================================================ {{(pid=101893) log_opt_values /opt/stack/data/venv/lib/python3.12/site-packages/oslo_config/cfg.py:3237}}
May 27 15:58:23.094432 np0000001523 devstack@g-api.service[101893]: DEBUG glance.common.config [None req-19cc7b54-6ddc-4827-8fd4-003e61c6db96 None None] allow_anonymous_access = False {{(pid=101893) log_opt_values /opt/stack/data/venv/lib/python3.12/site-packages/oslo_config/cfg.py:3245}}
May 27 15:58:23.094432 np0000001523 devstack@g-api.service[101893]: DEBUG glance.common.config [None req-19cc7b54-6ddc-4827-8fd4-003e61c6db96 None None] api_limit_max = 1000 {{(pid=101893) log_opt_values /opt/stack/data/venv/lib/python3.12/site-packages/oslo_config/cfg.py:3245}}
May 27 15:58:23.094432 np0000001523 devstack@g-api.service[101893]: DEBUG glance.common.config [None req-19cc7b54-6ddc-4827-8fd4-003e61c6db96 None None] backlog = 4096 {{(pid=101893) log_opt_values /opt/stack/data/venv/lib/python3.12/site-packages/oslo_config/cfg.py:3245}}
May 27 15:58:23.094432 np0000001523 devstack@g-api.service[101893]: DEBUG glance.common.config [None req-19cc7b54-6ddc-4827-8fd4-003e61c6db96 None None] bind_host = 0.0.0.0 {{(pid=101893) log_opt_values /opt/stack/data/venv/lib/python3.12/site-packages/oslo_config/cfg.py:3245}}
May 27 15:58:23.094432 np0000001523 devstack@g-api.service[101893]: DEBUG glance.common.config [None req-19cc7b54-6ddc-4827-8fd4-003e61c6db96 None None] bind_port = 19292 {{(pid=101893) log_opt_values /opt/stack/data/venv/lib/python3.12/site-packages/oslo_config/cfg.py:3245}}
May 27 15:58:23.094432 np0000001523 devstack@g-api.service[101893]: DEBUG glance.common.config [None req-19cc7b54-6ddc-4827-8fd4-003e61c6db96 None None] client_socket_timeout = 900 {{(pid=101893) log_opt_values /opt/stack/data/venv/lib/python3.12/site-packages/oslo_config/cfg.py:3245}}
May 27 15:58:23.094610 np0000001523 devstack@g-api.service[101893]: DEBUG glance.common.config [None req-19cc7b54-6ddc-4827-8fd4-003e61c6db96 None None] config_dir = [] {{(pid=101893) log_opt_values /opt/stack/data/venv/lib/python3.12/site-packages/oslo_config/cfg.py:3245}}
May 27 15:58:23.094610 np0000001523 devstack@g-api.service[101893]: DEBUG glance.common.config [None req-19cc7b54-6ddc-4827-8fd4-003e61c6db96 None None] config_file = ['/etc/glance/glance-image-import.conf', '/etc/glance/glance-api.conf'] {{(pid=101893) log_opt_values /opt/stack/data/venv/lib/python3.12/site-packages/oslo_config/cfg.py:3245}}
May 27 15:58:23.094705 np0000001523 devstack@g-api.service[101893]: DEBUG glance.common.config [None req-19cc7b54-6ddc-4827-8fd4-003e61c6db96 None None] config_source = [] {{(pid=101893) log_opt_values /opt/stack/data/venv/lib/python3.12/site-packages/oslo_config/cfg.py:3245}}
May 27 15:58:23.094808 np0000001523 devstack@g-api.service[101893]: DEBUG glance.common.config [None req-19cc7b54-6ddc-4827-8fd4-003e61c6db96 None None] control_exchange = glance {{(pid=101893) log_opt_values /opt/stack/data/venv/lib/python3.12/site-packages/oslo_config/cfg.py:3245}}
May 27 15:58:23.094878 np0000001523 devstack@g-api.service[101893]: DEBUG glance.common.config [None req-19cc7b54-6ddc-4827-8fd4-003e61c6db96 None None] debug = True {{(pid=101893) log_opt_values /opt/stack/data/venv/lib/python3.12/site-packages/oslo_config/cfg.py:3245}}
May 27 15:58:23.095033 np0000001523 devstack@g-api.service[101893]: DEBUG glance.common.config [None req-19cc7b54-6ddc-4827-8fd4-003e61c6db96 None None] default_log_levels = ['amqp=WARN', 'boto=WARN', 'sqlalchemy=WARN', 'suds=INFO', 'oslo.messaging=INFO', 'oslo_messaging=INFO', 'iso8601=WARN', 'requests.packages.urllib3.connectionpool=WARN', 'urllib3.connectionpool=WARN', 'websocket=WARN', 'requests.packages.urllib3.util.retry=WARN', 'urllib3.util.retry=WARN', 'keystonemiddleware=WARN', 'routes.middleware=WARN', 'stevedore=WARN', 'taskflow=WARN', 'keystoneauth=WARN', 'oslo.cache=INFO', 'oslo_policy=INFO', 'dogpile.core.dogpile=INFO'] {{(pid=101893) log_opt_values /opt/stack/data/venv/lib/python3.12/site-packages/oslo_config/cfg.py:3245}}
May 27 15:58:23.095125 np0000001523 devstack@g-api.service[101893]: DEBUG glance.common.config [None req-19cc7b54-6ddc-4827-8fd4-003e61c6db96 None None] default_publisher_id = image.localhost {{(pid=101893) log_opt_values /opt/stack/data/venv/lib/python3.12/site-packages/oslo_config/cfg.py:3245}}
May 27 15:58:23.095212 np0000001523 devstack@g-api.service[101893]: DEBUG glance.common.config [None req-19cc7b54-6ddc-4827-8fd4-003e61c6db96 None None] delayed_delete = False {{(pid=101893) log_opt_values /opt/stack/data/venv/lib/python3.12/site-packages/oslo_config/cfg.py:3245}}
May 27 15:58:23.095307 np0000001523 devstack@g-api.service[101893]: DEBUG glance.common.config [None req-19cc7b54-6ddc-4827-8fd4-003e61c6db96 None None] digest_algorithm = sha256 {{(pid=101893) log_opt_values /opt/stack/data/venv/lib/python3.12/site-packages/oslo_config/cfg.py:3245}}
May 27 15:58:23.095415 np0000001523 devstack@g-api.service[101893]: DEBUG glance.common.config [None req-19cc7b54-6ddc-4827-8fd4-003e61c6db96 None None] disabled_notifications = [] {{(pid=101893) log_opt_values /opt/stack/data/venv/lib/python3.12/site-packages/oslo_config/cfg.py:3245}}
May 27 15:58:23.095498 np0000001523 devstack@g-api.service[101893]: DEBUG glance.common.config [None req-19cc7b54-6ddc-4827-8fd4-003e61c6db96 None None] do_secure_hash = True {{(pid=101893) log_opt_values /opt/stack/data/venv/lib/python3.12/site-packages/oslo_config/cfg.py:3245}}
May 27 15:58:23.095578 np0000001523 devstack@g-api.service[101894]: DEBUG glance.image_cache.drivers.centralized_db [None req-da115936-1eb8-4111-b0de-dfd810c6cbee None None] Node reference is already recorded, ignoring it {{(pid=101894) configure /opt/stack/glance/glance/image_cache/drivers/centralized_db.py:71}}
May 27 15:58:23.095613 np0000001523 devstack@g-api.service[101893]: DEBUG glance.common.config [None req-19cc7b54-6ddc-4827-8fd4-003e61c6db96 None None] enabled_backends = None {{(pid=101893) log_opt_values /opt/stack/data/venv/lib/python3.12/site-packages/oslo_config/cfg.py:3245}}
May 27 15:58:23.095753 np0000001523 devstack@g-api.service[101893]: DEBUG glance.common.config [None req-19cc7b54-6ddc-4827-8fd4-003e61c6db96 None None] enabled_import_methods = ['glance-direct', 'web-download', 'copy-image'] {{(pid=101893) log_opt_values /opt/stack/data/venv/lib/python3.12/site-packages/oslo_config/cfg.py:3245}}
May 27 15:58:23.095845 np0000001523 devstack@g-api.service[101893]: DEBUG glance.common.config [None req-19cc7b54-6ddc-4827-8fd4-003e61c6db96 None None] fatal_deprecations = False {{(pid=101893) log_opt_values /opt/stack/data/venv/lib/python3.12/site-packages/oslo_config/cfg.py:3245}}
May 27 15:58:23.095939 np0000001523 devstack@g-api.service[101893]: DEBUG glance.common.config [None req-19cc7b54-6ddc-4827-8fd4-003e61c6db96 None None] hashing_algorithm = sha512 {{(pid=101893) log_opt_values /opt/stack/data/venv/lib/python3.12/site-packages/oslo_config/cfg.py:3245}}
May 27 15:58:23.096029 np0000001523 devstack@g-api.service[101893]: DEBUG glance.common.config [None req-19cc7b54-6ddc-4827-8fd4-003e61c6db96 None None] http_keepalive = True {{(pid=101893) log_opt_values /opt/stack/data/venv/lib/python3.12/site-packages/oslo_config/cfg.py:3245}}
May 27 15:58:23.096116 np0000001523 devstack@g-api.service[101893]: DEBUG glance.common.config [None req-19cc7b54-6ddc-4827-8fd4-003e61c6db96 None None] http_retries = 3 {{(pid=101893) log_opt_values /opt/stack/data/venv/lib/python3.12/site-packages/oslo_config/cfg.py:3245}}
May 27 15:58:23.096210 np0000001523 devstack@g-api.service[101893]: DEBUG glance.common.config [None req-19cc7b54-6ddc-4827-8fd4-003e61c6db96 None None] image_cache_dir = /opt/stack/data/glance/cache/ {{(pid=101893) log_opt_values /opt/stack/data/venv/lib/python3.12/site-packages/oslo_config/cfg.py:3245}}
May 27 15:58:23.096301 np0000001523 devstack@g-api.service[101893]: DEBUG glance.common.config [None req-19cc7b54-6ddc-4827-8fd4-003e61c6db96 None None] image_cache_driver = centralized_db {{(pid=101893) log_opt_values /opt/stack/data/venv/lib/python3.12/site-packages/oslo_config/cfg.py:3245}}
May 27 15:58:23.096405 np0000001523 devstack@g-api.service[101893]: DEBUG glance.common.config [None req-19cc7b54-6ddc-4827-8fd4-003e61c6db96 None None] image_cache_max_size = 10737418240 {{(pid=101893) log_opt_values /opt/stack/data/venv/lib/python3.12/site-packages/oslo_config/cfg.py:3245}}
May 27 15:58:23.096496 np0000001523 devstack@g-api.service[101893]: DEBUG glance.common.config [None req-19cc7b54-6ddc-4827-8fd4-003e61c6db96 None None] image_cache_sqlite_db = cache.db {{(pid=101893) log_opt_values /opt/stack/data/venv/lib/python3.12/site-packages/oslo_config/cfg.py:3245}}
May 27 15:58:23.096599 np0000001523 devstack@g-api.service[101893]: DEBUG glance.common.config [None req-19cc7b54-6ddc-4827-8fd4-003e61c6db96 None None] image_cache_stall_time = 86400 {{(pid=101893) log_opt_values /opt/stack/data/venv/lib/python3.12/site-packages/oslo_config/cfg.py:3245}}
May 27 15:58:23.096719 np0000001523 devstack@g-api.service[101893]: DEBUG glance.common.config [None req-19cc7b54-6ddc-4827-8fd4-003e61c6db96 None None] image_location_quota = 10 {{(pid=101893) log_opt_values /opt/stack/data/venv/lib/python3.12/site-packages/oslo_config/cfg.py:3245}}
May 27 15:58:23.096807 np0000001523 devstack@g-api.service[101893]: DEBUG glance.common.config [None req-19cc7b54-6ddc-4827-8fd4-003e61c6db96 None None] image_member_quota = 128 {{(pid=101893) log_opt_values /opt/stack/data/venv/lib/python3.12/site-packages/oslo_config/cfg.py:3245}}
May 27 15:58:23.096895 np0000001523 devstack@g-api.service[101893]: DEBUG glance.common.config [None req-19cc7b54-6ddc-4827-8fd4-003e61c6db96 None None] image_property_quota = 128 {{(pid=101893) log_opt_values /opt/stack/data/venv/lib/python3.12/site-packages/oslo_config/cfg.py:3245}}
May 27 15:58:23.096982 np0000001523 devstack@g-api.service[101893]: DEBUG glance.common.config [None req-19cc7b54-6ddc-4827-8fd4-003e61c6db96 None None] image_size_cap = 1099511627776 {{(pid=101893) log_opt_values /opt/stack/data/venv/lib/python3.12/site-packages/oslo_config/cfg.py:3245}}
May 27 15:58:23.097073 np0000001523 devstack@g-api.service[101893]: DEBUG glance.common.config [None req-19cc7b54-6ddc-4827-8fd4-003e61c6db96 None None] image_tag_quota = 128 {{(pid=101893) log_opt_values /opt/stack/data/venv/lib/python3.12/site-packages/oslo_config/cfg.py:3245}}
May 27 15:58:23.097160 np0000001523 devstack@g-api.service[101893]: DEBUG glance.common.config [None req-19cc7b54-6ddc-4827-8fd4-003e61c6db96 None None] instance_format = [instance: %(uuid)s] {{(pid=101893) log_opt_values /opt/stack/data/venv/lib/python3.12/site-packages/oslo_config/cfg.py:3245}}
May 27 15:58:23.097249 np0000001523 devstack@g-api.service[101893]: DEBUG glance.common.config [None req-19cc7b54-6ddc-4827-8fd4-003e61c6db96 None None] instance_uuid_format = [instance: %(uuid)s] {{(pid=101893) log_opt_values /opt/stack/data/venv/lib/python3.12/site-packages/oslo_config/cfg.py:3245}}
May 27 15:58:23.097355 np0000001523 devstack@g-api.service[101893]: DEBUG glance.common.config [None req-19cc7b54-6ddc-4827-8fd4-003e61c6db96 None None] limit_param_default = 25 {{(pid=101893) log_opt_values /opt/stack/data/venv/lib/python3.12/site-packages/oslo_config/cfg.py:3245}}
May 27 15:58:23.097457 np0000001523 devstack@g-api.service[101893]: DEBUG glance.common.config [None req-19cc7b54-6ddc-4827-8fd4-003e61c6db96 None None] log_color = False {{(pid=101893) log_opt_values /opt/stack/data/venv/lib/python3.12/site-packages/oslo_config/cfg.py:3245}}
May 27 15:58:23.097559 np0000001523 devstack@g-api.service[101893]: DEBUG glance.common.config [None req-19cc7b54-6ddc-4827-8fd4-003e61c6db96 None None] log_config_append = None {{(pid=101893) log_opt_values /opt/stack/data/venv/lib/python3.12/site-packages/oslo_config/cfg.py:3245}}
May 27 15:58:23.097684 np0000001523 devstack@g-api.service[101893]: DEBUG glance.common.config [None req-19cc7b54-6ddc-4827-8fd4-003e61c6db96 None None] log_date_format = %Y-%m-%d %H:%M:%S {{(pid=101893) log_opt_values /opt/stack/data/venv/lib/python3.12/site-packages/oslo_config/cfg.py:3245}}
May 27 15:58:23.097828 np0000001523 devstack@g-api.service[101893]: DEBUG glance.common.config [None req-19cc7b54-6ddc-4827-8fd4-003e61c6db96 None None] log_dir = None {{(pid=101893) log_opt_values /opt/stack/data/venv/lib/python3.12/site-packages/oslo_config/cfg.py:3245}}
May 27 15:58:23.097936 np0000001523 devstack@g-api.service[101893]: DEBUG glance.common.config [None req-19cc7b54-6ddc-4827-8fd4-003e61c6db96 None None] log_file = None {{(pid=101893) log_opt_values /opt/stack/data/venv/lib/python3.12/site-packages/oslo_config/cfg.py:3245}}
May 27 15:58:23.098037 np0000001523 devstack@g-api.service[101893]: DEBUG glance.common.config [None req-19cc7b54-6ddc-4827-8fd4-003e61c6db96 None None] log_rotate_interval = 1 {{(pid=101893) log_opt_values /opt/stack/data/venv/lib/python3.12/site-packages/oslo_config/cfg.py:3245}}
May 27 15:58:23.098154 np0000001523 devstack@g-api.service[101893]: DEBUG glance.common.config [None req-19cc7b54-6ddc-4827-8fd4-003e61c6db96 None None] log_rotate_interval_type = days {{(pid=101893) log_opt_values /opt/stack/data/venv/lib/python3.12/site-packages/oslo_config/cfg.py:3245}}
May 27 15:58:23.098249 np0000001523 devstack@g-api.service[101893]: DEBUG glance.common.config [None req-19cc7b54-6ddc-4827-8fd4-003e61c6db96 None None] log_rotation_type = none {{(pid=101893) log_opt_values /opt/stack/data/venv/lib/python3.12/site-packages/oslo_config/cfg.py:3245}}
May 27 15:58:23.098330 np0000001523 devstack@g-api.service[101893]: DEBUG glance.common.config [None req-19cc7b54-6ddc-4827-8fd4-003e61c6db96 None None] logging_context_format_string = %(color)s%(levelname)s %(name)s [%(global_request_id)s %(request_id)s %(project_name)s %(user_name)s%(color)s] %(instance)s%(color)s%(message)s {{(pid=101893) log_opt_values /opt/stack/data/venv/lib/python3.12/site-packages/oslo_config/cfg.py:3245}}
May 27 15:58:23.098409 np0000001523 devstack@g-api.service[101893]: DEBUG glance.common.config [None req-19cc7b54-6ddc-4827-8fd4-003e61c6db96 None None] logging_debug_format_suffix = {{(pid=%(process)d) %(funcName)s %(pathname)s:%(lineno)d}} {{(pid=101893) log_opt_values /opt/stack/data/venv/lib/python3.12/site-packages/oslo_config/cfg.py:3245}}
May 27 15:58:23.098510 np0000001523 devstack@g-api.service[101893]: DEBUG glance.common.config [None req-19cc7b54-6ddc-4827-8fd4-003e61c6db96 None None] logging_default_format_string = %(color)s%(levelname)s %(name)s [-%(color)s] %(instance)s%(color)s%(message)s {{(pid=101893) log_opt_values /opt/stack/data/venv/lib/python3.12/site-packages/oslo_config/cfg.py:3245}}
May 27 15:58:23.098610 np0000001523 devstack@g-api.service[101893]: DEBUG glance.common.config [None req-19cc7b54-6ddc-4827-8fd4-003e61c6db96 None None] logging_exception_prefix = ERROR %(name)s %(instance)s {{(pid=101893) log_opt_values /opt/stack/data/venv/lib/python3.12/site-packages/oslo_config/cfg.py:3245}}
May 27 15:58:23.098710 np0000001523 devstack@g-api.service[101893]: DEBUG glance.common.config [None req-19cc7b54-6ddc-4827-8fd4-003e61c6db96 None None] logging_user_identity_format = %(user)s %(project)s %(domain)s %(system_scope)s %(user_domain)s %(project_domain)s {{(pid=101893) log_opt_values /opt/stack/data/venv/lib/python3.12/site-packages/oslo_config/cfg.py:3245}}
May 27 15:58:23.098802 np0000001523 devstack@g-api.service[101893]: DEBUG glance.common.config [None req-19cc7b54-6ddc-4827-8fd4-003e61c6db96 None None] max_header_line = 16384 {{(pid=101893) log_opt_values /opt/stack/data/venv/lib/python3.12/site-packages/oslo_config/cfg.py:3245}}
May 27 15:58:23.098888 np0000001523 devstack@g-api.service[101893]: DEBUG glance.common.config [None req-19cc7b54-6ddc-4827-8fd4-003e61c6db96 None None] max_logfile_count = 30 {{(pid=101893) log_opt_values /opt/stack/data/venv/lib/python3.12/site-packages/oslo_config/cfg.py:3245}}
May 27 15:58:23.098973 np0000001523 devstack@g-api.service[101893]: DEBUG glance.common.config [None req-19cc7b54-6ddc-4827-8fd4-003e61c6db96 None None] max_logfile_size_mb = 200 {{(pid=101893) log_opt_values /opt/stack/data/venv/lib/python3.12/site-packages/oslo_config/cfg.py:3245}}
May 27 15:58:23.099056 np0000001523 devstack@g-api.service[101893]: DEBUG glance.common.config [None req-19cc7b54-6ddc-4827-8fd4-003e61c6db96 None None] max_request_id_length = 64 {{(pid=101893) log_opt_values /opt/stack/data/venv/lib/python3.12/site-packages/oslo_config/cfg.py:3245}}
May 27 15:58:23.099124 np0000001523 devstack@g-api.service[101894]: INFO glance.api.middleware.cache [None req-da115936-1eb8-4111-b0de-dfd810c6cbee None None] Initialized image cache middleware
May 27 15:58:23.099167 np0000001523 devstack@g-api.service[101893]: DEBUG glance.common.config [None req-19cc7b54-6ddc-4827-8fd4-003e61c6db96 None None] metadata_encryption_key = **** {{(pid=101893) log_opt_values /opt/stack/data/venv/lib/python3.12/site-packages/oslo_config/cfg.py:3245}}
May 27 15:58:23.099257 np0000001523 devstack@g-api.service[101893]: DEBUG glance.common.config [None req-19cc7b54-6ddc-4827-8fd4-003e61c6db96 None None] node_staging_uri = file:///tmp/staging/ {{(pid=101893) log_opt_values /opt/stack/data/venv/lib/python3.12/site-packages/oslo_config/cfg.py:3245}}
May 27 15:58:23.099397 np0000001523 devstack@g-api.service[101893]: DEBUG glance.common.config [None req-19cc7b54-6ddc-4827-8fd4-003e61c6db96 None None] property_protection_file = None {{(pid=101893) log_opt_values /opt/stack/data/venv/lib/python3.12/site-packages/oslo_config/cfg.py:3245}}
May 27 15:58:23.099492 np0000001523 devstack@g-api.service[101893]: DEBUG glance.common.config [None req-19cc7b54-6ddc-4827-8fd4-003e61c6db96 None None] property_protection_rule_format = roles {{(pid=101893) log_opt_values /opt/stack/data/venv/lib/python3.12/site-packages/oslo_config/cfg.py:3245}}
May 27 15:58:23.099602 np0000001523 devstack@g-api.service[101893]: DEBUG glance.common.config [None req-19cc7b54-6ddc-4827-8fd4-003e61c6db96 None None] public_endpoint = https://10.4.3.150/image {{(pid=101893) log_opt_values /opt/stack/data/venv/lib/python3.12/site-packages/oslo_config/cfg.py:3245}}
May 27 15:58:23.099722 np0000001523 devstack@g-api.service[101893]: DEBUG glance.common.config [None req-19cc7b54-6ddc-4827-8fd4-003e61c6db96 None None] publish_errors = False {{(pid=101893) log_opt_values /opt/stack/data/venv/lib/python3.12/site-packages/oslo_config/cfg.py:3245}}
May 27 15:58:23.099858 np0000001523 devstack@g-api.service[101893]: DEBUG glance.common.config [None req-19cc7b54-6ddc-4827-8fd4-003e61c6db96 None None] pydev_worker_debug_host = None {{(pid=101893) log_opt_values /opt/stack/data/venv/lib/python3.12/site-packages/oslo_config/cfg.py:3245}}
May 27 15:58:23.099956 np0000001523 devstack@g-api.service[101893]: DEBUG glance.common.config [None req-19cc7b54-6ddc-4827-8fd4-003e61c6db96 None None] pydev_worker_debug_port = 5678 {{(pid=101893) log_opt_values /opt/stack/data/venv/lib/python3.12/site-packages/oslo_config/cfg.py:3245}}
May 27 15:58:23.100045 np0000001523 devstack@g-api.service[101893]: DEBUG glance.common.config [None req-19cc7b54-6ddc-4827-8fd4-003e61c6db96 None None] rate_limit_burst = 0 {{(pid=101893) log_opt_values /opt/stack/data/venv/lib/python3.12/site-packages/oslo_config/cfg.py:3245}}
May 27 15:58:23.100141 np0000001523 devstack@g-api.service[101893]: DEBUG glance.common.config [None req-19cc7b54-6ddc-4827-8fd4-003e61c6db96 None None] rate_limit_except_level = CRITICAL {{(pid=101893) log_opt_values /opt/stack/data/venv/lib/python3.12/site-packages/oslo_config/cfg.py:3245}}
May 27 15:58:23.100277 np0000001523 devstack@g-api.service[101893]: DEBUG glance.common.config [None req-19cc7b54-6ddc-4827-8fd4-003e61c6db96 None None] rate_limit_interval = 0 {{(pid=101893) log_opt_values /opt/stack/data/venv/lib/python3.12/site-packages/oslo_config/cfg.py:3245}}
May 27 15:58:23.100370 np0000001523 devstack@g-api.service[101893]: DEBUG glance.common.config [None req-19cc7b54-6ddc-4827-8fd4-003e61c6db96 None None] scrub_pool_size = 1 {{(pid=101893) log_opt_values /opt/stack/data/venv/lib/python3.12/site-packages/oslo_config/cfg.py:3245}}
May 27 15:58:23.100466 np0000001523 devstack@g-api.service[101893]: DEBUG glance.common.config [None req-19cc7b54-6ddc-4827-8fd4-003e61c6db96 None None] scrub_time = 0 {{(pid=101893) log_opt_values /opt/stack/data/venv/lib/python3.12/site-packages/oslo_config/cfg.py:3245}}
May 27 15:58:23.100564 np0000001523 devstack@g-api.service[101893]: DEBUG glance.common.config [None req-19cc7b54-6ddc-4827-8fd4-003e61c6db96 None None] shell_completion = None {{(pid=101893) log_opt_values /opt/stack/data/venv/lib/python3.12/site-packages/oslo_config/cfg.py:3245}}
May 27 15:58:23.100693 np0000001523 devstack@g-api.service[101893]: DEBUG glance.common.config [None req-19cc7b54-6ddc-4827-8fd4-003e61c6db96 None None] show_image_direct_url = False {{(pid=101893) log_opt_values /opt/stack/data/venv/lib/python3.12/site-packages/oslo_config/cfg.py:3245}}
May 27 15:58:23.100922 np0000001523 devstack@g-api.service[101893]: WARNING oslo_config.cfg [None req-19cc7b54-6ddc-4827-8fd4-003e61c6db96 None None] Deprecated: Option "show_multiple_locations" from group "DEFAULT" is deprecated for removal (Use of this option, deprecated since Newton, is a security risk and will be removed once we figure out a way to satisfy those use cases that currently require it. An earlier announcement that the same functionality can be achieved with greater granularity by using policies is incorrect. You cannot work around this option via policy configuration at the present time, though that is the direction we believe the fix will take. Please keep an eye on the Glance release notes to stay up to date on progress in addressing this issue.). Its value may be silently ignored in the future.
May 27 15:58:23.101028 np0000001523 devstack@g-api.service[101893]: DEBUG glance.common.config [None req-19cc7b54-6ddc-4827-8fd4-003e61c6db96 None None] show_multiple_locations = False {{(pid=101893) log_opt_values /opt/stack/data/venv/lib/python3.12/site-packages/oslo_config/cfg.py:3245}}
May 27 15:58:23.101067 np0000001523 devstack@g-api.service[101892]: DEBUG glance.image_cache.drivers.centralized_db [None req-9e2de98e-465a-42d3-b415-49ea4907a33e None None] Node reference is already recorded, ignoring it {{(pid=101892) configure /opt/stack/glance/glance/image_cache/drivers/centralized_db.py:71}}
May 27 15:58:23.101127 np0000001523 devstack@g-api.service[101893]: DEBUG glance.common.config [None req-19cc7b54-6ddc-4827-8fd4-003e61c6db96 None None] syslog_log_facility = LOG_USER {{(pid=101893) log_opt_values /opt/stack/data/venv/lib/python3.12/site-packages/oslo_config/cfg.py:3245}}
May 27 15:58:23.101216 np0000001523 devstack@g-api.service[101893]: DEBUG glance.common.config [None req-19cc7b54-6ddc-4827-8fd4-003e61c6db96 None None] tcp_keepidle = 600 {{(pid=101893) log_opt_values /opt/stack/data/venv/lib/python3.12/site-packages/oslo_config/cfg.py:3245}}
May 27 15:58:23.101312 np0000001523 devstack@g-api.service[101893]: DEBUG glance.common.config [None req-19cc7b54-6ddc-4827-8fd4-003e61c6db96 None None] transport_url = **** {{(pid=101893) log_opt_values /opt/stack/data/venv/lib/python3.12/site-packages/oslo_config/cfg.py:3245}}
May 27 15:58:23.101402 np0000001523 devstack@g-api.service[101893]: DEBUG glance.common.config [None req-19cc7b54-6ddc-4827-8fd4-003e61c6db96 None None] use_journal = False {{(pid=101893) log_opt_values /opt/stack/data/venv/lib/python3.12/site-packages/oslo_config/cfg.py:3245}}
May 27 15:58:23.101489 np0000001523 devstack@g-api.service[101893]: DEBUG glance.common.config [None req-19cc7b54-6ddc-4827-8fd4-003e61c6db96 None None] use_json = False {{(pid=101893) log_opt_values /opt/stack/data/venv/lib/python3.12/site-packages/oslo_config/cfg.py:3245}}
May 27 15:58:23.101594 np0000001523 devstack@g-api.service[101893]: DEBUG glance.common.config [None req-19cc7b54-6ddc-4827-8fd4-003e61c6db96 None None] use_keystone_limits = True {{(pid=101893) log_opt_values /opt/stack/data/venv/lib/python3.12/site-packages/oslo_config/cfg.py:3245}}
May 27 15:58:23.101702 np0000001523 devstack@g-api.service[101893]: DEBUG glance.common.config [None req-19cc7b54-6ddc-4827-8fd4-003e61c6db96 None None] use_stderr = False {{(pid=101893) log_opt_values /opt/stack/data/venv/lib/python3.12/site-packages/oslo_config/cfg.py:3245}}
May 27 15:58:23.101794 np0000001523 devstack@g-api.service[101893]: DEBUG glance.common.config [None req-19cc7b54-6ddc-4827-8fd4-003e61c6db96 None None] use_syslog = False {{(pid=101893) log_opt_values /opt/stack/data/venv/lib/python3.12/site-packages/oslo_config/cfg.py:3245}}
May 27 15:58:23.101886 np0000001523 devstack@g-api.service[101893]: DEBUG glance.common.config [None req-19cc7b54-6ddc-4827-8fd4-003e61c6db96 None None] user_storage_quota = 0 {{(pid=101893) log_opt_values /opt/stack/data/venv/lib/python3.12/site-packages/oslo_config/cfg.py:3245}}
May 27 15:58:23.101977 np0000001523 devstack@g-api.service[101893]: DEBUG glance.common.config [None req-19cc7b54-6ddc-4827-8fd4-003e61c6db96 None None] worker_self_reference_url = http://127.0.0.1:60999 {{(pid=101893) log_opt_values /opt/stack/data/venv/lib/python3.12/site-packages/oslo_config/cfg.py:3245}}
May 27 15:58:23.102063 np0000001523 devstack@g-api.service[101893]: DEBUG glance.common.config [None req-19cc7b54-6ddc-4827-8fd4-003e61c6db96 None None] workers = None {{(pid=101893) log_opt_values /opt/stack/data/venv/lib/python3.12/site-packages/oslo_config/cfg.py:3245}}
May 27 15:58:23.102167 np0000001523 devstack@g-api.service[101893]: DEBUG glance.common.config [None req-19cc7b54-6ddc-4827-8fd4-003e61c6db96 None None] oslo_concurrency.disable_process_locking = False {{(pid=101893) log_opt_values /opt/stack/data/venv/lib/python3.12/site-packages/oslo_config/cfg.py:3256}}
May 27 15:58:23.102272 np0000001523 devstack@g-api.service[101893]: DEBUG glance.common.config [None req-19cc7b54-6ddc-4827-8fd4-003e61c6db96 None None] oslo_concurrency.lock_path = /opt/stack/data/glance/locks {{(pid=101893) log_opt_values /opt/stack/data/venv/lib/python3.12/site-packages/oslo_config/cfg.py:3256}}
May 27 15:58:23.102368 np0000001523 devstack@g-api.service[101893]: DEBUG glance.common.config [None req-19cc7b54-6ddc-4827-8fd4-003e61c6db96 None None] oslo_middleware.enable_proxy_headers_parsing = False {{(pid=101893) log_opt_values /opt/stack/data/venv/lib/python3.12/site-packages/oslo_config/cfg.py:3256}}
May 27 15:58:23.102463 np0000001523 devstack@g-api.service[101893]: DEBUG glance.common.config [None req-19cc7b54-6ddc-4827-8fd4-003e61c6db96 None None] oslo_middleware.http_basic_auth_user_file = /etc/htpasswd {{(pid=101893) log_opt_values /opt/stack/data/venv/lib/python3.12/site-packages/oslo_config/cfg.py:3256}}
May 27 15:58:23.102571 np0000001523 devstack@g-api.service[101893]: DEBUG glance.common.config [None req-19cc7b54-6ddc-4827-8fd4-003e61c6db96 None None] paste_deploy.config_file = None {{(pid=101893) log_opt_values /opt/stack/data/venv/lib/python3.12/site-packages/oslo_config/cfg.py:3256}}
May 27 15:58:23.102678 np0000001523 devstack@g-api.service[101893]: DEBUG glance.common.config [None req-19cc7b54-6ddc-4827-8fd4-003e61c6db96 None None] paste_deploy.flavor = keystone+cachemanagement {{(pid=101893) log_opt_values /opt/stack/data/venv/lib/python3.12/site-packages/oslo_config/cfg.py:3256}}
May 27 15:58:23.102810 np0000001523 devstack@g-api.service[101893]: DEBUG glance.common.config [None req-19cc7b54-6ddc-4827-8fd4-003e61c6db96 None None] image_format.container_formats = ['ami', 'ari', 'aki', 'bare', 'ovf', 'ova', 'docker', 'compressed'] {{(pid=101893) log_opt_values /opt/stack/data/venv/lib/python3.12/site-packages/oslo_config/cfg.py:3256}}
May 27 15:58:23.102940 np0000001523 devstack@g-api.service[101893]: DEBUG glance.common.config [None req-19cc7b54-6ddc-4827-8fd4-003e61c6db96 None None] image_format.disk_formats = ['ami', 'ari', 'aki', 'vhd', 'vhdx', 'vmdk', 'raw', 'qcow2', 'vdi', 'iso', 'ploop'] {{(pid=101893) log_opt_values /opt/stack/data/venv/lib/python3.12/site-packages/oslo_config/cfg.py:3256}}
May 27 15:58:23.103030 np0000001523 devstack@g-api.service[101893]: DEBUG glance.common.config [None req-19cc7b54-6ddc-4827-8fd4-003e61c6db96 None None] image_format.gpt_safety_checks_nonfatal = [] {{(pid=101893) log_opt_values /opt/stack/data/venv/lib/python3.12/site-packages/oslo_config/cfg.py:3256}}
May 27 15:58:23.103123 np0000001523 devstack@g-api.service[101893]: DEBUG glance.common.config [None req-19cc7b54-6ddc-4827-8fd4-003e61c6db96 None None] image_format.require_image_format_match = True {{(pid=101893) log_opt_values /opt/stack/data/venv/lib/python3.12/site-packages/oslo_config/cfg.py:3256}}
May 27 15:58:23.103220 np0000001523 devstack@g-api.service[101893]: DEBUG glance.common.config [None req-19cc7b54-6ddc-4827-8fd4-003e61c6db96 None None] image_format.vmdk_allowed_types = ['streamOptimized', 'monolithicSparse'] {{(pid=101893) log_opt_values /opt/stack/data/venv/lib/python3.12/site-packages/oslo_config/cfg.py:3256}}
May 27 15:58:23.103324 np0000001523 devstack@g-api.service[101893]: DEBUG glance.common.config [None req-19cc7b54-6ddc-4827-8fd4-003e61c6db96 None None] task.task_executor = taskflow {{(pid=101893) log_opt_values /opt/stack/data/venv/lib/python3.12/site-packages/oslo_config/cfg.py:3256}}
May 27 15:58:23.103413 np0000001523 devstack@g-api.service[101893]: DEBUG glance.common.config [None req-19cc7b54-6ddc-4827-8fd4-003e61c6db96 None None] task.task_time_to_live = 48 {{(pid=101893) log_opt_values /opt/stack/data/venv/lib/python3.12/site-packages/oslo_config/cfg.py:3256}}
May 27 15:58:23.103499 np0000001523 devstack@g-api.service[101893]: DEBUG glance.common.config [None req-19cc7b54-6ddc-4827-8fd4-003e61c6db96 None None] task.work_dir = None {{(pid=101893) log_opt_values /opt/stack/data/venv/lib/python3.12/site-packages/oslo_config/cfg.py:3256}}
May 27 15:58:23.103613 np0000001523 devstack@g-api.service[101893]: DEBUG glance.common.config [None req-19cc7b54-6ddc-4827-8fd4-003e61c6db96 None None] wsgi.python_interpreter = /opt/stack/data/venv/bin/python3 {{(pid=101893) log_opt_values /opt/stack/data/venv/lib/python3.12/site-packages/oslo_config/cfg.py:3256}}
May 27 15:58:23.103722 np0000001523 devstack@g-api.service[101893]: DEBUG glance.common.config [None req-19cc7b54-6ddc-4827-8fd4-003e61c6db96 None None] wsgi.task_pool_threads = 16 {{(pid=101893) log_opt_values /opt/stack/data/venv/lib/python3.12/site-packages/oslo_config/cfg.py:3256}}
