May 27 15:57:36.054149 np0000001523 neutron-periodic-workers[91983]: DEBUG cotyledon.oslo_config_glue [-] database.max_retries = 10 {{(pid=91983) log_opt_values /opt/stack/data/venv/lib/python3.12/site-packages/oslo_config/cfg.py:3256}}
May 27 15:57:36.054149 np0000001523 neutron-periodic-workers[91983]: DEBUG cotyledon.oslo_config_glue [-] database.mysql_sql_mode = TRADITIONAL {{(pid=91983) log_opt_values /opt/stack/data/venv/lib/python3.12/site-packages/oslo_config/cfg.py:3256}}
May 27 15:57:36.054149 np0000001523 neutron-periodic-workers[91983]: DEBUG cotyledon.oslo_config_glue [-] database.mysql_wsrep_sync_wait = None {{(pid=91983) log_opt_values /opt/stack/data/venv/lib/python3.12/site-packages/oslo_config/cfg.py:3256}}
May 27 15:57:36.054149 np0000001523 neutron-periodic-workers[91983]: DEBUG cotyledon.oslo_config_glue [-] database.pool_timeout = None {{(pid=91983) log_opt_values /opt/stack/data/venv/lib/python3.12/site-packages/oslo_config/cfg.py:3256}}
May 27 15:57:36.054149 np0000001523 neutron-periodic-workers[91983]: DEBUG cotyledon.oslo_config_glue [-] database.retry_interval = 10 {{(pid=91983) log_opt_values /opt/stack/data/venv/lib/python3.12/site-packages/oslo_config/cfg.py:3256}}
May 27 15:57:36.054149 np0000001523 neutron-periodic-workers[91983]: DEBUG cotyledon.oslo_config_glue [-] database.slave_connection = **** {{(pid=91983) log_opt_values /opt/stack/data/venv/lib/python3.12/site-packages/oslo_config/cfg.py:3256}}
May 27 15:57:36.054149 np0000001523 neutron-periodic-workers[91983]: DEBUG cotyledon.oslo_config_glue [-] database.sqlite_synchronous = True {{(pid=91983) log_opt_values /opt/stack/data/venv/lib/python3.12/site-packages/oslo_config/cfg.py:3256}}
May 27 15:57:36.054149 np0000001523 neutron-periodic-workers[91983]: DEBUG cotyledon.oslo_config_glue [-] database.synchronous_reader = True {{(pid=91983) log_opt_values /opt/stack/data/venv/lib/python3.12/site-packages/oslo_config/cfg.py:3256}}
May 27 15:57:36.054434 np0000001523 neutron-periodic-workers[91983]: DEBUG cotyledon.oslo_config_glue [-] database.use_db_reconnect = False {{(pid=91983) log_opt_values /opt/stack/data/venv/lib/python3.12/site-packages/oslo_config/cfg.py:3256}}
May 27 15:57:36.054434 np0000001523 neutron-periodic-workers[91983]: DEBUG cotyledon.oslo_config_glue [-] ovn.bfd_min_rx = 1000 {{(pid=91983) log_opt_values /opt/stack/data/venv/lib/python3.12/site-packages/oslo_config/cfg.py:3256}}
May 27 15:57:36.054434 np0000001523 neutron-periodic-workers[91983]: DEBUG cotyledon.oslo_config_glue [-] ovn.bfd_min_tx = 100 {{(pid=91983) log_opt_values /opt/stack/data/venv/lib/python3.12/site-packages/oslo_config/cfg.py:3256}}
May 27 15:57:36.054434 np0000001523 neutron-periodic-workers[91983]: DEBUG cotyledon.oslo_config_glue [-] ovn.bfd_mult = 3 {{(pid=91983) log_opt_values /opt/stack/data/venv/lib/python3.12/site-packages/oslo_config/cfg.py:3256}}
May 27 15:57:36.054434 np0000001523 neutron-periodic-workers[91983]: DEBUG cotyledon.oslo_config_glue [-] ovn.broadcast_arps_to_all_routers = True {{(pid=91983) log_opt_values /opt/stack/data/venv/lib/python3.12/site-packages/oslo_config/cfg.py:3256}}
May 27 15:57:36.054434 np0000001523 neutron-periodic-workers[91983]: DEBUG cotyledon.oslo_config_glue [-] ovn.dhcp_default_lease_time = 43200 {{(pid=91983) log_opt_values /opt/stack/data/venv/lib/python3.12/site-packages/oslo_config/cfg.py:3256}}
May 27 15:57:36.054434 np0000001523 neutron-periodic-workers[91983]: DEBUG cotyledon.oslo_config_glue [-] ovn.disable_ovn_dhcp_for_baremetal_ports = False {{(pid=91983) log_opt_values /opt/stack/data/venv/lib/python3.12/site-packages/oslo_config/cfg.py:3256}}
May 27 15:57:36.054434 np0000001523 neutron-periodic-workers[91983]: DEBUG cotyledon.oslo_config_glue [-] ovn.dns_records_ovn_owned = False {{(pid=91983) log_opt_values /opt/stack/data/venv/lib/python3.12/site-packages/oslo_config/cfg.py:3256}}
May 27 15:57:36.054434 np0000001523 neutron-periodic-workers[91983]: DEBUG cotyledon.oslo_config_glue [-] ovn.dns_servers = [] {{(pid=91983) log_opt_values /opt/stack/data/venv/lib/python3.12/site-packages/oslo_config/cfg.py:3256}}
May 27 15:57:36.054675 np0000001523 neutron-periodic-workers[91983]: DEBUG cotyledon.oslo_config_glue [-] ovn.enable_distributed_floating_ip = False {{(pid=91983) log_opt_values /opt/stack/data/venv/lib/python3.12/site-packages/oslo_config/cfg.py:3256}}
May 27 15:57:36.054675 np0000001523 neutron-periodic-workers[91983]: DEBUG cotyledon.oslo_config_glue [-] ovn.fdb_age_threshold = 300 {{(pid=91983) log_opt_values /opt/stack/data/venv/lib/python3.12/site-packages/oslo_config/cfg.py:3256}}
May 27 15:57:36.054675 np0000001523 neutron-periodic-workers[91983]: DEBUG cotyledon.oslo_config_glue [-] ovn.ha_failover_strategy = normal {{(pid=91983) log_opt_values /opt/stack/data/venv/lib/python3.12/site-packages/oslo_config/cfg.py:3256}}
May 27 15:57:36.054675 np0000001523 neutron-periodic-workers[91983]: DEBUG cotyledon.oslo_config_glue [-] ovn.live_migration_activation_strategy = rarp {{(pid=91983) log_opt_values /opt/stack/data/venv/lib/python3.12/site-packages/oslo_config/cfg.py:3256}}
May 27 15:57:36.054675 np0000001523 neutron-periodic-workers[91983]: DEBUG cotyledon.oslo_config_glue [-] ovn.localnet_learn_fdb = False {{(pid=91983) log_opt_values /opt/stack/data/venv/lib/python3.12/site-packages/oslo_config/cfg.py:3256}}
May 27 15:57:36.054675 np0000001523 neutron-periodic-workers[91983]: DEBUG cotyledon.oslo_config_glue [-] ovn.mac_binding_age_threshold = 300 {{(pid=91983) log_opt_values /opt/stack/data/venv/lib/python3.12/site-packages/oslo_config/cfg.py:3256}}
May 27 15:57:36.054675 np0000001523 neutron-periodic-workers[91983]: DEBUG cotyledon.oslo_config_glue [-] ovn.neutron_sync_mode = log {{(pid=91983) log_opt_values /opt/stack/data/venv/lib/python3.12/site-packages/oslo_config/cfg.py:3256}}
May 27 15:57:36.054675 np0000001523 neutron-periodic-workers[91983]: DEBUG cotyledon.oslo_config_glue [-] ovn.ovn_dhcp4_global_options = {} {{(pid=91983) log_opt_values /opt/stack/data/venv/lib/python3.12/site-packages/oslo_config/cfg.py:3256}}
May 27 15:57:36.054675 np0000001523 neutron-periodic-workers[91983]: DEBUG cotyledon.oslo_config_glue [-] ovn.ovn_dhcp6_global_options = {} {{(pid=91983) log_opt_values /opt/stack/data/venv/lib/python3.12/site-packages/oslo_config/cfg.py:3256}}
May 27 15:57:36.054899 np0000001523 neutron-periodic-workers[91983]: DEBUG cotyledon.oslo_config_glue [-] ovn.ovn_l3_scheduler = leastloaded {{(pid=91983) log_opt_values /opt/stack/data/venv/lib/python3.12/site-packages/oslo_config/cfg.py:3256}}
May 27 15:57:36.054899 np0000001523 neutron-periodic-workers[91983]: DEBUG cotyledon.oslo_config_glue [-] ovn.ovn_metadata_enabled = True {{(pid=91983) log_opt_values /opt/stack/data/venv/lib/python3.12/site-packages/oslo_config/cfg.py:3256}}
May 27 15:57:36.054899 np0000001523 neutron-periodic-workers[91983]: DEBUG cotyledon.oslo_config_glue [-] ovn.ovn_nb_ca_cert = /opt/stack/data/CA/int-ca/ca-chain.pem {{(pid=91983) log_opt_values /opt/stack/data/venv/lib/python3.12/site-packages/oslo_config/cfg.py:3256}}
May 27 15:57:36.054899 np0000001523 neutron-periodic-workers[91983]: DEBUG cotyledon.oslo_config_glue [-] ovn.ovn_nb_certificate = /opt/stack/data/CA/int-ca/devstack-cert.crt {{(pid=91983) log_opt_values /opt/stack/data/venv/lib/python3.12/site-packages/oslo_config/cfg.py:3256}}
May 27 15:57:36.054899 np0000001523 neutron-periodic-workers[91983]: DEBUG cotyledon.oslo_config_glue [-] ovn.ovn_nb_connection = ['ssl:10.4.3.150:6641'] {{(pid=91983) log_opt_values /opt/stack/data/venv/lib/python3.12/site-packages/oslo_config/cfg.py:3256}}
May 27 15:57:36.054899 np0000001523 neutron-periodic-workers[91983]: DEBUG cotyledon.oslo_config_glue [-] ovn.ovn_nb_private_key = /opt/stack/data/CA/int-ca/private/devstack-cert.key {{(pid=91983) log_opt_values /opt/stack/data/venv/lib/python3.12/site-packages/oslo_config/cfg.py:3256}}
May 27 15:57:36.054899 np0000001523 neutron-periodic-workers[91983]: DEBUG cotyledon.oslo_config_glue [-] ovn.ovn_router_indirect_snat = False {{(pid=91983) log_opt_values /opt/stack/data/venv/lib/python3.12/site-packages/oslo_config/cfg.py:3256}}
May 27 15:57:36.054899 np0000001523 neutron-periodic-workers[91983]: DEBUG cotyledon.oslo_config_glue [-] ovn.ovn_sb_ca_cert = /opt/stack/data/CA/int-ca/ca-chain.pem {{(pid=91983) log_opt_values /opt/stack/data/venv/lib/python3.12/site-packages/oslo_config/cfg.py:3256}}
May 27 15:57:36.055082 np0000001523 neutron-periodic-workers[91983]: DEBUG cotyledon.oslo_config_glue [-] ovn.ovn_sb_certificate = /opt/stack/data/CA/int-ca/devstack-cert.crt {{(pid=91983) log_opt_values /opt/stack/data/venv/lib/python3.12/site-packages/oslo_config/cfg.py:3256}}
May 27 15:57:36.055082 np0000001523 neutron-periodic-workers[91983]: DEBUG cotyledon.oslo_config_glue [-] ovn.ovn_sb_connection = ['ssl:10.4.3.150:6642'] {{(pid=91983) log_opt_values /opt/stack/data/venv/lib/python3.12/site-packages/oslo_config/cfg.py:3256}}
May 27 15:57:36.055082 np0000001523 neutron-periodic-workers[91983]: DEBUG cotyledon.oslo_config_glue [-] ovn.ovn_sb_private_key = /opt/stack/data/CA/int-ca/private/devstack-cert.key {{(pid=91983) log_opt_values /opt/stack/data/venv/lib/python3.12/site-packages/oslo_config/cfg.py:3256}}
May 27 15:57:36.055082 np0000001523 neutron-periodic-workers[91983]: DEBUG cotyledon.oslo_config_glue [-] ovn.ovs_create_tap = False {{(pid=91983) log_opt_values /opt/stack/data/venv/lib/python3.12/site-packages/oslo_config/cfg.py:3256}}
May 27 15:57:36.055082 np0000001523 neutron-periodic-workers[91983]: DEBUG cotyledon.oslo_config_glue [-] ovn.ovsdb_connection_timeout = 180 {{(pid=91983) log_opt_values /opt/stack/data/venv/lib/python3.12/site-packages/oslo_config/cfg.py:3256}}
May 27 15:57:36.055082 np0000001523 neutron-periodic-workers[91983]: DEBUG cotyledon.oslo_config_glue [-] ovn.ovsdb_log_level = INFO {{(pid=91983) log_opt_values /opt/stack/data/venv/lib/python3.12/site-packages/oslo_config/cfg.py:3256}}
May 27 15:57:36.055082 np0000001523 neutron-periodic-workers[91983]: DEBUG cotyledon.oslo_config_glue [-] ovn.ovsdb_probe_interval = 60000 {{(pid=91983) log_opt_values /opt/stack/data/venv/lib/python3.12/site-packages/oslo_config/cfg.py:3256}}
May 27 15:57:36.055082 np0000001523 neutron-periodic-workers[91983]: DEBUG cotyledon.oslo_config_glue [-] ovn.ovsdb_retry_max_interval = 180 {{(pid=91983) log_opt_values /opt/stack/data/venv/lib/python3.12/site-packages/oslo_config/cfg.py:3256}}
May 27 15:57:36.055082 np0000001523 neutron-periodic-workers[91983]: DEBUG cotyledon.oslo_config_glue [-] ovn.stateless_nat_enabled = False {{(pid=91983) log_opt_values /opt/stack/data/venv/lib/python3.12/site-packages/oslo_config/cfg.py:3256}}
May 27 15:57:36.055284 np0000001523 neutron-periodic-workers[91983]: DEBUG cotyledon.oslo_config_glue [-] ovn.vhost_sock_dir = /var/run/openvswitch {{(pid=91983) log_opt_values /opt/stack/data/venv/lib/python3.12/site-packages/oslo_config/cfg.py:3256}}
May 27 15:57:36.055284 np0000001523 neutron-periodic-workers[91983]: DEBUG cotyledon.oslo_config_glue [-] OVS.bridge_mac_table_size = 50000 {{(pid=91983) log_opt_values /opt/stack/data/venv/lib/python3.12/site-packages/oslo_config/cfg.py:3256}}
May 27 15:57:36.055284 np0000001523 neutron-periodic-workers[91983]: DEBUG cotyledon.oslo_config_glue [-] OVS.igmp_flood = False {{(pid=91983) log_opt_values /opt/stack/data/venv/lib/python3.12/site-packages/oslo_config/cfg.py:3256}}
May 27 15:57:36.055284 np0000001523 neutron-periodic-workers[91983]: DEBUG cotyledon.oslo_config_glue [-] OVS.igmp_flood_reports = True {{(pid=91983) log_opt_values /opt/stack/data/venv/lib/python3.12/site-packages/oslo_config/cfg.py:3256}}
May 27 15:57:36.055284 np0000001523 neutron-periodic-workers[91983]: DEBUG cotyledon.oslo_config_glue [-] OVS.igmp_flood_unregistered = False {{(pid=91983) log_opt_values /opt/stack/data/venv/lib/python3.12/site-packages/oslo_config/cfg.py:3256}}
May 27 15:57:36.055284 np0000001523 neutron-periodic-workers[91983]: DEBUG cotyledon.oslo_config_glue [-] OVS.igmp_snooping_enable = False {{(pid=91983) log_opt_values /opt/stack/data/venv/lib/python3.12/site-packages/oslo_config/cfg.py:3256}}
May 27 15:57:36.055284 np0000001523 neutron-periodic-workers[91983]: DEBUG cotyledon.oslo_config_glue [-] OVS.ovsdb_timeout = 10 {{(pid=91983) log_opt_values /opt/stack/data/venv/lib/python3.12/site-packages/oslo_config/cfg.py:3256}}
May 27 15:57:36.055284 np0000001523 neutron-periodic-workers[91983]: DEBUG cotyledon.oslo_config_glue [-] ovn_nb_global.fdb_removal_limit = 0 {{(pid=91983) log_opt_values /opt/stack/data/venv/lib/python3.12/site-packages/oslo_config/cfg.py:3256}}
May 27 15:57:36.055284 np0000001523 neutron-periodic-workers[91983]: DEBUG cotyledon.oslo_config_glue [-] ovn_nb_global.ignore_lsp_down = False {{(pid=91983) log_opt_values /opt/stack/data/venv/lib/python3.12/site-packages/oslo_config/cfg.py:3256}}
May 27 15:57:36.055516 np0000001523 neutron-periodic-workers[91983]: DEBUG cotyledon.oslo_config_glue [-] ovn_nb_global.mac_binding_removal_limit = 0 {{(pid=91983) log_opt_values /opt/stack/data/venv/lib/python3.12/site-packages/oslo_config/cfg.py:3256}}
May 27 15:57:36.055516 np0000001523 neutron-periodic-workers[91983]: DEBUG cotyledon.oslo_config_glue [-] ******************************************************************************** {{(pid=91983) log_opt_values /opt/stack/data/venv/lib/python3.12/site-packages/oslo_config/cfg.py:3263}}
May 27 15:57:36.055516 np0000001523 neutron-periodic-workers[91983]: DEBUG cotyledon._service_worker [-] Run service ServiceWrapper(0) [91983] {{(pid=91983) wait_forever /opt/stack/data/venv/lib/python3.12/site-packages/cotyledon/_service_worker.py:218}}
May 27 15:57:45.575004 np0000001523 neutron-periodic-workers[90871]: DEBUG dbcounter [-] [90871] Writing DB stats neutron:SELECT=4 {{(pid=90871) stat_writer /opt/stack/data/venv/lib/python3.12/site-packages/dbcounter.py:115}}
May 27 15:58:21.033883 np0000001523 neutron-periodic-workers[91967]: DEBUG oslo_db.sqlalchemy.engines [None req-897a7341-ce6f-466a-aea4-43b44ac1493f None None] Parent process 90871 forked (91967) with an open database connection, which is being discarded and recreated. {{(pid=91967) checkout /opt/stack/data/venv/lib/python3.12/site-packages/oslo_db/sqlalchemy/engines.py:402}}
May 27 15:58:21.084801 np0000001523 neutron-periodic-workers[91967]: DEBUG dbcounter [-] [91967] Writer thread running {{(pid=91967) stat_writer /opt/stack/data/venv/lib/python3.12/site-packages/dbcounter.py:102}}
May 27 15:58:21.090936 np0000001523 neutron-periodic-workers[91967]: DEBUG neutron.db.agents_db [None req-897a7341-ce6f-466a-aea4-43b44ac1493f None None] Agent healthcheck: found 0 active agents {{(pid=91967) agent_health_check /opt/stack/neutron/neutron/db/agents_db.py:322}}
May 27 15:58:21.091105 np0000001523 neutron-periodic-workers[91967]: DEBUG oslo.service.backend._threading.loopingcall [None req-897a7341-ce6f-466a-aea4-43b44ac1493f None None] Fixed interval looping call 'neutron.plugins.ml2.plugin.AgentDbMixin.agent_health_check' sleeping for 36.94 seconds {{(pid=91967) _run_loop /opt/stack/data/venv/lib/python3.12/site-packages/oslo_service/backend/_threading/loopingcall.py:125}}
May 27 15:58:27.078785 np0000001523 neutron-periodic-workers[91959]: DEBUG dbcounter [-] [91959] Writer thread running {{(pid=91959) stat_writer /opt/stack/data/venv/lib/python3.12/site-packages/dbcounter.py:102}}
May 27 15:58:27.089665 np0000001523 neutron-periodic-workers[91959]: DEBUG oslo.service.backend._threading.loopingcall [None req-f4a36ed5-acc4-4cc1-bd87-99824845a8a1 None None] Fixed interval looping call 'neutron.plugins.ml2.plugin.DhcpAgentSchedulerDbMixin.remove_networks_from_down_agents' sleeping for 36.94 seconds {{(pid=91959) _run_loop /opt/stack/data/venv/lib/python3.12/site-packages/oslo_service/backend/_threading/loopingcall.py:125}}
May 27 15:58:37.088167 np0000001523 neutron-periodic-workers[91959]: DEBUG dbcounter [-] [91959] Writing DB stats neutron:SELECT=3 {{(pid=91959) stat_writer /opt/stack/data/venv/lib/python3.12/site-packages/dbcounter.py:115}}
May 27 15:58:41.085115 np0000001523 neutron-periodic-workers[91967]: DEBUG dbcounter [-] [91967] Writing DB stats neutron:SELECT=1 {{(pid=91967) stat_writer /opt/stack/data/venv/lib/python3.12/site-packages/dbcounter.py:115}}
May 27 15:58:58.034763 np0000001523 neutron-periodic-workers[91967]: DEBUG neutron.db.agents_db [None req-897a7341-ce6f-466a-aea4-43b44ac1493f None None] Agent healthcheck: found 0 active agents {{(pid=91967) agent_health_check /opt/stack/neutron/neutron/db/agents_db.py:322}}
May 27 15:58:58.035182 np0000001523 neutron-periodic-workers[91967]: DEBUG oslo.service.backend._threading.loopingcall [None req-897a7341-ce6f-466a-aea4-43b44ac1493f None None] Fixed interval looping call 'neutron.plugins.ml2.plugin.AgentDbMixin.agent_health_check' sleeping for 37.00 seconds {{(pid=91967) _run_loop /opt/stack/data/venv/lib/python3.12/site-packages/oslo_service/backend/_threading/loopingcall.py:125}}
May 27 15:59:04.040217 np0000001523 neutron-periodic-workers[91959]: DEBUG oslo.service.backend._threading.loopingcall [None req-f4a36ed5-acc4-4cc1-bd87-99824845a8a1 None None] Fixed interval looping call 'neutron.plugins.ml2.plugin.DhcpAgentSchedulerDbMixin.remove_networks_from_down_agents' sleeping for 36.99 seconds {{(pid=91959) _run_loop /opt/stack/data/venv/lib/python3.12/site-packages/oslo_service/backend/_threading/loopingcall.py:125}}
May 27 15:59:08.033712 np0000001523 neutron-periodic-workers[91967]: DEBUG dbcounter [-] [91967] Writing DB stats neutron:SELECT=1 {{(pid=91967) stat_writer /opt/stack/data/venv/lib/python3.12/site-packages/dbcounter.py:115}}
May 27 15:59:14.035503 np0000001523 neutron-periodic-workers[91959]: DEBUG dbcounter [-] [91959] Writing DB stats neutron:SELECT=3 {{(pid=91959) stat_writer /opt/stack/data/venv/lib/python3.12/site-packages/dbcounter.py:115}}
May 27 15:59:35.038229 np0000001523 neutron-periodic-workers[91967]: DEBUG neutron.db.agents_db [None req-897a7341-ce6f-466a-aea4-43b44ac1493f None None] Agent healthcheck: found 0 active agents {{(pid=91967) agent_health_check /opt/stack/neutron/neutron/db/agents_db.py:322}}
May 27 15:59:35.038615 np0000001523 neutron-periodic-workers[91967]: DEBUG oslo.service.backend._threading.loopingcall [None req-897a7341-ce6f-466a-aea4-43b44ac1493f None None] Fixed interval looping call 'neutron.plugins.ml2.plugin.AgentDbMixin.agent_health_check' sleeping for 37.00 seconds {{(pid=91967) _run_loop /opt/stack/data/venv/lib/python3.12/site-packages/oslo_service/backend/_threading/loopingcall.py:125}}
May 27 15:59:36.109522 np0000001523 neutron-periodic-workers[91983]: DEBUG dbcounter [-] [91983] Writer thread running {{(pid=91983) stat_writer /opt/stack/data/venv/lib/python3.12/site-packages/dbcounter.py:102}}
May 27 15:59:36.111350 np0000001523 neutron-periodic-workers[91983]: DEBUG oslo.service.backend._threading.loopingcall [None req-3fd339a4-b490-427a-8f2f-080dfc33a6f2 None None] Fixed interval looping call 'neutron.db.quota.driver_nolock.DbQuotaNoLockDriver._remove_expired_reservations' sleeping for 119.94 seconds {{(pid=91983) _run_loop /opt/stack/data/venv/lib/python3.12/site-packages/oslo_service/backend/_threading/loopingcall.py:125}}
May 27 15:59:41.036517 np0000001523 neutron-periodic-workers[91959]: DEBUG oslo.service.backend._threading.loopingcall [None req-f4a36ed5-acc4-4cc1-bd87-99824845a8a1 None None] Fixed interval looping call 'neutron.plugins.ml2.plugin.DhcpAgentSchedulerDbMixin.remove_networks_from_down_agents' sleeping for 36.99 seconds {{(pid=91959) _run_loop /opt/stack/data/venv/lib/python3.12/site-packages/oslo_service/backend/_threading/loopingcall.py:125}}
May 27 15:59:45.037559 np0000001523 neutron-periodic-workers[91967]: DEBUG dbcounter [-] [91967] Writing DB stats neutron:SELECT=1 {{(pid=91967) stat_writer /opt/stack/data/venv/lib/python3.12/site-packages/dbcounter.py:115}}
May 27 15:59:46.110230 np0000001523 neutron-periodic-workers[91983]: DEBUG dbcounter [-] [91983] Writing DB stats neutron:DELETE=1 {{(pid=91983) stat_writer /opt/stack/data/venv/lib/python3.12/site-packages/dbcounter.py:115}}
May 27 15:59:51.035679 np0000001523 neutron-periodic-workers[91959]: DEBUG dbcounter [-] [91959] Writing DB stats neutron:SELECT=3 {{(pid=91959) stat_writer /opt/stack/data/venv/lib/python3.12/site-packages/dbcounter.py:115}}
May 27 16:00:12.041943 np0000001523 neutron-periodic-workers[91967]: DEBUG neutron.db.agents_db [None req-897a7341-ce6f-466a-aea4-43b44ac1493f None None] Agent healthcheck: found 0 active agents {{(pid=91967) agent_health_check /opt/stack/neutron/neutron/db/agents_db.py:322}}
May 27 16:00:12.042339 np0000001523 neutron-periodic-workers[91967]: DEBUG oslo.service.backend._threading.loopingcall [None req-897a7341-ce6f-466a-aea4-43b44ac1493f None None] Fixed interval looping call 'neutron.plugins.ml2.plugin.AgentDbMixin.agent_health_check' sleeping for 37.00 seconds {{(pid=91967) _run_loop /opt/stack/data/venv/lib/python3.12/site-packages/oslo_service/backend/_threading/loopingcall.py:125}}
May 27 16:00:18.034367 np0000001523 neutron-periodic-workers[91959]: DEBUG oslo.service.backend._threading.loopingcall [None req-f4a36ed5-acc4-4cc1-bd87-99824845a8a1 None None] Fixed interval looping call 'neutron.plugins.ml2.plugin.DhcpAgentSchedulerDbMixin.remove_networks_from_down_agents' sleeping for 36.99 seconds {{(pid=91959) _run_loop /opt/stack/data/venv/lib/python3.12/site-packages/oslo_service/backend/_threading/loopingcall.py:125}}
May 27 16:00:22.040675 np0000001523 neutron-periodic-workers[91967]: DEBUG dbcounter [-] [91967] Writing DB stats neutron:SELECT=1 {{(pid=91967) stat_writer /opt/stack/data/venv/lib/python3.12/site-packages/dbcounter.py:115}}
May 27 16:00:28.033460 np0000001523 neutron-periodic-workers[91959]: DEBUG dbcounter [-] [91959] Writing DB stats neutron:SELECT=3 {{(pid=91959) stat_writer /opt/stack/data/venv/lib/python3.12/site-packages/dbcounter.py:115}}
May 27 16:00:49.047145 np0000001523 neutron-periodic-workers[91967]: DEBUG neutron.db.agents_db [None req-897a7341-ce6f-466a-aea4-43b44ac1493f None None] Agent healthcheck: found 0 active agents {{(pid=91967) agent_health_check /opt/stack/neutron/neutron/db/agents_db.py:322}}
May 27 16:00:49.047474 np0000001523 neutron-periodic-workers[91967]: DEBUG oslo.service.backend._threading.loopingcall [None req-897a7341-ce6f-466a-aea4-43b44ac1493f None None] Fixed interval looping call 'neutron.plugins.ml2.plugin.AgentDbMixin.agent_health_check' sleeping for 37.00 seconds {{(pid=91967) _run_loop /opt/stack/data/venv/lib/python3.12/site-packages/oslo_service/backend/_threading/loopingcall.py:125}}
May 27 16:00:55.033063 np0000001523 neutron-periodic-workers[91959]: DEBUG oslo.service.backend._threading.loopingcall [None req-f4a36ed5-acc4-4cc1-bd87-99824845a8a1 None None] Fixed interval looping call 'neutron.plugins.ml2.plugin.DhcpAgentSchedulerDbMixin.remove_networks_from_down_agents' sleeping for 36.99 seconds {{(pid=91959) _run_loop /opt/stack/data/venv/lib/python3.12/site-packages/oslo_service/backend/_threading/loopingcall.py:125}}
May 27 16:00:59.045591 np0000001523 neutron-periodic-workers[91967]: DEBUG dbcounter [-] [91967] Writing DB stats neutron:SELECT=1 {{(pid=91967) stat_writer /opt/stack/data/venv/lib/python3.12/site-packages/dbcounter.py:115}}
May 27 16:01:05.032130 np0000001523 neutron-periodic-workers[91959]: DEBUG dbcounter [-] [91959] Writing DB stats neutron:SELECT=3 {{(pid=91959) stat_writer /opt/stack/data/venv/lib/python3.12/site-packages/dbcounter.py:115}}
May 27 16:01:26.057311 np0000001523 neutron-periodic-workers[91967]: DEBUG neutron.db.agents_db [None req-897a7341-ce6f-466a-aea4-43b44ac1493f None None] Agent healthcheck: found 0 active agents {{(pid=91967) agent_health_check /opt/stack/neutron/neutron/db/agents_db.py:322}}
May 27 16:01:26.057584 np0000001523 neutron-periodic-workers[91967]: DEBUG oslo.service.backend._threading.loopingcall [None req-897a7341-ce6f-466a-aea4-43b44ac1493f None None] Fixed interval looping call 'neutron.plugins.ml2.plugin.AgentDbMixin.agent_health_check' sleeping for 36.99 seconds {{(pid=91967) _run_loop /opt/stack/data/venv/lib/python3.12/site-packages/oslo_service/backend/_threading/loopingcall.py:125}}
May 27 16:01:32.033994 np0000001523 neutron-periodic-workers[91959]: DEBUG oslo.service.backend._threading.loopingcall [None req-f4a36ed5-acc4-4cc1-bd87-99824845a8a1 None None] Fixed interval looping call 'neutron.plugins.ml2.plugin.DhcpAgentSchedulerDbMixin.remove_networks_from_down_agents' sleeping for 36.99 seconds {{(pid=91959) _run_loop /opt/stack/data/venv/lib/python3.12/site-packages/oslo_service/backend/_threading/loopingcall.py:125}}
May 27 16:01:36.052675 np0000001523 neutron-periodic-workers[91967]: DEBUG dbcounter [-] [91967] Writing DB stats neutron:SELECT=1 {{(pid=91967) stat_writer /opt/stack/data/venv/lib/python3.12/site-packages/dbcounter.py:115}}
May 27 16:01:36.055408 np0000001523 neutron-periodic-workers[91983]: DEBUG oslo.service.backend._threading.loopingcall [None req-3fd339a4-b490-427a-8f2f-080dfc33a6f2 None None] Fixed interval looping call 'neutron.db.quota.driver_nolock.DbQuotaNoLockDriver._remove_expired_reservations' sleeping for 120.00 seconds {{(pid=91983) _run_loop /opt/stack/data/venv/lib/python3.12/site-packages/oslo_service/backend/_threading/loopingcall.py:125}}
May 27 16:01:42.032345 np0000001523 neutron-periodic-workers[91959]: DEBUG dbcounter [-] [91959] Writing DB stats neutron:SELECT=3 {{(pid=91959) stat_writer /opt/stack/data/venv/lib/python3.12/site-packages/dbcounter.py:115}}
May 27 16:01:46.056531 np0000001523 neutron-periodic-workers[91983]: DEBUG dbcounter [-] [91983] Writing DB stats neutron:DELETE=1 {{(pid=91983) stat_writer /opt/stack/data/venv/lib/python3.12/site-packages/dbcounter.py:115}}
May 27 16:02:00.082841 np0000001523 neutron-periodic-workers[91953]: DEBUG dbcounter [-] [91953] Writer thread running {{(pid=91953) stat_writer /opt/stack/data/venv/lib/python3.12/site-packages/dbcounter.py:102}}
May 27 16:02:00.092166 np0000001523 neutron-periodic-workers[91953]: DEBUG oslo.service.backend._threading.loopingcall [None req-cb57aeb2-3a12-496f-9034-c6eae6a43600 None None] Fixed interval looping call 'neutron.services.ovn_l3.plugin.L3_NAT_dbonly_mixin._clean_garbage' sleeping for 299.91 seconds {{(pid=91953) _run_loop /opt/stack/data/venv/lib/python3.12/site-packages/oslo_service/backend/_threading/loopingcall.py:125}}
May 27 16:02:03.054081 np0000001523 neutron-periodic-workers[91967]: DEBUG neutron.db.agents_db [None req-897a7341-ce6f-466a-aea4-43b44ac1493f None None] Agent healthcheck: found 0 active agents {{(pid=91967) agent_health_check /opt/stack/neutron/neutron/db/agents_db.py:322}}
May 27 16:02:03.054661 np0000001523 neutron-periodic-workers[91967]: DEBUG oslo.service.backend._threading.loopingcall [None req-897a7341-ce6f-466a-aea4-43b44ac1493f None None] Fixed interval looping call 'neutron.plugins.ml2.plugin.AgentDbMixin.agent_health_check' sleeping for 36.99 seconds {{(pid=91967) _run_loop /opt/stack/data/venv/lib/python3.12/site-packages/oslo_service/backend/_threading/loopingcall.py:125}}
May 27 16:02:09.031676 np0000001523 neutron-periodic-workers[91959]: DEBUG oslo.service.backend._threading.loopingcall [None req-f4a36ed5-acc4-4cc1-bd87-99824845a8a1 None None] Fixed interval looping call 'neutron.plugins.ml2.plugin.DhcpAgentSchedulerDbMixin.remove_networks_from_down_agents' sleeping for 36.99 seconds {{(pid=91959) _run_loop /opt/stack/data/venv/lib/python3.12/site-packages/oslo_service/backend/_threading/loopingcall.py:125}}
May 27 16:02:10.083860 np0000001523 neutron-periodic-workers[91953]: DEBUG dbcounter [-] [91953] Writing DB stats neutron:SELECT=1 {{(pid=91953) stat_writer /opt/stack/data/venv/lib/python3.12/site-packages/dbcounter.py:115}}
May 27 16:02:13.051970 np0000001523 neutron-periodic-workers[91967]: DEBUG dbcounter [-] [91967] Writing DB stats neutron:SELECT=1 {{(pid=91967) stat_writer /opt/stack/data/venv/lib/python3.12/site-packages/dbcounter.py:115}}
May 27 16:02:19.030606 np0000001523 neutron-periodic-workers[91959]: DEBUG dbcounter [-] [91959] Writing DB stats neutron:SELECT=3 {{(pid=91959) stat_writer /opt/stack/data/venv/lib/python3.12/site-packages/dbcounter.py:115}}
May 27 16:02:40.048918 np0000001523 neutron-periodic-workers[91967]: DEBUG neutron.db.agents_db [None req-897a7341-ce6f-466a-aea4-43b44ac1493f None None] Agent healthcheck: found 0 active agents {{(pid=91967) agent_health_check /opt/stack/neutron/neutron/db/agents_db.py:322}}
May 27 16:02:40.049390 np0000001523 neutron-periodic-workers[91967]: DEBUG oslo.service.backend._threading.loopingcall [None req-897a7341-ce6f-466a-aea4-43b44ac1493f None None] Fixed interval looping call 'neutron.plugins.ml2.plugin.AgentDbMixin.agent_health_check' sleeping for 37.00 seconds {{(pid=91967) _run_loop /opt/stack/data/venv/lib/python3.12/site-packages/oslo_service/backend/_threading/loopingcall.py:125}}
May 27 16:02:46.037971 np0000001523 neutron-periodic-workers[91959]: DEBUG oslo.service.backend._threading.loopingcall [None req-f4a36ed5-acc4-4cc1-bd87-99824845a8a1 None None] Fixed interval looping call 'neutron.plugins.ml2.plugin.DhcpAgentSchedulerDbMixin.remove_networks_from_down_agents' sleeping for 36.98 seconds {{(pid=91959) _run_loop /opt/stack/data/venv/lib/python3.12/site-packages/oslo_service/backend/_threading/loopingcall.py:125}}
May 27 16:02:50.048452 np0000001523 neutron-periodic-workers[91967]: DEBUG dbcounter [-] [91967] Writing DB stats neutron:SELECT=1 {{(pid=91967) stat_writer /opt/stack/data/venv/lib/python3.12/site-packages/dbcounter.py:115}}
May 27 16:02:56.033354 np0000001523 neutron-periodic-workers[91959]: DEBUG dbcounter [-] [91959] Writing DB stats neutron:SELECT=3 {{(pid=91959) stat_writer /opt/stack/data/venv/lib/python3.12/site-packages/dbcounter.py:115}}
May 27 16:03:17.052761 np0000001523 neutron-periodic-workers[91967]: DEBUG neutron.db.agents_db [None req-897a7341-ce6f-466a-aea4-43b44ac1493f None None] Agent healthcheck: found 0 active agents {{(pid=91967) agent_health_check /opt/stack/neutron/neutron/db/agents_db.py:322}}
May 27 16:03:17.053102 np0000001523 neutron-periodic-workers[91967]: DEBUG oslo.service.backend._threading.loopingcall [None req-897a7341-ce6f-466a-aea4-43b44ac1493f None None] Fixed interval looping call 'neutron.plugins.ml2.plugin.AgentDbMixin.agent_health_check' sleeping for 37.00 seconds {{(pid=91967) _run_loop /opt/stack/data/venv/lib/python3.12/site-packages/oslo_service/backend/_threading/loopingcall.py:125}}
May 27 16:03:23.025726 np0000001523 neutron-periodic-workers[91959]: DEBUG oslo.service.backend._threading.loopingcall [None req-f4a36ed5-acc4-4cc1-bd87-99824845a8a1 None None] Fixed interval looping call 'neutron.plugins.ml2.plugin.DhcpAgentSchedulerDbMixin.remove_networks_from_down_agents' sleeping for 36.99 seconds {{(pid=91959) _run_loop /opt/stack/data/venv/lib/python3.12/site-packages/oslo_service/backend/_threading/loopingcall.py:125}}
May 27 16:03:27.051745 np0000001523 neutron-periodic-workers[91967]: DEBUG dbcounter [-] [91967] Writing DB stats neutron:SELECT=1 {{(pid=91967) stat_writer /opt/stack/data/venv/lib/python3.12/site-packages/dbcounter.py:115}}
May 27 16:03:33.025388 np0000001523 neutron-periodic-workers[91959]: DEBUG dbcounter [-] [91959] Writing DB stats neutron:SELECT=3 {{(pid=91959) stat_writer /opt/stack/data/venv/lib/python3.12/site-packages/dbcounter.py:115}}
May 27 16:03:36.058380 np0000001523 neutron-periodic-workers[91983]: DEBUG oslo.service.backend._threading.loopingcall [None req-3fd339a4-b490-427a-8f2f-080dfc33a6f2 None None] Fixed interval looping call 'neutron.db.quota.driver_nolock.DbQuotaNoLockDriver._remove_expired_reservations' sleeping for 120.00 seconds {{(pid=91983) _run_loop /opt/stack/data/venv/lib/python3.12/site-packages/oslo_service/backend/_threading/loopingcall.py:125}}
May 27 16:03:46.057569 np0000001523 neutron-periodic-workers[91983]: DEBUG dbcounter [-] [91983] Writing DB stats neutron:DELETE=1 {{(pid=91983) stat_writer /opt/stack/data/venv/lib/python3.12/site-packages/dbcounter.py:115}}
May 27 16:03:54.058278 np0000001523 neutron-periodic-workers[91967]: DEBUG neutron.db.agents_db [None req-897a7341-ce6f-466a-aea4-43b44ac1493f None None] Agent healthcheck: found 0 active agents {{(pid=91967) agent_health_check /opt/stack/neutron/neutron/db/agents_db.py:322}}
May 27 16:03:54.058779 np0000001523 neutron-periodic-workers[91967]: DEBUG oslo.service.backend._threading.loopingcall [None req-897a7341-ce6f-466a-aea4-43b44ac1493f None None] Fixed interval looping call 'neutron.plugins.ml2.plugin.AgentDbMixin.agent_health_check' sleeping for 36.99 seconds {{(pid=91967) _run_loop /opt/stack/data/venv/lib/python3.12/site-packages/oslo_service/backend/_threading/loopingcall.py:125}}
May 27 16:04:00.023727 np0000001523 neutron-periodic-workers[91959]: DEBUG oslo.service.backend._threading.loopingcall [None req-f4a36ed5-acc4-4cc1-bd87-99824845a8a1 None None] Fixed interval looping call 'neutron.plugins.ml2.plugin.DhcpAgentSchedulerDbMixin.remove_networks_from_down_agents' sleeping for 36.99 seconds {{(pid=91959) _run_loop /opt/stack/data/venv/lib/python3.12/site-packages/oslo_service/backend/_threading/loopingcall.py:125}}
May 27 16:04:04.057616 np0000001523 neutron-periodic-workers[91967]: DEBUG dbcounter [-] [91967] Writing DB stats neutron:SELECT=1 {{(pid=91967) stat_writer /opt/stack/data/venv/lib/python3.12/site-packages/dbcounter.py:115}}
May 27 16:04:10.022935 np0000001523 neutron-periodic-workers[91959]: DEBUG dbcounter [-] [91959] Writing DB stats neutron:SELECT=3 {{(pid=91959) stat_writer /opt/stack/data/venv/lib/python3.12/site-packages/dbcounter.py:115}}
May 27 16:04:31.055874 np0000001523 neutron-periodic-workers[91967]: DEBUG neutron.db.agents_db [None req-897a7341-ce6f-466a-aea4-43b44ac1493f None None] Agent healthcheck: found 0 active agents {{(pid=91967) agent_health_check /opt/stack/neutron/neutron/db/agents_db.py:322}}
May 27 16:04:31.056301 np0000001523 neutron-periodic-workers[91967]: DEBUG oslo.service.backend._threading.loopingcall [None req-897a7341-ce6f-466a-aea4-43b44ac1493f None None] Fixed interval looping call 'neutron.plugins.ml2.plugin.AgentDbMixin.agent_health_check' sleeping for 36.99 seconds {{(pid=91967) _run_loop /opt/stack/data/venv/lib/python3.12/site-packages/oslo_service/backend/_threading/loopingcall.py:125}}
May 27 16:04:37.022690 np0000001523 neutron-periodic-workers[91959]: DEBUG oslo.service.backend._threading.loopingcall [None req-f4a36ed5-acc4-4cc1-bd87-99824845a8a1 None None] Fixed interval looping call 'neutron.plugins.ml2.plugin.DhcpAgentSchedulerDbMixin.remove_networks_from_down_agents' sleeping for 36.99 seconds {{(pid=91959) _run_loop /opt/stack/data/venv/lib/python3.12/site-packages/oslo_service/backend/_threading/loopingcall.py:125}}
May 27 16:04:41.053444 np0000001523 neutron-periodic-workers[91967]: DEBUG dbcounter [-] [91967] Writing DB stats neutron:SELECT=1 {{(pid=91967) stat_writer /opt/stack/data/venv/lib/python3.12/site-packages/dbcounter.py:115}}
May 27 16:04:47.021310 np0000001523 neutron-periodic-workers[91959]: DEBUG dbcounter [-] [91959] Writing DB stats neutron:SELECT=3 {{(pid=91959) stat_writer /opt/stack/data/venv/lib/python3.12/site-packages/dbcounter.py:115}}
May 27 16:05:08.055770 np0000001523 neutron-periodic-workers[91967]: DEBUG neutron.db.agents_db [None req-897a7341-ce6f-466a-aea4-43b44ac1493f None None] Agent healthcheck: found 0 active agents {{(pid=91967) agent_health_check /opt/stack/neutron/neutron/db/agents_db.py:322}}
May 27 16:05:08.055770 np0000001523 neutron-periodic-workers[91967]: DEBUG oslo.service.backend._threading.loopingcall [None req-897a7341-ce6f-466a-aea4-43b44ac1493f None None] Fixed interval looping call 'neutron.plugins.ml2.plugin.AgentDbMixin.agent_health_check' sleeping for 36.99 seconds {{(pid=91967) _run_loop /opt/stack/data/venv/lib/python3.12/site-packages/oslo_service/backend/_threading/loopingcall.py:125}}
May 27 16:05:14.020461 np0000001523 neutron-periodic-workers[91959]: DEBUG oslo.service.backend._threading.loopingcall [None req-f4a36ed5-acc4-4cc1-bd87-99824845a8a1 None None] Fixed interval looping call 'neutron.plugins.ml2.plugin.DhcpAgentSchedulerDbMixin.remove_networks_from_down_agents' sleeping for 36.99 seconds {{(pid=91959) _run_loop /opt/stack/data/venv/lib/python3.12/site-packages/oslo_service/backend/_threading/loopingcall.py:125}}
May 27 16:05:18.050704 np0000001523 neutron-periodic-workers[91967]: DEBUG dbcounter [-] [91967] Writing DB stats neutron:SELECT=1 {{(pid=91967) stat_writer /opt/stack/data/venv/lib/python3.12/site-packages/dbcounter.py:115}}
May 27 16:05:24.020116 np0000001523 neutron-periodic-workers[91959]: DEBUG dbcounter [-] [91959] Writing DB stats neutron:SELECT=3 {{(pid=91959) stat_writer /opt/stack/data/venv/lib/python3.12/site-packages/dbcounter.py:115}}
May 27 16:05:36.063519 np0000001523 neutron-periodic-workers[91983]: DEBUG oslo.service.backend._threading.loopingcall [None req-3fd339a4-b490-427a-8f2f-080dfc33a6f2 None None] Fixed interval looping call 'neutron.db.quota.driver_nolock.DbQuotaNoLockDriver._remove_expired_reservations' sleeping for 120.00 seconds {{(pid=91983) _run_loop /opt/stack/data/venv/lib/python3.12/site-packages/oslo_service/backend/_threading/loopingcall.py:125}}
May 27 16:05:45.054877 np0000001523 neutron-periodic-workers[91967]: DEBUG neutron.db.agents_db [None req-897a7341-ce6f-466a-aea4-43b44ac1493f None None] Agent healthcheck: found 0 active agents {{(pid=91967) agent_health_check /opt/stack/neutron/neutron/db/agents_db.py:322}}
May 27 16:05:45.054877 np0000001523 neutron-periodic-workers[91967]: DEBUG oslo.service.backend._threading.loopingcall [None req-897a7341-ce6f-466a-aea4-43b44ac1493f None None] Fixed interval looping call 'neutron.plugins.ml2.plugin.AgentDbMixin.agent_health_check' sleeping for 36.99 seconds {{(pid=91967) _run_loop /opt/stack/data/venv/lib/python3.12/site-packages/oslo_service/backend/_threading/loopingcall.py:125}}
May 27 16:05:46.064936 np0000001523 neutron-periodic-workers[91983]: DEBUG dbcounter [-] [91983] Writing DB stats neutron:DELETE=1 {{(pid=91983) stat_writer /opt/stack/data/venv/lib/python3.12/site-packages/dbcounter.py:115}}
May 27 16:05:51.016721 np0000001523 neutron-periodic-workers[91959]: DEBUG oslo.service.backend._threading.loopingcall [None req-f4a36ed5-acc4-4cc1-bd87-99824845a8a1 None None] Fixed interval looping call 'neutron.plugins.ml2.plugin.DhcpAgentSchedulerDbMixin.remove_networks_from_down_agents' sleeping for 36.99 seconds {{(pid=91959) _run_loop /opt/stack/data/venv/lib/python3.12/site-packages/oslo_service/backend/_threading/loopingcall.py:125}}
May 27 16:05:55.053310 np0000001523 neutron-periodic-workers[91967]: DEBUG dbcounter [-] [91967] Writing DB stats neutron:SELECT=1 {{(pid=91967) stat_writer /opt/stack/data/venv/lib/python3.12/site-packages/dbcounter.py:115}}
May 27 16:06:01.015889 np0000001523 neutron-periodic-workers[91959]: DEBUG dbcounter [-] [91959] Writing DB stats neutron:SELECT=3 {{(pid=91959) stat_writer /opt/stack/data/venv/lib/python3.12/site-packages/dbcounter.py:115}}
May 27 16:06:22.053870 np0000001523 neutron-periodic-workers[91967]: DEBUG neutron.db.agents_db [None req-897a7341-ce6f-466a-aea4-43b44ac1493f None None] Agent healthcheck: found 0 active agents {{(pid=91967) agent_health_check /opt/stack/neutron/neutron/db/agents_db.py:322}}
May 27 16:06:22.054419 np0000001523 neutron-periodic-workers[91967]: DEBUG oslo.service.backend._threading.loopingcall [None req-897a7341-ce6f-466a-aea4-43b44ac1493f None None] Fixed interval looping call 'neutron.plugins.ml2.plugin.AgentDbMixin.agent_health_check' sleeping for 36.99 seconds {{(pid=91967) _run_loop /opt/stack/data/venv/lib/python3.12/site-packages/oslo_service/backend/_threading/loopingcall.py:125}}
May 27 16:06:28.015778 np0000001523 neutron-periodic-workers[91959]: DEBUG oslo.service.backend._threading.loopingcall [None req-f4a36ed5-acc4-4cc1-bd87-99824845a8a1 None None] Fixed interval looping call 'neutron.plugins.ml2.plugin.DhcpAgentSchedulerDbMixin.remove_networks_from_down_agents' sleeping for 36.99 seconds {{(pid=91959) _run_loop /opt/stack/data/venv/lib/python3.12/site-packages/oslo_service/backend/_threading/loopingcall.py:125}}
May 27 16:06:32.053466 np0000001523 neutron-periodic-workers[91967]: DEBUG dbcounter [-] [91967] Writing DB stats neutron:SELECT=1 {{(pid=91967) stat_writer /opt/stack/data/venv/lib/python3.12/site-packages/dbcounter.py:115}}
May 27 16:06:38.015178 np0000001523 neutron-periodic-workers[91959]: DEBUG dbcounter [-] [91959] Writing DB stats neutron:SELECT=3 {{(pid=91959) stat_writer /opt/stack/data/venv/lib/python3.12/site-packages/dbcounter.py:115}}
May 27 16:06:59.049299 np0000001523 neutron-periodic-workers[91967]: DEBUG neutron.db.agents_db [None req-897a7341-ce6f-466a-aea4-43b44ac1493f None None] Agent healthcheck: found 0 active agents {{(pid=91967) agent_health_check /opt/stack/neutron/neutron/db/agents_db.py:322}}
May 27 16:06:59.050376 np0000001523 neutron-periodic-workers[91967]: DEBUG oslo.service.backend._threading.loopingcall [None req-897a7341-ce6f-466a-aea4-43b44ac1493f None None] Fixed interval looping call 'neutron.plugins.ml2.plugin.AgentDbMixin.agent_health_check' sleeping for 36.99 seconds {{(pid=91967) _run_loop /opt/stack/data/venv/lib/python3.12/site-packages/oslo_service/backend/_threading/loopingcall.py:125}}
May 27 16:07:00.010382 np0000001523 neutron-periodic-workers[91953]: DEBUG oslo.service.backend._threading.loopingcall [None req-cb57aeb2-3a12-496f-9034-c6eae6a43600 None None] Fixed interval looping call 'neutron.services.ovn_l3.plugin.L3_NAT_dbonly_mixin._clean_garbage' sleeping for 299.99 seconds {{(pid=91953) _run_loop /opt/stack/data/venv/lib/python3.12/site-packages/oslo_service/backend/_threading/loopingcall.py:125}}
May 27 16:07:05.034922 np0000001523 neutron-periodic-workers[91959]: DEBUG oslo.service.backend._threading.loopingcall [None req-f4a36ed5-acc4-4cc1-bd87-99824845a8a1 None None] Fixed interval looping call 'neutron.plugins.ml2.plugin.DhcpAgentSchedulerDbMixin.remove_networks_from_down_agents' sleeping for 36.97 seconds {{(pid=91959) _run_loop /opt/stack/data/venv/lib/python3.12/site-packages/oslo_service/backend/_threading/loopingcall.py:125}}
May 27 16:07:09.050531 np0000001523 neutron-periodic-workers[91967]: DEBUG dbcounter [-] [91967] Writing DB stats neutron:SELECT=1 {{(pid=91967) stat_writer /opt/stack/data/venv/lib/python3.12/site-packages/dbcounter.py:115}}
May 27 16:07:10.004740 np0000001523 neutron-periodic-workers[91953]: DEBUG dbcounter [-] [91953] Writing DB stats neutron:SELECT=1 {{(pid=91953) stat_writer /opt/stack/data/venv/lib/python3.12/site-packages/dbcounter.py:115}}
May 27 16:07:15.031136 np0000001523 neutron-periodic-workers[91959]: DEBUG dbcounter [-] [91959] Writing DB stats neutron:SELECT=3 {{(pid=91959) stat_writer /opt/stack/data/venv/lib/python3.12/site-packages/dbcounter.py:115}}
May 27 16:07:36.047762 np0000001523 neutron-periodic-workers[91967]: DEBUG neutron.db.agents_db [None req-897a7341-ce6f-466a-aea4-43b44ac1493f None None] Agent healthcheck: found 0 active agents {{(pid=91967) agent_health_check /opt/stack/neutron/neutron/db/agents_db.py:322}}
May 27 16:07:36.047762 np0000001523 neutron-periodic-workers[91967]: DEBUG oslo.service.backend._threading.loopingcall [None req-897a7341-ce6f-466a-aea4-43b44ac1493f None None] Fixed interval looping call 'neutron.plugins.ml2.plugin.AgentDbMixin.agent_health_check' sleeping for 36.99 seconds {{(pid=91967) _run_loop /opt/stack/data/venv/lib/python3.12/site-packages/oslo_service/backend/_threading/loopingcall.py:125}}
May 27 16:07:36.068778 np0000001523 neutron-periodic-workers[91983]: DEBUG oslo.service.backend._threading.loopingcall [None req-3fd339a4-b490-427a-8f2f-080dfc33a6f2 None None] Fixed interval looping call 'neutron.db.quota.driver_nolock.DbQuotaNoLockDriver._remove_expired_reservations' sleeping for 120.00 seconds {{(pid=91983) _run_loop /opt/stack/data/venv/lib/python3.12/site-packages/oslo_service/backend/_threading/loopingcall.py:125}}
May 27 16:07:42.016980 np0000001523 neutron-periodic-workers[91959]: DEBUG oslo.service.backend._threading.loopingcall [None req-f4a36ed5-acc4-4cc1-bd87-99824845a8a1 None None] Fixed interval looping call 'neutron.plugins.ml2.plugin.DhcpAgentSchedulerDbMixin.remove_networks_from_down_agents' sleeping for 36.99 seconds {{(pid=91959) _run_loop /opt/stack/data/venv/lib/python3.12/site-packages/oslo_service/backend/_threading/loopingcall.py:125}}
May 27 16:07:46.043529 np0000001523 neutron-periodic-workers[91967]: DEBUG dbcounter [-] [91967] Writing DB stats neutron:SELECT=1 {{(pid=91967) stat_writer /opt/stack/data/venv/lib/python3.12/site-packages/dbcounter.py:115}}
May 27 16:07:46.068653 np0000001523 neutron-periodic-workers[91983]: DEBUG dbcounter [-] [91983] Writing DB stats neutron:DELETE=1 {{(pid=91983) stat_writer /opt/stack/data/venv/lib/python3.12/site-packages/dbcounter.py:115}}
May 27 16:07:52.015718 np0000001523 neutron-periodic-workers[91959]: DEBUG dbcounter [-] [91959] Writing DB stats neutron:SELECT=3 {{(pid=91959) stat_writer /opt/stack/data/venv/lib/python3.12/site-packages/dbcounter.py:115}}
May 27 16:08:13.045951 np0000001523 neutron-periodic-workers[91967]: DEBUG neutron.db.agents_db [None req-897a7341-ce6f-466a-aea4-43b44ac1493f None None] Agent healthcheck: found 0 active agents {{(pid=91967) agent_health_check /opt/stack/neutron/neutron/db/agents_db.py:322}}
May 27 16:08:13.046420 np0000001523 neutron-periodic-workers[91967]: DEBUG oslo.service.backend._threading.loopingcall [None req-897a7341-ce6f-466a-aea4-43b44ac1493f None None] Fixed interval looping call 'neutron.plugins.ml2.plugin.AgentDbMixin.agent_health_check' sleeping for 36.99 seconds {{(pid=91967) _run_loop /opt/stack/data/venv/lib/python3.12/site-packages/oslo_service/backend/_threading/loopingcall.py:125}}
May 27 16:08:19.013967 np0000001523 neutron-periodic-workers[91959]: DEBUG oslo.service.backend._threading.loopingcall [None req-f4a36ed5-acc4-4cc1-bd87-99824845a8a1 None None] Fixed interval looping call 'neutron.plugins.ml2.plugin.DhcpAgentSchedulerDbMixin.remove_networks_from_down_agents' sleeping for 36.99 seconds {{(pid=91959) _run_loop /opt/stack/data/venv/lib/python3.12/site-packages/oslo_service/backend/_threading/loopingcall.py:125}}
May 27 16:08:23.042423 np0000001523 neutron-periodic-workers[91967]: DEBUG dbcounter [-] [91967] Writing DB stats neutron:SELECT=1 {{(pid=91967) stat_writer /opt/stack/data/venv/lib/python3.12/site-packages/dbcounter.py:115}}
May 27 16:08:29.013327 np0000001523 neutron-periodic-workers[91959]: DEBUG dbcounter [-] [91959] Writing DB stats neutron:SELECT=3 {{(pid=91959) stat_writer /opt/stack/data/venv/lib/python3.12/site-packages/dbcounter.py:115}}
May 27 16:08:50.042132 np0000001523 neutron-periodic-workers[91967]: DEBUG neutron.db.agents_db [None req-897a7341-ce6f-466a-aea4-43b44ac1493f None None] Agent healthcheck: found 0 active agents {{(pid=91967) agent_health_check /opt/stack/neutron/neutron/db/agents_db.py:322}}
May 27 16:08:50.042533 np0000001523 neutron-periodic-workers[91967]: DEBUG oslo.service.backend._threading.loopingcall [None req-897a7341-ce6f-466a-aea4-43b44ac1493f None None] Fixed interval looping call 'neutron.plugins.ml2.plugin.AgentDbMixin.agent_health_check' sleeping for 36.99 seconds {{(pid=91967) _run_loop /opt/stack/data/venv/lib/python3.12/site-packages/oslo_service/backend/_threading/loopingcall.py:125}}
May 27 16:08:56.031910 np0000001523 neutron-periodic-workers[91959]: DEBUG oslo.service.backend._threading.loopingcall [None req-f4a36ed5-acc4-4cc1-bd87-99824845a8a1 None None] Fixed interval looping call 'neutron.plugins.ml2.plugin.DhcpAgentSchedulerDbMixin.remove_networks_from_down_agents' sleeping for 36.97 seconds {{(pid=91959) _run_loop /opt/stack/data/venv/lib/python3.12/site-packages/oslo_service/backend/_threading/loopingcall.py:125}}
May 27 16:09:00.041976 np0000001523 neutron-periodic-workers[91967]: DEBUG dbcounter [-] [91967] Writing DB stats neutron:SELECT=1 {{(pid=91967) stat_writer /opt/stack/data/venv/lib/python3.12/site-packages/dbcounter.py:115}}
May 27 16:09:06.029589 np0000001523 neutron-periodic-workers[91959]: DEBUG dbcounter [-] [91959] Writing DB stats neutron:SELECT=3 {{(pid=91959) stat_writer /opt/stack/data/venv/lib/python3.12/site-packages/dbcounter.py:115}}
May 27 16:09:27.038577 np0000001523 neutron-periodic-workers[91967]: DEBUG neutron.db.agents_db [None req-897a7341-ce6f-466a-aea4-43b44ac1493f None None] Agent healthcheck: found 0 active agents {{(pid=91967) agent_health_check /opt/stack/neutron/neutron/db/agents_db.py:322}}
May 27 16:09:27.038577 np0000001523 neutron-periodic-workers[91967]: DEBUG oslo.service.backend._threading.loopingcall [None req-897a7341-ce6f-466a-aea4-43b44ac1493f None None] Fixed interval looping call 'neutron.plugins.ml2.plugin.AgentDbMixin.agent_health_check' sleeping for 36.99 seconds {{(pid=91967) _run_loop /opt/stack/data/venv/lib/python3.12/site-packages/oslo_service/backend/_threading/loopingcall.py:125}}
May 27 16:09:33.017605 np0000001523 neutron-periodic-workers[91959]: DEBUG oslo.service.backend._threading.loopingcall [None req-f4a36ed5-acc4-4cc1-bd87-99824845a8a1 None None] Fixed interval looping call 'neutron.plugins.ml2.plugin.DhcpAgentSchedulerDbMixin.remove_networks_from_down_agents' sleeping for 36.99 seconds {{(pid=91959) _run_loop /opt/stack/data/venv/lib/python3.12/site-packages/oslo_service/backend/_threading/loopingcall.py:125}}
