Aug 17 17:29:22.349514 np0000007562 devstack@g-api.service[103116]: DEBUG glance.api.middleware.version_negotiation [None req-7ffa2e54-fdeb-477e-94bc-94c2bbba3bca tempest-ServerActionsV293TestJSON-1494762871 tempest-ServerActionsV293TestJSON-1494762871-project-member] Using url versioning {{(pid=103116) process_request /opt/stack/glance/glance/api/middleware/version_negotiation.py:57}}
Aug 17 17:29:22.349514 np0000007562 devstack@g-api.service[103116]: DEBUG glance.api.middleware.version_negotiation [None req-7ffa2e54-fdeb-477e-94bc-94c2bbba3bca tempest-ServerActionsV293TestJSON-1494762871 tempest-ServerActionsV293TestJSON-1494762871-project-member] Matched version: v2 {{(pid=103116) process_request /opt/stack/glance/glance/api/middleware/version_negotiation.py:69}}
Aug 17 17:29:22.349683 np0000007562 devstack@g-api.service[103116]: DEBUG glance.api.middleware.version_negotiation [None req-7ffa2e54-fdeb-477e-94bc-94c2bbba3bca tempest-ServerActionsV293TestJSON-1494762871 tempest-ServerActionsV293TestJSON-1494762871-project-member] new path /v2/images {{(pid=103116) process_request /opt/stack/glance/glance/api/middleware/version_negotiation.py:70}}
Aug 17 17:29:22.922379 np0000007562 devstack@g-api.service[103116]: [pid: 103116|app: 0|req: 59/229] 127.0.0.1 () {46 vars in 1052 bytes} [Mon Aug 17 17:29:22 2026] POST /v2/images => generated 1604 bytes in 573 msecs (HTTP/1.1 201) 6 headers in 316 bytes (1 switches on core 0)
Aug 17 17:29:22.979859 np0000007562 devstack@g-api.service[103115]: DEBUG glance.api.middleware.version_negotiation [None req-7ffa2e54-fdeb-477e-94bc-94c2bbba3bca tempest-ServerActionsV293TestJSON-1494762871 tempest-ServerActionsV293TestJSON-1494762871-project-member] Determining version of request: PUT /v2/images/fb29cd65-d31b-468b-a52f-bbc79d801dbd/file Accept: */* {{(pid=103115) process_request /opt/stack/glance/glance/api/middleware/version_negotiation.py:44}}
Aug 17 17:29:22.980286 np0000007562 devstack@g-api.service[103115]: DEBUG glance.api.middleware.version_negotiation [None req-7ffa2e54-fdeb-477e-94bc-94c2bbba3bca tempest-ServerActionsV293TestJSON-1494762871 tempest-ServerActionsV293TestJSON-1494762871-project-member] Using url versioning {{(pid=103115) process_request /opt/stack/glance/glance/api/middleware/version_negotiation.py:57}}
Aug 17 17:29:22.980286 np0000007562 devstack@g-api.service[103115]: DEBUG glance.api.middleware.version_negotiation [None req-7ffa2e54-fdeb-477e-94bc-94c2bbba3bca tempest-ServerActionsV293TestJSON-1494762871 tempest-ServerActionsV293TestJSON-1494762871-project-member] Matched version: v2 {{(pid=103115) process_request /opt/stack/glance/glance/api/middleware/version_negotiation.py:69}}
Aug 17 17:29:22.980286 np0000007562 devstack@g-api.service[103115]: DEBUG glance.api.middleware.version_negotiation [None req-7ffa2e54-fdeb-477e-94bc-94c2bbba3bca tempest-ServerActionsV293TestJSON-1494762871 tempest-ServerActionsV293TestJSON-1494762871-project-member] new path /v2/images/fb29cd65-d31b-468b-a52f-bbc79d801dbd/file {{(pid=103115) process_request /opt/stack/glance/glance/api/middleware/version_negotiation.py:70}}
Aug 17 17:29:23.458416 np0000007562 devstack@g-api.service[103115]: INFO glance.api.v2.image_data [None req-5650b4c7-4737-4b22-b096-7a41c7b60fc6 tempest-ImageDependencyTests-1956068655 tempest-ImageDependencyTests-1956068655-project-member] Unable to create trust: no such option collect_timing in group [keystone_authtoken] Use the existing user token.
Aug 17 17:29:24.006722 np0000007562 devstack@g-api.service[103115]: DEBUG glance.location [None req-5650b4c7-4737-4b22-b096-7a41c7b60fc6 tempest-ImageDependencyTests-1956068655 tempest-ImageDependencyTests-1956068655-project-member] Enabling in-flight format inspection for raw {{(pid=103115) set_data /opt/stack/glance/glance/location.py:596}}
Aug 17 17:29:24.007260 np0000007562 devstack@g-api.service[103115]: DEBUG glance_store.backend [None req-5650b4c7-4737-4b22-b096-7a41c7b60fc6 tempest-ImageDependencyTests-1956068655 tempest-ImageDependencyTests-1956068655-project-member] Attempting to import store swift {{(pid=103115) _load_store /opt/stack/data/venv/lib/python3.12/site-packages/glance_store/backend.py:215}}
Aug 17 17:29:24.009108 np0000007562 devstack@g-api.service[103115]: DEBUG glance_store.capabilities [None req-5650b4c7-4737-4b22-b096-7a41c7b60fc6 tempest-ImageDependencyTests-1956068655 tempest-ImageDependencyTests-1956068655-project-member] Store glance_store._drivers.swift.store.SingleTenantStore doesn't support updating dynamic storage capabilities. Please overwrite 'update_capabilities' method of the store to implement updating logics if needed. {{(pid=103115) update_capabilities /opt/stack/data/venv/lib/python3.12/site-packages/glance_store/capabilities.py:91}}
Aug 17 17:29:24.009702 np0000007562 devstack@g-api.service[103115]: DEBUG glance_store.driver [None req-5650b4c7-4737-4b22-b096-7a41c7b60fc6 tempest-ImageDependencyTests-1956068655 tempest-ImageDependencyTests-1956068655-project-member] Late loading location class glance_store._drivers.swift.store.StoreLocation {{(pid=103115) get_store_location_class /opt/stack/data/venv/lib/python3.12/site-packages/glance_store/driver.py:134}}
Aug 17 17:29:24.009702 np0000007562 devstack@g-api.service[103115]: DEBUG glance_store.location [None req-5650b4c7-4737-4b22-b096-7a41c7b60fc6 tempest-ImageDependencyTests-1956068655 tempest-ImageDependencyTests-1956068655-project-member] Registering scheme swift+https with {'store': , 'location_class': , 'store_entry': 'swift'} {{(pid=103115) register_scheme_map /opt/stack/data/venv/lib/python3.12/site-packages/glance_store/location.py:146}}
Aug 17 17:29:24.009702 np0000007562 devstack@g-api.service[103115]: DEBUG glance_store.location [None req-5650b4c7-4737-4b22-b096-7a41c7b60fc6 tempest-ImageDependencyTests-1956068655 tempest-ImageDependencyTests-1956068655-project-member] Registering scheme swift+https with {'store': , 'location_class': , 'store_entry': 'swift'} {{(pid=103115) register_scheme_map /opt/stack/data/venv/lib/python3.12/site-packages/glance_store/location.py:146}}
Aug 17 17:29:24.009702 np0000007562 devstack@g-api.service[103115]: DEBUG glance_store.location [None req-5650b4c7-4737-4b22-b096-7a41c7b60fc6 tempest-ImageDependencyTests-1956068655 tempest-ImageDependencyTests-1956068655-project-member] Registering scheme swift with {'store': , 'location_class': , 'store_entry': 'swift'} {{(pid=103115) register_scheme_map /opt/stack/data/venv/lib/python3.12/site-packages/glance_store/location.py:146}}
Aug 17 17:29:24.009702 np0000007562 devstack@g-api.service[103115]: DEBUG glance_store.location [None req-5650b4c7-4737-4b22-b096-7a41c7b60fc6 tempest-ImageDependencyTests-1956068655 tempest-ImageDependencyTests-1956068655-project-member] Registering scheme swift+https with {'store': , 'location_class': , 'store_entry': 'swift'} {{(pid=103115) register_scheme_map /opt/stack/data/venv/lib/python3.12/site-packages/glance_store/location.py:146}}
Aug 17 17:29:24.010348 np0000007562 devstack@g-api.service[103115]: DEBUG glance_store.location [None req-5650b4c7-4737-4b22-b096-7a41c7b60fc6 tempest-ImageDependencyTests-1956068655 tempest-ImageDependencyTests-1956068655-project-member] Registering scheme swift with {'store': , 'location_class': , 'store_entry': 'swift'} {{(pid=103115) register_scheme_map /opt/stack/data/venv/lib/python3.12/site-packages/glance_store/location.py:146}}
Aug 17 17:29:24.010515 np0000007562 devstack@g-api.service[103115]: DEBUG glance_store.location [None req-5650b4c7-4737-4b22-b096-7a41c7b60fc6 tempest-ImageDependencyTests-1956068655 tempest-ImageDependencyTests-1956068655-project-member] Registering scheme swift+http with {'store': , 'location_class': , 'store_entry': 'swift'} {{(pid=103115) register_scheme_map /opt/stack/data/venv/lib/python3.12/site-packages/glance_store/location.py:146}}
Aug 17 17:29:24.010701 np0000007562 devstack@g-api.service[103115]: DEBUG glance_store.location [None req-5650b4c7-4737-4b22-b096-7a41c7b60fc6 tempest-ImageDependencyTests-1956068655 tempest-ImageDependencyTests-1956068655-project-member] Registering scheme swift+https with {'store': , 'location_class': , 'store_entry': 'swift'} {{(pid=103115) register_scheme_map /opt/stack/data/venv/lib/python3.12/site-packages/glance_store/location.py:146}}
Aug 17 17:29:24.010846 np0000007562 devstack@g-api.service[103115]: DEBUG glance_store.location [None req-5650b4c7-4737-4b22-b096-7a41c7b60fc6 tempest-ImageDependencyTests-1956068655 tempest-ImageDependencyTests-1956068655-project-member] Registering scheme swift with {'store': , 'location_class': , 'store_entry': 'swift'} {{(pid=103115) register_scheme_map /opt/stack/data/venv/lib/python3.12/site-packages/glance_store/location.py:146}}
Aug 17 17:29:24.011588 np0000007562 devstack@g-api.service[103115]: DEBUG glance_store.location [None req-5650b4c7-4737-4b22-b096-7a41c7b60fc6 tempest-ImageDependencyTests-1956068655 tempest-ImageDependencyTests-1956068655-project-member] Registering scheme swift+http with {'store': , 'location_class': , 'store_entry': 'swift'} {{(pid=103115) register_scheme_map /opt/stack/data/venv/lib/python3.12/site-packages/glance_store/location.py:146}}
Aug 17 17:29:24.011588 np0000007562 devstack@g-api.service[103115]: DEBUG glance_store.location [None req-5650b4c7-4737-4b22-b096-7a41c7b60fc6 tempest-ImageDependencyTests-1956068655 tempest-ImageDependencyTests-1956068655-project-member] Registering scheme swift+config with {'store': , 'location_class': , 'store_entry': 'swift'} {{(pid=103115) register_scheme_map /opt/stack/data/venv/lib/python3.12/site-packages/glance_store/location.py:146}}
Aug 17 17:29:24.054811 np0000007562 devstack@g-api.service[103113]: DEBUG glance.api.middleware.version_negotiation [None req-7ffa2e54-fdeb-477e-94bc-94c2bbba3bca tempest-ServerActionsV293TestJSON-1494762871 tempest-ServerActionsV293TestJSON-1494762871-project-member] Determining version of request: GET /v2/images/45724d08-f9ee-4815-956a-bbd18b59e7a3 Accept: */* {{(pid=103113) process_request /opt/stack/glance/glance/api/middleware/version_negotiation.py:44}}
Aug 17 17:29:24.055250 np0000007562 devstack@g-api.service[103113]: DEBUG glance.api.middleware.version_negotiation [None req-7ffa2e54-fdeb-477e-94bc-94c2bbba3bca tempest-ServerActionsV293TestJSON-1494762871 tempest-ServerActionsV293TestJSON-1494762871-project-member] Using url versioning {{(pid=103113) process_request /opt/stack/glance/glance/api/middleware/version_negotiation.py:57}}
Aug 17 17:29:24.055250 np0000007562 devstack@g-api.service[103113]: DEBUG glance.api.middleware.version_negotiation [None req-7ffa2e54-fdeb-477e-94bc-94c2bbba3bca tempest-ServerActionsV293TestJSON-1494762871 tempest-ServerActionsV293TestJSON-1494762871-project-member] Matched version: v2 {{(pid=103113) process_request /opt/stack/glance/glance/api/middleware/version_negotiation.py:69}}
Aug 17 17:29:24.055250 np0000007562 devstack@g-api.service[103113]: DEBUG glance.api.middleware.version_negotiation [None req-7ffa2e54-fdeb-477e-94bc-94c2bbba3bca tempest-ServerActionsV293TestJSON-1494762871 tempest-ServerActionsV293TestJSON-1494762871-project-member] new path /v2/images/45724d08-f9ee-4815-956a-bbd18b59e7a3 {{(pid=103113) process_request /opt/stack/glance/glance/api/middleware/version_negotiation.py:70}}
Aug 17 17:29:24.064441 np0000007562 devstack@g-api.service[103113]: [pid: 103113|app: 0|req: 58/230] 127.0.0.1 () {44 vars in 1111 bytes} [Mon Aug 17 17:29:24 2026] GET /v2/images/45724d08-f9ee-4815-956a-bbd18b59e7a3 => generated 1044 bytes in 10 msecs (HTTP/1.1 200) 4 headers in 158 bytes (1 switches on core 0)
Aug 17 17:29:24.111957 np0000007562 devstack@g-api.service[103114]: DEBUG glance.api.middleware.version_negotiation [None req-5650b4c7-4737-4b22-b096-7a41c7b60fc6 tempest-ImageDependencyTests-1956068655 tempest-ImageDependencyTests-1956068655-project-member] Determining version of request: GET /v2/schemas/image Accept: */* {{(pid=103114) process_request /opt/stack/glance/glance/api/middleware/version_negotiation.py:44}}
Aug 17 17:29:24.112370 np0000007562 devstack@g-api.service[103114]: DEBUG glance.api.middleware.version_negotiation [None req-5650b4c7-4737-4b22-b096-7a41c7b60fc6 tempest-ImageDependencyTests-1956068655 tempest-ImageDependencyTests-1956068655-project-member] Using url versioning {{(pid=103114) process_request /opt/stack/glance/glance/api/middleware/version_negotiation.py:57}}
Aug 17 17:29:24.112370 np0000007562 devstack@g-api.service[103114]: DEBUG glance.api.middleware.version_negotiation [None req-5650b4c7-4737-4b22-b096-7a41c7b60fc6 tempest-ImageDependencyTests-1956068655 tempest-ImageDependencyTests-1956068655-project-member] Matched version: v2 {{(pid=103114) process_request /opt/stack/glance/glance/api/middleware/version_negotiation.py:69}}
Aug 17 17:29:24.112370 np0000007562 devstack@g-api.service[103114]: DEBUG glance.api.middleware.version_negotiation [None req-5650b4c7-4737-4b22-b096-7a41c7b60fc6 tempest-ImageDependencyTests-1956068655 tempest-ImageDependencyTests-1956068655-project-member] new path /v2/schemas/image {{(pid=103114) process_request /opt/stack/glance/glance/api/middleware/version_negotiation.py:70}}
Aug 17 17:29:24.115707 np0000007562 devstack@g-api.service[103114]: [pid: 103114|app: 0|req: 57/231] 127.0.0.1 () {44 vars in 1051 bytes} [Mon Aug 17 17:29:24 2026] GET /v2/schemas/image => generated 6083 bytes in 4 msecs (HTTP/1.1 200) 4 headers in 158 bytes (1 switches on core 0)
Aug 17 17:29:24.212960 np0000007562 devstack@g-api.service[103116]: DEBUG glance.api.middleware.version_negotiation [None req-5650b4c7-4737-4b22-b096-7a41c7b60fc6 tempest-ImageDependencyTests-1956068655 tempest-ImageDependencyTests-1956068655-project-member] Determining version of request: GET /v2/images/7dca6c79-cf65-447f-806d-ac591e541527 Accept: */* {{(pid=103116) process_request /opt/stack/glance/glance/api/middleware/version_negotiation.py:44}}
Aug 17 17:29:24.213342 np0000007562 devstack@g-api.service[103116]: DEBUG glance.api.middleware.version_negotiation [None req-5650b4c7-4737-4b22-b096-7a41c7b60fc6 tempest-ImageDependencyTests-1956068655 tempest-ImageDependencyTests-1956068655-project-member] Using url versioning {{(pid=103116) process_request /opt/stack/glance/glance/api/middleware/version_negotiation.py:57}}
Aug 17 17:29:24.213342 np0000007562 devstack@g-api.service[103116]: DEBUG glance.api.middleware.version_negotiation [None req-5650b4c7-4737-4b22-b096-7a41c7b60fc6 tempest-ImageDependencyTests-1956068655 tempest-ImageDependencyTests-1956068655-project-member] Matched version: v2 {{(pid=103116) process_request /opt/stack/glance/glance/api/middleware/version_negotiation.py:69}}
Aug 17 17:29:24.213342 np0000007562 devstack@g-api.service[103116]: DEBUG glance.api.middleware.version_negotiation [None req-5650b4c7-4737-4b22-b096-7a41c7b60fc6 tempest-ImageDependencyTests-1956068655 tempest-ImageDependencyTests-1956068655-project-member] new path /v2/images/7dca6c79-cf65-447f-806d-ac591e541527 {{(pid=103116) process_request /opt/stack/glance/glance/api/middleware/version_negotiation.py:70}}
Aug 17 17:29:24.223652 np0000007562 devstack@g-api.service[103116]: [pid: 103116|app: 0|req: 60/232] 127.0.0.1 () {44 vars in 1111 bytes} [Mon Aug 17 17:29:24 2026] GET /v2/images/7dca6c79-cf65-447f-806d-ac591e541527 => generated 1044 bytes in 11 msecs (HTTP/1.1 200) 4 headers in 158 bytes (1 switches on core 0)
Aug 17 17:29:24.246159 np0000007562 devstack@g-api.service[103115]: DEBUG swiftclient [None req-5650b4c7-4737-4b22-b096-7a41c7b60fc6 tempest-ImageDependencyTests-1956068655 tempest-ImageDependencyTests-1956068655-project-member] REQ: curl -i https://10.4.3.65:8080/v1/AUTH_0f56cf714a944e26b14f530f3642218d/glance -I -H "X-Auth-Token: gAAAAABqg0T0Urrf..." {{(pid=103115) http_log /opt/stack/data/venv/lib/python3.12/site-packages/swiftclient/client.py:160}}
Aug 17 17:29:24.246306 np0000007562 devstack@g-api.service[103115]: DEBUG swiftclient [None req-5650b4c7-4737-4b22-b096-7a41c7b60fc6 tempest-ImageDependencyTests-1956068655 tempest-ImageDependencyTests-1956068655-project-member] RESP STATUS: 204 No Content {{(pid=103115) http_log /opt/stack/data/venv/lib/python3.12/site-packages/swiftclient/client.py:161}}
Aug 17 17:29:24.246524 np0000007562 devstack@g-api.service[103115]: DEBUG swiftclient [None req-5650b4c7-4737-4b22-b096-7a41c7b60fc6 tempest-ImageDependencyTests-1956068655 tempest-ImageDependencyTests-1956068655-project-member] RESP HEADERS: {'Date': 'Mon, 17 Aug 2026 17:29:24 GMT', 'Server': 'Apache/2.4.58 (Ubuntu)', 'Content-Type': 'text/plain; charset=utf-8', 'X-Container-Object-Count': '4', 'X-Container-Bytes-Used': '64357376', 'X-Timestamp': '1786987358.00808', 'Last-Modified': 'Mon, 17 Aug 2026 17:22:38 GMT', 'Accept-Ranges': 'bytes', 'X-Storage-Policy': 'Policy-0', 'X-Container-Sharding': 'False', 'Vary': 'Accept', 'X-Trans-Id': 'txcbf3bf962181440984f3f-006a8344f4', 'X-Openstack-Request-Id': 'txcbf3bf962181440984f3f-006a8344f4', 'Connection': 'close'} {{(pid=103115) http_log /opt/stack/data/venv/lib/python3.12/site-packages/swiftclient/client.py:162}}
Aug 17 17:29:24.247668 np0000007562 devstack@g-api.service[103115]: DEBUG glance_store._drivers.swift.store [None req-5650b4c7-4737-4b22-b096-7a41c7b60fc6 tempest-ImageDependencyTests-1956068655 tempest-ImageDependencyTests-1956068655-project-member] Adding image object 'fb29cd65-d31b-468b-a52f-bbc79d801dbd' to Swift {{(pid=103115) add /opt/stack/data/venv/lib/python3.12/site-packages/glance_store/_drivers/swift/store.py:970}}
Aug 17 17:29:24.247668 np0000007562 devstack@g-api.service[103115]: DEBUG glance_store._drivers.swift.store [None req-5650b4c7-4737-4b22-b096-7a41c7b60fc6 tempest-ImageDependencyTests-1956068655 tempest-ImageDependencyTests-1956068655-project-member] Cannot determine image size because it is either not provided in the request or chunked-transfer encoding is used. Adding image as a segmented object to Swift. {{(pid=103115) add /opt/stack/data/venv/lib/python3.12/site-packages/glance_store/_drivers/swift/store.py:994}}
Aug 17 17:29:24.252591 np0000007562 devstack@g-api.service[103115]: DEBUG glance_store._drivers.swift.store [None req-5650b4c7-4737-4b22-b096-7a41c7b60fc6 tempest-ImageDependencyTests-1956068655 tempest-ImageDependencyTests-1956068655-project-member] Not writing zero-length chunk. {{(pid=103115) add /opt/stack/data/venv/lib/python3.12/site-packages/glance_store/_drivers/swift/store.py:1028}}
Aug 17 17:29:24.263183 np0000007562 devstack@g-api.service[103113]: DEBUG glance.api.middleware.version_negotiation [None req-3fdfa889-abfd-4105-aa3e-bc3c5b823aa5 tempest-TestServerVolumeAttachmentScenario-1095598106 tempest-TestServerVolumeAttachmentScenario-1095598106-project-member] Determining version of request: GET /v2/schemas/image Accept: */* {{(pid=103113) process_request /opt/stack/glance/glance/api/middleware/version_negotiation.py:44}}
Aug 17 17:29:24.263386 np0000007562 devstack@g-api.service[103113]: DEBUG glance.api.middleware.version_negotiation [None req-3fdfa889-abfd-4105-aa3e-bc3c5b823aa5 tempest-TestServerVolumeAttachmentScenario-1095598106 tempest-TestServerVolumeAttachmentScenario-1095598106-project-member] Using url versioning {{(pid=103113) process_request /opt/stack/glance/glance/api/middleware/version_negotiation.py:57}}
Aug 17 17:29:24.263688 np0000007562 devstack@g-api.service[103113]: DEBUG glance.api.middleware.version_negotiation [None req-3fdfa889-abfd-4105-aa3e-bc3c5b823aa5 tempest-TestServerVolumeAttachmentScenario-1095598106 tempest-TestServerVolumeAttachmentScenario-1095598106-project-member] Matched version: v2 {{(pid=103113) process_request /opt/stack/glance/glance/api/middleware/version_negotiation.py:69}}
Aug 17 17:29:24.263810 np0000007562 devstack@g-api.service[103113]: DEBUG glance.api.middleware.version_negotiation [None req-3fdfa889-abfd-4105-aa3e-bc3c5b823aa5 tempest-TestServerVolumeAttachmentScenario-1095598106 tempest-TestServerVolumeAttachmentScenario-1095598106-project-member] new path /v2/schemas/image {{(pid=103113) process_request /opt/stack/glance/glance/api/middleware/version_negotiation.py:70}}
Aug 17 17:29:24.271242 np0000007562 devstack@g-api.service[103113]: [pid: 103113|app: 0|req: 59/233] 127.0.0.1 () {44 vars in 1051 bytes} [Mon Aug 17 17:29:24 2026] GET /v2/schemas/image => generated 6083 bytes in 5 msecs (HTTP/1.1 200) 4 headers in 158 bytes (1 switches on core 0)
Aug 17 17:29:24.280754 np0000007562 devstack@g-api.service[103115]: DEBUG swiftclient [None req-5650b4c7-4737-4b22-b096-7a41c7b60fc6 tempest-ImageDependencyTests-1956068655 tempest-ImageDependencyTests-1956068655-project-member] REQ: curl -i https://10.4.3.65:8080/v1/AUTH_0f56cf714a944e26b14f530f3642218d/glance/fb29cd65-d31b-468b-a52f-bbc79d801dbd -X PUT -H "X-Object-Manifest: glance/fb29cd65-d31b-468b-a52f-bbc79d801dbd-" -H "X-Auth-Token: gAAAAABqg0T0Urrf..." -H "Content-Length: 0" {{(pid=103115) http_log /opt/stack/data/venv/lib/python3.12/site-packages/swiftclient/client.py:160}}
Aug 17 17:29:24.280881 np0000007562 devstack@g-api.service[103115]: DEBUG swiftclient [None req-5650b4c7-4737-4b22-b096-7a41c7b60fc6 tempest-ImageDependencyTests-1956068655 tempest-ImageDependencyTests-1956068655-project-member] RESP STATUS: 201 Created {{(pid=103115) http_log /opt/stack/data/venv/lib/python3.12/site-packages/swiftclient/client.py:161}}
Aug 17 17:29:24.281090 np0000007562 devstack@g-api.service[103115]: DEBUG swiftclient [None req-5650b4c7-4737-4b22-b096-7a41c7b60fc6 tempest-ImageDependencyTests-1956068655 tempest-ImageDependencyTests-1956068655-project-member] RESP HEADERS: {'Date': 'Mon, 17 Aug 2026 17:29:24 GMT', 'Server': 'Apache/2.4.58 (Ubuntu)', 'Content-Type': 'text/html; charset=UTF-8', 'Content-Length': '0', 'Etag': 'd41d8cd98f00b204e9800998ecf8427e', 'Last-Modified': 'Mon, 17 Aug 2026 17:29:25 GMT', 'X-Trans-Id': 'tx3db2b902fe9343b0a6848-006a8344f4', 'X-Openstack-Request-Id': 'tx3db2b902fe9343b0a6848-006a8344f4', 'Connection': 'close'} {{(pid=103115) http_log /opt/stack/data/venv/lib/python3.12/site-packages/swiftclient/client.py:162}}
Aug 17 17:29:24.281803 np0000007562 devstack@g-api.service[103115]: INFO glance.location [None req-5650b4c7-4737-4b22-b096-7a41c7b60fc6 tempest-ImageDependencyTests-1956068655 tempest-ImageDependencyTests-1956068655-project-member] Image format matched and virtual size computed: 0
Aug 17 17:29:24.322602 np0000007562 devstack@g-api.service[103114]: DEBUG glance.api.middleware.version_negotiation [None req-3fdfa889-abfd-4105-aa3e-bc3c5b823aa5 tempest-TestServerVolumeAttachmentScenario-1095598106 tempest-TestServerVolumeAttachmentScenario-1095598106-project-member] Determining version of request: GET /v2/images/7dca6c79-cf65-447f-806d-ac591e541527 Accept: */* {{(pid=103114) process_request /opt/stack/glance/glance/api/middleware/version_negotiation.py:44}}
Aug 17 17:29:24.322906 np0000007562 devstack@g-api.service[103114]: DEBUG glance.api.middleware.version_negotiation [None req-3fdfa889-abfd-4105-aa3e-bc3c5b823aa5 tempest-TestServerVolumeAttachmentScenario-1095598106 tempest-TestServerVolumeAttachmentScenario-1095598106-project-member] Using url versioning {{(pid=103114) process_request /opt/stack/glance/glance/api/middleware/version_negotiation.py:57}}
Aug 17 17:29:24.323855 np0000007562 devstack@g-api.service[103114]: DEBUG glance.api.middleware.version_negotiation [None req-3fdfa889-abfd-4105-aa3e-bc3c5b823aa5 tempest-TestServerVolumeAttachmentScenario-1095598106 tempest-TestServerVolumeAttachmentScenario-1095598106-project-member] Matched version: v2 {{(pid=103114) process_request /opt/stack/glance/glance/api/middleware/version_negotiation.py:69}}
Aug 17 17:29:24.323855 np0000007562 devstack@g-api.service[103114]: DEBUG glance.api.middleware.version_negotiation [None req-3fdfa889-abfd-4105-aa3e-bc3c5b823aa5 tempest-TestServerVolumeAttachmentScenario-1095598106 tempest-TestServerVolumeAttachmentScenario-1095598106-project-member] new path /v2/images/7dca6c79-cf65-447f-806d-ac591e541527 {{(pid=103114) process_request /opt/stack/glance/glance/api/middleware/version_negotiation.py:70}}
Aug 17 17:29:24.329252 np0000007562 devstack@g-api.service[103115]: DEBUG glance_store.backend [None req-5650b4c7-4737-4b22-b096-7a41c7b60fc6 tempest-ImageDependencyTests-1956068655 tempest-ImageDependencyTests-1956068655-project-member] Attempting to import store swift {{(pid=103115) _load_store /opt/stack/data/venv/lib/python3.12/site-packages/glance_store/backend.py:215}}
Aug 17 17:29:24.331147 np0000007562 devstack@g-api.service[103115]: DEBUG glance_store.capabilities [None req-5650b4c7-4737-4b22-b096-7a41c7b60fc6 tempest-ImageDependencyTests-1956068655 tempest-ImageDependencyTests-1956068655-project-member] Store glance_store._drivers.swift.store.SingleTenantStore doesn't support updating dynamic storage capabilities. Please overwrite 'update_capabilities' method of the store to implement updating logics if needed. {{(pid=103115) update_capabilities /opt/stack/data/venv/lib/python3.12/site-packages/glance_store/capabilities.py:91}}
Aug 17 17:29:24.331311 np0000007562 devstack@g-api.service[103115]: DEBUG glance_store.driver [None req-5650b4c7-4737-4b22-b096-7a41c7b60fc6 tempest-ImageDependencyTests-1956068655 tempest-ImageDependencyTests-1956068655-project-member] Late loading location class glance_store._drivers.swift.store.StoreLocation {{(pid=103115) get_store_location_class /opt/stack/data/venv/lib/python3.12/site-packages/glance_store/driver.py:134}}
Aug 17 17:29:24.331413 np0000007562 devstack@g-api.service[103115]: DEBUG glance_store.location [None req-5650b4c7-4737-4b22-b096-7a41c7b60fc6 tempest-ImageDependencyTests-1956068655 tempest-ImageDependencyTests-1956068655-project-member] Registering scheme swift+https with {'store': , 'location_class': , 'store_entry': 'swift'} {{(pid=103115) register_scheme_map /opt/stack/data/venv/lib/python3.12/site-packages/glance_store/location.py:146}}
Aug 17 17:29:24.331699 np0000007562 devstack@g-api.service[103115]: DEBUG glance_store.location [None req-5650b4c7-4737-4b22-b096-7a41c7b60fc6 tempest-ImageDependencyTests-1956068655 tempest-ImageDependencyTests-1956068655-project-member] Registering scheme swift+https with {'store': , 'location_class': , 'store_entry': 'swift'} {{(pid=103115) register_scheme_map /opt/stack/data/venv/lib/python3.12/site-packages/glance_store/location.py:146}}
Aug 17 17:29:24.331699 np0000007562 devstack@g-api.service[103115]: DEBUG glance_store.location [None req-5650b4c7-4737-4b22-b096-7a41c7b60fc6 tempest-ImageDependencyTests-1956068655 tempest-ImageDependencyTests-1956068655-project-member] Registering scheme swift with {'store': , 'location_class': , 'store_entry': 'swift'} {{(pid=103115) register_scheme_map /opt/stack/data/venv/lib/python3.12/site-packages/glance_store/location.py:146}}
Aug 17 17:29:24.331850 np0000007562 devstack@g-api.service[103115]: DEBUG glance_store.location [None req-5650b4c7-4737-4b22-b096-7a41c7b60fc6 tempest-ImageDependencyTests-1956068655 tempest-ImageDependencyTests-1956068655-project-member] Registering scheme swift+https with {'store': , 'location_class': , 'store_entry': 'swift'} {{(pid=103115) register_scheme_map /opt/stack/data/venv/lib/python3.12/site-packages/glance_store/location.py:146}}
Aug 17 17:29:24.331850 np0000007562 devstack@g-api.service[103115]: DEBUG glance_store.location [None req-5650b4c7-4737-4b22-b096-7a41c7b60fc6 tempest-ImageDependencyTests-1956068655 tempest-ImageDependencyTests-1956068655-project-member] Registering scheme swift with {'store': , 'location_class': , 'store_entry': 'swift'} {{(pid=103115) register_scheme_map /opt/stack/data/venv/lib/python3.12/site-packages/glance_store/location.py:146}}
Aug 17 17:29:24.331949 np0000007562 devstack@g-api.service[103115]: DEBUG glance_store.location [None req-5650b4c7-4737-4b22-b096-7a41c7b60fc6 tempest-ImageDependencyTests-1956068655 tempest-ImageDependencyTests-1956068655-project-member] Registering scheme swift+http with {'store': , 'location_class': , 'store_entry': 'swift'} {{(pid=103115) register_scheme_map /opt/stack/data/venv/lib/python3.12/site-packages/glance_store/location.py:146}}
Aug 17 17:29:24.332010 np0000007562 devstack@g-api.service[103115]: DEBUG glance_store.location [None req-5650b4c7-4737-4b22-b096-7a41c7b60fc6 tempest-ImageDependencyTests-1956068655 tempest-ImageDependencyTests-1956068655-project-member] Registering scheme swift+https with {'store': , 'location_class': , 'store_entry': 'swift'} {{(pid=103115) register_scheme_map /opt/stack/data/venv/lib/python3.12/site-packages/glance_store/location.py:146}}
Aug 17 17:29:24.332103 np0000007562 devstack@g-api.service[103115]: DEBUG glance_store.location [None req-5650b4c7-4737-4b22-b096-7a41c7b60fc6 tempest-ImageDependencyTests-1956068655 tempest-ImageDependencyTests-1956068655-project-member] Registering scheme swift with {'store': , 'location_class': , 'store_entry': 'swift'} {{(pid=103115) register_scheme_map /opt/stack/data/venv/lib/python3.12/site-packages/glance_store/location.py:146}}
Aug 17 17:29:24.332212 np0000007562 devstack@g-api.service[103115]: DEBUG glance_store.location [None req-5650b4c7-4737-4b22-b096-7a41c7b60fc6 tempest-ImageDependencyTests-1956068655 tempest-ImageDependencyTests-1956068655-project-member] Registering scheme swift+http with {'store': , 'location_class': , 'store_entry': 'swift'} {{(pid=103115) register_scheme_map /opt/stack/data/venv/lib/python3.12/site-packages/glance_store/location.py:146}}
Aug 17 17:29:24.332315 np0000007562 devstack@g-api.service[103115]: DEBUG glance_store.location [None req-5650b4c7-4737-4b22-b096-7a41c7b60fc6 tempest-ImageDependencyTests-1956068655 tempest-ImageDependencyTests-1956068655-project-member] Registering scheme swift+config with {'store': , 'location_class': , 'store_entry': 'swift'} {{(pid=103115) register_scheme_map /opt/stack/data/venv/lib/python3.12/site-packages/glance_store/location.py:146}}
Aug 17 17:29:24.332426 np0000007562 devstack@g-api.service[103115]: DEBUG glance_store.backend [None req-5650b4c7-4737-4b22-b096-7a41c7b60fc6 tempest-ImageDependencyTests-1956068655 tempest-ImageDependencyTests-1956068655-project-member] Skipping store.set_acls... not implemented. {{(pid=103115) set_acls /opt/stack/data/venv/lib/python3.12/site-packages/glance_store/backend.py:507}}
Aug 17 17:29:24.334572 np0000007562 devstack@g-api.service[103115]: [pid: 103115|app: 0|req: 58/234] 127.0.0.1 () {46 vars in 1140 bytes} [Mon Aug 17 17:29:22 2026] PUT /v2/images/fb29cd65-d31b-468b-a52f-bbc79d801dbd/file => generated 0 bytes in 1355 msecs (HTTP/1.1 204) 4 headers in 171 bytes (1 switches on core 0)
Aug 17 17:29:24.335211 np0000007562 devstack@g-api.service[103114]: [pid: 103114|app: 0|req: 58/235] 127.0.0.1 () {44 vars in 1111 bytes} [Mon Aug 17 17:29:24 2026] GET /v2/images/7dca6c79-cf65-447f-806d-ac591e541527 => generated 1044 bytes in 13 msecs (HTTP/1.1 200) 4 headers in 158 bytes (1 switches on core 0)
Aug 17 17:29:24.343925 np0000007562 devstack@g-api.service[103116]: DEBUG glance.api.middleware.version_negotiation [None req-7ffa2e54-fdeb-477e-94bc-94c2bbba3bca tempest-ServerActionsV293TestJSON-1494762871 tempest-ServerActionsV293TestJSON-1494762871-project-member] Determining version of request: GET /v2/schemas/image Accept: */* {{(pid=103116) process_request /opt/stack/glance/glance/api/middleware/version_negotiation.py:44}}
Aug 17 17:29:24.344121 np0000007562 devstack@g-api.service[103116]: DEBUG glance.api.middleware.version_negotiation [None req-7ffa2e54-fdeb-477e-94bc-94c2bbba3bca tempest-ServerActionsV293TestJSON-1494762871 tempest-ServerActionsV293TestJSON-1494762871-project-member] Using url versioning {{(pid=103116) process_request /opt/stack/glance/glance/api/middleware/version_negotiation.py:57}}
Aug 17 17:29:24.344229 np0000007562 devstack@g-api.service[103116]: DEBUG glance.api.middleware.version_negotiation [None req-7ffa2e54-fdeb-477e-94bc-94c2bbba3bca tempest-ServerActionsV293TestJSON-1494762871 tempest-ServerActionsV293TestJSON-1494762871-project-member] Matched version: v2 {{(pid=103116) process_request /opt/stack/glance/glance/api/middleware/version_negotiation.py:69}}
Aug 17 17:29:24.344379 np0000007562 devstack@g-api.service[103116]: DEBUG glance.api.middleware.version_negotiation [None req-7ffa2e54-fdeb-477e-94bc-94c2bbba3bca tempest-ServerActionsV293TestJSON-1494762871 tempest-ServerActionsV293TestJSON-1494762871-project-member] new path /v2/schemas/image {{(pid=103116) process_request /opt/stack/glance/glance/api/middleware/version_negotiation.py:70}}
Aug 17 17:29:24.346920 np0000007562 devstack@g-api.service[103116]: [pid: 103116|app: 0|req: 61/236] 127.0.0.1 () {44 vars in 1051 bytes} [Mon Aug 17 17:29:24 2026] GET /v2/schemas/image => generated 6083 bytes in 3 msecs (HTTP/1.1 200) 4 headers in 158 bytes (1 switches on core 0)
Aug 17 17:29:24.357964 np0000007562 devstack@g-api.service[103113]: DEBUG glance.api.middleware.version_negotiation [None req-7ffa2e54-fdeb-477e-94bc-94c2bbba3bca tempest-ServerActionsV293TestJSON-1494762871 tempest-ServerActionsV293TestJSON-1494762871-project-member] Determining version of request: GET /v2/schemas/image Accept: */* {{(pid=103113) process_request /opt/stack/glance/glance/api/middleware/version_negotiation.py:44}}
Aug 17 17:29:24.358175 np0000007562 devstack@g-api.service[103113]: DEBUG glance.api.middleware.version_negotiation [None req-7ffa2e54-fdeb-477e-94bc-94c2bbba3bca tempest-ServerActionsV293TestJSON-1494762871 tempest-ServerActionsV293TestJSON-1494762871-project-member] Using url versioning {{(pid=103113) process_request /opt/stack/glance/glance/api/middleware/version_negotiation.py:57}}
Aug 17 17:29:24.358368 np0000007562 devstack@g-api.service[103113]: DEBUG glance.api.middleware.version_negotiation [None req-7ffa2e54-fdeb-477e-94bc-94c2bbba3bca tempest-ServerActionsV293TestJSON-1494762871 tempest-ServerActionsV293TestJSON-1494762871-project-member] Matched version: v2 {{(pid=103113) process_request /opt/stack/glance/glance/api/middleware/version_negotiation.py:69}}
Aug 17 17:29:24.358519 np0000007562 devstack@g-api.service[103113]: DEBUG glance.api.middleware.version_negotiation [None req-7ffa2e54-fdeb-477e-94bc-94c2bbba3bca tempest-ServerActionsV293TestJSON-1494762871 tempest-ServerActionsV293TestJSON-1494762871-project-member] new path /v2/schemas/image {{(pid=103113) process_request /opt/stack/glance/glance/api/middleware/version_negotiation.py:70}}
Aug 17 17:29:24.362317 np0000007562 devstack@g-api.service[103113]: [pid: 103113|app: 0|req: 60/237] 127.0.0.1 () {44 vars in 1051 bytes} [Mon Aug 17 17:29:24 2026] GET /v2/schemas/image => generated 6083 bytes in 5 msecs (HTTP/1.1 200) 4 headers in 158 bytes (1 switches on core 0)
Aug 17 17:29:24.377970 np0000007562 devstack@g-api.service[103115]: DEBUG glance.api.middleware.version_negotiation [None req-5650b4c7-4737-4b22-b096-7a41c7b60fc6 tempest-ImageDependencyTests-1956068655 tempest-ImageDependencyTests-1956068655-project-member] Determining version of request: GET /v2/images/fb29cd65-d31b-468b-a52f-bbc79d801dbd Accept: */* {{(pid=103115) process_request /opt/stack/glance/glance/api/middleware/version_negotiation.py:44}}
Aug 17 17:29:24.378120 np0000007562 devstack@g-api.service[103115]: DEBUG glance.api.middleware.version_negotiation [None req-5650b4c7-4737-4b22-b096-7a41c7b60fc6 tempest-ImageDependencyTests-1956068655 tempest-ImageDependencyTests-1956068655-project-member] Using url versioning {{(pid=103115) process_request /opt/stack/glance/glance/api/middleware/version_negotiation.py:57}}
Aug 17 17:29:24.378168 np0000007562 devstack@g-api.service[103115]: DEBUG glance.api.middleware.version_negotiation [None req-5650b4c7-4737-4b22-b096-7a41c7b60fc6 tempest-ImageDependencyTests-1956068655 tempest-ImageDependencyTests-1956068655-project-member] Matched version: v2 {{(pid=103115) process_request /opt/stack/glance/glance/api/middleware/version_negotiation.py:69}}
Aug 17 17:29:24.378317 np0000007562 devstack@g-api.service[103115]: DEBUG glance.api.middleware.version_negotiation [None req-5650b4c7-4737-4b22-b096-7a41c7b60fc6 tempest-ImageDependencyTests-1956068655 tempest-ImageDependencyTests-1956068655-project-member] new path /v2/images/fb29cd65-d31b-468b-a52f-bbc79d801dbd {{(pid=103115) process_request /opt/stack/glance/glance/api/middleware/version_negotiation.py:70}}
Aug 17 17:29:24.395157 np0000007562 devstack@g-api.service[103115]: [pid: 103115|app: 0|req: 59/238] 127.0.0.1 () {44 vars in 1111 bytes} [Mon Aug 17 17:29:24 2026] GET /v2/images/fb29cd65-d31b-468b-a52f-bbc79d801dbd => generated 1761 bytes in 18 msecs (HTTP/1.1 200) 4 headers in 158 bytes (1 switches on core 0)
Aug 17 17:29:24.403423 np0000007562 devstack@g-api.service[103114]: DEBUG glance.api.middleware.version_negotiation [None req-7ffa2e54-fdeb-477e-94bc-94c2bbba3bca tempest-ServerActionsV293TestJSON-1494762871 tempest-ServerActionsV293TestJSON-1494762871-project-member] Determining version of request: GET /v2/images/7dca6c79-cf65-447f-806d-ac591e541527 Accept: */* {{(pid=103114) process_request /opt/stack/glance/glance/api/middleware/version_negotiation.py:44}}
Aug 17 17:29:24.403588 np0000007562 devstack@g-api.service[103114]: DEBUG glance.api.middleware.version_negotiation [None req-7ffa2e54-fdeb-477e-94bc-94c2bbba3bca tempest-ServerActionsV293TestJSON-1494762871 tempest-ServerActionsV293TestJSON-1494762871-project-member] Using url versioning {{(pid=103114) process_request /opt/stack/glance/glance/api/middleware/version_negotiation.py:57}}
Aug 17 17:29:24.403725 np0000007562 devstack@g-api.service[103114]: DEBUG glance.api.middleware.version_negotiation [None req-7ffa2e54-fdeb-477e-94bc-94c2bbba3bca tempest-ServerActionsV293TestJSON-1494762871 tempest-ServerActionsV293TestJSON-1494762871-project-member] Matched version: v2 {{(pid=103114) process_request /opt/stack/glance/glance/api/middleware/version_negotiation.py:69}}
Aug 17 17:29:24.403874 np0000007562 devstack@g-api.service[103114]: DEBUG glance.api.middleware.version_negotiation [None req-7ffa2e54-fdeb-477e-94bc-94c2bbba3bca tempest-ServerActionsV293TestJSON-1494762871 tempest-ServerActionsV293TestJSON-1494762871-project-member] new path /v2/images/7dca6c79-cf65-447f-806d-ac591e541527 {{(pid=103114) process_request /opt/stack/glance/glance/api/middleware/version_negotiation.py:70}}
Aug 17 17:29:24.424814 np0000007562 devstack@g-api.service[103114]: [pid: 103114|app: 0|req: 59/239] 127.0.0.1 () {44 vars in 1111 bytes} [Mon Aug 17 17:29:24 2026] GET /v2/images/7dca6c79-cf65-447f-806d-ac591e541527 => generated 1044 bytes in 21 msecs (HTTP/1.1 200) 4 headers in 158 bytes (1 switches on core 0)
Aug 17 17:29:24.432564 np0000007562 devstack@g-api.service[103116]: DEBUG glance.api.middleware.version_negotiation [None req-7ffa2e54-fdeb-477e-94bc-94c2bbba3bca tempest-ServerActionsV293TestJSON-1494762871 tempest-ServerActionsV293TestJSON-1494762871-project-member] Determining version of request: GET /v2/schemas/image Accept: */* {{(pid=103116) process_request /opt/stack/glance/glance/api/middleware/version_negotiation.py:44}}
Aug 17 17:29:24.432815 np0000007562 devstack@g-api.service[103116]: DEBUG glance.api.middleware.version_negotiation [None req-7ffa2e54-fdeb-477e-94bc-94c2bbba3bca tempest-ServerActionsV293TestJSON-1494762871 tempest-ServerActionsV293TestJSON-1494762871-project-member] Using url versioning {{(pid=103116) process_request /opt/stack/glance/glance/api/middleware/version_negotiation.py:57}}
Aug 17 17:29:24.432978 np0000007562 devstack@g-api.service[103116]: DEBUG glance.api.middleware.version_negotiation [None req-7ffa2e54-fdeb-477e-94bc-94c2bbba3bca tempest-ServerActionsV293TestJSON-1494762871 tempest-ServerActionsV293TestJSON-1494762871-project-member] Matched version: v2 {{(pid=103116) process_request /opt/stack/glance/glance/api/middleware/version_negotiation.py:69}}
Aug 17 17:29:24.433103 np0000007562 devstack@g-api.service[103116]: DEBUG glance.api.middleware.version_negotiation [None req-7ffa2e54-fdeb-477e-94bc-94c2bbba3bca tempest-ServerActionsV293TestJSON-1494762871 tempest-ServerActionsV293TestJSON-1494762871-project-member] new path /v2/schemas/image {{(pid=103116) process_request /opt/stack/glance/glance/api/middleware/version_negotiation.py:70}}
Aug 17 17:29:24.434139 np0000007562 devstack@g-api.service[103113]: DEBUG glance.api.middleware.version_negotiation [None req-7ffa2e54-fdeb-477e-94bc-94c2bbba3bca tempest-ServerActionsV293TestJSON-1494762871 tempest-ServerActionsV293TestJSON-1494762871-project-member] Determining version of request: GET /v2/schemas/image Accept: */* {{(pid=103113) process_request /opt/stack/glance/glance/api/middleware/version_negotiation.py:44}}
Aug 17 17:29:24.434354 np0000007562 devstack@g-api.service[103113]: DEBUG glance.api.middleware.version_negotiation [None req-7ffa2e54-fdeb-477e-94bc-94c2bbba3bca tempest-ServerActionsV293TestJSON-1494762871 tempest-ServerActionsV293TestJSON-1494762871-project-member] Using url versioning {{(pid=103113) process_request /opt/stack/glance/glance/api/middleware/version_negotiation.py:57}}
Aug 17 17:29:24.434543 np0000007562 devstack@g-api.service[103113]: DEBUG glance.api.middleware.version_negotiation [None req-7ffa2e54-fdeb-477e-94bc-94c2bbba3bca tempest-ServerActionsV293TestJSON-1494762871 tempest-ServerActionsV293TestJSON-1494762871-project-member] Matched version: v2 {{(pid=103113) process_request /opt/stack/glance/glance/api/middleware/version_negotiation.py:69}}
Aug 17 17:29:24.434709 np0000007562 devstack@g-api.service[103113]: DEBUG glance.api.middleware.version_negotiation [None req-7ffa2e54-fdeb-477e-94bc-94c2bbba3bca tempest-ServerActionsV293TestJSON-1494762871 tempest-ServerActionsV293TestJSON-1494762871-project-member] new path /v2/schemas/image {{(pid=103113) process_request /opt/stack/glance/glance/api/middleware/version_negotiation.py:70}}
Aug 17 17:29:24.435440 np0000007562 devstack@g-api.service[103116]: [pid: 103116|app: 0|req: 62/240] 127.0.0.1 () {44 vars in 1051 bytes} [Mon Aug 17 17:29:24 2026] GET /v2/schemas/image => generated 6083 bytes in 3 msecs (HTTP/1.1 200) 4 headers in 158 bytes (1 switches on core 0)
Aug 17 17:29:24.439610 np0000007562 devstack@g-api.service[103113]: [pid: 103113|app: 0|req: 61/241] 127.0.0.1 () {44 vars in 1051 bytes} [Mon Aug 17 17:29:24 2026] GET /v2/schemas/image => generated 6083 bytes in 6 msecs (HTTP/1.1 200) 4 headers in 158 bytes (1 switches on core 0)
Aug 17 17:29:24.452194 np0000007562 devstack@g-api.service[103115]: DEBUG glance.api.middleware.version_negotiation [None req-5650b4c7-4737-4b22-b096-7a41c7b60fc6 tempest-ImageDependencyTests-1956068655 tempest-ImageDependencyTests-1956068655-project-member] Determining version of request: GET /v2/schemas/image Accept: */* {{(pid=103115) process_request /opt/stack/glance/glance/api/middleware/version_negotiation.py:44}}
Aug 17 17:29:24.452341 np0000007562 devstack@g-api.service[103115]: DEBUG glance.api.middleware.version_negotiation [None req-5650b4c7-4737-4b22-b096-7a41c7b60fc6 tempest-ImageDependencyTests-1956068655 tempest-ImageDependencyTests-1956068655-project-member] Using url versioning {{(pid=103115) process_request /opt/stack/glance/glance/api/middleware/version_negotiation.py:57}}
Aug 17 17:29:24.452506 np0000007562 devstack@g-api.service[103115]: DEBUG glance.api.middleware.version_negotiation [None req-5650b4c7-4737-4b22-b096-7a41c7b60fc6 tempest-ImageDependencyTests-1956068655 tempest-ImageDependencyTests-1956068655-project-member] Matched version: v2 {{(pid=103115) process_request /opt/stack/glance/glance/api/middleware/version_negotiation.py:69}}
Aug 17 17:29:24.453409 np0000007562 devstack@g-api.service[103115]: DEBUG glance.api.middleware.version_negotiation [None req-5650b4c7-4737-4b22-b096-7a41c7b60fc6 tempest-ImageDependencyTests-1956068655 tempest-ImageDependencyTests-1956068655-project-member] new path /v2/schemas/image {{(pid=103115) process_request /opt/stack/glance/glance/api/middleware/version_negotiation.py:70}}
Aug 17 17:29:24.454837 np0000007562 devstack@g-api.service[103115]: [pid: 103115|app: 0|req: 60/242] 127.0.0.1 () {44 vars in 1051 bytes} [Mon Aug 17 17:29:24 2026] GET /v2/schemas/image => generated 6083 bytes in 3 msecs (HTTP/1.1 200) 4 headers in 158 bytes (1 switches on core 0)
Aug 17 17:29:24.460980 np0000007562 devstack@g-api.service[103114]: DEBUG glance.api.middleware.version_negotiation [None req-7ffa2e54-fdeb-477e-94bc-94c2bbba3bca tempest-ServerActionsV293TestJSON-1494762871 tempest-ServerActionsV293TestJSON-1494762871-project-member] Determining version of request: GET /v2/images/fb29cd65-d31b-468b-a52f-bbc79d801dbd Accept: application/json {{(pid=103114) process_request /opt/stack/glance/glance/api/middleware/version_negotiation.py:44}}
Aug 17 17:29:24.461158 np0000007562 devstack@g-api.service[103114]: DEBUG glance.api.middleware.version_negotiation [None req-7ffa2e54-fdeb-477e-94bc-94c2bbba3bca tempest-ServerActionsV293TestJSON-1494762871 tempest-ServerActionsV293TestJSON-1494762871-project-member] Using url versioning {{(pid=103114) process_request /opt/stack/glance/glance/api/middleware/version_negotiation.py:57}}
Aug 17 17:29:24.461306 np0000007562 devstack@g-api.service[103114]: DEBUG glance.api.middleware.version_negotiation [None req-7ffa2e54-fdeb-477e-94bc-94c2bbba3bca tempest-ServerActionsV293TestJSON-1494762871 tempest-ServerActionsV293TestJSON-1494762871-project-member] Matched version: v2 {{(pid=103114) process_request /opt/stack/glance/glance/api/middleware/version_negotiation.py:69}}
Aug 17 17:29:24.461416 np0000007562 devstack@g-api.service[103114]: DEBUG glance.api.middleware.version_negotiation [None req-7ffa2e54-fdeb-477e-94bc-94c2bbba3bca tempest-ServerActionsV293TestJSON-1494762871 tempest-ServerActionsV293TestJSON-1494762871-project-member] new path /v2/images/fb29cd65-d31b-468b-a52f-bbc79d801dbd {{(pid=103114) process_request /opt/stack/glance/glance/api/middleware/version_negotiation.py:70}}
Aug 17 17:29:24.477029 np0000007562 devstack@g-api.service[103114]: [pid: 103114|app: 0|req: 60/243] 127.0.0.1 () {40 vars in 834 bytes} [Mon Aug 17 17:29:24 2026] GET /v2/images/fb29cd65-d31b-468b-a52f-bbc79d801dbd => generated 1761 bytes in 16 msecs (HTTP/1.1 200) 4 headers in 158 bytes (1 switches on core 0)
Aug 17 17:29:24.486383 np0000007562 devstack@g-api.service[103116]: DEBUG glance.api.middleware.version_negotiation [None req-7ffa2e54-fdeb-477e-94bc-94c2bbba3bca tempest-ServerActionsV293TestJSON-1494762871 tempest-ServerActionsV293TestJSON-1494762871-project-member] Determining version of request: GET /v2/images/fb29cd65-d31b-468b-a52f-bbc79d801dbd Accept: application/json {{(pid=103116) process_request /opt/stack/glance/glance/api/middleware/version_negotiation.py:44}}
Aug 17 17:29:24.486593 np0000007562 devstack@g-api.service[103116]: DEBUG glance.api.middleware.version_negotiation [None req-7ffa2e54-fdeb-477e-94bc-94c2bbba3bca tempest-ServerActionsV293TestJSON-1494762871 tempest-ServerActionsV293TestJSON-1494762871-project-member] Using url versioning {{(pid=103116) process_request /opt/stack/glance/glance/api/middleware/version_negotiation.py:57}}
Aug 17 17:29:24.487257 np0000007562 devstack@g-api.service[103116]: DEBUG glance.api.middleware.version_negotiation [None req-7ffa2e54-fdeb-477e-94bc-94c2bbba3bca tempest-ServerActionsV293TestJSON-1494762871 tempest-ServerActionsV293TestJSON-1494762871-project-member] Matched version: v2 {{(pid=103116) process_request /opt/stack/glance/glance/api/middleware/version_negotiation.py:69}}
Aug 17 17:29:24.487444 np0000007562 devstack@g-api.service[103116]: DEBUG glance.api.middleware.version_negotiation [None req-7ffa2e54-fdeb-477e-94bc-94c2bbba3bca tempest-ServerActionsV293TestJSON-1494762871 tempest-ServerActionsV293TestJSON-1494762871-project-member] new path /v2/images/fb29cd65-d31b-468b-a52f-bbc79d801dbd {{(pid=103116) process_request /opt/stack/glance/glance/api/middleware/version_negotiation.py:70}}
Aug 17 17:29:24.499711 np0000007562 devstack@g-api.service[103116]: [pid: 103116|app: 0|req: 63/244] 127.0.0.1 () {40 vars in 834 bytes} [Mon Aug 17 17:29:24 2026] GET /v2/images/fb29cd65-d31b-468b-a52f-bbc79d801dbd => generated 1761 bytes in 13 msecs (HTTP/1.1 200) 4 headers in 158 bytes (1 switches on core 0)
Aug 17 17:29:24.530272 np0000007562 devstack@g-api.service[103113]: DEBUG glance.api.middleware.version_negotiation [None req-5650b4c7-4737-4b22-b096-7a41c7b60fc6 tempest-ImageDependencyTests-1956068655 tempest-ImageDependencyTests-1956068655-project-member] Determining version of request: DELETE /v2/images/3bc7437f-e607-4bec-bda2-0784dec481b6 Accept: application/json {{(pid=103113) process_request /opt/stack/glance/glance/api/middleware/version_negotiation.py:44}}
Aug 17 17:29:24.530272 np0000007562 devstack@g-api.service[103113]: DEBUG glance.api.middleware.version_negotiation [None req-5650b4c7-4737-4b22-b096-7a41c7b60fc6 tempest-ImageDependencyTests-1956068655 tempest-ImageDependencyTests-1956068655-project-member] Using url versioning {{(pid=103113) process_request /opt/stack/glance/glance/api/middleware/version_negotiation.py:57}}
Aug 17 17:29:24.530272 np0000007562 devstack@g-api.service[103113]: DEBUG glance.api.middleware.version_negotiation [None req-5650b4c7-4737-4b22-b096-7a41c7b60fc6 tempest-ImageDependencyTests-1956068655 tempest-ImageDependencyTests-1956068655-project-member] Matched version: v2 {{(pid=103113) process_request /opt/stack/glance/glance/api/middleware/version_negotiation.py:69}}
Aug 17 17:29:24.530272 np0000007562 devstack@g-api.service[103113]: DEBUG glance.api.middleware.version_negotiation [None req-5650b4c7-4737-4b22-b096-7a41c7b60fc6 tempest-ImageDependencyTests-1956068655 tempest-ImageDependencyTests-1956068655-project-member] new path /v2/images/3bc7437f-e607-4bec-bda2-0784dec481b6 {{(pid=103113) process_request /opt/stack/glance/glance/api/middleware/version_negotiation.py:70}}
