Aug 17 17:22:03.364240 np0000007562 nova-scheduler[96673]: DEBUG cotyledon.oslo_config_glue [-] workarounds.handle_virt_lifecycle_events = True {{(pid=96673) log_opt_values /opt/stack/data/venv/lib/python3.12/site-packages/oslo_config/cfg.py:3560}}
Aug 17 17:22:03.364617 np0000007562 nova-scheduler[96673]: DEBUG cotyledon.oslo_config_glue [-] workarounds.libvirt_disable_apic = False {{(pid=96673) log_opt_values /opt/stack/data/venv/lib/python3.12/site-packages/oslo_config/cfg.py:3560}}
Aug 17 17:22:03.364617 np0000007562 nova-scheduler[96673]: DEBUG cotyledon.oslo_config_glue [-] workarounds.never_download_image_if_on_rbd = False {{(pid=96673) log_opt_values /opt/stack/data/venv/lib/python3.12/site-packages/oslo_config/cfg.py:3560}}
Aug 17 17:22:03.364617 np0000007562 nova-scheduler[96673]: DEBUG cotyledon.oslo_config_glue [-] workarounds.qemu_monitor_announce_self_count = 3 {{(pid=96673) log_opt_values /opt/stack/data/venv/lib/python3.12/site-packages/oslo_config/cfg.py:3560}}
Aug 17 17:22:03.364617 np0000007562 nova-scheduler[96673]: DEBUG cotyledon.oslo_config_glue [-] workarounds.qemu_monitor_announce_self_interval = 1 {{(pid=96673) log_opt_values /opt/stack/data/venv/lib/python3.12/site-packages/oslo_config/cfg.py:3560}}
Aug 17 17:22:03.364617 np0000007562 nova-scheduler[96673]: DEBUG cotyledon.oslo_config_glue [-] workarounds.reserve_disk_resource_for_image_cache = False {{(pid=96673) log_opt_values /opt/stack/data/venv/lib/python3.12/site-packages/oslo_config/cfg.py:3560}}
Aug 17 17:22:03.364617 np0000007562 nova-scheduler[96673]: DEBUG cotyledon.oslo_config_glue [-] workarounds.skip_cpu_compare_at_startup = False {{(pid=96673) log_opt_values /opt/stack/data/venv/lib/python3.12/site-packages/oslo_config/cfg.py:3560}}
Aug 17 17:22:03.364617 np0000007562 nova-scheduler[96673]: DEBUG cotyledon.oslo_config_glue [-] workarounds.skip_cpu_compare_on_dest = False {{(pid=96673) log_opt_values /opt/stack/data/venv/lib/python3.12/site-packages/oslo_config/cfg.py:3560}}
Aug 17 17:22:03.364617 np0000007562 nova-scheduler[96673]: DEBUG cotyledon.oslo_config_glue [-] workarounds.skip_hypervisor_version_check_on_lm = False {{(pid=96673) log_opt_values /opt/stack/data/venv/lib/python3.12/site-packages/oslo_config/cfg.py:3560}}
Aug 17 17:22:03.364617 np0000007562 nova-scheduler[96673]: DEBUG cotyledon.oslo_config_glue [-] workarounds.skip_reserve_in_use_ironic_nodes = False {{(pid=96673) log_opt_values /opt/stack/data/venv/lib/python3.12/site-packages/oslo_config/cfg.py:3560}}
Aug 17 17:22:03.364925 np0000007562 nova-scheduler[96673]: DEBUG cotyledon.oslo_config_glue [-] workarounds.unified_limits_count_pcpu_as_vcpu = False {{(pid=96673) log_opt_values /opt/stack/data/venv/lib/python3.12/site-packages/oslo_config/cfg.py:3560}}
Aug 17 17:22:03.364925 np0000007562 nova-scheduler[96673]: DEBUG cotyledon.oslo_config_glue [-] workarounds.wait_for_vif_plugged_event_during_hard_reboot = [] {{(pid=96673) log_opt_values /opt/stack/data/venv/lib/python3.12/site-packages/oslo_config/cfg.py:3560}}
Aug 17 17:22:03.364925 np0000007562 nova-scheduler[96673]: DEBUG cotyledon.oslo_config_glue [-] wsgi.api_paste_config = /etc/nova/api-paste.ini {{(pid=96673) log_opt_values /opt/stack/data/venv/lib/python3.12/site-packages/oslo_config/cfg.py:3560}}
Aug 17 17:22:03.364925 np0000007562 nova-scheduler[96673]: DEBUG cotyledon.oslo_config_glue [-] wsgi.secure_proxy_ssl_header = None {{(pid=96673) log_opt_values /opt/stack/data/venv/lib/python3.12/site-packages/oslo_config/cfg.py:3560}}
Aug 17 17:22:03.364925 np0000007562 nova-scheduler[96673]: DEBUG cotyledon.oslo_config_glue [-] zvm.ca_file = None {{(pid=96673) log_opt_values /opt/stack/data/venv/lib/python3.12/site-packages/oslo_config/cfg.py:3560}}
Aug 17 17:22:03.364925 np0000007562 nova-scheduler[96673]: DEBUG cotyledon.oslo_config_glue [-] zvm.cloud_connector_url = None {{(pid=96673) log_opt_values /opt/stack/data/venv/lib/python3.12/site-packages/oslo_config/cfg.py:3560}}
Aug 17 17:22:03.364925 np0000007562 nova-scheduler[96673]: DEBUG cotyledon.oslo_config_glue [-] zvm.image_tmp_path = /opt/stack/data/nova/images {{(pid=96673) log_opt_values /opt/stack/data/venv/lib/python3.12/site-packages/oslo_config/cfg.py:3560}}
Aug 17 17:22:03.364925 np0000007562 nova-scheduler[96673]: DEBUG cotyledon.oslo_config_glue [-] zvm.reachable_timeout = 300 {{(pid=96673) log_opt_values /opt/stack/data/venv/lib/python3.12/site-packages/oslo_config/cfg.py:3560}}
Aug 17 17:22:03.364925 np0000007562 nova-scheduler[96673]: DEBUG cotyledon.oslo_config_glue [-] oslo_versionedobjects.fatal_exception_format_errors = False {{(pid=96673) log_opt_values /opt/stack/data/venv/lib/python3.12/site-packages/oslo_config/cfg.py:3560}}
Aug 17 17:22:03.365636 np0000007562 nova-scheduler[96673]: DEBUG cotyledon.oslo_config_glue [-] oslo_middleware.http_basic_auth_user_file = /etc/htpasswd {{(pid=96673) log_opt_values /opt/stack/data/venv/lib/python3.12/site-packages/oslo_config/cfg.py:3560}}
Aug 17 17:22:03.365636 np0000007562 nova-scheduler[96673]: DEBUG cotyledon.oslo_config_glue [-] oslo_messaging_metrics.metrics_buffer_size = 1000 {{(pid=96673) log_opt_values /opt/stack/data/venv/lib/python3.12/site-packages/oslo_config/cfg.py:3560}}
Aug 17 17:22:03.365636 np0000007562 nova-scheduler[96673]: DEBUG cotyledon.oslo_config_glue [-] oslo_messaging_metrics.metrics_enabled = False {{(pid=96673) log_opt_values /opt/stack/data/venv/lib/python3.12/site-packages/oslo_config/cfg.py:3560}}
Aug 17 17:22:03.365636 np0000007562 nova-scheduler[96673]: DEBUG cotyledon.oslo_config_glue [-] oslo_messaging_metrics.metrics_process_name = {{(pid=96673) log_opt_values /opt/stack/data/venv/lib/python3.12/site-packages/oslo_config/cfg.py:3560}}
Aug 17 17:22:03.365636 np0000007562 nova-scheduler[96673]: DEBUG cotyledon.oslo_config_glue [-] oslo_messaging_metrics.metrics_socket_file = /var/tmp/metrics_collector.sock {{(pid=96673) log_opt_values /opt/stack/data/venv/lib/python3.12/site-packages/oslo_config/cfg.py:3560}}
Aug 17 17:22:03.365636 np0000007562 nova-scheduler[96673]: DEBUG cotyledon.oslo_config_glue [-] oslo_messaging_metrics.metrics_thread_stop_timeout = 10 {{(pid=96673) log_opt_values /opt/stack/data/venv/lib/python3.12/site-packages/oslo_config/cfg.py:3560}}
Aug 17 17:22:03.365636 np0000007562 nova-scheduler[96673]: DEBUG cotyledon.oslo_config_glue [-] profiler.connection_string = messaging:// {{(pid=96673) log_opt_values /opt/stack/data/venv/lib/python3.12/site-packages/oslo_config/cfg.py:3560}}
Aug 17 17:22:03.365636 np0000007562 nova-scheduler[96673]: DEBUG cotyledon.oslo_config_glue [-] profiler.enabled = False {{(pid=96673) log_opt_values /opt/stack/data/venv/lib/python3.12/site-packages/oslo_config/cfg.py:3560}}
Aug 17 17:22:03.365636 np0000007562 nova-scheduler[96673]: DEBUG cotyledon.oslo_config_glue [-] profiler.es_doc_type = notification {{(pid=96673) log_opt_values /opt/stack/data/venv/lib/python3.12/site-packages/oslo_config/cfg.py:3560}}
Aug 17 17:22:03.365872 np0000007562 nova-scheduler[96673]: DEBUG cotyledon.oslo_config_glue [-] profiler.es_scroll_size = 10000 {{(pid=96673) log_opt_values /opt/stack/data/venv/lib/python3.12/site-packages/oslo_config/cfg.py:3560}}
Aug 17 17:22:03.365872 np0000007562 nova-scheduler[96673]: DEBUG cotyledon.oslo_config_glue [-] profiler.es_scroll_time = 2m {{(pid=96673) log_opt_values /opt/stack/data/venv/lib/python3.12/site-packages/oslo_config/cfg.py:3560}}
Aug 17 17:22:03.365872 np0000007562 nova-scheduler[96673]: DEBUG cotyledon.oslo_config_glue [-] profiler.filter_error_trace = False {{(pid=96673) log_opt_values /opt/stack/data/venv/lib/python3.12/site-packages/oslo_config/cfg.py:3560}}
Aug 17 17:22:03.365872 np0000007562 nova-scheduler[96673]: DEBUG cotyledon.oslo_config_glue [-] profiler.hmac_keys = **** {{(pid=96673) log_opt_values /opt/stack/data/venv/lib/python3.12/site-packages/oslo_config/cfg.py:3560}}
Aug 17 17:22:03.365872 np0000007562 nova-scheduler[96673]: DEBUG cotyledon.oslo_config_glue [-] profiler.sentinel_service_name = mymaster {{(pid=96673) log_opt_values /opt/stack/data/venv/lib/python3.12/site-packages/oslo_config/cfg.py:3560}}
Aug 17 17:22:03.365872 np0000007562 nova-scheduler[96673]: DEBUG cotyledon.oslo_config_glue [-] profiler.socket_timeout = 0.1 {{(pid=96673) log_opt_values /opt/stack/data/venv/lib/python3.12/site-packages/oslo_config/cfg.py:3560}}
Aug 17 17:22:03.365872 np0000007562 nova-scheduler[96673]: DEBUG cotyledon.oslo_config_glue [-] profiler.trace_requests = False {{(pid=96673) log_opt_values /opt/stack/data/venv/lib/python3.12/site-packages/oslo_config/cfg.py:3560}}
Aug 17 17:22:03.365872 np0000007562 nova-scheduler[96673]: DEBUG cotyledon.oslo_config_glue [-] profiler.trace_sqlalchemy = False {{(pid=96673) log_opt_values /opt/stack/data/venv/lib/python3.12/site-packages/oslo_config/cfg.py:3560}}
Aug 17 17:22:03.365872 np0000007562 nova-scheduler[96673]: DEBUG cotyledon.oslo_config_glue [-] profiler_jaeger.process_tags = {} {{(pid=96673) log_opt_values /opt/stack/data/venv/lib/python3.12/site-packages/oslo_config/cfg.py:3560}}
Aug 17 17:22:03.366148 np0000007562 nova-scheduler[96673]: DEBUG cotyledon.oslo_config_glue [-] profiler_jaeger.service_name_prefix = None {{(pid=96673) log_opt_values /opt/stack/data/venv/lib/python3.12/site-packages/oslo_config/cfg.py:3560}}
Aug 17 17:22:03.366148 np0000007562 nova-scheduler[96673]: DEBUG cotyledon.oslo_config_glue [-] profiler_otlp.service_name_prefix = None {{(pid=96673) log_opt_values /opt/stack/data/venv/lib/python3.12/site-packages/oslo_config/cfg.py:3560}}
Aug 17 17:22:03.366148 np0000007562 nova-scheduler[96673]: DEBUG cotyledon.oslo_config_glue [-] oslo_messaging_rabbit.amqp_auto_delete = False {{(pid=96673) log_opt_values /opt/stack/data/venv/lib/python3.12/site-packages/oslo_config/cfg.py:3560}}
Aug 17 17:22:03.366148 np0000007562 nova-scheduler[96673]: DEBUG cotyledon.oslo_config_glue [-] oslo_messaging_rabbit.amqp_durable_queues = False {{(pid=96673) log_opt_values /opt/stack/data/venv/lib/python3.12/site-packages/oslo_config/cfg.py:3560}}
Aug 17 17:22:03.366148 np0000007562 nova-scheduler[96673]: DEBUG cotyledon.oslo_config_glue [-] oslo_messaging_rabbit.conn_pool_min_size = 2 {{(pid=96673) log_opt_values /opt/stack/data/venv/lib/python3.12/site-packages/oslo_config/cfg.py:3560}}
Aug 17 17:22:03.366148 np0000007562 nova-scheduler[96673]: DEBUG cotyledon.oslo_config_glue [-] oslo_messaging_rabbit.conn_pool_ttl = 1200 {{(pid=96673) log_opt_values /opt/stack/data/venv/lib/python3.12/site-packages/oslo_config/cfg.py:3560}}
Aug 17 17:22:03.366148 np0000007562 nova-scheduler[96673]: DEBUG cotyledon.oslo_config_glue [-] oslo_messaging_rabbit.direct_mandatory_flag = True {{(pid=96673) log_opt_values /opt/stack/data/venv/lib/python3.12/site-packages/oslo_config/cfg.py:3560}}
Aug 17 17:22:03.366148 np0000007562 nova-scheduler[96673]: DEBUG cotyledon.oslo_config_glue [-] oslo_messaging_rabbit.enable_cancel_on_failover = False {{(pid=96673) log_opt_values /opt/stack/data/venv/lib/python3.12/site-packages/oslo_config/cfg.py:3560}}
Aug 17 17:22:03.366148 np0000007562 nova-scheduler[96673]: DEBUG cotyledon.oslo_config_glue [-] oslo_messaging_rabbit.heartbeat_rate = 3 {{(pid=96673) log_opt_values /opt/stack/data/venv/lib/python3.12/site-packages/oslo_config/cfg.py:3560}}
Aug 17 17:22:03.366358 np0000007562 nova-scheduler[96673]: DEBUG cotyledon.oslo_config_glue [-] oslo_messaging_rabbit.heartbeat_timeout_threshold = 60 {{(pid=96673) log_opt_values /opt/stack/data/venv/lib/python3.12/site-packages/oslo_config/cfg.py:3560}}
Aug 17 17:22:03.366358 np0000007562 nova-scheduler[96673]: DEBUG cotyledon.oslo_config_glue [-] oslo_messaging_rabbit.hostname = np0000007562 {{(pid=96673) log_opt_values /opt/stack/data/venv/lib/python3.12/site-packages/oslo_config/cfg.py:3560}}
Aug 17 17:22:03.366358 np0000007562 nova-scheduler[96673]: DEBUG cotyledon.oslo_config_glue [-] oslo_messaging_rabbit.kombu_compression = None {{(pid=96673) log_opt_values /opt/stack/data/venv/lib/python3.12/site-packages/oslo_config/cfg.py:3560}}
Aug 17 17:22:03.366358 np0000007562 nova-scheduler[96673]: DEBUG cotyledon.oslo_config_glue [-] oslo_messaging_rabbit.kombu_failover_strategy = round-robin {{(pid=96673) log_opt_values /opt/stack/data/venv/lib/python3.12/site-packages/oslo_config/cfg.py:3560}}
Aug 17 17:22:03.366358 np0000007562 nova-scheduler[96673]: DEBUG cotyledon.oslo_config_glue [-] oslo_messaging_rabbit.kombu_missing_consumer_retry_timeout = 60 {{(pid=96673) log_opt_values /opt/stack/data/venv/lib/python3.12/site-packages/oslo_config/cfg.py:3560}}
Aug 17 17:22:03.366358 np0000007562 nova-scheduler[96673]: DEBUG cotyledon.oslo_config_glue [-] oslo_messaging_rabbit.kombu_reconnect_delay = 1.0 {{(pid=96673) log_opt_values /opt/stack/data/venv/lib/python3.12/site-packages/oslo_config/cfg.py:3560}}
Aug 17 17:22:03.366358 np0000007562 nova-scheduler[96673]: DEBUG cotyledon.oslo_config_glue [-] oslo_messaging_rabbit.kombu_reconnect_splay = 0.0 {{(pid=96673) log_opt_values /opt/stack/data/venv/lib/python3.12/site-packages/oslo_config/cfg.py:3560}}
Aug 17 17:22:03.366358 np0000007562 nova-scheduler[96673]: DEBUG cotyledon.oslo_config_glue [-] oslo_messaging_rabbit.processname = nova-scheduler {{(pid=96673) log_opt_values /opt/stack/data/venv/lib/python3.12/site-packages/oslo_config/cfg.py:3560}}
Aug 17 17:22:03.366358 np0000007562 nova-scheduler[96673]: DEBUG cotyledon.oslo_config_glue [-] oslo_messaging_rabbit.rabbit_ha_queues = False {{(pid=96673) log_opt_values /opt/stack/data/venv/lib/python3.12/site-packages/oslo_config/cfg.py:3560}}
Aug 17 17:22:03.366585 np0000007562 nova-scheduler[96673]: DEBUG cotyledon.oslo_config_glue [-] oslo_messaging_rabbit.rabbit_interval_max = 30 {{(pid=96673) log_opt_values /opt/stack/data/venv/lib/python3.12/site-packages/oslo_config/cfg.py:3560}}
Aug 17 17:22:03.366585 np0000007562 nova-scheduler[96673]: DEBUG cotyledon.oslo_config_glue [-] oslo_messaging_rabbit.rabbit_login_method = AMQPLAIN {{(pid=96673) log_opt_values /opt/stack/data/venv/lib/python3.12/site-packages/oslo_config/cfg.py:3560}}
Aug 17 17:22:03.366585 np0000007562 nova-scheduler[96673]: DEBUG cotyledon.oslo_config_glue [-] oslo_messaging_rabbit.rabbit_qos_prefetch_count = 0 {{(pid=96673) log_opt_values /opt/stack/data/venv/lib/python3.12/site-packages/oslo_config/cfg.py:3560}}
Aug 17 17:22:03.366585 np0000007562 nova-scheduler[96673]: DEBUG cotyledon.oslo_config_glue [-] oslo_messaging_rabbit.rabbit_quorum_delivery_limit = 0 {{(pid=96673) log_opt_values /opt/stack/data/venv/lib/python3.12/site-packages/oslo_config/cfg.py:3560}}
Aug 17 17:22:03.366585 np0000007562 nova-scheduler[96673]: DEBUG cotyledon.oslo_config_glue [-] oslo_messaging_rabbit.rabbit_quorum_max_memory_bytes = 0 {{(pid=96673) log_opt_values /opt/stack/data/venv/lib/python3.12/site-packages/oslo_config/cfg.py:3560}}
Aug 17 17:22:03.366585 np0000007562 nova-scheduler[96673]: DEBUG cotyledon.oslo_config_glue [-] oslo_messaging_rabbit.rabbit_quorum_max_memory_length = 0 {{(pid=96673) log_opt_values /opt/stack/data/venv/lib/python3.12/site-packages/oslo_config/cfg.py:3560}}
Aug 17 17:22:03.366585 np0000007562 nova-scheduler[96673]: DEBUG cotyledon.oslo_config_glue [-] oslo_messaging_rabbit.rabbit_quorum_queue = False {{(pid=96673) log_opt_values /opt/stack/data/venv/lib/python3.12/site-packages/oslo_config/cfg.py:3560}}
Aug 17 17:22:03.366585 np0000007562 nova-scheduler[96673]: DEBUG cotyledon.oslo_config_glue [-] oslo_messaging_rabbit.rabbit_retry_backoff = 2 {{(pid=96673) log_opt_values /opt/stack/data/venv/lib/python3.12/site-packages/oslo_config/cfg.py:3560}}
Aug 17 17:22:03.366585 np0000007562 nova-scheduler[96673]: DEBUG cotyledon.oslo_config_glue [-] oslo_messaging_rabbit.rabbit_retry_interval = 1 {{(pid=96673) log_opt_values /opt/stack/data/venv/lib/python3.12/site-packages/oslo_config/cfg.py:3560}}
Aug 17 17:22:03.366775 np0000007562 nova-scheduler[96673]: DEBUG cotyledon.oslo_config_glue [-] oslo_messaging_rabbit.rabbit_stream_fanout = False {{(pid=96673) log_opt_values /opt/stack/data/venv/lib/python3.12/site-packages/oslo_config/cfg.py:3560}}
Aug 17 17:22:03.366775 np0000007562 nova-scheduler[96673]: DEBUG cotyledon.oslo_config_glue [-] oslo_messaging_rabbit.rabbit_transient_queues_ttl = 1800 {{(pid=96673) log_opt_values /opt/stack/data/venv/lib/python3.12/site-packages/oslo_config/cfg.py:3560}}
Aug 17 17:22:03.366775 np0000007562 nova-scheduler[96673]: DEBUG cotyledon.oslo_config_glue [-] oslo_messaging_rabbit.rabbit_transient_quorum_queue = False {{(pid=96673) log_opt_values /opt/stack/data/venv/lib/python3.12/site-packages/oslo_config/cfg.py:3560}}
Aug 17 17:22:03.366775 np0000007562 nova-scheduler[96673]: DEBUG cotyledon.oslo_config_glue [-] oslo_messaging_rabbit.rpc_conn_pool_size = 30 {{(pid=96673) log_opt_values /opt/stack/data/venv/lib/python3.12/site-packages/oslo_config/cfg.py:3560}}
Aug 17 17:22:03.366775 np0000007562 nova-scheduler[96673]: DEBUG cotyledon.oslo_config_glue [-] oslo_messaging_rabbit.ssl = False {{(pid=96673) log_opt_values /opt/stack/data/venv/lib/python3.12/site-packages/oslo_config/cfg.py:3560}}
Aug 17 17:22:03.366775 np0000007562 nova-scheduler[96673]: DEBUG cotyledon.oslo_config_glue [-] oslo_messaging_rabbit.ssl_ca_file = {{(pid=96673) log_opt_values /opt/stack/data/venv/lib/python3.12/site-packages/oslo_config/cfg.py:3560}}
Aug 17 17:22:03.366775 np0000007562 nova-scheduler[96673]: DEBUG cotyledon.oslo_config_glue [-] oslo_messaging_rabbit.ssl_cert_file = {{(pid=96673) log_opt_values /opt/stack/data/venv/lib/python3.12/site-packages/oslo_config/cfg.py:3560}}
Aug 17 17:22:03.366775 np0000007562 nova-scheduler[96673]: DEBUG cotyledon.oslo_config_glue [-] oslo_messaging_rabbit.ssl_enforce_fips_mode = False {{(pid=96673) log_opt_values /opt/stack/data/venv/lib/python3.12/site-packages/oslo_config/cfg.py:3560}}
Aug 17 17:22:03.366775 np0000007562 nova-scheduler[96673]: DEBUG cotyledon.oslo_config_glue [-] oslo_messaging_rabbit.ssl_enforce_hostname_verification = True {{(pid=96673) log_opt_values /opt/stack/data/venv/lib/python3.12/site-packages/oslo_config/cfg.py:3560}}
Aug 17 17:22:03.366950 np0000007562 nova-scheduler[96673]: DEBUG cotyledon.oslo_config_glue [-] oslo_messaging_rabbit.ssl_key_file = {{(pid=96673) log_opt_values /opt/stack/data/venv/lib/python3.12/site-packages/oslo_config/cfg.py:3560}}
Aug 17 17:22:03.366950 np0000007562 nova-scheduler[96673]: DEBUG cotyledon.oslo_config_glue [-] oslo_messaging_rabbit.ssl_version = {{(pid=96673) log_opt_values /opt/stack/data/venv/lib/python3.12/site-packages/oslo_config/cfg.py:3560}}
Aug 17 17:22:03.366950 np0000007562 nova-scheduler[96673]: DEBUG cotyledon.oslo_config_glue [-] oslo_messaging_rabbit.use_queue_manager = False {{(pid=96673) log_opt_values /opt/stack/data/venv/lib/python3.12/site-packages/oslo_config/cfg.py:3560}}
Aug 17 17:22:03.366950 np0000007562 nova-scheduler[96673]: DEBUG cotyledon.oslo_config_glue [-] oslo_messaging_notifications.driver = ['messagingv2'] {{(pid=96673) log_opt_values /opt/stack/data/venv/lib/python3.12/site-packages/oslo_config/cfg.py:3560}}
Aug 17 17:22:03.366950 np0000007562 nova-scheduler[96673]: DEBUG cotyledon.oslo_config_glue [-] oslo_messaging_notifications.retry = -1 {{(pid=96673) log_opt_values /opt/stack/data/venv/lib/python3.12/site-packages/oslo_config/cfg.py:3560}}
Aug 17 17:22:03.366950 np0000007562 nova-scheduler[96673]: DEBUG cotyledon.oslo_config_glue [-] oslo_messaging_notifications.topics = ['notifications'] {{(pid=96673) log_opt_values /opt/stack/data/venv/lib/python3.12/site-packages/oslo_config/cfg.py:3560}}
Aug 17 17:22:03.366950 np0000007562 nova-scheduler[96673]: DEBUG cotyledon.oslo_config_glue [-] oslo_messaging_notifications.transport_url = **** {{(pid=96673) log_opt_values /opt/stack/data/venv/lib/python3.12/site-packages/oslo_config/cfg.py:3560}}
Aug 17 17:22:03.366950 np0000007562 nova-scheduler[96673]: DEBUG cotyledon.oslo_config_glue [-] oslo_limit.auth_section = None {{(pid=96673) log_opt_values /opt/stack/data/venv/lib/python3.12/site-packages/oslo_config/cfg.py:3560}}
Aug 17 17:22:03.366950 np0000007562 nova-scheduler[96673]: DEBUG cotyledon.oslo_config_glue [-] oslo_limit.auth_type = None {{(pid=96673) log_opt_values /opt/stack/data/venv/lib/python3.12/site-packages/oslo_config/cfg.py:3560}}
Aug 17 17:22:03.367138 np0000007562 nova-scheduler[96673]: DEBUG cotyledon.oslo_config_glue [-] oslo_limit.cafile = None {{(pid=96673) log_opt_values /opt/stack/data/venv/lib/python3.12/site-packages/oslo_config/cfg.py:3560}}
Aug 17 17:22:03.367138 np0000007562 nova-scheduler[96673]: DEBUG cotyledon.oslo_config_glue [-] oslo_limit.certfile = None {{(pid=96673) log_opt_values /opt/stack/data/venv/lib/python3.12/site-packages/oslo_config/cfg.py:3560}}
Aug 17 17:22:03.367138 np0000007562 nova-scheduler[96673]: DEBUG cotyledon.oslo_config_glue [-] oslo_limit.collect_timing = False {{(pid=96673) log_opt_values /opt/stack/data/venv/lib/python3.12/site-packages/oslo_config/cfg.py:3560}}
Aug 17 17:22:03.367138 np0000007562 nova-scheduler[96673]: DEBUG cotyledon.oslo_config_glue [-] oslo_limit.connect_retries = None {{(pid=96673) log_opt_values /opt/stack/data/venv/lib/python3.12/site-packages/oslo_config/cfg.py:3560}}
Aug 17 17:22:03.367138 np0000007562 nova-scheduler[96673]: DEBUG cotyledon.oslo_config_glue [-] oslo_limit.connect_retry_delay = None {{(pid=96673) log_opt_values /opt/stack/data/venv/lib/python3.12/site-packages/oslo_config/cfg.py:3560}}
Aug 17 17:22:03.367138 np0000007562 nova-scheduler[96673]: DEBUG cotyledon.oslo_config_glue [-] oslo_limit.endpoint_id = None {{(pid=96673) log_opt_values /opt/stack/data/venv/lib/python3.12/site-packages/oslo_config/cfg.py:3560}}
Aug 17 17:22:03.367138 np0000007562 nova-scheduler[96673]: DEBUG cotyledon.oslo_config_glue [-] oslo_limit.endpoint_interface = public {{(pid=96673) log_opt_values /opt/stack/data/venv/lib/python3.12/site-packages/oslo_config/cfg.py:3560}}
Aug 17 17:22:03.367138 np0000007562 nova-scheduler[96673]: DEBUG cotyledon.oslo_config_glue [-] oslo_limit.endpoint_override = None {{(pid=96673) log_opt_values /opt/stack/data/venv/lib/python3.12/site-packages/oslo_config/cfg.py:3560}}
Aug 17 17:22:03.367138 np0000007562 nova-scheduler[96673]: DEBUG cotyledon.oslo_config_glue [-] oslo_limit.endpoint_region_name = None {{(pid=96673) log_opt_values /opt/stack/data/venv/lib/python3.12/site-packages/oslo_config/cfg.py:3560}}
Aug 17 17:22:03.367328 np0000007562 nova-scheduler[96673]: DEBUG cotyledon.oslo_config_glue [-] oslo_limit.endpoint_service_name = None {{(pid=96673) log_opt_values /opt/stack/data/venv/lib/python3.12/site-packages/oslo_config/cfg.py:3560}}
Aug 17 17:22:03.367328 np0000007562 nova-scheduler[96673]: DEBUG cotyledon.oslo_config_glue [-] oslo_limit.endpoint_service_type = None {{(pid=96673) log_opt_values /opt/stack/data/venv/lib/python3.12/site-packages/oslo_config/cfg.py:3560}}
Aug 17 17:22:03.367328 np0000007562 nova-scheduler[96673]: DEBUG cotyledon.oslo_config_glue [-] oslo_limit.insecure = False {{(pid=96673) log_opt_values /opt/stack/data/venv/lib/python3.12/site-packages/oslo_config/cfg.py:3560}}
Aug 17 17:22:03.367328 np0000007562 nova-scheduler[96673]: DEBUG cotyledon.oslo_config_glue [-] oslo_limit.keyfile = None {{(pid=96673) log_opt_values /opt/stack/data/venv/lib/python3.12/site-packages/oslo_config/cfg.py:3560}}
Aug 17 17:22:03.367328 np0000007562 nova-scheduler[96673]: DEBUG cotyledon.oslo_config_glue [-] oslo_limit.max_version = None {{(pid=96673) log_opt_values /opt/stack/data/venv/lib/python3.12/site-packages/oslo_config/cfg.py:3560}}
Aug 17 17:22:03.367328 np0000007562 nova-scheduler[96673]: DEBUG cotyledon.oslo_config_glue [-] oslo_limit.min_version = None {{(pid=96673) log_opt_values /opt/stack/data/venv/lib/python3.12/site-packages/oslo_config/cfg.py:3560}}
Aug 17 17:22:03.367328 np0000007562 nova-scheduler[96673]: DEBUG cotyledon.oslo_config_glue [-] oslo_limit.region_name = None {{(pid=96673) log_opt_values /opt/stack/data/venv/lib/python3.12/site-packages/oslo_config/cfg.py:3560}}
Aug 17 17:22:03.367328 np0000007562 nova-scheduler[96673]: DEBUG cotyledon.oslo_config_glue [-] oslo_limit.retriable_status_codes = None {{(pid=96673) log_opt_values /opt/stack/data/venv/lib/python3.12/site-packages/oslo_config/cfg.py:3560}}
Aug 17 17:22:03.367328 np0000007562 nova-scheduler[96673]: DEBUG cotyledon.oslo_config_glue [-] oslo_limit.service_name = None {{(pid=96673) log_opt_values /opt/stack/data/venv/lib/python3.12/site-packages/oslo_config/cfg.py:3560}}
Aug 17 17:22:03.367513 np0000007562 nova-scheduler[96673]: DEBUG cotyledon.oslo_config_glue [-] oslo_limit.service_type = None {{(pid=96673) log_opt_values /opt/stack/data/venv/lib/python3.12/site-packages/oslo_config/cfg.py:3560}}
Aug 17 17:22:03.367513 np0000007562 nova-scheduler[96673]: DEBUG cotyledon.oslo_config_glue [-] oslo_limit.split_loggers = False {{(pid=96673) log_opt_values /opt/stack/data/venv/lib/python3.12/site-packages/oslo_config/cfg.py:3560}}
Aug 17 17:22:03.367513 np0000007562 nova-scheduler[96673]: DEBUG cotyledon.oslo_config_glue [-] oslo_limit.status_code_retries = None {{(pid=96673) log_opt_values /opt/stack/data/venv/lib/python3.12/site-packages/oslo_config/cfg.py:3560}}
Aug 17 17:22:03.367513 np0000007562 nova-scheduler[96673]: DEBUG cotyledon.oslo_config_glue [-] oslo_limit.status_code_retry_delay = None {{(pid=96673) log_opt_values /opt/stack/data/venv/lib/python3.12/site-packages/oslo_config/cfg.py:3560}}
Aug 17 17:22:03.367513 np0000007562 nova-scheduler[96673]: DEBUG cotyledon.oslo_config_glue [-] oslo_limit.timeout = None {{(pid=96673) log_opt_values /opt/stack/data/venv/lib/python3.12/site-packages/oslo_config/cfg.py:3560}}
Aug 17 17:22:03.367513 np0000007562 nova-scheduler[96673]: DEBUG cotyledon.oslo_config_glue [-] oslo_limit.valid_interfaces = None {{(pid=96673) log_opt_values /opt/stack/data/venv/lib/python3.12/site-packages/oslo_config/cfg.py:3560}}
Aug 17 17:22:03.367513 np0000007562 nova-scheduler[96673]: DEBUG cotyledon.oslo_config_glue [-] oslo_limit.version = None {{(pid=96673) log_opt_values /opt/stack/data/venv/lib/python3.12/site-packages/oslo_config/cfg.py:3560}}
Aug 17 17:22:03.367513 np0000007562 nova-scheduler[96673]: DEBUG cotyledon.oslo_config_glue [-] oslo_reports.file_event_handler = None {{(pid=96673) log_opt_values /opt/stack/data/venv/lib/python3.12/site-packages/oslo_config/cfg.py:3560}}
Aug 17 17:22:03.367513 np0000007562 nova-scheduler[96673]: DEBUG cotyledon.oslo_config_glue [-] oslo_reports.file_event_handler_interval = 1 {{(pid=96673) log_opt_values /opt/stack/data/venv/lib/python3.12/site-packages/oslo_config/cfg.py:3560}}
Aug 17 17:22:03.367751 np0000007562 nova-scheduler[96673]: DEBUG cotyledon.oslo_config_glue [-] oslo_reports.log_dir = None {{(pid=96673) log_opt_values /opt/stack/data/venv/lib/python3.12/site-packages/oslo_config/cfg.py:3560}}
Aug 17 17:22:03.367751 np0000007562 nova-scheduler[96673]: DEBUG cotyledon.oslo_config_glue [-] ******************************************************************************** {{(pid=96673) log_opt_values /opt/stack/data/venv/lib/python3.12/site-packages/oslo_config/cfg.py:3567}}
Aug 17 17:22:03.367751 np0000007562 nova-scheduler[96673]: DEBUG cotyledon._service_worker [-] Run service ServiceWrapper(3) [96673] {{(pid=96673) wait_forever /opt/stack/data/venv/lib/python3.12/site-packages/cotyledon/_service_worker.py:218}}
Aug 17 17:22:03.367751 np0000007562 nova-scheduler[96673]: INFO nova.service [-] Starting scheduler node (version 33.1.0)
Aug 17 17:22:03.367852 np0000007562 nova-scheduler[96667]: DEBUG oslo_db.sqlalchemy.engines [None req-576f4090-054d-4c51-9f6c-d4fdd8067ac9 None None] MySQL server mode set to STRICT_TRANS_TABLES,STRICT_ALL_TABLES,NO_ZERO_IN_DATE,NO_ZERO_DATE,ERROR_FOR_DIVISION_BY_ZERO,TRADITIONAL,NO_ENGINE_SUBSTITUTION {{(pid=96667) _check_effective_sql_mode /opt/stack/data/venv/lib/python3.12/site-packages/oslo_db/sqlalchemy/engines.py:325}}
Aug 17 17:22:03.367883 np0000007562 nova-scheduler[96673]: INFO dbcounter [None req-35f7c7c6-64d8-4bcb-8c74-f2289aa26288 None None] Registered counter for database nova_cell0
Aug 17 17:22:03.367906 np0000007562 nova-scheduler[96667]: DEBUG dbcounter [-] [96667] Writer thread running {{(pid=96667) stat_writer /opt/stack/data/venv/lib/python3.12/site-packages/dbcounter.py:102}}
Aug 17 17:22:03.367937 np0000007562 nova-scheduler[96669]: DEBUG oslo_db.sqlalchemy.engines [None req-4ed8bfc1-01e4-41e9-8aa2-d0b850bd44c9 None None] MySQL server mode set to STRICT_TRANS_TABLES,STRICT_ALL_TABLES,NO_ZERO_IN_DATE,NO_ZERO_DATE,ERROR_FOR_DIVISION_BY_ZERO,TRADITIONAL,NO_ENGINE_SUBSTITUTION {{(pid=96669) _check_effective_sql_mode /opt/stack/data/venv/lib/python3.12/site-packages/oslo_db/sqlalchemy/engines.py:325}}
Aug 17 17:22:03.367937 np0000007562 nova-scheduler[96669]: DEBUG dbcounter [-] [96669] Writer thread running {{(pid=96669) stat_writer /opt/stack/data/venv/lib/python3.12/site-packages/dbcounter.py:102}}
Aug 17 17:22:03.367983 np0000007562 nova-scheduler[96671]: DEBUG oslo_db.sqlalchemy.engines [None req-8a34e75d-8d18-46d4-a56b-13dcfd94a1d6 None None] MySQL server mode set to STRICT_TRANS_TABLES,STRICT_ALL_TABLES,NO_ZERO_IN_DATE,NO_ZERO_DATE,ERROR_FOR_DIVISION_BY_ZERO,TRADITIONAL,NO_ENGINE_SUBSTITUTION {{(pid=96671) _check_effective_sql_mode /opt/stack/data/venv/lib/python3.12/site-packages/oslo_db/sqlalchemy/engines.py:325}}
Aug 17 17:22:03.368010 np0000007562 nova-scheduler[96667]: DEBUG nova.service [None req-576f4090-054d-4c51-9f6c-d4fdd8067ac9 None None] Creating RPC server for service: nova-scheduler on topic: scheduler {{(pid=96667) start /opt/stack/nova/nova/service.py:262}}
Aug 17 17:22:03.374334 np0000007562 nova-scheduler[96671]: DEBUG dbcounter [-] [96671] Writer thread running {{(pid=96671) stat_writer /opt/stack/data/venv/lib/python3.12/site-packages/dbcounter.py:102}}
Aug 17 17:22:03.379756 np0000007562 nova-scheduler[96673]: DEBUG oslo_db.sqlalchemy.engines [None req-35f7c7c6-64d8-4bcb-8c74-f2289aa26288 None None] MySQL server mode set to STRICT_TRANS_TABLES,STRICT_ALL_TABLES,NO_ZERO_IN_DATE,NO_ZERO_DATE,ERROR_FOR_DIVISION_BY_ZERO,TRADITIONAL,NO_ENGINE_SUBSTITUTION {{(pid=96673) _check_effective_sql_mode /opt/stack/data/venv/lib/python3.12/site-packages/oslo_db/sqlalchemy/engines.py:325}}
Aug 17 17:22:03.379893 np0000007562 nova-scheduler[96671]: DEBUG nova.service [None req-8a34e75d-8d18-46d4-a56b-13dcfd94a1d6 None None] Creating RPC server for service: nova-scheduler on topic: scheduler {{(pid=96671) start /opt/stack/nova/nova/service.py:262}}
Aug 17 17:22:03.383337 np0000007562 nova-scheduler[96669]: DEBUG nova.service [None req-4ed8bfc1-01e4-41e9-8aa2-d0b850bd44c9 None None] Creating RPC server for service: nova-scheduler on topic: scheduler {{(pid=96669) start /opt/stack/nova/nova/service.py:262}}
Aug 17 17:22:03.395947 np0000007562 nova-scheduler[96667]: DEBUG nova.service [None req-576f4090-054d-4c51-9f6c-d4fdd8067ac9 None None] Join ServiceGroup membership for this service scheduler {{(pid=96667) start /opt/stack/nova/nova/service.py:288}}
Aug 17 17:22:03.396358 np0000007562 nova-scheduler[96667]: DEBUG nova.servicegroup.drivers.db [None req-576f4090-054d-4c51-9f6c-d4fdd8067ac9 None None] DB_Driver: join new ServiceGroup member np0000007562 to the scheduler group, service = {{(pid=96667) join /opt/stack/nova/nova/servicegroup/drivers/db.py:44}}
Aug 17 17:22:03.399171 np0000007562 nova-scheduler[96673]: DEBUG dbcounter [-] [96673] Writer thread running {{(pid=96673) stat_writer /opt/stack/data/venv/lib/python3.12/site-packages/dbcounter.py:102}}
Aug 17 17:22:03.403705 np0000007562 nova-scheduler[96673]: DEBUG nova.service [None req-35f7c7c6-64d8-4bcb-8c74-f2289aa26288 None None] Creating RPC server for service: nova-scheduler on topic: scheduler {{(pid=96673) start /opt/stack/nova/nova/service.py:262}}
Aug 17 17:22:03.407653 np0000007562 nova-scheduler[96671]: DEBUG nova.service [None req-8a34e75d-8d18-46d4-a56b-13dcfd94a1d6 None None] Join ServiceGroup membership for this service scheduler {{(pid=96671) start /opt/stack/nova/nova/service.py:288}}
Aug 17 17:22:03.408039 np0000007562 nova-scheduler[96671]: DEBUG nova.servicegroup.drivers.db [None req-8a34e75d-8d18-46d4-a56b-13dcfd94a1d6 None None] DB_Driver: join new ServiceGroup member np0000007562 to the scheduler group, service = {{(pid=96671) join /opt/stack/nova/nova/servicegroup/drivers/db.py:44}}
Aug 17 17:22:03.408968 np0000007562 nova-scheduler[96669]: DEBUG nova.service [None req-4ed8bfc1-01e4-41e9-8aa2-d0b850bd44c9 None None] Join ServiceGroup membership for this service scheduler {{(pid=96669) start /opt/stack/nova/nova/service.py:288}}
Aug 17 17:22:03.409217 np0000007562 nova-scheduler[96669]: DEBUG nova.servicegroup.drivers.db [None req-4ed8bfc1-01e4-41e9-8aa2-d0b850bd44c9 None None] DB_Driver: join new ServiceGroup member np0000007562 to the scheduler group, service = {{(pid=96669) join /opt/stack/nova/nova/servicegroup/drivers/db.py:44}}
Aug 17 17:22:03.431314 np0000007562 nova-scheduler[96673]: DEBUG nova.service [None req-35f7c7c6-64d8-4bcb-8c74-f2289aa26288 None None] Join ServiceGroup membership for this service scheduler {{(pid=96673) start /opt/stack/nova/nova/service.py:288}}
Aug 17 17:22:03.431673 np0000007562 nova-scheduler[96673]: DEBUG nova.servicegroup.drivers.db [None req-35f7c7c6-64d8-4bcb-8c74-f2289aa26288 None None] DB_Driver: join new ServiceGroup member np0000007562 to the scheduler group, service = {{(pid=96673) join /opt/stack/nova/nova/servicegroup/drivers/db.py:44}}
Aug 17 17:22:06.434375 np0000007562 nova-scheduler[96673]: DEBUG oslo.service.backend._threading.loopingcall [None req-b11e4488-ad16-4dfa-8843-e9bad993dc7c None None] Dynamic interval looping call 'nova.service.Service.periodic_tasks' sleeping for 60.00 seconds {{(pid=96673) _run_loop /opt/stack/data/venv/lib/python3.12/site-packages/oslo_service/backend/_threading/loopingcall.py:125}}
Aug 17 17:22:08.412330 np0000007562 nova-scheduler[96667]: DEBUG oslo.service.backend._threading.loopingcall [-] Fixed interval looping call 'nova.servicegroup.drivers.db.DbDriver._report_state' sleeping for 119.99 seconds {{(pid=96667) _run_loop /opt/stack/data/venv/lib/python3.12/site-packages/oslo_service/backend/_threading/loopingcall.py:125}}
Aug 17 17:22:08.416670 np0000007562 nova-scheduler[96669]: DEBUG oslo.service.backend._threading.loopingcall [-] Fixed interval looping call 'nova.servicegroup.drivers.db.DbDriver._report_state' sleeping for 119.99 seconds {{(pid=96669) _run_loop /opt/stack/data/venv/lib/python3.12/site-packages/oslo_service/backend/_threading/loopingcall.py:125}}
Aug 17 17:22:08.423638 np0000007562 nova-scheduler[96671]: DEBUG oslo.service.backend._threading.loopingcall [-] Fixed interval looping call 'nova.servicegroup.drivers.db.DbDriver._report_state' sleeping for 119.99 seconds {{(pid=96671) _run_loop /opt/stack/data/venv/lib/python3.12/site-packages/oslo_service/backend/_threading/loopingcall.py:125}}
Aug 17 17:22:08.442378 np0000007562 nova-scheduler[96673]: DEBUG oslo.service.backend._threading.loopingcall [-] Fixed interval looping call 'nova.servicegroup.drivers.db.DbDriver._report_state' sleeping for 119.99 seconds {{(pid=96673) _run_loop /opt/stack/data/venv/lib/python3.12/site-packages/oslo_service/backend/_threading/loopingcall.py:125}}
Aug 17 17:22:11.851787 np0000007562 nova-scheduler[95475]: DEBUG dbcounter [-] [95475] Writing DB stats nova_api:SELECT=3 {{(pid=95475) stat_writer /opt/stack/data/venv/lib/python3.12/site-packages/dbcounter.py:115}}
Aug 17 17:22:12.025551 np0000007562 nova-scheduler[95475]: DEBUG dbcounter [-] [95475] Writing DB stats nova_cell0:SELECT=1 {{(pid=95475) stat_writer /opt/stack/data/venv/lib/python3.12/site-packages/dbcounter.py:115}}
Aug 17 17:22:12.030136 np0000007562 nova-scheduler[95475]: DEBUG dbcounter [-] [95475] Writing DB stats nova_cell1:SELECT=1 {{(pid=95475) stat_writer /opt/stack/data/venv/lib/python3.12/site-packages/dbcounter.py:115}}
Aug 17 17:22:18.406210 np0000007562 nova-scheduler[96667]: DEBUG dbcounter [-] [96667] Writing DB stats nova_cell0:SELECT=4,nova_cell0:INSERT=1,nova_cell0:UPDATE=1 {{(pid=96667) stat_writer /opt/stack/data/venv/lib/python3.12/site-packages/dbcounter.py:115}}
Aug 17 17:22:18.413901 np0000007562 nova-scheduler[96669]: DEBUG dbcounter [-] [96669] Writing DB stats nova_cell0:SELECT=4,nova_cell0:INSERT=1 {{(pid=96669) stat_writer /opt/stack/data/venv/lib/python3.12/site-packages/dbcounter.py:115}}
Aug 17 17:22:18.419463 np0000007562 nova-scheduler[96671]: DEBUG dbcounter [-] [96671] Writing DB stats nova_cell0:SELECT=3 {{(pid=96671) stat_writer /opt/stack/data/venv/lib/python3.12/site-packages/dbcounter.py:115}}
Aug 17 17:22:18.440084 np0000007562 nova-scheduler[96673]: DEBUG dbcounter [-] [96673] Writing DB stats nova_cell0:SELECT=3 {{(pid=96673) stat_writer /opt/stack/data/venv/lib/python3.12/site-packages/dbcounter.py:115}}
Aug 17 17:22:35.411641 np0000007562 nova-scheduler[96669]: DEBUG oslo.service.backend._threading.loopingcall [None req-366acca6-d016-4eb9-91ff-6eac17289cea None None] Dynamic interval looping call 'nova.service.Service.periodic_tasks' sleeping for 60.00 seconds {{(pid=96669) _run_loop /opt/stack/data/venv/lib/python3.12/site-packages/oslo_service/backend/_threading/loopingcall.py:125}}
Aug 17 17:22:55.398801 np0000007562 nova-scheduler[96667]: DEBUG oslo.service.backend._threading.loopingcall [None req-90d16d36-473d-4aa7-8cbc-53beb279b2d1 None None] Dynamic interval looping call 'nova.service.Service.periodic_tasks' sleeping for 60.00 seconds {{(pid=96667) _run_loop /opt/stack/data/venv/lib/python3.12/site-packages/oslo_service/backend/_threading/loopingcall.py:125}}
Aug 17 17:22:58.411222 np0000007562 nova-scheduler[96671]: DEBUG oslo.service.backend._threading.loopingcall [None req-190534b1-5f89-4e41-b2e3-d1c909621797 None None] Dynamic interval looping call 'nova.service.Service.periodic_tasks' sleeping for 60.00 seconds {{(pid=96671) _run_loop /opt/stack/data/venv/lib/python3.12/site-packages/oslo_service/backend/_threading/loopingcall.py:125}}
Aug 17 17:23:06.434888 np0000007562 nova-scheduler[96673]: DEBUG oslo.service.backend._threading.loopingcall [None req-b11e4488-ad16-4dfa-8843-e9bad993dc7c None None] Dynamic interval looping call 'nova.service.Service.periodic_tasks' sleeping for 60.00 seconds {{(pid=96673) _run_loop /opt/stack/data/venv/lib/python3.12/site-packages/oslo_service/backend/_threading/loopingcall.py:125}}
Aug 17 17:23:35.412142 np0000007562 nova-scheduler[96669]: DEBUG oslo.service.backend._threading.loopingcall [None req-366acca6-d016-4eb9-91ff-6eac17289cea None None] Dynamic interval looping call 'nova.service.Service.periodic_tasks' sleeping for 60.00 seconds {{(pid=96669) _run_loop /opt/stack/data/venv/lib/python3.12/site-packages/oslo_service/backend/_threading/loopingcall.py:125}}
Aug 17 17:23:55.399273 np0000007562 nova-scheduler[96667]: DEBUG oslo.service.backend._threading.loopingcall [None req-90d16d36-473d-4aa7-8cbc-53beb279b2d1 None None] Dynamic interval looping call 'nova.service.Service.periodic_tasks' sleeping for 60.00 seconds {{(pid=96667) _run_loop /opt/stack/data/venv/lib/python3.12/site-packages/oslo_service/backend/_threading/loopingcall.py:125}}
Aug 17 17:23:58.411918 np0000007562 nova-scheduler[96671]: DEBUG oslo.service.backend._threading.loopingcall [None req-190534b1-5f89-4e41-b2e3-d1c909621797 None None] Dynamic interval looping call 'nova.service.Service.periodic_tasks' sleeping for 60.00 seconds {{(pid=96671) _run_loop /opt/stack/data/venv/lib/python3.12/site-packages/oslo_service/backend/_threading/loopingcall.py:125}}
Aug 17 17:24:06.435453 np0000007562 nova-scheduler[96673]: DEBUG oslo.service.backend._threading.loopingcall [None req-b11e4488-ad16-4dfa-8843-e9bad993dc7c None None] Dynamic interval looping call 'nova.service.Service.periodic_tasks' sleeping for 60.00 seconds {{(pid=96673) _run_loop /opt/stack/data/venv/lib/python3.12/site-packages/oslo_service/backend/_threading/loopingcall.py:125}}
Aug 17 17:24:08.408616 np0000007562 nova-scheduler[96667]: DEBUG oslo.service.backend._threading.loopingcall [-] Fixed interval looping call 'nova.servicegroup.drivers.db.DbDriver._report_state' sleeping for 119.99 seconds {{(pid=96667) _run_loop /opt/stack/data/venv/lib/python3.12/site-packages/oslo_service/backend/_threading/loopingcall.py:125}}
Aug 17 17:24:08.411300 np0000007562 nova-scheduler[96669]: DEBUG oslo.service.backend._threading.loopingcall [-] Fixed interval looping call 'nova.servicegroup.drivers.db.DbDriver._report_state' sleeping for 120.00 seconds {{(pid=96669) _run_loop /opt/stack/data/venv/lib/python3.12/site-packages/oslo_service/backend/_threading/loopingcall.py:125}}
Aug 17 17:24:08.418353 np0000007562 nova-scheduler[96671]: DEBUG oslo.service.backend._threading.loopingcall [-] Fixed interval looping call 'nova.servicegroup.drivers.db.DbDriver._report_state' sleeping for 120.00 seconds {{(pid=96671) _run_loop /opt/stack/data/venv/lib/python3.12/site-packages/oslo_service/backend/_threading/loopingcall.py:125}}
Aug 17 17:24:08.436412 np0000007562 nova-scheduler[96673]: DEBUG oslo.service.backend._threading.loopingcall [-] Fixed interval looping call 'nova.servicegroup.drivers.db.DbDriver._report_state' sleeping for 120.00 seconds {{(pid=96673) _run_loop /opt/stack/data/venv/lib/python3.12/site-packages/oslo_service/backend/_threading/loopingcall.py:125}}
Aug 17 17:24:18.462225 np0000007562 nova-scheduler[96667]: DEBUG dbcounter [-] [96667] Writing DB stats nova_cell0:SELECT=1,nova_cell0:UPDATE=1 {{(pid=96667) stat_writer /opt/stack/data/venv/lib/python3.12/site-packages/dbcounter.py:115}}
Aug 17 17:24:18.465356 np0000007562 nova-scheduler[96669]: DEBUG dbcounter [-] [96669] Writing DB stats nova_cell0:SELECT=1 {{(pid=96669) stat_writer /opt/stack/data/venv/lib/python3.12/site-packages/dbcounter.py:115}}
Aug 17 17:24:18.467019 np0000007562 nova-scheduler[96671]: DEBUG dbcounter [-] [96671] Writing DB stats nova_cell0:SELECT=1 {{(pid=96671) stat_writer /opt/stack/data/venv/lib/python3.12/site-packages/dbcounter.py:115}}
Aug 17 17:24:18.468196 np0000007562 nova-scheduler[96673]: DEBUG dbcounter [-] [96673] Writing DB stats nova_cell0:SELECT=1 {{(pid=96673) stat_writer /opt/stack/data/venv/lib/python3.12/site-packages/dbcounter.py:115}}
Aug 17 17:24:35.412667 np0000007562 nova-scheduler[96669]: DEBUG oslo.service.backend._threading.loopingcall [None req-366acca6-d016-4eb9-91ff-6eac17289cea None None] Dynamic interval looping call 'nova.service.Service.periodic_tasks' sleeping for 60.00 seconds {{(pid=96669) _run_loop /opt/stack/data/venv/lib/python3.12/site-packages/oslo_service/backend/_threading/loopingcall.py:125}}
Aug 17 17:24:40.349454 np0000007562 nova-scheduler[96667]: DEBUG nova.scheduler.manager [None req-8d988d7e-afbd-489a-a29a-57288f4b9966 tempest-ServerActionsTestOtherA-315764074 tempest-ServerActionsTestOtherA-315764074-project-member] Starting to schedule for instances: ['ec8990cf-1dc5-404e-99a6-de68f4ce1d17'] {{(pid=96667) select_destinations /opt/stack/nova/nova/scheduler/manager.py:197}}
Aug 17 17:24:40.350709 np0000007562 nova-scheduler[96667]: DEBUG nova.scheduler.request_filter [None req-8d988d7e-afbd-489a-a29a-57288f4b9966 tempest-ServerActionsTestOtherA-315764074 tempest-ServerActionsTestOtherA-315764074-project-member] compute_status_filter request filter added forbidden trait COMPUTE_STATUS_DISABLED {{(pid=96667) compute_status_filter /opt/stack/nova/nova/scheduler/request_filter.py:253}}
Aug 17 17:24:40.350709 np0000007562 nova-scheduler[96667]: DEBUG nova.scheduler.request_filter [None req-8d988d7e-afbd-489a-a29a-57288f4b9966 tempest-ServerActionsTestOtherA-315764074 tempest-ServerActionsTestOtherA-315764074-project-member] Request filter 'compute_status_filter' took 0.0 seconds {{(pid=96667) wrapper /opt/stack/nova/nova/scheduler/request_filter.py:46}}
Aug 17 17:24:40.350973 np0000007562 nova-scheduler[96667]: DEBUG nova.scheduler.request_filter [None req-8d988d7e-afbd-489a-a29a-57288f4b9966 tempest-ServerActionsTestOtherA-315764074 tempest-ServerActionsTestOtherA-315764074-project-member] Request filter 'accelerators_filter' took 0.0 seconds {{(pid=96667) wrapper /opt/stack/nova/nova/scheduler/request_filter.py:46}}
Aug 17 17:24:40.350973 np0000007562 nova-scheduler[96667]: DEBUG nova.scheduler.request_filter [None req-8d988d7e-afbd-489a-a29a-57288f4b9966 tempest-ServerActionsTestOtherA-315764074 tempest-ServerActionsTestOtherA-315764074-project-member] Request filter 'packed_virtqueue_filter' took 0.0 seconds {{(pid=96667) wrapper /opt/stack/nova/nova/scheduler/request_filter.py:46}}
Aug 17 17:24:40.351309 np0000007562 nova-scheduler[96667]: DEBUG nova.scheduler.request_filter [None req-8d988d7e-afbd-489a-a29a-57288f4b9966 tempest-ServerActionsTestOtherA-315764074 tempest-ServerActionsTestOtherA-315764074-project-member] Request filter 'remote_managed_ports_filter' took 0.0 seconds {{(pid=96667) wrapper /opt/stack/nova/nova/scheduler/request_filter.py:46}}
Aug 17 17:24:40.351930 np0000007562 nova-scheduler[96667]: DEBUG nova.scheduler.request_filter [None req-8d988d7e-afbd-489a-a29a-57288f4b9966 tempest-ServerActionsTestOtherA-315764074 tempest-ServerActionsTestOtherA-315764074-project-member] ephemeral_encryption_filter skipped {{(pid=96667) ephemeral_encryption_filter /opt/stack/nova/nova/scheduler/request_filter.py:426}}
Aug 17 17:24:40.352111 np0000007562 nova-scheduler[96667]: DEBUG nova.scheduler.request_filter [None req-8d988d7e-afbd-489a-a29a-57288f4b9966 tempest-ServerActionsTestOtherA-315764074 tempest-ServerActionsTestOtherA-315764074-project-member] virtio_sound_filter skipped {{(pid=96667) virtio_sound_filter /opt/stack/nova/nova/scheduler/request_filter.py:460}}
Aug 17 17:24:40.352285 np0000007562 nova-scheduler[96667]: DEBUG nova.scheduler.request_filter [None req-8d988d7e-afbd-489a-a29a-57288f4b9966 tempest-ServerActionsTestOtherA-315764074 tempest-ServerActionsTestOtherA-315764074-project-member] tpm_secret_security_filter skipped {{(pid=96667) tpm_secret_security_filter /opt/stack/nova/nova/scheduler/request_filter.py:477}}
Aug 17 17:24:41.040227 np0000007562 nova-scheduler[96667]: INFO nova.utils [None req-8d988d7e-afbd-489a-a29a-57288f4b9966 tempest-ServerActionsTestOtherA-315764074 tempest-ServerActionsTestOtherA-315764074-project-member] The cell worker thread pool ForkProcess-1.cell_worker is initialized
Aug 17 17:24:41.040690 np0000007562 nova-scheduler[96667]: DEBUG oslo_concurrency.lockutils [None req-8d988d7e-afbd-489a-a29a-57288f4b9966 tempest-ServerActionsTestOtherA-315764074 tempest-ServerActionsTestOtherA-315764074-project-member] Acquiring lock "898f1bd4-63cc-4e34-a3f3-074b8f79e95e" by "nova.context.set_target_cell..get_or_set_cached_cell_and_set_connections" {{(pid=96667) inner /opt/stack/data/venv/lib/python3.12/site-packages/oslo_concurrency/lockutils.py:512}}
Aug 17 17:24:41.041154 np0000007562 nova-scheduler[96667]: DEBUG oslo_concurrency.lockutils [None req-8d988d7e-afbd-489a-a29a-57288f4b9966 tempest-ServerActionsTestOtherA-315764074 tempest-ServerActionsTestOtherA-315764074-project-member] Lock "898f1bd4-63cc-4e34-a3f3-074b8f79e95e" acquired by "nova.context.set_target_cell..get_or_set_cached_cell_and_set_connections" :: waited 0.000s {{(pid=96667) inner /opt/stack/data/venv/lib/python3.12/site-packages/oslo_concurrency/lockutils.py:525}}
Aug 17 17:24:41.043882 np0000007562 nova-scheduler[96667]: DEBUG oslo_concurrency.lockutils [None req-8d988d7e-afbd-489a-a29a-57288f4b9966 tempest-ServerActionsTestOtherA-315764074 tempest-ServerActionsTestOtherA-315764074-project-member] Lock "898f1bd4-63cc-4e34-a3f3-074b8f79e95e" "released" by "nova.context.set_target_cell..get_or_set_cached_cell_and_set_connections" :: held 0.002s {{(pid=96667) inner /opt/stack/data/venv/lib/python3.12/site-packages/oslo_concurrency/lockutils.py:544}}
Aug 17 17:24:41.045557 np0000007562 nova-scheduler[96667]: INFO dbcounter [None req-8d988d7e-afbd-489a-a29a-57288f4b9966 tempest-ServerActionsTestOtherA-315764074 tempest-ServerActionsTestOtherA-315764074-project-member] Registered counter for database nova_cell1
Aug 17 17:24:41.103979 np0000007562 nova-scheduler[96667]: DEBUG oslo_db.sqlalchemy.engines [None req-8d988d7e-afbd-489a-a29a-57288f4b9966 tempest-ServerActionsTestOtherA-315764074 tempest-ServerActionsTestOtherA-315764074-project-member] MySQL server mode set to STRICT_TRANS_TABLES,STRICT_ALL_TABLES,NO_ZERO_IN_DATE,NO_ZERO_DATE,ERROR_FOR_DIVISION_BY_ZERO,TRADITIONAL,NO_ENGINE_SUBSTITUTION {{(pid=96667) _check_effective_sql_mode /opt/stack/data/venv/lib/python3.12/site-packages/oslo_db/sqlalchemy/engines.py:325}}
Aug 17 17:24:41.114275 np0000007562 nova-scheduler[96667]: DEBUG dbcounter [-] [96667] Writer thread running {{(pid=96667) stat_writer /opt/stack/data/venv/lib/python3.12/site-packages/dbcounter.py:102}}
Aug 17 17:24:41.128312 np0000007562 nova-scheduler[96667]: DEBUG oslo_db.sqlalchemy.engines [None req-8d988d7e-afbd-489a-a29a-57288f4b9966 tempest-ServerActionsTestOtherA-315764074 tempest-ServerActionsTestOtherA-315764074-project-member] Parent process 95475 forked (96667) with an open database connection, which is being discarded and recreated. {{(pid=96667) checkout /opt/stack/data/venv/lib/python3.12/site-packages/oslo_db/sqlalchemy/engines.py:402}}
Aug 17 17:24:41.180162 np0000007562 nova-scheduler[96667]: DEBUG dbcounter [-] [96667] Writer thread running {{(pid=96667) stat_writer /opt/stack/data/venv/lib/python3.12/site-packages/dbcounter.py:102}}
Aug 17 17:24:41.183993 np0000007562 nova-scheduler[96667]: DEBUG oslo_concurrency.lockutils [None req-8d988d7e-afbd-489a-a29a-57288f4b9966 tempest-ServerActionsTestOtherA-315764074 tempest-ServerActionsTestOtherA-315764074-project-member] Acquiring lock "898f1bd4-63cc-4e34-a3f3-074b8f79e95e" by "nova.context.set_target_cell..get_or_set_cached_cell_and_set_connections" {{(pid=96667) inner /opt/stack/data/venv/lib/python3.12/site-packages/oslo_concurrency/lockutils.py:512}}
