Jul 05 20:33:57.110181 np0000004601 nova-scheduler[93268]: DEBUG cotyledon.oslo_config_glue [-] oslo_limit.auth_section = None {{(pid=93268) log_opt_values /opt/stack/data/venv/lib/python3.12/site-packages/oslo_config/cfg.py:3253}}
Jul 05 20:33:57.110181 np0000004601 nova-scheduler[93268]: DEBUG cotyledon.oslo_config_glue [-] oslo_limit.auth_type = None {{(pid=93268) log_opt_values /opt/stack/data/venv/lib/python3.12/site-packages/oslo_config/cfg.py:3253}}
Jul 05 20:33:57.110181 np0000004601 nova-scheduler[93268]: DEBUG cotyledon.oslo_config_glue [-] oslo_limit.cafile = None {{(pid=93268) log_opt_values /opt/stack/data/venv/lib/python3.12/site-packages/oslo_config/cfg.py:3253}}
Jul 05 20:33:57.110181 np0000004601 nova-scheduler[93268]: DEBUG cotyledon.oslo_config_glue [-] oslo_limit.certfile = None {{(pid=93268) log_opt_values /opt/stack/data/venv/lib/python3.12/site-packages/oslo_config/cfg.py:3253}}
Jul 05 20:33:57.110181 np0000004601 nova-scheduler[93268]: DEBUG cotyledon.oslo_config_glue [-] oslo_limit.collect_timing = False {{(pid=93268) log_opt_values /opt/stack/data/venv/lib/python3.12/site-packages/oslo_config/cfg.py:3253}}
Jul 05 20:33:57.110181 np0000004601 nova-scheduler[93268]: DEBUG cotyledon.oslo_config_glue [-] oslo_limit.connect_retries = None {{(pid=93268) log_opt_values /opt/stack/data/venv/lib/python3.12/site-packages/oslo_config/cfg.py:3253}}
Jul 05 20:33:57.110181 np0000004601 nova-scheduler[93268]: DEBUG cotyledon.oslo_config_glue [-] oslo_limit.connect_retry_delay = None {{(pid=93268) log_opt_values /opt/stack/data/venv/lib/python3.12/site-packages/oslo_config/cfg.py:3253}}
Jul 05 20:33:57.110367 np0000004601 nova-scheduler[93268]: DEBUG cotyledon.oslo_config_glue [-] oslo_limit.endpoint_id = None {{(pid=93268) log_opt_values /opt/stack/data/venv/lib/python3.12/site-packages/oslo_config/cfg.py:3253}}
Jul 05 20:33:57.110367 np0000004601 nova-scheduler[93268]: DEBUG cotyledon.oslo_config_glue [-] oslo_limit.endpoint_interface = public {{(pid=93268) log_opt_values /opt/stack/data/venv/lib/python3.12/site-packages/oslo_config/cfg.py:3253}}
Jul 05 20:33:57.110367 np0000004601 nova-scheduler[93268]: DEBUG cotyledon.oslo_config_glue [-] oslo_limit.endpoint_override = None {{(pid=93268) log_opt_values /opt/stack/data/venv/lib/python3.12/site-packages/oslo_config/cfg.py:3253}}
Jul 05 20:33:57.110367 np0000004601 nova-scheduler[93268]: DEBUG cotyledon.oslo_config_glue [-] oslo_limit.endpoint_region_name = None {{(pid=93268) log_opt_values /opt/stack/data/venv/lib/python3.12/site-packages/oslo_config/cfg.py:3253}}
Jul 05 20:33:57.110367 np0000004601 nova-scheduler[93268]: DEBUG cotyledon.oslo_config_glue [-] oslo_limit.endpoint_service_name = None {{(pid=93268) log_opt_values /opt/stack/data/venv/lib/python3.12/site-packages/oslo_config/cfg.py:3253}}
Jul 05 20:33:57.110367 np0000004601 nova-scheduler[93268]: DEBUG cotyledon.oslo_config_glue [-] oslo_limit.endpoint_service_type = None {{(pid=93268) log_opt_values /opt/stack/data/venv/lib/python3.12/site-packages/oslo_config/cfg.py:3253}}
Jul 05 20:33:57.110367 np0000004601 nova-scheduler[93268]: DEBUG cotyledon.oslo_config_glue [-] oslo_limit.insecure = False {{(pid=93268) log_opt_values /opt/stack/data/venv/lib/python3.12/site-packages/oslo_config/cfg.py:3253}}
Jul 05 20:33:57.110367 np0000004601 nova-scheduler[93268]: DEBUG cotyledon.oslo_config_glue [-] oslo_limit.keyfile = None {{(pid=93268) log_opt_values /opt/stack/data/venv/lib/python3.12/site-packages/oslo_config/cfg.py:3253}}
Jul 05 20:33:57.110367 np0000004601 nova-scheduler[93268]: DEBUG cotyledon.oslo_config_glue [-] oslo_limit.max_version = None {{(pid=93268) log_opt_values /opt/stack/data/venv/lib/python3.12/site-packages/oslo_config/cfg.py:3253}}
Jul 05 20:33:57.110529 np0000004601 nova-scheduler[93268]: DEBUG cotyledon.oslo_config_glue [-] oslo_limit.min_version = None {{(pid=93268) log_opt_values /opt/stack/data/venv/lib/python3.12/site-packages/oslo_config/cfg.py:3253}}
Jul 05 20:33:57.110529 np0000004601 nova-scheduler[93268]: DEBUG cotyledon.oslo_config_glue [-] oslo_limit.region_name = None {{(pid=93268) log_opt_values /opt/stack/data/venv/lib/python3.12/site-packages/oslo_config/cfg.py:3253}}
Jul 05 20:33:57.110529 np0000004601 nova-scheduler[93268]: DEBUG cotyledon.oslo_config_glue [-] oslo_limit.retriable_status_codes = None {{(pid=93268) log_opt_values /opt/stack/data/venv/lib/python3.12/site-packages/oslo_config/cfg.py:3253}}
Jul 05 20:33:57.110529 np0000004601 nova-scheduler[93268]: DEBUG cotyledon.oslo_config_glue [-] oslo_limit.service_name = None {{(pid=93268) log_opt_values /opt/stack/data/venv/lib/python3.12/site-packages/oslo_config/cfg.py:3253}}
Jul 05 20:33:57.110529 np0000004601 nova-scheduler[93268]: DEBUG cotyledon.oslo_config_glue [-] oslo_limit.service_type = None {{(pid=93268) log_opt_values /opt/stack/data/venv/lib/python3.12/site-packages/oslo_config/cfg.py:3253}}
Jul 05 20:33:57.110529 np0000004601 nova-scheduler[93268]: DEBUG cotyledon.oslo_config_glue [-] oslo_limit.split_loggers = False {{(pid=93268) log_opt_values /opt/stack/data/venv/lib/python3.12/site-packages/oslo_config/cfg.py:3253}}
Jul 05 20:33:57.110529 np0000004601 nova-scheduler[93268]: DEBUG cotyledon.oslo_config_glue [-] oslo_limit.status_code_retries = None {{(pid=93268) log_opt_values /opt/stack/data/venv/lib/python3.12/site-packages/oslo_config/cfg.py:3253}}
Jul 05 20:33:57.110529 np0000004601 nova-scheduler[93268]: DEBUG cotyledon.oslo_config_glue [-] oslo_limit.status_code_retry_delay = None {{(pid=93268) log_opt_values /opt/stack/data/venv/lib/python3.12/site-packages/oslo_config/cfg.py:3253}}
Jul 05 20:33:57.110529 np0000004601 nova-scheduler[93268]: DEBUG cotyledon.oslo_config_glue [-] oslo_limit.timeout = None {{(pid=93268) log_opt_values /opt/stack/data/venv/lib/python3.12/site-packages/oslo_config/cfg.py:3253}}
Jul 05 20:33:57.110710 np0000004601 nova-scheduler[93268]: DEBUG cotyledon.oslo_config_glue [-] oslo_limit.valid_interfaces = None {{(pid=93268) log_opt_values /opt/stack/data/venv/lib/python3.12/site-packages/oslo_config/cfg.py:3253}}
Jul 05 20:33:57.110710 np0000004601 nova-scheduler[93268]: DEBUG cotyledon.oslo_config_glue [-] oslo_limit.version = None {{(pid=93268) log_opt_values /opt/stack/data/venv/lib/python3.12/site-packages/oslo_config/cfg.py:3253}}
Jul 05 20:33:57.110710 np0000004601 nova-scheduler[93268]: DEBUG cotyledon.oslo_config_glue [-] oslo_reports.file_event_handler = None {{(pid=93268) log_opt_values /opt/stack/data/venv/lib/python3.12/site-packages/oslo_config/cfg.py:3253}}
Jul 05 20:33:57.110710 np0000004601 nova-scheduler[93268]: DEBUG cotyledon.oslo_config_glue [-] oslo_reports.file_event_handler_interval = 1 {{(pid=93268) log_opt_values /opt/stack/data/venv/lib/python3.12/site-packages/oslo_config/cfg.py:3253}}
Jul 05 20:33:57.110710 np0000004601 nova-scheduler[93268]: DEBUG cotyledon.oslo_config_glue [-] oslo_reports.log_dir = None {{(pid=93268) log_opt_values /opt/stack/data/venv/lib/python3.12/site-packages/oslo_config/cfg.py:3253}}
Jul 05 20:33:57.110710 np0000004601 nova-scheduler[93268]: DEBUG cotyledon.oslo_config_glue [-] ******************************************************************************** {{(pid=93268) log_opt_values /opt/stack/data/venv/lib/python3.12/site-packages/oslo_config/cfg.py:3260}}
Jul 05 20:33:57.110710 np0000004601 nova-scheduler[93268]: DEBUG cotyledon._service_worker [-] Run service ServiceWrapper(2) [93268] {{(pid=93268) wait_forever /opt/stack/data/venv/lib/python3.12/site-packages/cotyledon/_service_worker.py:218}}
Jul 05 20:33:57.110992 np0000004601 nova-scheduler[93266]: DEBUG oslo_db.sqlalchemy.engines [None req-2ddcd840-40d2-4661-993f-2ba2ec3ac9a2 None None] MySQL server mode set to STRICT_TRANS_TABLES,STRICT_ALL_TABLES,NO_ZERO_IN_DATE,NO_ZERO_DATE,ERROR_FOR_DIVISION_BY_ZERO,TRADITIONAL,NO_ENGINE_SUBSTITUTION {{(pid=93266) _check_effective_sql_mode /opt/stack/data/venv/lib/python3.12/site-packages/oslo_db/sqlalchemy/engines.py:325}}
Jul 05 20:33:57.111288 np0000004601 nova-scheduler[93268]: INFO nova.service [-] Starting scheduler node (version 33.1.0)
Jul 05 20:33:57.115896 np0000004601 nova-scheduler[93268]: INFO dbcounter [None req-83d38411-db29-4a42-a7d1-96aab81b47f7 None None] Registered counter for database nova_cell0
Jul 05 20:33:57.119654 np0000004601 nova-scheduler[93266]: DEBUG dbcounter [-] [93266] Writer thread running {{(pid=93266) stat_writer /opt/stack/data/venv/lib/python3.12/site-packages/dbcounter.py:102}}
Jul 05 20:33:57.134888 np0000004601 nova-scheduler[93266]: DEBUG nova.service [None req-2ddcd840-40d2-4661-993f-2ba2ec3ac9a2 None None] Creating RPC server for service: nova-scheduler on topic: scheduler {{(pid=93266) start /opt/stack/nova/nova/service.py:196}}
Jul 05 20:33:57.155352 np0000004601 nova-scheduler[93266]: DEBUG nova.service [None req-2ddcd840-40d2-4661-993f-2ba2ec3ac9a2 None None] Join ServiceGroup membership for this service scheduler {{(pid=93266) start /opt/stack/nova/nova/service.py:222}}
Jul 05 20:33:57.155562 np0000004601 nova-scheduler[93266]: DEBUG nova.servicegroup.drivers.db [None req-2ddcd840-40d2-4661-993f-2ba2ec3ac9a2 None None] DB_Driver: join new ServiceGroup member np0000004601 to the scheduler group, service = {{(pid=93266) join /opt/stack/nova/nova/servicegroup/drivers/db.py:44}}
Jul 05 20:33:57.156903 np0000004601 nova-scheduler[93263]: DEBUG oslo_db.sqlalchemy.engines [None req-5eeb4918-624e-42da-ad2a-72ebe46b5c81 None None] MySQL server mode set to STRICT_TRANS_TABLES,STRICT_ALL_TABLES,NO_ZERO_IN_DATE,NO_ZERO_DATE,ERROR_FOR_DIVISION_BY_ZERO,TRADITIONAL,NO_ENGINE_SUBSTITUTION {{(pid=93263) _check_effective_sql_mode /opt/stack/data/venv/lib/python3.12/site-packages/oslo_db/sqlalchemy/engines.py:325}}
Jul 05 20:33:57.161519 np0000004601 nova-scheduler[93268]: DEBUG oslo_db.sqlalchemy.engines [None req-83d38411-db29-4a42-a7d1-96aab81b47f7 None None] MySQL server mode set to STRICT_TRANS_TABLES,STRICT_ALL_TABLES,NO_ZERO_IN_DATE,NO_ZERO_DATE,ERROR_FOR_DIVISION_BY_ZERO,TRADITIONAL,NO_ENGINE_SUBSTITUTION {{(pid=93268) _check_effective_sql_mode /opt/stack/data/venv/lib/python3.12/site-packages/oslo_db/sqlalchemy/engines.py:325}}
Jul 05 20:33:57.170874 np0000004601 nova-scheduler[93263]: DEBUG dbcounter [-] [93263] Writer thread running {{(pid=93263) stat_writer /opt/stack/data/venv/lib/python3.12/site-packages/dbcounter.py:102}}
Jul 05 20:33:57.174153 np0000004601 nova-scheduler[93263]: DEBUG nova.service [None req-5eeb4918-624e-42da-ad2a-72ebe46b5c81 None None] Creating RPC server for service: nova-scheduler on topic: scheduler {{(pid=93263) start /opt/stack/nova/nova/service.py:196}}
Jul 05 20:33:57.177400 np0000004601 nova-scheduler[93268]: DEBUG dbcounter [-] [93268] Writer thread running {{(pid=93268) stat_writer /opt/stack/data/venv/lib/python3.12/site-packages/dbcounter.py:102}}
Jul 05 20:33:57.180818 np0000004601 nova-scheduler[93268]: DEBUG nova.service [None req-83d38411-db29-4a42-a7d1-96aab81b47f7 None None] Creating RPC server for service: nova-scheduler on topic: scheduler {{(pid=93268) start /opt/stack/nova/nova/service.py:196}}
Jul 05 20:33:57.190768 np0000004601 nova-scheduler[93263]: DEBUG nova.service [None req-5eeb4918-624e-42da-ad2a-72ebe46b5c81 None None] Join ServiceGroup membership for this service scheduler {{(pid=93263) start /opt/stack/nova/nova/service.py:222}}
Jul 05 20:33:57.190947 np0000004601 nova-scheduler[93263]: DEBUG nova.servicegroup.drivers.db [None req-5eeb4918-624e-42da-ad2a-72ebe46b5c81 None None] DB_Driver: join new ServiceGroup member np0000004601 to the scheduler group, service = {{(pid=93263) join /opt/stack/nova/nova/servicegroup/drivers/db.py:44}}
Jul 05 20:33:57.202320 np0000004601 nova-scheduler[93268]: DEBUG nova.service [None req-83d38411-db29-4a42-a7d1-96aab81b47f7 None None] Join ServiceGroup membership for this service scheduler {{(pid=93268) start /opt/stack/nova/nova/service.py:222}}
Jul 05 20:33:57.202634 np0000004601 nova-scheduler[93268]: DEBUG nova.servicegroup.drivers.db [None req-83d38411-db29-4a42-a7d1-96aab81b47f7 None None] DB_Driver: join new ServiceGroup member np0000004601 to the scheduler group, service = {{(pid=93268) join /opt/stack/nova/nova/servicegroup/drivers/db.py:44}}
Jul 05 20:33:59.157565 np0000004601 nova-scheduler[93266]: DEBUG oslo.service.backend._threading.loopingcall [None req-997212d4-d69d-41d2-b926-2d9046f0ef1e None None] Dynamic interval looping call 'nova.service.Service.periodic_tasks' sleeping for 60.00 seconds {{(pid=93266) _run_loop /opt/stack/data/venv/lib/python3.12/site-packages/oslo_service/backend/_threading/loopingcall.py:125}}
Jul 05 20:34:02.170527 np0000004601 nova-scheduler[93266]: DEBUG oslo.service.backend._threading.loopingcall [-] Fixed interval looping call 'nova.servicegroup.drivers.db.DbDriver._report_state' sleeping for 119.99 seconds {{(pid=93266) _run_loop /opt/stack/data/venv/lib/python3.12/site-packages/oslo_service/backend/_threading/loopingcall.py:125}}
Jul 05 20:34:02.203043 np0000004601 nova-scheduler[93263]: DEBUG oslo.service.backend._threading.loopingcall [-] Fixed interval looping call 'nova.servicegroup.drivers.db.DbDriver._report_state' sleeping for 119.99 seconds {{(pid=93263) _run_loop /opt/stack/data/venv/lib/python3.12/site-packages/oslo_service/backend/_threading/loopingcall.py:125}}
Jul 05 20:34:02.216532 np0000004601 nova-scheduler[93268]: DEBUG oslo.service.backend._threading.loopingcall [-] Fixed interval looping call 'nova.servicegroup.drivers.db.DbDriver._report_state' sleeping for 119.99 seconds {{(pid=93268) _run_loop /opt/stack/data/venv/lib/python3.12/site-packages/oslo_service/backend/_threading/loopingcall.py:125}}
Jul 05 20:34:05.193419 np0000004601 nova-scheduler[93263]: DEBUG oslo.service.backend._threading.loopingcall [None req-1fab40c3-5f6b-4a1b-b202-ee1ac9397496 None None] Dynamic interval looping call 'nova.service.Service.periodic_tasks' sleeping for 60.00 seconds {{(pid=93263) _run_loop /opt/stack/data/venv/lib/python3.12/site-packages/oslo_service/backend/_threading/loopingcall.py:125}}
Jul 05 20:34:05.752063 np0000004601 nova-scheduler[92063]: DEBUG dbcounter [-] [92063] Writing DB stats nova_api:SELECT=3 {{(pid=92063) stat_writer /opt/stack/data/venv/lib/python3.12/site-packages/dbcounter.py:115}}
Jul 05 20:34:05.873054 np0000004601 nova-scheduler[92063]: DEBUG dbcounter [-] [92063] Writing DB stats nova_cell0:SELECT=1 {{(pid=92063) stat_writer /opt/stack/data/venv/lib/python3.12/site-packages/dbcounter.py:115}}
Jul 05 20:34:05.886147 np0000004601 nova-scheduler[92063]: DEBUG dbcounter [-] [92063] Writing DB stats nova_cell1:SELECT=1 {{(pid=92063) stat_writer /opt/stack/data/venv/lib/python3.12/site-packages/dbcounter.py:115}}
Jul 05 20:34:12.165963 np0000004601 nova-scheduler[93266]: DEBUG dbcounter [-] [93266] Writing DB stats nova_cell0:SELECT=4,nova_cell0:INSERT=1,nova_cell0:UPDATE=1 {{(pid=93266) stat_writer /opt/stack/data/venv/lib/python3.12/site-packages/dbcounter.py:115}}
Jul 05 20:34:12.199420 np0000004601 nova-scheduler[93263]: DEBUG dbcounter [-] [93263] Writing DB stats nova_cell0:SELECT=3 {{(pid=93263) stat_writer /opt/stack/data/venv/lib/python3.12/site-packages/dbcounter.py:115}}
Jul 05 20:34:12.214230 np0000004601 nova-scheduler[93268]: DEBUG dbcounter [-] [93268] Writing DB stats nova_cell0:SELECT=3 {{(pid=93268) stat_writer /opt/stack/data/venv/lib/python3.12/site-packages/dbcounter.py:115}}
Jul 05 20:34:15.204648 np0000004601 nova-scheduler[93268]: DEBUG oslo.service.backend._threading.loopingcall [None req-8b6263fa-c380-49e1-a13a-7f033ada9a1c None None] Dynamic interval looping call 'nova.service.Service.periodic_tasks' sleeping for 60.00 seconds {{(pid=93268) _run_loop /opt/stack/data/venv/lib/python3.12/site-packages/oslo_service/backend/_threading/loopingcall.py:125}}
Jul 05 20:34:59.158136 np0000004601 nova-scheduler[93266]: DEBUG oslo.service.backend._threading.loopingcall [None req-997212d4-d69d-41d2-b926-2d9046f0ef1e None None] Dynamic interval looping call 'nova.service.Service.periodic_tasks' sleeping for 60.00 seconds {{(pid=93266) _run_loop /opt/stack/data/venv/lib/python3.12/site-packages/oslo_service/backend/_threading/loopingcall.py:125}}
Jul 05 20:35:05.193921 np0000004601 nova-scheduler[93263]: DEBUG oslo.service.backend._threading.loopingcall [None req-1fab40c3-5f6b-4a1b-b202-ee1ac9397496 None None] Dynamic interval looping call 'nova.service.Service.periodic_tasks' sleeping for 60.00 seconds {{(pid=93263) _run_loop /opt/stack/data/venv/lib/python3.12/site-packages/oslo_service/backend/_threading/loopingcall.py:125}}
Jul 05 20:35:15.205128 np0000004601 nova-scheduler[93268]: DEBUG oslo.service.backend._threading.loopingcall [None req-8b6263fa-c380-49e1-a13a-7f033ada9a1c None None] Dynamic interval looping call 'nova.service.Service.periodic_tasks' sleeping for 60.00 seconds {{(pid=93268) _run_loop /opt/stack/data/venv/lib/python3.12/site-packages/oslo_service/backend/_threading/loopingcall.py:125}}
Jul 05 20:35:59.159162 np0000004601 nova-scheduler[93266]: DEBUG oslo.service.backend._threading.loopingcall [None req-997212d4-d69d-41d2-b926-2d9046f0ef1e None None] Dynamic interval looping call 'nova.service.Service.periodic_tasks' sleeping for 60.00 seconds {{(pid=93266) _run_loop /opt/stack/data/venv/lib/python3.12/site-packages/oslo_service/backend/_threading/loopingcall.py:125}}
Jul 05 20:36:02.167257 np0000004601 nova-scheduler[93266]: DEBUG oslo.service.backend._threading.loopingcall [-] Fixed interval looping call 'nova.servicegroup.drivers.db.DbDriver._report_state' sleeping for 119.99 seconds {{(pid=93266) _run_loop /opt/stack/data/venv/lib/python3.12/site-packages/oslo_service/backend/_threading/loopingcall.py:125}}
Jul 05 20:36:02.198336 np0000004601 nova-scheduler[93263]: DEBUG oslo.service.backend._threading.loopingcall [-] Fixed interval looping call 'nova.servicegroup.drivers.db.DbDriver._report_state' sleeping for 119.99 seconds {{(pid=93263) _run_loop /opt/stack/data/venv/lib/python3.12/site-packages/oslo_service/backend/_threading/loopingcall.py:125}}
Jul 05 20:36:02.210172 np0000004601 nova-scheduler[93268]: DEBUG oslo.service.backend._threading.loopingcall [-] Fixed interval looping call 'nova.servicegroup.drivers.db.DbDriver._report_state' sleeping for 120.00 seconds {{(pid=93268) _run_loop /opt/stack/data/venv/lib/python3.12/site-packages/oslo_service/backend/_threading/loopingcall.py:125}}
Jul 05 20:36:05.194372 np0000004601 nova-scheduler[93263]: DEBUG oslo.service.backend._threading.loopingcall [None req-1fab40c3-5f6b-4a1b-b202-ee1ac9397496 None None] Dynamic interval looping call 'nova.service.Service.periodic_tasks' sleeping for 60.00 seconds {{(pid=93263) _run_loop /opt/stack/data/venv/lib/python3.12/site-packages/oslo_service/backend/_threading/loopingcall.py:125}}
Jul 05 20:36:10.878609 np0000004601 nova-scheduler[93266]: DEBUG nova.scheduler.manager [None req-b6d92d18-46c3-4ba2-93f4-00c608bb7912 tempest-DeleteServersTestJSON-126737448 tempest-DeleteServersTestJSON-126737448-project-member] Starting to schedule for instances: ['4f34309e-097f-4ae9-a2a5-ee6d6163ba58'] {{(pid=93266) select_destinations /opt/stack/nova/nova/scheduler/manager.py:209}}
Jul 05 20:36:10.879097 np0000004601 nova-scheduler[93266]: DEBUG nova.scheduler.request_filter [None req-b6d92d18-46c3-4ba2-93f4-00c608bb7912 tempest-DeleteServersTestJSON-126737448 tempest-DeleteServersTestJSON-126737448-project-member] compute_status_filter request filter added forbidden trait COMPUTE_STATUS_DISABLED {{(pid=93266) compute_status_filter /opt/stack/nova/nova/scheduler/request_filter.py:253}}
Jul 05 20:36:10.880094 np0000004601 nova-scheduler[93266]: DEBUG nova.scheduler.request_filter [None req-b6d92d18-46c3-4ba2-93f4-00c608bb7912 tempest-DeleteServersTestJSON-126737448 tempest-DeleteServersTestJSON-126737448-project-member] Request filter 'compute_status_filter' took 0.0 seconds {{(pid=93266) wrapper /opt/stack/nova/nova/scheduler/request_filter.py:46}}
Jul 05 20:36:10.880305 np0000004601 nova-scheduler[93266]: DEBUG nova.scheduler.request_filter [None req-b6d92d18-46c3-4ba2-93f4-00c608bb7912 tempest-DeleteServersTestJSON-126737448 tempest-DeleteServersTestJSON-126737448-project-member] Request filter 'accelerators_filter' took 0.0 seconds {{(pid=93266) wrapper /opt/stack/nova/nova/scheduler/request_filter.py:46}}
Jul 05 20:36:10.880492 np0000004601 nova-scheduler[93266]: DEBUG nova.scheduler.request_filter [None req-b6d92d18-46c3-4ba2-93f4-00c608bb7912 tempest-DeleteServersTestJSON-126737448 tempest-DeleteServersTestJSON-126737448-project-member] Request filter 'packed_virtqueue_filter' took 0.0 seconds {{(pid=93266) wrapper /opt/stack/nova/nova/scheduler/request_filter.py:46}}
Jul 05 20:36:10.880924 np0000004601 nova-scheduler[93266]: DEBUG nova.scheduler.request_filter [None req-b6d92d18-46c3-4ba2-93f4-00c608bb7912 tempest-DeleteServersTestJSON-126737448 tempest-DeleteServersTestJSON-126737448-project-member] Request filter 'remote_managed_ports_filter' took 0.0 seconds {{(pid=93266) wrapper /opt/stack/nova/nova/scheduler/request_filter.py:46}}
Jul 05 20:36:10.881094 np0000004601 nova-scheduler[93266]: DEBUG nova.scheduler.request_filter [None req-b6d92d18-46c3-4ba2-93f4-00c608bb7912 tempest-DeleteServersTestJSON-126737448 tempest-DeleteServersTestJSON-126737448-project-member] ephemeral_encryption_filter skipped {{(pid=93266) ephemeral_encryption_filter /opt/stack/nova/nova/scheduler/request_filter.py:426}}
Jul 05 20:36:10.881222 np0000004601 nova-scheduler[93266]: DEBUG nova.scheduler.request_filter [None req-b6d92d18-46c3-4ba2-93f4-00c608bb7912 tempest-DeleteServersTestJSON-126737448 tempest-DeleteServersTestJSON-126737448-project-member] virtio_sound_filter skipped {{(pid=93266) virtio_sound_filter /opt/stack/nova/nova/scheduler/request_filter.py:460}}
Jul 05 20:36:10.881339 np0000004601 nova-scheduler[93266]: DEBUG nova.scheduler.request_filter [None req-b6d92d18-46c3-4ba2-93f4-00c608bb7912 tempest-DeleteServersTestJSON-126737448 tempest-DeleteServersTestJSON-126737448-project-member] tpm_secret_security_filter skipped {{(pid=93266) tpm_secret_security_filter /opt/stack/nova/nova/scheduler/request_filter.py:477}}
Jul 05 20:36:11.364362 np0000004601 nova-scheduler[93266]: INFO nova.utils [None req-b6d92d18-46c3-4ba2-93f4-00c608bb7912 tempest-DeleteServersTestJSON-126737448 tempest-DeleteServersTestJSON-126737448-project-member] The cell worker thread pool ForkProcess-2.cell_worker is initialized
Jul 05 20:36:11.366979 np0000004601 nova-scheduler[93266]: DEBUG oslo_concurrency.lockutils [None req-b6d92d18-46c3-4ba2-93f4-00c608bb7912 tempest-DeleteServersTestJSON-126737448 tempest-DeleteServersTestJSON-126737448-project-member] Acquiring lock "52587bd4-ca72-44dc-88e7-5341f435c422" by "nova.context.set_target_cell..get_or_set_cached_cell_and_set_connections" {{(pid=93266) inner /opt/stack/data/venv/lib/python3.12/site-packages/oslo_concurrency/lockutils.py:511}}
Jul 05 20:36:11.366979 np0000004601 nova-scheduler[93266]: DEBUG oslo_concurrency.lockutils [None req-b6d92d18-46c3-4ba2-93f4-00c608bb7912 tempest-DeleteServersTestJSON-126737448 tempest-DeleteServersTestJSON-126737448-project-member] Lock "52587bd4-ca72-44dc-88e7-5341f435c422" acquired by "nova.context.set_target_cell..get_or_set_cached_cell_and_set_connections" :: waited 0.000s {{(pid=93266) inner /opt/stack/data/venv/lib/python3.12/site-packages/oslo_concurrency/lockutils.py:524}}
Jul 05 20:36:11.368285 np0000004601 nova-scheduler[93266]: DEBUG oslo_concurrency.lockutils [None req-b6d92d18-46c3-4ba2-93f4-00c608bb7912 tempest-DeleteServersTestJSON-126737448 tempest-DeleteServersTestJSON-126737448-project-member] Lock "52587bd4-ca72-44dc-88e7-5341f435c422" "released" by "nova.context.set_target_cell..get_or_set_cached_cell_and_set_connections" :: held 0.001s {{(pid=93266) inner /opt/stack/data/venv/lib/python3.12/site-packages/oslo_concurrency/lockutils.py:543}}
Jul 05 20:36:11.370090 np0000004601 nova-scheduler[93266]: INFO dbcounter [None req-b6d92d18-46c3-4ba2-93f4-00c608bb7912 tempest-DeleteServersTestJSON-126737448 tempest-DeleteServersTestJSON-126737448-project-member] Registered counter for database nova_cell1
Jul 05 20:36:11.400420 np0000004601 nova-scheduler[93266]: DEBUG oslo_db.sqlalchemy.engines [None req-b6d92d18-46c3-4ba2-93f4-00c608bb7912 tempest-DeleteServersTestJSON-126737448 tempest-DeleteServersTestJSON-126737448-project-member] MySQL server mode set to STRICT_TRANS_TABLES,STRICT_ALL_TABLES,NO_ZERO_IN_DATE,NO_ZERO_DATE,ERROR_FOR_DIVISION_BY_ZERO,TRADITIONAL,NO_ENGINE_SUBSTITUTION {{(pid=93266) _check_effective_sql_mode /opt/stack/data/venv/lib/python3.12/site-packages/oslo_db/sqlalchemy/engines.py:325}}
Jul 05 20:36:11.406661 np0000004601 nova-scheduler[93266]: DEBUG dbcounter [-] [93266] Writer thread running {{(pid=93266) stat_writer /opt/stack/data/venv/lib/python3.12/site-packages/dbcounter.py:102}}
Jul 05 20:36:11.422388 np0000004601 nova-scheduler[93266]: DEBUG oslo_db.sqlalchemy.engines [None req-b6d92d18-46c3-4ba2-93f4-00c608bb7912 tempest-DeleteServersTestJSON-126737448 tempest-DeleteServersTestJSON-126737448-project-member] Parent process 92063 forked (93266) with an open database connection, which is being discarded and recreated. {{(pid=93266) checkout /opt/stack/data/venv/lib/python3.12/site-packages/oslo_db/sqlalchemy/engines.py:402}}
Jul 05 20:36:11.468785 np0000004601 nova-scheduler[93266]: DEBUG dbcounter [-] [93266] Writer thread running {{(pid=93266) stat_writer /opt/stack/data/venv/lib/python3.12/site-packages/dbcounter.py:102}}
Jul 05 20:36:11.474087 np0000004601 nova-scheduler[93266]: DEBUG oslo_concurrency.lockutils [None req-b6d92d18-46c3-4ba2-93f4-00c608bb7912 tempest-DeleteServersTestJSON-126737448 tempest-DeleteServersTestJSON-126737448-project-member] Acquiring lock "52587bd4-ca72-44dc-88e7-5341f435c422" by "nova.context.set_target_cell..get_or_set_cached_cell_and_set_connections" {{(pid=93266) inner /opt/stack/data/venv/lib/python3.12/site-packages/oslo_concurrency/lockutils.py:511}}
Jul 05 20:36:11.474087 np0000004601 nova-scheduler[93266]: DEBUG oslo_concurrency.lockutils [None req-b6d92d18-46c3-4ba2-93f4-00c608bb7912 tempest-DeleteServersTestJSON-126737448 tempest-DeleteServersTestJSON-126737448-project-member] Lock "52587bd4-ca72-44dc-88e7-5341f435c422" acquired by "nova.context.set_target_cell..get_or_set_cached_cell_and_set_connections" :: waited 0.000s {{(pid=93266) inner /opt/stack/data/venv/lib/python3.12/site-packages/oslo_concurrency/lockutils.py:524}}
Jul 05 20:36:11.474087 np0000004601 nova-scheduler[93266]: DEBUG oslo_concurrency.lockutils [None req-b6d92d18-46c3-4ba2-93f4-00c608bb7912 tempest-DeleteServersTestJSON-126737448 tempest-DeleteServersTestJSON-126737448-project-member] Lock "52587bd4-ca72-44dc-88e7-5341f435c422" "released" by "nova.context.set_target_cell..get_or_set_cached_cell_and_set_connections" :: held 0.000s {{(pid=93266) inner /opt/stack/data/venv/lib/python3.12/site-packages/oslo_concurrency/lockutils.py:543}}
Jul 05 20:36:11.477082 np0000004601 nova-scheduler[93266]: DEBUG oslo_concurrency.lockutils [None req-b6d92d18-46c3-4ba2-93f4-00c608bb7912 tempest-DeleteServersTestJSON-126737448 tempest-DeleteServersTestJSON-126737448-project-member] Acquiring lock "np0000004601-np0000004601" by "nova.scheduler.host_manager.HostState.update.._locked_update" {{(pid=93266) inner /opt/stack/data/venv/lib/python3.12/site-packages/oslo_concurrency/lockutils.py:511}}
Jul 05 20:36:11.477379 np0000004601 nova-scheduler[93266]: DEBUG oslo_concurrency.lockutils [None req-b6d92d18-46c3-4ba2-93f4-00c608bb7912 tempest-DeleteServersTestJSON-126737448 tempest-DeleteServersTestJSON-126737448-project-member] Lock "np0000004601-np0000004601" acquired by "nova.scheduler.host_manager.HostState.update.._locked_update" :: waited 0.001s {{(pid=93266) inner /opt/stack/data/venv/lib/python3.12/site-packages/oslo_concurrency/lockutils.py:524}}
Jul 05 20:36:11.478845 np0000004601 nova-scheduler[93266]: DEBUG nova.scheduler.host_manager [None req-b6d92d18-46c3-4ba2-93f4-00c608bb7912 tempest-DeleteServersTestJSON-126737448 tempest-DeleteServersTestJSON-126737448-project-member] Update host state from compute node: ComputeNode(cpu_allocation_ratio=4.0,cpu_info='{"arch": "x86_64", "model": "EPYC-Milan", "vendor": "AMD", "topology": {"cells": 1, "sockets": 16, "cores": 1, "threads": 1}, "maxphysaddr": {"mode": "emulate", "bits": 40}, "features": ["osvw", "f16c", "cmov", "arat", "tsc-deadline", "npt", "fxsr_opt", "fpu", "cx8", "tsc_adjust", "ssbd", "vpclmulqdq", "mmx", "fsrm", "pse36", "fxsr", "flushbyasid", "pae", "smap", "de", "syscall", "popcnt", "vme", "bmi2", "rdseed", "sse4a", "pschange-mc-no", "sse4.1", "ibpb", "sse", "sse2", "null-sel-clr-base", "movbe", "svm", "umip", "topoext", "wbnoinvd", "ssse3", "pause-filter", "gds-no", "nrip-save", "lahf_lm", "amd-stibp", "virt-ssbd", "sep", "vaes", "cr8legacy", "mtrr", "pdpe1gb", "apic", "avx", "xsaves", "clwb", "perfctr_core", "sha-ni", "no-nested-data-bp", "rdrand", "mmxext", "misalignsse", "stibp-always-on", "xsaveerptr", "pku", "clflush", "xsaveopt", "fsgsbase", "fma", "spec-ctrl", "rdctl-no", "pclmuldq", "stibp", "rdpid", "pni", "pat", "invpcid", "avx2", "x2apic", "pse", "amd-psfd", "mds-no", "xsavec", "tsc", "vmcb-clean", "aes", "v-vmsave-vmload", "smep", "abm", "ibrs", "rdtscp", "amd-ssbd", "nx", "clflushopt", "hypervisor", "pfthreshold", "pcid", "clzero", "erms", "pge", "bmi1", "vgif", "adx", "cmp_legacy", "mce", "arch-capabilities", "tsc-scale", "xsave", "3dnowprefetch", "mca", "lbrv", "xgetbv1", "skip-l1dfl-vmentry", "msr", "sse4.2", "svme-addr-chk", "lfence-always-serializing", "cx16", "lm"]}',created_at=2026-07-05T20:34:23Z,current_workload=0,deleted=False,deleted_at=None,disk_allocation_ratio=1.0,disk_available_least=73,free_disk_gb=95,free_ram_mb=62765,host='np0000004601',host_ip=10.4.3.190,hypervisor_hostname='np0000004601',hypervisor_type='QEMU',hypervisor_version=8002002,id=1,local_gb=95,local_gb_used=0,mapped=1,memory_mb=63277,memory_mb_used=512,metrics='[]',numa_topology='{"nova_object.name": "NUMATopology", "nova_object.namespace": "nova", "nova_object.version": "1.2", "nova_object.data": {"cells": [{"nova_object.name": "NUMACell", "nova_object.namespace": "nova", "nova_object.version": "1.5", "nova_object.data": {"id": 0, "cpuset": [0, 1, 2, 3, 4, 5, 6, 7, 8, 9, 10, 11, 12, 13, 14, 15], "pcpuset": [0, 1, 2, 3, 4, 5, 6, 7, 8, 9, 10, 11, 12, 13, 14, 15], "memory": 63277, "cpu_usage": 0, "memory_usage": 0, "pinned_cpus": [], "siblings": [[6], [12], [2], [15], [5], [11], [8], [14], [4], [1], [7], [10], [0], [13], [3], [9]], "mempages": [{"nova_object.name": "NUMAPagesTopology", "nova_object.namespace": "nova", "nova_object.version": "1.1", "nova_object.data": {"size_kb": 4, "total": 16177927, "used": 0, "reserved": 0}, "nova_object.changes": ["size_kb", "total", "used", "reserved"]}, {"nova_object.name": "NUMAPagesTopology", "nova_object.namespace": "nova", "nova_object.version": "1.1", "nova_object.data": {"size_kb": 2048, "total": 41, "used": 0, "reserved": 0}, "nova_object.changes": ["size_kb", "total", "used", "reserved"]}, {"nova_object.name": "NUMAPagesTopology", "nova_object.namespace": "nova", "nova_object.version": "1.1", "nova_object.data": {"size_kb": 1048576, "total": 0, "used": 0, "reserved": 0}, "nova_object.changes": ["size_kb", "total", "used", "reserved"]}], "network_metadata": {"nova_object.name": "NetworkMetadata", "nova_object.namespace": "nova", "nova_object.version": "1.0", "nova_object.data": {"physnets": [], "tunneled": false}, "nova_object.changes": ["physnets", "tunneled"]}, "socket": null}, "nova_object.changes": ["cpu_usage", "memory_usage", "socket", "memory", "siblings", "mempages", "network_metadata", "pcpuset", "pinned_cpus", "cpuset", "id"]}]}, "nova_object.changes": ["cells"]}',pci_device_pools=PciDevicePoolList,ram_allocation_ratio=1.0,running_vms=0,service_id=3,stats={failed_builds='0',uptime=' 20:36:08 up 13 min, 2 users, load average: 2.41, 1.63, 0.90
Jul 05 20:36:11.478845 np0000004601 nova-scheduler[93266]: '},supported_hv_specs=[HVSpec,HVSpec,HVSpec,HVSpec,HVSpec,HVSpec,HVSpec,HVSpec,HVSpec,HVSpec,HVSpec,HVSpec,HVSpec,HVSpec,HVSpec,HVSpec,HVSpec,HVSpec,HVSpec,HVSpec,HVSpec,HVSpec,HVSpec,HVSpec,HVSpec],updated_at=2026-07-05T20:36:10Z,uuid=a580c3c8-c136-4ee8-80e6-427556cd2c9f,vcpus=16,vcpus_used=0) {{(pid=93266) _locked_update /opt/stack/nova/nova/scheduler/host_manager.py:168}}
Jul 05 20:36:11.480114 np0000004601 nova-scheduler[93266]: DEBUG nova.scheduler.host_manager [None req-b6d92d18-46c3-4ba2-93f4-00c608bb7912 tempest-DeleteServersTestJSON-126737448 tempest-DeleteServersTestJSON-126737448-project-member] Update host state with aggregates: [] {{(pid=93266) _locked_update /opt/stack/nova/nova/scheduler/host_manager.py:171}}
Jul 05 20:36:11.480364 np0000004601 nova-scheduler[93266]: DEBUG nova.scheduler.host_manager [None req-b6d92d18-46c3-4ba2-93f4-00c608bb7912 tempest-DeleteServersTestJSON-126737448 tempest-DeleteServersTestJSON-126737448-project-member] Update host state with service dict: {'id': 3, 'uuid': '13fd465a-ca31-4af8-864b-4fc6dad1e846', 'host': 'np0000004601', 'binary': 'nova-compute', 'topic': 'compute', 'report_count': 1, 'disabled': False, 'disabled_reason': None, 'last_seen_up': datetime.datetime(2026, 7, 5, 20, 34, 32, tzinfo=datetime.timezone.utc), 'forced_down': False, 'version': 72, 'created_at': datetime.datetime(2026, 7, 5, 20, 34, 21, tzinfo=datetime.timezone.utc), 'updated_at': datetime.datetime(2026, 7, 5, 20, 34, 32, tzinfo=datetime.timezone.utc), 'deleted_at': None, 'deleted': False} {{(pid=93266) _locked_update /opt/stack/nova/nova/scheduler/host_manager.py:174}}
Jul 05 20:36:11.480711 np0000004601 nova-scheduler[93266]: DEBUG nova.scheduler.host_manager [None req-b6d92d18-46c3-4ba2-93f4-00c608bb7912 tempest-DeleteServersTestJSON-126737448 tempest-DeleteServersTestJSON-126737448-project-member] Update host state with instances: [] {{(pid=93266) _locked_update /opt/stack/nova/nova/scheduler/host_manager.py:177}}
Jul 05 20:36:11.480930 np0000004601 nova-scheduler[93266]: DEBUG oslo_concurrency.lockutils [None req-b6d92d18-46c3-4ba2-93f4-00c608bb7912 tempest-DeleteServersTestJSON-126737448 tempest-DeleteServersTestJSON-126737448-project-member] Lock "np0000004601-np0000004601" "released" by "nova.scheduler.host_manager.HostState.update.._locked_update" :: held 0.004s {{(pid=93266) inner /opt/stack/data/venv/lib/python3.12/site-packages/oslo_concurrency/lockutils.py:543}}
Jul 05 20:36:11.481523 np0000004601 nova-scheduler[93266]: DEBUG nova.filters [None req-b6d92d18-46c3-4ba2-93f4-00c608bb7912 tempest-DeleteServersTestJSON-126737448 tempest-DeleteServersTestJSON-126737448-project-member] Starting with 1 host(s) {{(pid=93266) get_filtered_objects /opt/stack/nova/nova/filters.py:70}}
Jul 05 20:36:11.481831 np0000004601 nova-scheduler[93266]: DEBUG nova.filters [None req-b6d92d18-46c3-4ba2-93f4-00c608bb7912 tempest-DeleteServersTestJSON-126737448 tempest-DeleteServersTestJSON-126737448-project-member] Filter ComputeFilter returned 1 host(s) {{(pid=93266) get_filtered_objects /opt/stack/nova/nova/filters.py:102}}
Jul 05 20:36:11.482105 np0000004601 nova-scheduler[93266]: DEBUG nova.filters [None req-b6d92d18-46c3-4ba2-93f4-00c608bb7912 tempest-DeleteServersTestJSON-126737448 tempest-DeleteServersTestJSON-126737448-project-member] Filter ComputeCapabilitiesFilter returned 1 host(s) {{(pid=93266) get_filtered_objects /opt/stack/nova/nova/filters.py:102}}
Jul 05 20:36:11.482405 np0000004601 nova-scheduler[93266]: DEBUG nova.filters [None req-b6d92d18-46c3-4ba2-93f4-00c608bb7912 tempest-DeleteServersTestJSON-126737448 tempest-DeleteServersTestJSON-126737448-project-member] Filter ImagePropertiesFilter returned 1 host(s) {{(pid=93266) get_filtered_objects /opt/stack/nova/nova/filters.py:102}}
Jul 05 20:36:11.482631 np0000004601 nova-scheduler[93266]: DEBUG nova.filters [None req-b6d92d18-46c3-4ba2-93f4-00c608bb7912 tempest-DeleteServersTestJSON-126737448 tempest-DeleteServersTestJSON-126737448-project-member] Filter ServerGroupAntiAffinityFilter returned 1 host(s) {{(pid=93266) get_filtered_objects /opt/stack/nova/nova/filters.py:102}}
Jul 05 20:36:11.482855 np0000004601 nova-scheduler[93266]: DEBUG nova.filters [None req-b6d92d18-46c3-4ba2-93f4-00c608bb7912 tempest-DeleteServersTestJSON-126737448 tempest-DeleteServersTestJSON-126737448-project-member] Filter ServerGroupAffinityFilter returned 1 host(s) {{(pid=93266) get_filtered_objects /opt/stack/nova/nova/filters.py:102}}
Jul 05 20:36:11.483080 np0000004601 nova-scheduler[93266]: DEBUG nova.filters [None req-b6d92d18-46c3-4ba2-93f4-00c608bb7912 tempest-DeleteServersTestJSON-126737448 tempest-DeleteServersTestJSON-126737448-project-member] Filter SameHostFilter returned 1 host(s) {{(pid=93266) get_filtered_objects /opt/stack/nova/nova/filters.py:102}}
Jul 05 20:36:11.483280 np0000004601 nova-scheduler[93266]: DEBUG nova.filters [None req-b6d92d18-46c3-4ba2-93f4-00c608bb7912 tempest-DeleteServersTestJSON-126737448 tempest-DeleteServersTestJSON-126737448-project-member] Filter DifferentHostFilter returned 1 host(s) {{(pid=93266) get_filtered_objects /opt/stack/nova/nova/filters.py:102}}
Jul 05 20:36:11.483526 np0000004601 nova-scheduler[93266]: DEBUG nova.scheduler.manager [None req-b6d92d18-46c3-4ba2-93f4-00c608bb7912 tempest-DeleteServersTestJSON-126737448 tempest-DeleteServersTestJSON-126737448-project-member] Filtered [(np0000004601, np0000004601) ram: 62765MB disk: 74752MB io_ops: 0 instances: 0, allocation_candidates: 1] {{(pid=93266) _get_sorted_hosts /opt/stack/nova/nova/scheduler/manager.py:742}}
Jul 05 20:36:11.483850 np0000004601 nova-scheduler[93266]: DEBUG nova.scheduler.manager [None req-b6d92d18-46c3-4ba2-93f4-00c608bb7912 tempest-DeleteServersTestJSON-126737448 tempest-DeleteServersTestJSON-126737448-project-member] Weighed [WeighedHost [host: (np0000004601, np0000004601) ram: 62765MB disk: 74752MB io_ops: 0 instances: 0, allocation_candidates: 1, weight: 0.0]] {{(pid=93266) _get_sorted_hosts /opt/stack/nova/nova/scheduler/manager.py:764}}
Jul 05 20:36:11.484135 np0000004601 nova-scheduler[93266]: DEBUG nova.scheduler.utils [None req-b6d92d18-46c3-4ba2-93f4-00c608bb7912 tempest-DeleteServersTestJSON-126737448 tempest-DeleteServersTestJSON-126737448-project-member] Attempting to claim resources in the placement API for instance 4f34309e-097f-4ae9-a2a5-ee6d6163ba58 {{(pid=93266) claim_resources /opt/stack/nova/nova/scheduler/utils.py:1345}}
Jul 05 20:36:11.632635 np0000004601 nova-scheduler[93266]: DEBUG nova.scheduler.manager [None req-b6d92d18-46c3-4ba2-93f4-00c608bb7912 tempest-DeleteServersTestJSON-126737448 tempest-DeleteServersTestJSON-126737448-project-member] [instance: 4f34309e-097f-4ae9-a2a5-ee6d6163ba58] Selected host: (np0000004601, np0000004601) ram: 62765MB disk: 74752MB io_ops: 0 instances: 0, allocation_candidates: 1 {{(pid=93266) _consume_selected_host /opt/stack/nova/nova/scheduler/manager.py:624}}
Jul 05 20:36:11.632712 np0000004601 nova-scheduler[93266]: DEBUG oslo_concurrency.lockutils [None req-b6d92d18-46c3-4ba2-93f4-00c608bb7912 tempest-DeleteServersTestJSON-126737448 tempest-DeleteServersTestJSON-126737448-project-member] Acquiring lock "np0000004601-np0000004601" by "nova.scheduler.host_manager.HostState.consume_from_request.._locked" {{(pid=93266) inner /opt/stack/data/venv/lib/python3.12/site-packages/oslo_concurrency/lockutils.py:511}}
Jul 05 20:36:11.633420 np0000004601 nova-scheduler[93266]: DEBUG oslo_concurrency.lockutils [None req-b6d92d18-46c3-4ba2-93f4-00c608bb7912 tempest-DeleteServersTestJSON-126737448 tempest-DeleteServersTestJSON-126737448-project-member] Lock "np0000004601-np0000004601" acquired by "nova.scheduler.host_manager.HostState.consume_from_request.._locked" :: waited 0.000s {{(pid=93266) inner /opt/stack/data/venv/lib/python3.12/site-packages/oslo_concurrency/lockutils.py:524}}
Jul 05 20:36:11.633869 np0000004601 nova-scheduler[93266]: DEBUG oslo_concurrency.lockutils [None req-b6d92d18-46c3-4ba2-93f4-00c608bb7912 tempest-DeleteServersTestJSON-126737448 tempest-DeleteServersTestJSON-126737448-project-member] Lock "np0000004601-np0000004601" "released" by "nova.scheduler.host_manager.HostState.consume_from_request.._locked" :: held 0.001s {{(pid=93266) inner /opt/stack/data/venv/lib/python3.12/site-packages/oslo_concurrency/lockutils.py:543}}
Jul 05 20:36:12.164060 np0000004601 nova-scheduler[93266]: DEBUG dbcounter [-] [93266] Writing DB stats nova_cell0:SELECT=1,nova_cell0:UPDATE=1 {{(pid=93266) stat_writer /opt/stack/data/venv/lib/python3.12/site-packages/dbcounter.py:115}}
Jul 05 20:36:12.195625 np0000004601 nova-scheduler[93263]: DEBUG dbcounter [-] [93263] Writing DB stats nova_cell0:SELECT=1 {{(pid=93263) stat_writer /opt/stack/data/venv/lib/python3.12/site-packages/dbcounter.py:115}}
Jul 05 20:36:12.209226 np0000004601 nova-scheduler[93268]: DEBUG dbcounter [-] [93268] Writing DB stats nova_cell0:SELECT=1 {{(pid=93268) stat_writer /opt/stack/data/venv/lib/python3.12/site-packages/dbcounter.py:115}}
Jul 05 20:36:14.785412 np0000004601 nova-scheduler[93263]: DEBUG nova.scheduler.manager [None req-4ad60659-aa65-415c-83c0-70d56f5ff968 tempest-ServerRescueNegativeTestJSON-688021143 tempest-ServerRescueNegativeTestJSON-688021143-project-member] Starting to schedule for instances: ['04686f39-a67a-4759-af8a-812887d67811'] {{(pid=93263) select_destinations /opt/stack/nova/nova/scheduler/manager.py:209}}
Jul 05 20:36:14.786077 np0000004601 nova-scheduler[93263]: DEBUG nova.scheduler.request_filter [None req-4ad60659-aa65-415c-83c0-70d56f5ff968 tempest-ServerRescueNegativeTestJSON-688021143 tempest-ServerRescueNegativeTestJSON-688021143-project-member] compute_status_filter request filter added forbidden trait COMPUTE_STATUS_DISABLED {{(pid=93263) compute_status_filter /opt/stack/nova/nova/scheduler/request_filter.py:253}}
Jul 05 20:36:14.786077 np0000004601 nova-scheduler[93263]: DEBUG nova.scheduler.request_filter [None req-4ad60659-aa65-415c-83c0-70d56f5ff968 tempest-ServerRescueNegativeTestJSON-688021143 tempest-ServerRescueNegativeTestJSON-688021143-project-member] Request filter 'compute_status_filter' took 0.0 seconds {{(pid=93263) wrapper /opt/stack/nova/nova/scheduler/request_filter.py:46}}
Jul 05 20:36:14.786388 np0000004601 nova-scheduler[93263]: DEBUG nova.scheduler.request_filter [None req-4ad60659-aa65-415c-83c0-70d56f5ff968 tempest-ServerRescueNegativeTestJSON-688021143 tempest-ServerRescueNegativeTestJSON-688021143-project-member] Request filter 'accelerators_filter' took 0.0 seconds {{(pid=93263) wrapper /opt/stack/nova/nova/scheduler/request_filter.py:46}}
Jul 05 20:36:14.786388 np0000004601 nova-scheduler[93263]: DEBUG nova.scheduler.request_filter [None req-4ad60659-aa65-415c-83c0-70d56f5ff968 tempest-ServerRescueNegativeTestJSON-688021143 tempest-ServerRescueNegativeTestJSON-688021143-project-member] Request filter 'packed_virtqueue_filter' took 0.0 seconds {{(pid=93263) wrapper /opt/stack/nova/nova/scheduler/request_filter.py:46}}
Jul 05 20:36:14.786841 np0000004601 nova-scheduler[93263]: DEBUG nova.scheduler.request_filter [None req-4ad60659-aa65-415c-83c0-70d56f5ff968 tempest-ServerRescueNegativeTestJSON-688021143 tempest-ServerRescueNegativeTestJSON-688021143-project-member] Request filter 'remote_managed_ports_filter' took 0.0 seconds {{(pid=93263) wrapper /opt/stack/nova/nova/scheduler/request_filter.py:46}}
Jul 05 20:36:14.786841 np0000004601 nova-scheduler[93263]: DEBUG nova.scheduler.request_filter [None req-4ad60659-aa65-415c-83c0-70d56f5ff968 tempest-ServerRescueNegativeTestJSON-688021143 tempest-ServerRescueNegativeTestJSON-688021143-project-member] ephemeral_encryption_filter skipped {{(pid=93263) ephemeral_encryption_filter /opt/stack/nova/nova/scheduler/request_filter.py:426}}
Jul 05 20:36:14.786897 np0000004601 nova-scheduler[93263]: DEBUG nova.scheduler.request_filter [None req-4ad60659-aa65-415c-83c0-70d56f5ff968 tempest-ServerRescueNegativeTestJSON-688021143 tempest-ServerRescueNegativeTestJSON-688021143-project-member] virtio_sound_filter skipped {{(pid=93263) virtio_sound_filter /opt/stack/nova/nova/scheduler/request_filter.py:460}}
Jul 05 20:36:14.787009 np0000004601 nova-scheduler[93263]: DEBUG nova.scheduler.request_filter [None req-4ad60659-aa65-415c-83c0-70d56f5ff968 tempest-ServerRescueNegativeTestJSON-688021143 tempest-ServerRescueNegativeTestJSON-688021143-project-member] tpm_secret_security_filter skipped {{(pid=93263) tpm_secret_security_filter /opt/stack/nova/nova/scheduler/request_filter.py:477}}
Jul 05 20:36:14.885645 np0000004601 nova-scheduler[93263]: INFO nova.utils [None req-4ad60659-aa65-415c-83c0-70d56f5ff968 tempest-ServerRescueNegativeTestJSON-688021143 tempest-ServerRescueNegativeTestJSON-688021143-project-member] The cell worker thread pool ForkProcess-1.cell_worker is initialized
Jul 05 20:36:14.886289 np0000004601 nova-scheduler[93263]: DEBUG oslo_concurrency.lockutils [None req-4ad60659-aa65-415c-83c0-70d56f5ff968 tempest-ServerRescueNegativeTestJSON-688021143 tempest-ServerRescueNegativeTestJSON-688021143-project-member] Acquiring lock "52587bd4-ca72-44dc-88e7-5341f435c422" by "nova.context.set_target_cell..get_or_set_cached_cell_and_set_connections" {{(pid=93263) inner /opt/stack/data/venv/lib/python3.12/site-packages/oslo_concurrency/lockutils.py:511}}
Jul 05 20:36:14.886520 np0000004601 nova-scheduler[93263]: DEBUG oslo_concurrency.lockutils [None req-4ad60659-aa65-415c-83c0-70d56f5ff968 tempest-ServerRescueNegativeTestJSON-688021143 tempest-ServerRescueNegativeTestJSON-688021143-project-member] Lock "52587bd4-ca72-44dc-88e7-5341f435c422" acquired by "nova.context.set_target_cell..get_or_set_cached_cell_and_set_connections" :: waited 0.000s {{(pid=93263) inner /opt/stack/data/venv/lib/python3.12/site-packages/oslo_concurrency/lockutils.py:524}}
Jul 05 20:36:14.888165 np0000004601 nova-scheduler[93263]: DEBUG oslo_concurrency.lockutils [None req-4ad60659-aa65-415c-83c0-70d56f5ff968 tempest-ServerRescueNegativeTestJSON-688021143 tempest-ServerRescueNegativeTestJSON-688021143-project-member] Lock "52587bd4-ca72-44dc-88e7-5341f435c422" "released" by "nova.context.set_target_cell..get_or_set_cached_cell_and_set_connections" :: held 0.002s {{(pid=93263) inner /opt/stack/data/venv/lib/python3.12/site-packages/oslo_concurrency/lockutils.py:543}}
Jul 05 20:36:14.890311 np0000004601 nova-scheduler[93263]: INFO dbcounter [None req-4ad60659-aa65-415c-83c0-70d56f5ff968 tempest-ServerRescueNegativeTestJSON-688021143 tempest-ServerRescueNegativeTestJSON-688021143-project-member] Registered counter for database nova_cell1
Jul 05 20:36:14.921443 np0000004601 nova-scheduler[93263]: DEBUG oslo_db.sqlalchemy.engines [None req-4ad60659-aa65-415c-83c0-70d56f5ff968 tempest-ServerRescueNegativeTestJSON-688021143 tempest-ServerRescueNegativeTestJSON-688021143-project-member] MySQL server mode set to STRICT_TRANS_TABLES,STRICT_ALL_TABLES,NO_ZERO_IN_DATE,NO_ZERO_DATE,ERROR_FOR_DIVISION_BY_ZERO,TRADITIONAL,NO_ENGINE_SUBSTITUTION {{(pid=93263) _check_effective_sql_mode /opt/stack/data/venv/lib/python3.12/site-packages/oslo_db/sqlalchemy/engines.py:325}}
Jul 05 20:36:14.926373 np0000004601 nova-scheduler[93263]: DEBUG dbcounter [-] [93263] Writer thread running {{(pid=93263) stat_writer /opt/stack/data/venv/lib/python3.12/site-packages/dbcounter.py:102}}
Jul 05 20:36:14.975372 np0000004601 nova-scheduler[93263]: DEBUG dbcounter [-] [93263] Writer thread running {{(pid=93263) stat_writer /opt/stack/data/venv/lib/python3.12/site-packages/dbcounter.py:102}}
Jul 05 20:36:14.977772 np0000004601 nova-scheduler[93263]: DEBUG oslo_concurrency.lockutils [None req-4ad60659-aa65-415c-83c0-70d56f5ff968 tempest-ServerRescueNegativeTestJSON-688021143 tempest-ServerRescueNegativeTestJSON-688021143-project-member] Acquiring lock "52587bd4-ca72-44dc-88e7-5341f435c422" by "nova.context.set_target_cell..get_or_set_cached_cell_and_set_connections" {{(pid=93263) inner /opt/stack/data/venv/lib/python3.12/site-packages/oslo_concurrency/lockutils.py:511}}
Jul 05 20:36:14.977933 np0000004601 nova-scheduler[93263]: DEBUG oslo_concurrency.lockutils [None req-4ad60659-aa65-415c-83c0-70d56f5ff968 tempest-ServerRescueNegativeTestJSON-688021143 tempest-ServerRescueNegativeTestJSON-688021143-project-member] Lock "52587bd4-ca72-44dc-88e7-5341f435c422" acquired by "nova.context.set_target_cell..get_or_set_cached_cell_and_set_connections" :: waited 0.000s {{(pid=93263) inner /opt/stack/data/venv/lib/python3.12/site-packages/oslo_concurrency/lockutils.py:524}}
Jul 05 20:36:14.978098 np0000004601 nova-scheduler[93263]: DEBUG oslo_concurrency.lockutils [None req-4ad60659-aa65-415c-83c0-70d56f5ff968 tempest-ServerRescueNegativeTestJSON-688021143 tempest-ServerRescueNegativeTestJSON-688021143-project-member] Lock "52587bd4-ca72-44dc-88e7-5341f435c422" "released" by "nova.context.set_target_cell..get_or_set_cached_cell_and_set_connections" :: held 0.000s {{(pid=93263) inner /opt/stack/data/venv/lib/python3.12/site-packages/oslo_concurrency/lockutils.py:543}}
Jul 05 20:36:14.982525 np0000004601 nova-scheduler[93263]: DEBUG oslo_concurrency.lockutils [None req-4ad60659-aa65-415c-83c0-70d56f5ff968 tempest-ServerRescueNegativeTestJSON-688021143 tempest-ServerRescueNegativeTestJSON-688021143-project-member] Acquiring lock "np0000004601-np0000004601" by "nova.scheduler.host_manager.HostState.update.._locked_update" {{(pid=93263) inner /opt/stack/data/venv/lib/python3.12/site-packages/oslo_concurrency/lockutils.py:511}}
