Aug 24 23:17:06.727494 np0000008033 devstack@g-api.service[103109]: DEBUG glance.api.middleware.version_negotiation [None req-957142c8-1b31-41e4-a39a-b37ced78cfca tempest-VolumesActionsTest-1228427211 tempest-VolumesActionsTest-1228427211-project-member] Determining version of request: PUT /v2/images/9dada26d-e4e5-4a28-8621-fa2edbf04548/file Accept: */* {{(pid=103109) process_request /opt/stack/glance/glance/api/middleware/version_negotiation.py:44}}
Aug 24 23:17:06.767468 np0000008033 devstack@g-api.service[103109]: DEBUG glance.api.middleware.version_negotiation [None req-957142c8-1b31-41e4-a39a-b37ced78cfca tempest-VolumesActionsTest-1228427211 tempest-VolumesActionsTest-1228427211-project-member] Using url versioning {{(pid=103109) process_request /opt/stack/glance/glance/api/middleware/version_negotiation.py:57}}
Aug 24 23:17:06.767468 np0000008033 devstack@g-api.service[103109]: DEBUG glance.api.middleware.version_negotiation [None req-957142c8-1b31-41e4-a39a-b37ced78cfca tempest-VolumesActionsTest-1228427211 tempest-VolumesActionsTest-1228427211-project-member] Matched version: v2 {{(pid=103109) process_request /opt/stack/glance/glance/api/middleware/version_negotiation.py:69}}
Aug 24 23:17:06.767468 np0000008033 devstack@g-api.service[103109]: DEBUG glance.api.middleware.version_negotiation [None req-957142c8-1b31-41e4-a39a-b37ced78cfca tempest-VolumesActionsTest-1228427211 tempest-VolumesActionsTest-1228427211-project-member] new path /v2/images/9dada26d-e4e5-4a28-8621-fa2edbf04548/file {{(pid=103109) process_request /opt/stack/glance/glance/api/middleware/version_negotiation.py:70}}
Aug 24 23:17:07.308877 np0000008033 devstack@g-api.service[103109]: INFO glance.api.v2.image_data [None req-606ffff6-b134-4930-a4cb-49117e6b1bb6 tempest-VolumesActionsTest-1228427211 tempest-VolumesActionsTest-1228427211-project-member] Unable to create trust: no such option collect_timing in group [keystone_authtoken] Use the existing user token.
Aug 24 23:17:08.441643 np0000008033 devstack@g-api.service[103108]: DEBUG glance.api.middleware.version_negotiation [None req-5f0566b5-2ed5-4557-aeaa-49dec0ac1f1b tempest-VolumesActionsTest-1228427211 tempest-VolumesActionsTest-1228427211-project-member] Determining version of request: GET /v2/images/9dada26d-e4e5-4a28-8621-fa2edbf04548 Accept: application/json {{(pid=103108) process_request /opt/stack/glance/glance/api/middleware/version_negotiation.py:44}}
Aug 24 23:17:08.441643 np0000008033 devstack@g-api.service[103108]: DEBUG glance.api.middleware.version_negotiation [None req-5f0566b5-2ed5-4557-aeaa-49dec0ac1f1b tempest-VolumesActionsTest-1228427211 tempest-VolumesActionsTest-1228427211-project-member] Using url versioning {{(pid=103108) process_request /opt/stack/glance/glance/api/middleware/version_negotiation.py:57}}
Aug 24 23:17:08.441643 np0000008033 devstack@g-api.service[103108]: DEBUG glance.api.middleware.version_negotiation [None req-5f0566b5-2ed5-4557-aeaa-49dec0ac1f1b tempest-VolumesActionsTest-1228427211 tempest-VolumesActionsTest-1228427211-project-member] Matched version: v2 {{(pid=103108) process_request /opt/stack/glance/glance/api/middleware/version_negotiation.py:69}}
Aug 24 23:17:08.441643 np0000008033 devstack@g-api.service[103108]: DEBUG glance.api.middleware.version_negotiation [None req-5f0566b5-2ed5-4557-aeaa-49dec0ac1f1b tempest-VolumesActionsTest-1228427211 tempest-VolumesActionsTest-1228427211-project-member] new path /v2/images/9dada26d-e4e5-4a28-8621-fa2edbf04548 {{(pid=103108) process_request /opt/stack/glance/glance/api/middleware/version_negotiation.py:70}}
Aug 24 23:17:08.441643 np0000008033 devstack@g-api.service[103108]: [pid: 103108|app: 0|req: 34/135] 127.0.0.1 () {40 vars in 834 bytes} [Mon Aug 24 23:17:07 2026] GET /v2/images/9dada26d-e4e5-4a28-8621-fa2edbf04548 => generated 650 bytes in 39 msecs (HTTP/1.1 200) 4 headers in 157 bytes (1 switches on core 0)
Aug 24 23:17:08.443978 np0000008033 devstack@g-api.service[103109]: DEBUG glance.location [None req-606ffff6-b134-4930-a4cb-49117e6b1bb6 tempest-VolumesActionsTest-1228427211 tempest-VolumesActionsTest-1228427211-project-member] Enabling in-flight format inspection for raw {{(pid=103109) set_data /opt/stack/glance/glance/location.py:596}}
Aug 24 23:17:08.443978 np0000008033 devstack@g-api.service[103109]: DEBUG glance_store.backend [None req-606ffff6-b134-4930-a4cb-49117e6b1bb6 tempest-VolumesActionsTest-1228427211 tempest-VolumesActionsTest-1228427211-project-member] Attempting to import store swift {{(pid=103109) _load_store /opt/stack/data/venv/lib/python3.12/site-packages/glance_store/backend.py:215}}
Aug 24 23:17:08.443978 np0000008033 devstack@g-api.service[103109]: DEBUG glance_store.capabilities [None req-606ffff6-b134-4930-a4cb-49117e6b1bb6 tempest-VolumesActionsTest-1228427211 tempest-VolumesActionsTest-1228427211-project-member] Store glance_store._drivers.swift.store.SingleTenantStore doesn't support updating dynamic storage capabilities. Please overwrite 'update_capabilities' method of the store to implement updating logics if needed. {{(pid=103109) update_capabilities /opt/stack/data/venv/lib/python3.12/site-packages/glance_store/capabilities.py:91}}
Aug 24 23:17:08.443978 np0000008033 devstack@g-api.service[103109]: DEBUG glance_store.driver [None req-606ffff6-b134-4930-a4cb-49117e6b1bb6 tempest-VolumesActionsTest-1228427211 tempest-VolumesActionsTest-1228427211-project-member] Late loading location class glance_store._drivers.swift.store.StoreLocation {{(pid=103109) get_store_location_class /opt/stack/data/venv/lib/python3.12/site-packages/glance_store/driver.py:134}}
Aug 24 23:17:08.443978 np0000008033 devstack@g-api.service[103109]: DEBUG glance_store.location [None req-606ffff6-b134-4930-a4cb-49117e6b1bb6 tempest-VolumesActionsTest-1228427211 tempest-VolumesActionsTest-1228427211-project-member] Registering scheme swift+https with {'store': , 'location_class': , 'store_entry': 'swift'} {{(pid=103109) register_scheme_map /opt/stack/data/venv/lib/python3.12/site-packages/glance_store/location.py:146}}
Aug 24 23:17:08.443978 np0000008033 devstack@g-api.service[103109]: DEBUG glance_store.location [None req-606ffff6-b134-4930-a4cb-49117e6b1bb6 tempest-VolumesActionsTest-1228427211 tempest-VolumesActionsTest-1228427211-project-member] Registering scheme swift+https with {'store': , 'location_class': , 'store_entry': 'swift'} {{(pid=103109) register_scheme_map /opt/stack/data/venv/lib/python3.12/site-packages/glance_store/location.py:146}}
Aug 24 23:17:08.443978 np0000008033 devstack@g-api.service[103109]: DEBUG glance_store.location [None req-606ffff6-b134-4930-a4cb-49117e6b1bb6 tempest-VolumesActionsTest-1228427211 tempest-VolumesActionsTest-1228427211-project-member] Registering scheme swift with {'store': , 'location_class': , 'store_entry': 'swift'} {{(pid=103109) register_scheme_map /opt/stack/data/venv/lib/python3.12/site-packages/glance_store/location.py:146}}
Aug 24 23:17:08.443978 np0000008033 devstack@g-api.service[103109]: DEBUG glance_store.location [None req-606ffff6-b134-4930-a4cb-49117e6b1bb6 tempest-VolumesActionsTest-1228427211 tempest-VolumesActionsTest-1228427211-project-member] Registering scheme swift+https with {'store': , 'location_class': , 'store_entry': 'swift'} {{(pid=103109) register_scheme_map /opt/stack/data/venv/lib/python3.12/site-packages/glance_store/location.py:146}}
Aug 24 23:17:08.443978 np0000008033 devstack@g-api.service[103109]: DEBUG glance_store.location [None req-606ffff6-b134-4930-a4cb-49117e6b1bb6 tempest-VolumesActionsTest-1228427211 tempest-VolumesActionsTest-1228427211-project-member] Registering scheme swift with {'store': , 'location_class': , 'store_entry': 'swift'} {{(pid=103109) register_scheme_map /opt/stack/data/venv/lib/python3.12/site-packages/glance_store/location.py:146}}
Aug 24 23:17:08.443978 np0000008033 devstack@g-api.service[103109]: DEBUG glance_store.location [None req-606ffff6-b134-4930-a4cb-49117e6b1bb6 tempest-VolumesActionsTest-1228427211 tempest-VolumesActionsTest-1228427211-project-member] Registering scheme swift+http with {'store': , 'location_class': , 'store_entry': 'swift'} {{(pid=103109) register_scheme_map /opt/stack/data/venv/lib/python3.12/site-packages/glance_store/location.py:146}}
Aug 24 23:17:08.443978 np0000008033 devstack@g-api.service[103109]: DEBUG glance_store.location [None req-606ffff6-b134-4930-a4cb-49117e6b1bb6 tempest-VolumesActionsTest-1228427211 tempest-VolumesActionsTest-1228427211-project-member] Registering scheme swift+https with {'store': , 'location_class': , 'store_entry': 'swift'} {{(pid=103109) register_scheme_map /opt/stack/data/venv/lib/python3.12/site-packages/glance_store/location.py:146}}
Aug 24 23:17:08.443978 np0000008033 devstack@g-api.service[103109]: DEBUG glance_store.location [None req-606ffff6-b134-4930-a4cb-49117e6b1bb6 tempest-VolumesActionsTest-1228427211 tempest-VolumesActionsTest-1228427211-project-member] Registering scheme swift with {'store': , 'location_class': , 'store_entry': 'swift'} {{(pid=103109) register_scheme_map /opt/stack/data/venv/lib/python3.12/site-packages/glance_store/location.py:146}}
Aug 24 23:17:08.446460 np0000008033 devstack@g-api.service[103109]: DEBUG glance_store.location [None req-606ffff6-b134-4930-a4cb-49117e6b1bb6 tempest-VolumesActionsTest-1228427211 tempest-VolumesActionsTest-1228427211-project-member] Registering scheme swift+http with {'store': , 'location_class': , 'store_entry': 'swift'} {{(pid=103109) register_scheme_map /opt/stack/data/venv/lib/python3.12/site-packages/glance_store/location.py:146}}
Aug 24 23:17:08.446460 np0000008033 devstack@g-api.service[103109]: DEBUG glance_store.location [None req-606ffff6-b134-4930-a4cb-49117e6b1bb6 tempest-VolumesActionsTest-1228427211 tempest-VolumesActionsTest-1228427211-project-member] Registering scheme swift+config with {'store': , 'location_class': , 'store_entry': 'swift'} {{(pid=103109) register_scheme_map /opt/stack/data/venv/lib/python3.12/site-packages/glance_store/location.py:146}}
Aug 24 23:17:08.472959 np0000008033 devstack@g-api.service[103109]: DEBUG swiftclient [None req-606ffff6-b134-4930-a4cb-49117e6b1bb6 tempest-VolumesActionsTest-1228427211 tempest-VolumesActionsTest-1228427211-project-member] REQ: curl -i https://10.4.3.50:8080/v1/AUTH_cc656a16b7f54c93b91e8b151cf8f67b/glance -I -H "X-Auth-Token: gAAAAABqjND0VLIl..." {{(pid=103109) http_log /opt/stack/data/venv/lib/python3.12/site-packages/swiftclient/client.py:160}}
Aug 24 23:17:08.472959 np0000008033 devstack@g-api.service[103109]: DEBUG swiftclient [None req-606ffff6-b134-4930-a4cb-49117e6b1bb6 tempest-VolumesActionsTest-1228427211 tempest-VolumesActionsTest-1228427211-project-member] RESP STATUS: 204 No Content {{(pid=103109) http_log /opt/stack/data/venv/lib/python3.12/site-packages/swiftclient/client.py:161}}
Aug 24 23:17:08.472959 np0000008033 devstack@g-api.service[103109]: DEBUG swiftclient [None req-606ffff6-b134-4930-a4cb-49117e6b1bb6 tempest-VolumesActionsTest-1228427211 tempest-VolumesActionsTest-1228427211-project-member] RESP HEADERS: {'Date': 'Mon, 24 Aug 2026 23:17:08 GMT', 'Server': 'Apache/2.4.58 (Ubuntu)', 'Content-Type': 'text/plain; charset=utf-8', 'X-Container-Object-Count': '3', 'X-Container-Bytes-Used': '64356352', 'X-Timestamp': '1787613146.08748', 'Last-Modified': 'Mon, 24 Aug 2026 23:12:27 GMT', 'Accept-Ranges': 'bytes', 'X-Storage-Policy': 'Policy-0', 'X-Container-Sharding': 'False', 'Vary': 'Accept', 'X-Trans-Id': 'tx48ac3428a27a4cccaf468-006a8cd0f4', 'X-Openstack-Request-Id': 'tx48ac3428a27a4cccaf468-006a8cd0f4', 'Connection': 'close'} {{(pid=103109) http_log /opt/stack/data/venv/lib/python3.12/site-packages/swiftclient/client.py:162}}
Aug 24 23:17:08.472959 np0000008033 devstack@g-api.service[103109]: DEBUG glance_store._drivers.swift.store [None req-606ffff6-b134-4930-a4cb-49117e6b1bb6 tempest-VolumesActionsTest-1228427211 tempest-VolumesActionsTest-1228427211-project-member] Adding image object '9dada26d-e4e5-4a28-8621-fa2edbf04548' to Swift {{(pid=103109) add /opt/stack/data/venv/lib/python3.12/site-packages/glance_store/_drivers/swift/store.py:970}}
Aug 24 23:17:08.472959 np0000008033 devstack@g-api.service[103109]: DEBUG glance_store._drivers.swift.store [None req-606ffff6-b134-4930-a4cb-49117e6b1bb6 tempest-VolumesActionsTest-1228427211 tempest-VolumesActionsTest-1228427211-project-member] Cannot determine image size because it is either not provided in the request or chunked-transfer encoding is used. Adding image as a segmented object to Swift. {{(pid=103109) add /opt/stack/data/venv/lib/python3.12/site-packages/glance_store/_drivers/swift/store.py:994}}
Aug 24 23:17:08.478169 np0000008033 devstack@g-api.service[103109]: DEBUG oslo_utils.imageutils.format_inspector [None req-606ffff6-b134-4930-a4cb-49117e6b1bb6 tempest-VolumesActionsTest-1228427211 tempest-VolumesActionsTest-1228427211-project-member] Format inspector for vmdk does not match, excluding from consideration (Signature KDMV not found: b'\x00\x00\x00\x00') {{(pid=103109) _process_chunk /opt/stack/data/venv/lib/python3.12/site-packages/oslo_utils/imageutils/format_inspector.py:1758}}
Aug 24 23:17:08.480786 np0000008033 devstack@g-api.service[103109]: DEBUG oslo_utils.imageutils.format_inspector [None req-606ffff6-b134-4930-a4cb-49117e6b1bb6 tempest-VolumesActionsTest-1228427211 tempest-VolumesActionsTest-1228427211-project-member] Format inspector for vhdx does not match, excluding from consideration (Region signature not found at 30000) {{(pid=103109) _process_chunk /opt/stack/data/venv/lib/python3.12/site-packages/oslo_utils/imageutils/format_inspector.py:1758}}
Aug 24 23:17:08.704934 np0000008033 devstack@g-api.service[103110]: DEBUG glance.api.middleware.version_negotiation [None req-bad22a8a-0b8b-4486-b7cb-10ee0b775a73 tempest-VolumesActionsTest-1228427211 tempest-VolumesActionsTest-1228427211-project-member] Determining version of request: GET /v2/images/9dada26d-e4e5-4a28-8621-fa2edbf04548 Accept: application/json {{(pid=103110) process_request /opt/stack/glance/glance/api/middleware/version_negotiation.py:44}}
Aug 24 23:17:08.705499 np0000008033 devstack@g-api.service[103110]: DEBUG glance.api.middleware.version_negotiation [None req-bad22a8a-0b8b-4486-b7cb-10ee0b775a73 tempest-VolumesActionsTest-1228427211 tempest-VolumesActionsTest-1228427211-project-member] Using url versioning {{(pid=103110) process_request /opt/stack/glance/glance/api/middleware/version_negotiation.py:57}}
Aug 24 23:17:08.705499 np0000008033 devstack@g-api.service[103110]: DEBUG glance.api.middleware.version_negotiation [None req-bad22a8a-0b8b-4486-b7cb-10ee0b775a73 tempest-VolumesActionsTest-1228427211 tempest-VolumesActionsTest-1228427211-project-member] Matched version: v2 {{(pid=103110) process_request /opt/stack/glance/glance/api/middleware/version_negotiation.py:69}}
Aug 24 23:17:08.705499 np0000008033 devstack@g-api.service[103110]: DEBUG glance.api.middleware.version_negotiation [None req-bad22a8a-0b8b-4486-b7cb-10ee0b775a73 tempest-VolumesActionsTest-1228427211 tempest-VolumesActionsTest-1228427211-project-member] new path /v2/images/9dada26d-e4e5-4a28-8621-fa2edbf04548 {{(pid=103110) process_request /opt/stack/glance/glance/api/middleware/version_negotiation.py:70}}
Aug 24 23:17:08.810518 np0000008033 devstack@g-api.service[103110]: [pid: 103110|app: 0|req: 36/136] 127.0.0.1 () {40 vars in 834 bytes} [Mon Aug 24 23:17:08 2026] GET /v2/images/9dada26d-e4e5-4a28-8621-fa2edbf04548 => generated 650 bytes in 106 msecs (HTTP/1.1 200) 4 headers in 157 bytes (1 switches on core 0)
Aug 24 23:17:09.833857 np0000008033 devstack@g-api.service[103111]: DEBUG glance.api.middleware.version_negotiation [None req-ed8d538d-2277-42de-bb57-85ace6bca350 tempest-VolumesActionsTest-1228427211 tempest-VolumesActionsTest-1228427211-project-member] Determining version of request: GET /v2/images/9dada26d-e4e5-4a28-8621-fa2edbf04548 Accept: application/json {{(pid=103111) process_request /opt/stack/glance/glance/api/middleware/version_negotiation.py:44}}
Aug 24 23:17:09.834353 np0000008033 devstack@g-api.service[103111]: DEBUG glance.api.middleware.version_negotiation [None req-ed8d538d-2277-42de-bb57-85ace6bca350 tempest-VolumesActionsTest-1228427211 tempest-VolumesActionsTest-1228427211-project-member] Using url versioning {{(pid=103111) process_request /opt/stack/glance/glance/api/middleware/version_negotiation.py:57}}
Aug 24 23:17:09.835226 np0000008033 devstack@g-api.service[103111]: DEBUG glance.api.middleware.version_negotiation [None req-ed8d538d-2277-42de-bb57-85ace6bca350 tempest-VolumesActionsTest-1228427211 tempest-VolumesActionsTest-1228427211-project-member] Matched version: v2 {{(pid=103111) process_request /opt/stack/glance/glance/api/middleware/version_negotiation.py:69}}
Aug 24 23:17:09.835226 np0000008033 devstack@g-api.service[103111]: DEBUG glance.api.middleware.version_negotiation [None req-ed8d538d-2277-42de-bb57-85ace6bca350 tempest-VolumesActionsTest-1228427211 tempest-VolumesActionsTest-1228427211-project-member] new path /v2/images/9dada26d-e4e5-4a28-8621-fa2edbf04548 {{(pid=103111) process_request /opt/stack/glance/glance/api/middleware/version_negotiation.py:70}}
Aug 24 23:17:09.858576 np0000008033 devstack@g-api.service[103111]: [pid: 103111|app: 0|req: 34/137] 127.0.0.1 () {40 vars in 834 bytes} [Mon Aug 24 23:17:09 2026] GET /v2/images/9dada26d-e4e5-4a28-8621-fa2edbf04548 => generated 650 bytes in 25 msecs (HTTP/1.1 200) 4 headers in 157 bytes (1 switches on core 0)
Aug 24 23:17:10.873710 np0000008033 devstack@g-api.service[103108]: DEBUG glance.api.middleware.version_negotiation [None req-2f8488df-a111-4342-8074-1261893bce0c tempest-VolumesActionsTest-1228427211 tempest-VolumesActionsTest-1228427211-project-member] Determining version of request: GET /v2/images/9dada26d-e4e5-4a28-8621-fa2edbf04548 Accept: application/json {{(pid=103108) process_request /opt/stack/glance/glance/api/middleware/version_negotiation.py:44}}
Aug 24 23:17:10.873710 np0000008033 devstack@g-api.service[103108]: DEBUG glance.api.middleware.version_negotiation [None req-2f8488df-a111-4342-8074-1261893bce0c tempest-VolumesActionsTest-1228427211 tempest-VolumesActionsTest-1228427211-project-member] Using url versioning {{(pid=103108) process_request /opt/stack/glance/glance/api/middleware/version_negotiation.py:57}}
Aug 24 23:17:10.874080 np0000008033 devstack@g-api.service[103108]: DEBUG glance.api.middleware.version_negotiation [None req-2f8488df-a111-4342-8074-1261893bce0c tempest-VolumesActionsTest-1228427211 tempest-VolumesActionsTest-1228427211-project-member] Matched version: v2 {{(pid=103108) process_request /opt/stack/glance/glance/api/middleware/version_negotiation.py:69}}
Aug 24 23:17:10.874080 np0000008033 devstack@g-api.service[103108]: DEBUG glance.api.middleware.version_negotiation [None req-2f8488df-a111-4342-8074-1261893bce0c tempest-VolumesActionsTest-1228427211 tempest-VolumesActionsTest-1228427211-project-member] new path /v2/images/9dada26d-e4e5-4a28-8621-fa2edbf04548 {{(pid=103108) process_request /opt/stack/glance/glance/api/middleware/version_negotiation.py:70}}
Aug 24 23:17:10.885270 np0000008033 devstack@g-api.service[103108]: [pid: 103108|app: 0|req: 35/138] 127.0.0.1 () {40 vars in 834 bytes} [Mon Aug 24 23:17:10 2026] GET /v2/images/9dada26d-e4e5-4a28-8621-fa2edbf04548 => generated 650 bytes in 12 msecs (HTTP/1.1 200) 4 headers in 157 bytes (1 switches on core 0)
Aug 24 23:17:11.647329 np0000008033 devstack@g-api.service[103109]: DEBUG swiftclient [None req-606ffff6-b134-4930-a4cb-49117e6b1bb6 tempest-VolumesActionsTest-1228427211 tempest-VolumesActionsTest-1228427211-project-member] REQ: curl -i https://10.4.3.50:8080/v1/AUTH_cc656a16b7f54c93b91e8b151cf8f67b/glance/9dada26d-e4e5-4a28-8621-fa2edbf04548-00001 -X PUT -H "X-Auth-Token: gAAAAABqjND0VLIl..." {{(pid=103109) http_log /opt/stack/data/venv/lib/python3.12/site-packages/swiftclient/client.py:160}}
Aug 24 23:17:11.647329 np0000008033 devstack@g-api.service[103109]: DEBUG swiftclient [None req-606ffff6-b134-4930-a4cb-49117e6b1bb6 tempest-VolumesActionsTest-1228427211 tempest-VolumesActionsTest-1228427211-project-member] RESP STATUS: 201 Created {{(pid=103109) http_log /opt/stack/data/venv/lib/python3.12/site-packages/swiftclient/client.py:161}}
Aug 24 23:17:11.647329 np0000008033 devstack@g-api.service[103109]: DEBUG swiftclient [None req-606ffff6-b134-4930-a4cb-49117e6b1bb6 tempest-VolumesActionsTest-1228427211 tempest-VolumesActionsTest-1228427211-project-member] RESP HEADERS: {'Date': 'Mon, 24 Aug 2026 23:17:11 GMT', 'Server': 'Apache/2.4.58 (Ubuntu)', 'Content-Type': 'text/html; charset=UTF-8', 'Content-Length': '0', 'Etag': 'eda9a9889837ac4bc81d6387d92c1bec', 'Last-Modified': 'Mon, 24 Aug 2026 23:17:09 GMT', 'X-Trans-Id': 'txaf9db8eb5ec34240b365a-006a8cd0f4', 'X-Openstack-Request-Id': 'txaf9db8eb5ec34240b365a-006a8cd0f4', 'Connection': 'close'} {{(pid=103109) http_log /opt/stack/data/venv/lib/python3.12/site-packages/swiftclient/client.py:162}}
Aug 24 23:17:11.647329 np0000008033 devstack@g-api.service[103109]: DEBUG glance_store._drivers.swift.store [None req-606ffff6-b134-4930-a4cb-49117e6b1bb6 tempest-VolumesActionsTest-1228427211 tempest-VolumesActionsTest-1228427211-project-member] Wrote chunk 9dada26d-e4e5-4a28-8621-fa2edbf04548-00001 (1/?) of length 204800000 to Swift returning MD5 of content: eda9a9889837ac4bc81d6387d92c1bec {{(pid=103109) add /opt/stack/data/venv/lib/python3.12/site-packages/glance_store/_drivers/swift/store.py:1059}}
Aug 24 23:17:11.897998 np0000008033 devstack@g-api.service[103110]: DEBUG glance.api.middleware.version_negotiation [None req-b05cad3a-3d23-4cf2-868e-554e9bc0f700 tempest-VolumesActionsTest-1228427211 tempest-VolumesActionsTest-1228427211-project-member] Determining version of request: GET /v2/images/9dada26d-e4e5-4a28-8621-fa2edbf04548 Accept: application/json {{(pid=103110) process_request /opt/stack/glance/glance/api/middleware/version_negotiation.py:44}}
Aug 24 23:17:11.899062 np0000008033 devstack@g-api.service[103110]: DEBUG glance.api.middleware.version_negotiation [None req-b05cad3a-3d23-4cf2-868e-554e9bc0f700 tempest-VolumesActionsTest-1228427211 tempest-VolumesActionsTest-1228427211-project-member] Using url versioning {{(pid=103110) process_request /opt/stack/glance/glance/api/middleware/version_negotiation.py:57}}
Aug 24 23:17:11.899458 np0000008033 devstack@g-api.service[103110]: DEBUG glance.api.middleware.version_negotiation [None req-b05cad3a-3d23-4cf2-868e-554e9bc0f700 tempest-VolumesActionsTest-1228427211 tempest-VolumesActionsTest-1228427211-project-member] Matched version: v2 {{(pid=103110) process_request /opt/stack/glance/glance/api/middleware/version_negotiation.py:69}}
Aug 24 23:17:11.899626 np0000008033 devstack@g-api.service[103110]: DEBUG glance.api.middleware.version_negotiation [None req-b05cad3a-3d23-4cf2-868e-554e9bc0f700 tempest-VolumesActionsTest-1228427211 tempest-VolumesActionsTest-1228427211-project-member] new path /v2/images/9dada26d-e4e5-4a28-8621-fa2edbf04548 {{(pid=103110) process_request /opt/stack/glance/glance/api/middleware/version_negotiation.py:70}}
Aug 24 23:17:11.919306 np0000008033 devstack@g-api.service[103110]: [pid: 103110|app: 0|req: 37/139] 127.0.0.1 () {40 vars in 834 bytes} [Mon Aug 24 23:17:11 2026] GET /v2/images/9dada26d-e4e5-4a28-8621-fa2edbf04548 => generated 650 bytes in 21 msecs (HTTP/1.1 200) 4 headers in 157 bytes (1 switches on core 0)
Aug 24 23:17:12.931337 np0000008033 devstack@g-api.service[103111]: DEBUG glance.api.middleware.version_negotiation [None req-449f70ce-e4e0-436c-aeb7-6257e267e629 tempest-VolumesActionsTest-1228427211 tempest-VolumesActionsTest-1228427211-project-member] Determining version of request: GET /v2/images/9dada26d-e4e5-4a28-8621-fa2edbf04548 Accept: application/json {{(pid=103111) process_request /opt/stack/glance/glance/api/middleware/version_negotiation.py:44}}
Aug 24 23:17:12.931884 np0000008033 devstack@g-api.service[103111]: DEBUG glance.api.middleware.version_negotiation [None req-449f70ce-e4e0-436c-aeb7-6257e267e629 tempest-VolumesActionsTest-1228427211 tempest-VolumesActionsTest-1228427211-project-member] Using url versioning {{(pid=103111) process_request /opt/stack/glance/glance/api/middleware/version_negotiation.py:57}}
Aug 24 23:17:12.931884 np0000008033 devstack@g-api.service[103111]: DEBUG glance.api.middleware.version_negotiation [None req-449f70ce-e4e0-436c-aeb7-6257e267e629 tempest-VolumesActionsTest-1228427211 tempest-VolumesActionsTest-1228427211-project-member] Matched version: v2 {{(pid=103111) process_request /opt/stack/glance/glance/api/middleware/version_negotiation.py:69}}
Aug 24 23:17:12.932015 np0000008033 devstack@g-api.service[103111]: DEBUG glance.api.middleware.version_negotiation [None req-449f70ce-e4e0-436c-aeb7-6257e267e629 tempest-VolumesActionsTest-1228427211 tempest-VolumesActionsTest-1228427211-project-member] new path /v2/images/9dada26d-e4e5-4a28-8621-fa2edbf04548 {{(pid=103111) process_request /opt/stack/glance/glance/api/middleware/version_negotiation.py:70}}
Aug 24 23:17:12.955607 np0000008033 devstack@g-api.service[103111]: [pid: 103111|app: 0|req: 35/140] 127.0.0.1 () {40 vars in 834 bytes} [Mon Aug 24 23:17:12 2026] GET /v2/images/9dada26d-e4e5-4a28-8621-fa2edbf04548 => generated 650 bytes in 22 msecs (HTTP/1.1 200) 4 headers in 157 bytes (1 switches on core 0)
Aug 24 23:17:13.969717 np0000008033 devstack@g-api.service[103108]: DEBUG glance.api.middleware.version_negotiation [None req-28277bcf-9fd6-4bad-bc2f-4672c3417f53 tempest-VolumesActionsTest-1228427211 tempest-VolumesActionsTest-1228427211-project-member] Determining version of request: GET /v2/images/9dada26d-e4e5-4a28-8621-fa2edbf04548 Accept: application/json {{(pid=103108) process_request /opt/stack/glance/glance/api/middleware/version_negotiation.py:44}}
Aug 24 23:17:13.969717 np0000008033 devstack@g-api.service[103108]: DEBUG glance.api.middleware.version_negotiation [None req-28277bcf-9fd6-4bad-bc2f-4672c3417f53 tempest-VolumesActionsTest-1228427211 tempest-VolumesActionsTest-1228427211-project-member] Using url versioning {{(pid=103108) process_request /opt/stack/glance/glance/api/middleware/version_negotiation.py:57}}
Aug 24 23:17:13.969717 np0000008033 devstack@g-api.service[103108]: DEBUG glance.api.middleware.version_negotiation [None req-28277bcf-9fd6-4bad-bc2f-4672c3417f53 tempest-VolumesActionsTest-1228427211 tempest-VolumesActionsTest-1228427211-project-member] Matched version: v2 {{(pid=103108) process_request /opt/stack/glance/glance/api/middleware/version_negotiation.py:69}}
Aug 24 23:17:13.969717 np0000008033 devstack@g-api.service[103108]: DEBUG glance.api.middleware.version_negotiation [None req-28277bcf-9fd6-4bad-bc2f-4672c3417f53 tempest-VolumesActionsTest-1228427211 tempest-VolumesActionsTest-1228427211-project-member] new path /v2/images/9dada26d-e4e5-4a28-8621-fa2edbf04548 {{(pid=103108) process_request /opt/stack/glance/glance/api/middleware/version_negotiation.py:70}}
Aug 24 23:17:14.013412 np0000008033 devstack@g-api.service[103108]: [pid: 103108|app: 0|req: 36/141] 127.0.0.1 () {40 vars in 834 bytes} [Mon Aug 24 23:17:13 2026] GET /v2/images/9dada26d-e4e5-4a28-8621-fa2edbf04548 => generated 650 bytes in 46 msecs (HTTP/1.1 200) 4 headers in 157 bytes (1 switches on core 0)
Aug 24 23:17:14.325824 np0000008033 devstack@g-api.service[103109]: DEBUG swiftclient [None req-606ffff6-b134-4930-a4cb-49117e6b1bb6 tempest-VolumesActionsTest-1228427211 tempest-VolumesActionsTest-1228427211-project-member] REQ: curl -i https://10.4.3.50:8080/v1/AUTH_cc656a16b7f54c93b91e8b151cf8f67b/glance/9dada26d-e4e5-4a28-8621-fa2edbf04548-00002 -X PUT -H "X-Auth-Token: gAAAAABqjND0VLIl..." {{(pid=103109) http_log /opt/stack/data/venv/lib/python3.12/site-packages/swiftclient/client.py:160}}
Aug 24 23:17:14.326198 np0000008033 devstack@g-api.service[103109]: DEBUG swiftclient [None req-606ffff6-b134-4930-a4cb-49117e6b1bb6 tempest-VolumesActionsTest-1228427211 tempest-VolumesActionsTest-1228427211-project-member] RESP STATUS: 201 Created {{(pid=103109) http_log /opt/stack/data/venv/lib/python3.12/site-packages/swiftclient/client.py:161}}
Aug 24 23:17:14.326243 np0000008033 devstack@g-api.service[103109]: DEBUG swiftclient [None req-606ffff6-b134-4930-a4cb-49117e6b1bb6 tempest-VolumesActionsTest-1228427211 tempest-VolumesActionsTest-1228427211-project-member] RESP HEADERS: {'Date': 'Mon, 24 Aug 2026 23:17:14 GMT', 'Server': 'Apache/2.4.58 (Ubuntu)', 'Content-Type': 'text/html; charset=UTF-8', 'Content-Length': '0', 'Etag': 'eda9a9889837ac4bc81d6387d92c1bec', 'Last-Modified': 'Mon, 24 Aug 2026 23:17:12 GMT', 'X-Trans-Id': 'tx9c4eb38cac354d2187bad-006a8cd0f7', 'X-Openstack-Request-Id': 'tx9c4eb38cac354d2187bad-006a8cd0f7', 'Connection': 'close'} {{(pid=103109) http_log /opt/stack/data/venv/lib/python3.12/site-packages/swiftclient/client.py:162}}
Aug 24 23:17:14.326864 np0000008033 devstack@g-api.service[103109]: DEBUG glance_store._drivers.swift.store [None req-606ffff6-b134-4930-a4cb-49117e6b1bb6 tempest-VolumesActionsTest-1228427211 tempest-VolumesActionsTest-1228427211-project-member] Wrote chunk 9dada26d-e4e5-4a28-8621-fa2edbf04548-00002 (2/?) of length 204800000 to Swift returning MD5 of content: eda9a9889837ac4bc81d6387d92c1bec {{(pid=103109) add /opt/stack/data/venv/lib/python3.12/site-packages/glance_store/_drivers/swift/store.py:1059}}
Aug 24 23:17:15.025180 np0000008033 devstack@g-api.service[103110]: DEBUG glance.api.middleware.version_negotiation [None req-160eb5b9-5916-4237-8198-e96ebe099f00 tempest-VolumesActionsTest-1228427211 tempest-VolumesActionsTest-1228427211-project-member] Determining version of request: GET /v2/images/9dada26d-e4e5-4a28-8621-fa2edbf04548 Accept: application/json {{(pid=103110) process_request /opt/stack/glance/glance/api/middleware/version_negotiation.py:44}}
Aug 24 23:17:15.025628 np0000008033 devstack@g-api.service[103110]: DEBUG glance.api.middleware.version_negotiation [None req-160eb5b9-5916-4237-8198-e96ebe099f00 tempest-VolumesActionsTest-1228427211 tempest-VolumesActionsTest-1228427211-project-member] Using url versioning {{(pid=103110) process_request /opt/stack/glance/glance/api/middleware/version_negotiation.py:57}}
Aug 24 23:17:15.025628 np0000008033 devstack@g-api.service[103110]: DEBUG glance.api.middleware.version_negotiation [None req-160eb5b9-5916-4237-8198-e96ebe099f00 tempest-VolumesActionsTest-1228427211 tempest-VolumesActionsTest-1228427211-project-member] Matched version: v2 {{(pid=103110) process_request /opt/stack/glance/glance/api/middleware/version_negotiation.py:69}}
Aug 24 23:17:15.025628 np0000008033 devstack@g-api.service[103110]: DEBUG glance.api.middleware.version_negotiation [None req-160eb5b9-5916-4237-8198-e96ebe099f00 tempest-VolumesActionsTest-1228427211 tempest-VolumesActionsTest-1228427211-project-member] new path /v2/images/9dada26d-e4e5-4a28-8621-fa2edbf04548 {{(pid=103110) process_request /opt/stack/glance/glance/api/middleware/version_negotiation.py:70}}
Aug 24 23:17:15.046503 np0000008033 devstack@g-api.service[103110]: [pid: 103110|app: 0|req: 38/142] 127.0.0.1 () {40 vars in 834 bytes} [Mon Aug 24 23:17:15 2026] GET /v2/images/9dada26d-e4e5-4a28-8621-fa2edbf04548 => generated 650 bytes in 20 msecs (HTTP/1.1 200) 4 headers in 157 bytes (1 switches on core 0)
Aug 24 23:17:16.062445 np0000008033 devstack@g-api.service[103111]: DEBUG glance.api.middleware.version_negotiation [None req-e8aecee3-5ff3-4662-8ede-8a2137d8ef1d tempest-VolumesActionsTest-1228427211 tempest-VolumesActionsTest-1228427211-project-member] Determining version of request: GET /v2/images/9dada26d-e4e5-4a28-8621-fa2edbf04548 Accept: application/json {{(pid=103111) process_request /opt/stack/glance/glance/api/middleware/version_negotiation.py:44}}
Aug 24 23:17:16.062445 np0000008033 devstack@g-api.service[103111]: DEBUG glance.api.middleware.version_negotiation [None req-e8aecee3-5ff3-4662-8ede-8a2137d8ef1d tempest-VolumesActionsTest-1228427211 tempest-VolumesActionsTest-1228427211-project-member] Using url versioning {{(pid=103111) process_request /opt/stack/glance/glance/api/middleware/version_negotiation.py:57}}
Aug 24 23:17:16.062445 np0000008033 devstack@g-api.service[103111]: DEBUG glance.api.middleware.version_negotiation [None req-e8aecee3-5ff3-4662-8ede-8a2137d8ef1d tempest-VolumesActionsTest-1228427211 tempest-VolumesActionsTest-1228427211-project-member] Matched version: v2 {{(pid=103111) process_request /opt/stack/glance/glance/api/middleware/version_negotiation.py:69}}
Aug 24 23:17:16.062445 np0000008033 devstack@g-api.service[103111]: DEBUG glance.api.middleware.version_negotiation [None req-e8aecee3-5ff3-4662-8ede-8a2137d8ef1d tempest-VolumesActionsTest-1228427211 tempest-VolumesActionsTest-1228427211-project-member] new path /v2/images/9dada26d-e4e5-4a28-8621-fa2edbf04548 {{(pid=103111) process_request /opt/stack/glance/glance/api/middleware/version_negotiation.py:70}}
Aug 24 23:17:16.079801 np0000008033 devstack@g-api.service[103111]: [pid: 103111|app: 0|req: 36/143] 127.0.0.1 () {40 vars in 834 bytes} [Mon Aug 24 23:17:16 2026] GET /v2/images/9dada26d-e4e5-4a28-8621-fa2edbf04548 => generated 650 bytes in 19 msecs (HTTP/1.1 200) 4 headers in 157 bytes (1 switches on core 0)
Aug 24 23:17:16.975766 np0000008033 devstack@g-api.service[103109]: DEBUG swiftclient [None req-606ffff6-b134-4930-a4cb-49117e6b1bb6 tempest-VolumesActionsTest-1228427211 tempest-VolumesActionsTest-1228427211-project-member] REQ: curl -i https://10.4.3.50:8080/v1/AUTH_cc656a16b7f54c93b91e8b151cf8f67b/glance/9dada26d-e4e5-4a28-8621-fa2edbf04548-00003 -X PUT -H "X-Auth-Token: gAAAAABqjND0VLIl..." {{(pid=103109) http_log /opt/stack/data/venv/lib/python3.12/site-packages/swiftclient/client.py:160}}
Aug 24 23:17:16.975766 np0000008033 devstack@g-api.service[103109]: DEBUG swiftclient [None req-606ffff6-b134-4930-a4cb-49117e6b1bb6 tempest-VolumesActionsTest-1228427211 tempest-VolumesActionsTest-1228427211-project-member] RESP STATUS: 201 Created {{(pid=103109) http_log /opt/stack/data/venv/lib/python3.12/site-packages/swiftclient/client.py:161}}
Aug 24 23:17:16.975766 np0000008033 devstack@g-api.service[103109]: DEBUG swiftclient [None req-606ffff6-b134-4930-a4cb-49117e6b1bb6 tempest-VolumesActionsTest-1228427211 tempest-VolumesActionsTest-1228427211-project-member] RESP HEADERS: {'Date': 'Mon, 24 Aug 2026 23:17:16 GMT', 'Server': 'Apache/2.4.58 (Ubuntu)', 'Content-Type': 'text/html; charset=UTF-8', 'Content-Length': '0', 'Etag': 'eda9a9889837ac4bc81d6387d92c1bec', 'Last-Modified': 'Mon, 24 Aug 2026 23:17:15 GMT', 'X-Trans-Id': 'txb1453b734bda4caf86283-006a8cd0fa', 'X-Openstack-Request-Id': 'txb1453b734bda4caf86283-006a8cd0fa', 'Connection': 'close'} {{(pid=103109) http_log /opt/stack/data/venv/lib/python3.12/site-packages/swiftclient/client.py:162}}
Aug 24 23:17:16.975766 np0000008033 devstack@g-api.service[103109]: DEBUG glance_store._drivers.swift.store [None req-606ffff6-b134-4930-a4cb-49117e6b1bb6 tempest-VolumesActionsTest-1228427211 tempest-VolumesActionsTest-1228427211-project-member] Wrote chunk 9dada26d-e4e5-4a28-8621-fa2edbf04548-00003 (3/?) of length 204800000 to Swift returning MD5 of content: eda9a9889837ac4bc81d6387d92c1bec {{(pid=103109) add /opt/stack/data/venv/lib/python3.12/site-packages/glance_store/_drivers/swift/store.py:1059}}
Aug 24 23:17:17.099453 np0000008033 devstack@g-api.service[103108]: DEBUG glance.api.middleware.version_negotiation [None req-f33e514e-0656-4933-b87a-4d693db358be tempest-VolumesActionsTest-1228427211 tempest-VolumesActionsTest-1228427211-project-member] Determining version of request: GET /v2/images/9dada26d-e4e5-4a28-8621-fa2edbf04548 Accept: application/json {{(pid=103108) process_request /opt/stack/glance/glance/api/middleware/version_negotiation.py:44}}
Aug 24 23:17:17.100069 np0000008033 devstack@g-api.service[103108]: DEBUG glance.api.middleware.version_negotiation [None req-f33e514e-0656-4933-b87a-4d693db358be tempest-VolumesActionsTest-1228427211 tempest-VolumesActionsTest-1228427211-project-member] Using url versioning {{(pid=103108) process_request /opt/stack/glance/glance/api/middleware/version_negotiation.py:57}}
Aug 24 23:17:17.100374 np0000008033 devstack@g-api.service[103108]: DEBUG glance.api.middleware.version_negotiation [None req-f33e514e-0656-4933-b87a-4d693db358be tempest-VolumesActionsTest-1228427211 tempest-VolumesActionsTest-1228427211-project-member] Matched version: v2 {{(pid=103108) process_request /opt/stack/glance/glance/api/middleware/version_negotiation.py:69}}
Aug 24 23:17:17.101610 np0000008033 devstack@g-api.service[103108]: DEBUG glance.api.middleware.version_negotiation [None req-f33e514e-0656-4933-b87a-4d693db358be tempest-VolumesActionsTest-1228427211 tempest-VolumesActionsTest-1228427211-project-member] new path /v2/images/9dada26d-e4e5-4a28-8621-fa2edbf04548 {{(pid=103108) process_request /opt/stack/glance/glance/api/middleware/version_negotiation.py:70}}
Aug 24 23:17:17.124401 np0000008033 devstack@g-api.service[103108]: [pid: 103108|app: 0|req: 37/144] 127.0.0.1 () {40 vars in 834 bytes} [Mon Aug 24 23:17:17 2026] GET /v2/images/9dada26d-e4e5-4a28-8621-fa2edbf04548 => generated 650 bytes in 25 msecs (HTTP/1.1 200) 4 headers in 157 bytes (1 switches on core 0)
Aug 24 23:17:17.644831 np0000008033 devstack@g-api.service[103110]: DEBUG glance.api.middleware.version_negotiation [None req-16d16506-bada-42fd-9c33-f9afea73dbd6 tempest-VolumesActionsTest-1228427211 tempest-VolumesActionsTest-1228427211-project-member] Determining version of request: GET /v2/images/7097e3cd-0d61-4435-9659-0441599c9ebe Accept: */* {{(pid=103110) process_request /opt/stack/glance/glance/api/middleware/version_negotiation.py:44}}
Aug 24 23:17:17.645256 np0000008033 devstack@g-api.service[103110]: DEBUG glance.api.middleware.version_negotiation [None req-16d16506-bada-42fd-9c33-f9afea73dbd6 tempest-VolumesActionsTest-1228427211 tempest-VolumesActionsTest-1228427211-project-member] Using url versioning {{(pid=103110) process_request /opt/stack/glance/glance/api/middleware/version_negotiation.py:57}}
Aug 24 23:17:17.645313 np0000008033 devstack@g-api.service[103110]: DEBUG glance.api.middleware.version_negotiation [None req-16d16506-bada-42fd-9c33-f9afea73dbd6 tempest-VolumesActionsTest-1228427211 tempest-VolumesActionsTest-1228427211-project-member] Matched version: v2 {{(pid=103110) process_request /opt/stack/glance/glance/api/middleware/version_negotiation.py:69}}
Aug 24 23:17:17.645520 np0000008033 devstack@g-api.service[103110]: DEBUG glance.api.middleware.version_negotiation [None req-16d16506-bada-42fd-9c33-f9afea73dbd6 tempest-VolumesActionsTest-1228427211 tempest-VolumesActionsTest-1228427211-project-member] new path /v2/images/7097e3cd-0d61-4435-9659-0441599c9ebe {{(pid=103110) process_request /opt/stack/glance/glance/api/middleware/version_negotiation.py:70}}
Aug 24 23:17:17.664008 np0000008033 devstack@g-api.service[103110]: [pid: 103110|app: 0|req: 39/145] 127.0.0.1 () {44 vars in 1111 bytes} [Mon Aug 24 23:17:17 2026] GET /v2/images/7097e3cd-0d61-4435-9659-0441599c9ebe => generated 1044 bytes in 19 msecs (HTTP/1.1 200) 4 headers in 158 bytes (1 switches on core 0)
Aug 24 23:17:17.705610 np0000008033 devstack@g-api.service[103111]: DEBUG glance.api.middleware.version_negotiation [None req-b230fbfb-b661-4667-a609-3dc09e7b5bbc tempest-VolumesActionsTest-1228427211 tempest-VolumesActionsTest-1228427211-project-member] Determining version of request: GET /v2/schemas/image Accept: */* {{(pid=103111) process_request /opt/stack/glance/glance/api/middleware/version_negotiation.py:44}}
Aug 24 23:17:17.706055 np0000008033 devstack@g-api.service[103111]: DEBUG glance.api.middleware.version_negotiation [None req-b230fbfb-b661-4667-a609-3dc09e7b5bbc tempest-VolumesActionsTest-1228427211 tempest-VolumesActionsTest-1228427211-project-member] Using url versioning {{(pid=103111) process_request /opt/stack/glance/glance/api/middleware/version_negotiation.py:57}}
Aug 24 23:17:17.706055 np0000008033 devstack@g-api.service[103111]: DEBUG glance.api.middleware.version_negotiation [None req-b230fbfb-b661-4667-a609-3dc09e7b5bbc tempest-VolumesActionsTest-1228427211 tempest-VolumesActionsTest-1228427211-project-member] Matched version: v2 {{(pid=103111) process_request /opt/stack/glance/glance/api/middleware/version_negotiation.py:69}}
Aug 24 23:17:17.706181 np0000008033 devstack@g-api.service[103111]: DEBUG glance.api.middleware.version_negotiation [None req-b230fbfb-b661-4667-a609-3dc09e7b5bbc tempest-VolumesActionsTest-1228427211 tempest-VolumesActionsTest-1228427211-project-member] new path /v2/schemas/image {{(pid=103111) process_request /opt/stack/glance/glance/api/middleware/version_negotiation.py:70}}
Aug 24 23:17:17.712171 np0000008033 devstack@g-api.service[103111]: [pid: 103111|app: 0|req: 37/146] 127.0.0.1 () {44 vars in 1051 bytes} [Mon Aug 24 23:17:17 2026] GET /v2/schemas/image => generated 6083 bytes in 6 msecs (HTTP/1.1 200) 4 headers in 158 bytes (1 switches on core 0)
Aug 24 23:17:18.078748 np0000008033 devstack@g-api.service[103109]: DEBUG dbcounter [-] [103109] Writing DB stats glance:SELECT=12,glance:UPDATE=1 {{(pid=103109) stat_writer /opt/stack/data/venv/lib/python3.12/site-packages/dbcounter.py:115}}
Aug 24 23:17:18.147254 np0000008033 devstack@g-api.service[103108]: DEBUG glance.api.middleware.version_negotiation [None req-30e8ae2d-33b9-47e7-91d3-366e4598681f tempest-VolumesActionsTest-1228427211 tempest-VolumesActionsTest-1228427211-project-member] Determining version of request: GET /v2/images/9dada26d-e4e5-4a28-8621-fa2edbf04548 Accept: application/json {{(pid=103108) process_request /opt/stack/glance/glance/api/middleware/version_negotiation.py:44}}
Aug 24 23:17:18.147254 np0000008033 devstack@g-api.service[103108]: DEBUG glance.api.middleware.version_negotiation [None req-30e8ae2d-33b9-47e7-91d3-366e4598681f tempest-VolumesActionsTest-1228427211 tempest-VolumesActionsTest-1228427211-project-member] Using url versioning {{(pid=103108) process_request /opt/stack/glance/glance/api/middleware/version_negotiation.py:57}}
Aug 24 23:17:18.147254 np0000008033 devstack@g-api.service[103108]: DEBUG glance.api.middleware.version_negotiation [None req-30e8ae2d-33b9-47e7-91d3-366e4598681f tempest-VolumesActionsTest-1228427211 tempest-VolumesActionsTest-1228427211-project-member] Matched version: v2 {{(pid=103108) process_request /opt/stack/glance/glance/api/middleware/version_negotiation.py:69}}
Aug 24 23:17:18.147254 np0000008033 devstack@g-api.service[103108]: DEBUG glance.api.middleware.version_negotiation [None req-30e8ae2d-33b9-47e7-91d3-366e4598681f tempest-VolumesActionsTest-1228427211 tempest-VolumesActionsTest-1228427211-project-member] new path /v2/images/9dada26d-e4e5-4a28-8621-fa2edbf04548 {{(pid=103108) process_request /opt/stack/glance/glance/api/middleware/version_negotiation.py:70}}
Aug 24 23:17:18.169330 np0000008033 devstack@g-api.service[103108]: [pid: 103108|app: 0|req: 38/147] 127.0.0.1 () {40 vars in 834 bytes} [Mon Aug 24 23:17:18 2026] GET /v2/images/9dada26d-e4e5-4a28-8621-fa2edbf04548 => generated 650 bytes in 23 msecs (HTTP/1.1 200) 4 headers in 157 bytes (1 switches on core 0)
Aug 24 23:17:19.188854 np0000008033 devstack@g-api.service[103110]: DEBUG glance.api.middleware.version_negotiation [None req-91d451be-30c5-4cf6-b7f8-98dc956256f6 tempest-VolumesAdminNegativeTest-1940158468 tempest-VolumesAdminNegativeTest-1940158468-project-member] Determining version of request: GET /v2/images/9dada26d-e4e5-4a28-8621-fa2edbf04548 Accept: application/json {{(pid=103110) process_request /opt/stack/glance/glance/api/middleware/version_negotiation.py:44}}
Aug 24 23:17:19.189279 np0000008033 devstack@g-api.service[103110]: DEBUG glance.api.middleware.version_negotiation [None req-91d451be-30c5-4cf6-b7f8-98dc956256f6 tempest-VolumesAdminNegativeTest-1940158468 tempest-VolumesAdminNegativeTest-1940158468-project-member] Using url versioning {{(pid=103110) process_request /opt/stack/glance/glance/api/middleware/version_negotiation.py:57}}
Aug 24 23:17:19.189478 np0000008033 devstack@g-api.service[103110]: DEBUG glance.api.middleware.version_negotiation [None req-91d451be-30c5-4cf6-b7f8-98dc956256f6 tempest-VolumesAdminNegativeTest-1940158468 tempest-VolumesAdminNegativeTest-1940158468-project-member] Matched version: v2 {{(pid=103110) process_request /opt/stack/glance/glance/api/middleware/version_negotiation.py:69}}
Aug 24 23:17:19.189660 np0000008033 devstack@g-api.service[103110]: DEBUG glance.api.middleware.version_negotiation [None req-91d451be-30c5-4cf6-b7f8-98dc956256f6 tempest-VolumesAdminNegativeTest-1940158468 tempest-VolumesAdminNegativeTest-1940158468-project-member] new path /v2/images/9dada26d-e4e5-4a28-8621-fa2edbf04548 {{(pid=103110) process_request /opt/stack/glance/glance/api/middleware/version_negotiation.py:70}}
Aug 24 23:17:19.210085 np0000008033 devstack@g-api.service[103110]: [pid: 103110|app: 0|req: 40/148] 127.0.0.1 () {40 vars in 834 bytes} [Mon Aug 24 23:17:19 2026] GET /v2/images/9dada26d-e4e5-4a28-8621-fa2edbf04548 => generated 650 bytes in 20 msecs (HTTP/1.1 200) 4 headers in 157 bytes (1 switches on core 0)
Aug 24 23:17:19.631249 np0000008033 devstack@g-api.service[103109]: DEBUG swiftclient [None req-606ffff6-b134-4930-a4cb-49117e6b1bb6 tempest-VolumesActionsTest-1228427211 tempest-VolumesActionsTest-1228427211-project-member] REQ: curl -i https://10.4.3.50:8080/v1/AUTH_cc656a16b7f54c93b91e8b151cf8f67b/glance/9dada26d-e4e5-4a28-8621-fa2edbf04548-00004 -X PUT -H "X-Auth-Token: gAAAAABqjND0VLIl..." {{(pid=103109) http_log /opt/stack/data/venv/lib/python3.12/site-packages/swiftclient/client.py:160}}
Aug 24 23:17:19.631598 np0000008033 devstack@g-api.service[103109]: DEBUG swiftclient [None req-606ffff6-b134-4930-a4cb-49117e6b1bb6 tempest-VolumesActionsTest-1228427211 tempest-VolumesActionsTest-1228427211-project-member] RESP STATUS: 201 Created {{(pid=103109) http_log /opt/stack/data/venv/lib/python3.12/site-packages/swiftclient/client.py:161}}
Aug 24 23:17:19.631598 np0000008033 devstack@g-api.service[103109]: DEBUG swiftclient [None req-606ffff6-b134-4930-a4cb-49117e6b1bb6 tempest-VolumesActionsTest-1228427211 tempest-VolumesActionsTest-1228427211-project-member] RESP HEADERS: {'Date': 'Mon, 24 Aug 2026 23:17:19 GMT', 'Server': 'Apache/2.4.58 (Ubuntu)', 'Content-Type': 'text/html; charset=UTF-8', 'Content-Length': '0', 'Etag': 'eda9a9889837ac4bc81d6387d92c1bec', 'Last-Modified': 'Mon, 24 Aug 2026 23:17:17 GMT', 'X-Trans-Id': 'tx0d61d69c3f7b4f13ad778-006a8cd0fc', 'X-Openstack-Request-Id': 'tx0d61d69c3f7b4f13ad778-006a8cd0fc', 'Connection': 'close'} {{(pid=103109) http_log /opt/stack/data/venv/lib/python3.12/site-packages/swiftclient/client.py:162}}
Aug 24 23:17:19.631707 np0000008033 devstack@g-api.service[103109]: DEBUG glance_store._drivers.swift.store [None req-606ffff6-b134-4930-a4cb-49117e6b1bb6 tempest-VolumesActionsTest-1228427211 tempest-VolumesActionsTest-1228427211-project-member] Wrote chunk 9dada26d-e4e5-4a28-8621-fa2edbf04548-00004 (4/?) of length 204800000 to Swift returning MD5 of content: eda9a9889837ac4bc81d6387d92c1bec {{(pid=103109) add /opt/stack/data/venv/lib/python3.12/site-packages/glance_store/_drivers/swift/store.py:1059}}
Aug 24 23:17:20.229006 np0000008033 devstack@g-api.service[103111]: DEBUG glance.api.middleware.version_negotiation [None req-91d451be-30c5-4cf6-b7f8-98dc956256f6 tempest-VolumesAdminNegativeTest-1940158468 tempest-VolumesAdminNegativeTest-1940158468-project-member] Determining version of request: GET /v2/images/9dada26d-e4e5-4a28-8621-fa2edbf04548 Accept: application/json {{(pid=103111) process_request /opt/stack/glance/glance/api/middleware/version_negotiation.py:44}}
Aug 24 23:17:20.229439 np0000008033 devstack@g-api.service[103111]: DEBUG glance.api.middleware.version_negotiation [None req-91d451be-30c5-4cf6-b7f8-98dc956256f6 tempest-VolumesAdminNegativeTest-1940158468 tempest-VolumesAdminNegativeTest-1940158468-project-member] Using url versioning {{(pid=103111) process_request /opt/stack/glance/glance/api/middleware/version_negotiation.py:57}}
Aug 24 23:17:20.231719 np0000008033 devstack@g-api.service[103111]: DEBUG glance.api.middleware.version_negotiation [None req-91d451be-30c5-4cf6-b7f8-98dc956256f6 tempest-VolumesAdminNegativeTest-1940158468 tempest-VolumesAdminNegativeTest-1940158468-project-member] Matched version: v2 {{(pid=103111) process_request /opt/stack/glance/glance/api/middleware/version_negotiation.py:69}}
Aug 24 23:17:20.231719 np0000008033 devstack@g-api.service[103111]: DEBUG glance.api.middleware.version_negotiation [None req-91d451be-30c5-4cf6-b7f8-98dc956256f6 tempest-VolumesAdminNegativeTest-1940158468 tempest-VolumesAdminNegativeTest-1940158468-project-member] new path /v2/images/9dada26d-e4e5-4a28-8621-fa2edbf04548 {{(pid=103111) process_request /opt/stack/glance/glance/api/middleware/version_negotiation.py:70}}
Aug 24 23:17:20.249952 np0000008033 devstack@g-api.service[103111]: [pid: 103111|app: 0|req: 38/149] 127.0.0.1 () {40 vars in 834 bytes} [Mon Aug 24 23:17:20 2026] GET /v2/images/9dada26d-e4e5-4a28-8621-fa2edbf04548 => generated 650 bytes in 21 msecs (HTTP/1.1 200) 4 headers in 157 bytes (1 switches on core 0)
Aug 24 23:17:21.270310 np0000008033 devstack@g-api.service[103108]: DEBUG glance.api.middleware.version_negotiation [None req-97e8257a-7ee0-45f4-9185-66e3def1f545 tempest-VolumesActionsTest-1228427211 tempest-VolumesActionsTest-1228427211-project-member] Determining version of request: GET /v2/images/9dada26d-e4e5-4a28-8621-fa2edbf04548 Accept: application/json {{(pid=103108) process_request /opt/stack/glance/glance/api/middleware/version_negotiation.py:44}}
