Aug 24 23:17:34.043422 np0000008033 devstack@g-api.service[103108]: DEBUG glance.api.middleware.version_negotiation [None req-a5140589-0f70-4928-9fa2-c21ba8303335 tempest-VolumesActionsTest-1228427211 tempest-VolumesActionsTest-1228427211-project-member] new path /v2/images/9887df0f-a696-4633-81e3-2ef3d1ffefe4/file {{(pid=103108) process_request /opt/stack/glance/glance/api/middleware/version_negotiation.py:70}}
Aug 24 23:17:34.560290 np0000008033 devstack@g-api.service[103110]: DEBUG glance.api.middleware.version_negotiation [None req-79c36048-53e7-485a-8554-c1e8b1ec9381 tempest-VolumesActionsTest-1228427211 tempest-VolumesActionsTest-1228427211-project-member] Determining version of request: GET /v2/images/9887df0f-a696-4633-81e3-2ef3d1ffefe4 Accept: application/json {{(pid=103110) process_request /opt/stack/glance/glance/api/middleware/version_negotiation.py:44}}
Aug 24 23:17:34.560648 np0000008033 devstack@g-api.service[103110]: DEBUG glance.api.middleware.version_negotiation [None req-79c36048-53e7-485a-8554-c1e8b1ec9381 tempest-VolumesActionsTest-1228427211 tempest-VolumesActionsTest-1228427211-project-member] Using url versioning {{(pid=103110) process_request /opt/stack/glance/glance/api/middleware/version_negotiation.py:57}}
Aug 24 23:17:34.560765 np0000008033 devstack@g-api.service[103110]: DEBUG glance.api.middleware.version_negotiation [None req-79c36048-53e7-485a-8554-c1e8b1ec9381 tempest-VolumesActionsTest-1228427211 tempest-VolumesActionsTest-1228427211-project-member] Matched version: v2 {{(pid=103110) process_request /opt/stack/glance/glance/api/middleware/version_negotiation.py:69}}
Aug 24 23:17:34.560869 np0000008033 devstack@g-api.service[103110]: DEBUG glance.api.middleware.version_negotiation [None req-79c36048-53e7-485a-8554-c1e8b1ec9381 tempest-VolumesActionsTest-1228427211 tempest-VolumesActionsTest-1228427211-project-member] new path /v2/images/9887df0f-a696-4633-81e3-2ef3d1ffefe4 {{(pid=103110) process_request /opt/stack/glance/glance/api/middleware/version_negotiation.py:70}}
Aug 24 23:17:34.569912 np0000008033 devstack@g-api.service[103110]: [pid: 103110|app: 0|req: 46/170] 127.0.0.1 () {40 vars in 834 bytes} [Mon Aug 24 23:17:34 2026] GET /v2/images/9887df0f-a696-4633-81e3-2ef3d1ffefe4 => generated 651 bytes in 10 msecs (HTTP/1.1 200) 4 headers in 157 bytes (1 switches on core 0)
Aug 24 23:17:34.663984 np0000008033 devstack@g-api.service[103108]: INFO glance.api.v2.image_data [None req-6422564f-2642-47ef-88fb-bd8b08d36152 tempest-VolumesActionsTest-1228427211 tempest-VolumesActionsTest-1228427211-project-member] Unable to create trust: no such option collect_timing in group [keystone_authtoken] Use the existing user token.
Aug 24 23:17:35.260092 np0000008033 devstack@g-api.service[103108]: DEBUG glance.location [None req-6422564f-2642-47ef-88fb-bd8b08d36152 tempest-VolumesActionsTest-1228427211 tempest-VolumesActionsTest-1228427211-project-member] Enabling in-flight format inspection for qcow2 {{(pid=103108) set_data /opt/stack/glance/glance/location.py:596}}
Aug 24 23:17:35.260678 np0000008033 devstack@g-api.service[103108]: DEBUG glance_store.backend [None req-6422564f-2642-47ef-88fb-bd8b08d36152 tempest-VolumesActionsTest-1228427211 tempest-VolumesActionsTest-1228427211-project-member] Attempting to import store swift {{(pid=103108) _load_store /opt/stack/data/venv/lib/python3.12/site-packages/glance_store/backend.py:215}}
Aug 24 23:17:35.261904 np0000008033 devstack@g-api.service[103108]: DEBUG glance_store.capabilities [None req-6422564f-2642-47ef-88fb-bd8b08d36152 tempest-VolumesActionsTest-1228427211 tempest-VolumesActionsTest-1228427211-project-member] Store glance_store._drivers.swift.store.SingleTenantStore doesn't support updating dynamic storage capabilities. Please overwrite 'update_capabilities' method of the store to implement updating logics if needed. {{(pid=103108) update_capabilities /opt/stack/data/venv/lib/python3.12/site-packages/glance_store/capabilities.py:91}}
Aug 24 23:17:35.262020 np0000008033 devstack@g-api.service[103108]: DEBUG glance_store.driver [None req-6422564f-2642-47ef-88fb-bd8b08d36152 tempest-VolumesActionsTest-1228427211 tempest-VolumesActionsTest-1228427211-project-member] Late loading location class glance_store._drivers.swift.store.StoreLocation {{(pid=103108) get_store_location_class /opt/stack/data/venv/lib/python3.12/site-packages/glance_store/driver.py:134}}
Aug 24 23:17:35.262197 np0000008033 devstack@g-api.service[103108]: DEBUG glance_store.location [None req-6422564f-2642-47ef-88fb-bd8b08d36152 tempest-VolumesActionsTest-1228427211 tempest-VolumesActionsTest-1228427211-project-member] Registering scheme swift+https with {'store': , 'location_class': , 'store_entry': 'swift'} {{(pid=103108) register_scheme_map /opt/stack/data/venv/lib/python3.12/site-packages/glance_store/location.py:146}}
Aug 24 23:17:35.262338 np0000008033 devstack@g-api.service[103108]: DEBUG glance_store.location [None req-6422564f-2642-47ef-88fb-bd8b08d36152 tempest-VolumesActionsTest-1228427211 tempest-VolumesActionsTest-1228427211-project-member] Registering scheme swift+https with {'store': , 'location_class': , 'store_entry': 'swift'} {{(pid=103108) register_scheme_map /opt/stack/data/venv/lib/python3.12/site-packages/glance_store/location.py:146}}
Aug 24 23:17:35.262460 np0000008033 devstack@g-api.service[103108]: DEBUG glance_store.location [None req-6422564f-2642-47ef-88fb-bd8b08d36152 tempest-VolumesActionsTest-1228427211 tempest-VolumesActionsTest-1228427211-project-member] Registering scheme swift with {'store': , 'location_class': , 'store_entry': 'swift'} {{(pid=103108) register_scheme_map /opt/stack/data/venv/lib/python3.12/site-packages/glance_store/location.py:146}}
Aug 24 23:17:35.262567 np0000008033 devstack@g-api.service[103108]: DEBUG glance_store.location [None req-6422564f-2642-47ef-88fb-bd8b08d36152 tempest-VolumesActionsTest-1228427211 tempest-VolumesActionsTest-1228427211-project-member] Registering scheme swift+https with {'store': , 'location_class': , 'store_entry': 'swift'} {{(pid=103108) register_scheme_map /opt/stack/data/venv/lib/python3.12/site-packages/glance_store/location.py:146}}
Aug 24 23:17:35.262689 np0000008033 devstack@g-api.service[103108]: DEBUG glance_store.location [None req-6422564f-2642-47ef-88fb-bd8b08d36152 tempest-VolumesActionsTest-1228427211 tempest-VolumesActionsTest-1228427211-project-member] Registering scheme swift with {'store': , 'location_class': , 'store_entry': 'swift'} {{(pid=103108) register_scheme_map /opt/stack/data/venv/lib/python3.12/site-packages/glance_store/location.py:146}}
Aug 24 23:17:35.262798 np0000008033 devstack@g-api.service[103108]: DEBUG glance_store.location [None req-6422564f-2642-47ef-88fb-bd8b08d36152 tempest-VolumesActionsTest-1228427211 tempest-VolumesActionsTest-1228427211-project-member] Registering scheme swift+http with {'store': , 'location_class': , 'store_entry': 'swift'} {{(pid=103108) register_scheme_map /opt/stack/data/venv/lib/python3.12/site-packages/glance_store/location.py:146}}
Aug 24 23:17:35.262989 np0000008033 devstack@g-api.service[103108]: DEBUG glance_store.location [None req-6422564f-2642-47ef-88fb-bd8b08d36152 tempest-VolumesActionsTest-1228427211 tempest-VolumesActionsTest-1228427211-project-member] Registering scheme swift+https with {'store': , 'location_class': , 'store_entry': 'swift'} {{(pid=103108) register_scheme_map /opt/stack/data/venv/lib/python3.12/site-packages/glance_store/location.py:146}}
Aug 24 23:17:35.263258 np0000008033 devstack@g-api.service[103108]: DEBUG glance_store.location [None req-6422564f-2642-47ef-88fb-bd8b08d36152 tempest-VolumesActionsTest-1228427211 tempest-VolumesActionsTest-1228427211-project-member] Registering scheme swift with {'store': , 'location_class': , 'store_entry': 'swift'} {{(pid=103108) register_scheme_map /opt/stack/data/venv/lib/python3.12/site-packages/glance_store/location.py:146}}
Aug 24 23:17:35.263258 np0000008033 devstack@g-api.service[103108]: DEBUG glance_store.location [None req-6422564f-2642-47ef-88fb-bd8b08d36152 tempest-VolumesActionsTest-1228427211 tempest-VolumesActionsTest-1228427211-project-member] Registering scheme swift+http with {'store': , 'location_class': , 'store_entry': 'swift'} {{(pid=103108) register_scheme_map /opt/stack/data/venv/lib/python3.12/site-packages/glance_store/location.py:146}}
Aug 24 23:17:35.263386 np0000008033 devstack@g-api.service[103108]: DEBUG glance_store.location [None req-6422564f-2642-47ef-88fb-bd8b08d36152 tempest-VolumesActionsTest-1228427211 tempest-VolumesActionsTest-1228427211-project-member] Registering scheme swift+config with {'store': , 'location_class': , 'store_entry': 'swift'} {{(pid=103108) register_scheme_map /opt/stack/data/venv/lib/python3.12/site-packages/glance_store/location.py:146}}
Aug 24 23:17:35.421357 np0000008033 devstack@g-api.service[103108]: DEBUG swiftclient [None req-6422564f-2642-47ef-88fb-bd8b08d36152 tempest-VolumesActionsTest-1228427211 tempest-VolumesActionsTest-1228427211-project-member] REQ: curl -i https://10.4.3.50:8080/v1/AUTH_cc656a16b7f54c93b91e8b151cf8f67b/glance -I -H "X-Auth-Token: gAAAAABqjNEP1g5R..." {{(pid=103108) http_log /opt/stack/data/venv/lib/python3.12/site-packages/swiftclient/client.py:160}}
Aug 24 23:17:35.421503 np0000008033 devstack@g-api.service[103108]: DEBUG swiftclient [None req-6422564f-2642-47ef-88fb-bd8b08d36152 tempest-VolumesActionsTest-1228427211 tempest-VolumesActionsTest-1228427211-project-member] RESP STATUS: 204 No Content {{(pid=103108) http_log /opt/stack/data/venv/lib/python3.12/site-packages/swiftclient/client.py:161}}
Aug 24 23:17:35.421688 np0000008033 devstack@g-api.service[103108]: DEBUG swiftclient [None req-6422564f-2642-47ef-88fb-bd8b08d36152 tempest-VolumesActionsTest-1228427211 tempest-VolumesActionsTest-1228427211-project-member] RESP HEADERS: {'Date': 'Mon, 24 Aug 2026 23:17:35 GMT', 'Server': 'Apache/2.4.58 (Ubuntu)', 'Content-Type': 'text/plain; charset=utf-8', 'X-Container-Object-Count': '10', 'X-Container-Bytes-Used': '1138098176', 'X-Timestamp': '1787613146.08748', 'Last-Modified': 'Mon, 24 Aug 2026 23:12:27 GMT', 'Accept-Ranges': 'bytes', 'X-Storage-Policy': 'Policy-0', 'X-Container-Sharding': 'False', 'Vary': 'Accept', 'X-Trans-Id': 'tx086285b1b0e54bf48a46a-006a8cd10f', 'X-Openstack-Request-Id': 'tx086285b1b0e54bf48a46a-006a8cd10f', 'Connection': 'close'} {{(pid=103108) http_log /opt/stack/data/venv/lib/python3.12/site-packages/swiftclient/client.py:162}}
Aug 24 23:17:35.421873 np0000008033 devstack@g-api.service[103108]: DEBUG glance_store._drivers.swift.store [None req-6422564f-2642-47ef-88fb-bd8b08d36152 tempest-VolumesActionsTest-1228427211 tempest-VolumesActionsTest-1228427211-project-member] Adding image object '9887df0f-a696-4633-81e3-2ef3d1ffefe4' to Swift {{(pid=103108) add /opt/stack/data/venv/lib/python3.12/site-packages/glance_store/_drivers/swift/store.py:970}}
Aug 24 23:17:35.421948 np0000008033 devstack@g-api.service[103108]: DEBUG glance_store._drivers.swift.store [None req-6422564f-2642-47ef-88fb-bd8b08d36152 tempest-VolumesActionsTest-1228427211 tempest-VolumesActionsTest-1228427211-project-member] Cannot determine image size because it is either not provided in the request or chunked-transfer encoding is used. Adding image as a segmented object to Swift. {{(pid=103108) add /opt/stack/data/venv/lib/python3.12/site-packages/glance_store/_drivers/swift/store.py:994}}
Aug 24 23:17:35.430690 np0000008033 devstack@g-api.service[103108]: DEBUG oslo_utils.imageutils.format_inspector [None req-6422564f-2642-47ef-88fb-bd8b08d36152 tempest-VolumesActionsTest-1228427211 tempest-VolumesActionsTest-1228427211-project-member] Format inspector for vmdk does not match, excluding from consideration (Signature KDMV not found: b'QFI\xfb') {{(pid=103108) _process_chunk /opt/stack/data/venv/lib/python3.12/site-packages/oslo_utils/imageutils/format_inspector.py:1758}}
Aug 24 23:17:35.484771 np0000008033 devstack@g-api.service[103109]: DEBUG glance.api.middleware.version_negotiation [None req-2c2c696b-179a-4793-85ce-08c0ad93b1c3 tempest-VolumesActionsTest-1228427211 tempest-VolumesActionsTest-1228427211-project-member] Determining version of request: GET /v2/images/7097e3cd-0d61-4435-9659-0441599c9ebe Accept: */* {{(pid=103109) process_request /opt/stack/glance/glance/api/middleware/version_negotiation.py:44}}
Aug 24 23:17:35.485106 np0000008033 devstack@g-api.service[103109]: DEBUG glance.api.middleware.version_negotiation [None req-2c2c696b-179a-4793-85ce-08c0ad93b1c3 tempest-VolumesActionsTest-1228427211 tempest-VolumesActionsTest-1228427211-project-member] Using url versioning {{(pid=103109) process_request /opt/stack/glance/glance/api/middleware/version_negotiation.py:57}}
Aug 24 23:17:35.485106 np0000008033 devstack@g-api.service[103109]: DEBUG glance.api.middleware.version_negotiation [None req-2c2c696b-179a-4793-85ce-08c0ad93b1c3 tempest-VolumesActionsTest-1228427211 tempest-VolumesActionsTest-1228427211-project-member] Matched version: v2 {{(pid=103109) process_request /opt/stack/glance/glance/api/middleware/version_negotiation.py:69}}
Aug 24 23:17:35.485608 np0000008033 devstack@g-api.service[103109]: DEBUG glance.api.middleware.version_negotiation [None req-2c2c696b-179a-4793-85ce-08c0ad93b1c3 tempest-VolumesActionsTest-1228427211 tempest-VolumesActionsTest-1228427211-project-member] new path /v2/images/7097e3cd-0d61-4435-9659-0441599c9ebe {{(pid=103109) process_request /opt/stack/glance/glance/api/middleware/version_negotiation.py:70}}
Aug 24 23:17:35.489669 np0000008033 devstack@g-api.service[103108]: DEBUG swiftclient [None req-6422564f-2642-47ef-88fb-bd8b08d36152 tempest-VolumesActionsTest-1228427211 tempest-VolumesActionsTest-1228427211-project-member] REQ: curl -i https://10.4.3.50:8080/v1/AUTH_cc656a16b7f54c93b91e8b151cf8f67b/glance/9887df0f-a696-4633-81e3-2ef3d1ffefe4-00001 -X PUT -H "X-Auth-Token: gAAAAABqjNEP1g5R..." {{(pid=103108) http_log /opt/stack/data/venv/lib/python3.12/site-packages/swiftclient/client.py:160}}
Aug 24 23:17:35.489820 np0000008033 devstack@g-api.service[103108]: DEBUG swiftclient [None req-6422564f-2642-47ef-88fb-bd8b08d36152 tempest-VolumesActionsTest-1228427211 tempest-VolumesActionsTest-1228427211-project-member] RESP STATUS: 201 Created {{(pid=103108) http_log /opt/stack/data/venv/lib/python3.12/site-packages/swiftclient/client.py:161}}
Aug 24 23:17:35.490037 np0000008033 devstack@g-api.service[103108]: DEBUG swiftclient [None req-6422564f-2642-47ef-88fb-bd8b08d36152 tempest-VolumesActionsTest-1228427211 tempest-VolumesActionsTest-1228427211-project-member] RESP HEADERS: {'Date': 'Mon, 24 Aug 2026 23:17:35 GMT', 'Server': 'Apache/2.4.58 (Ubuntu)', 'Content-Type': 'text/html; charset=UTF-8', 'Content-Length': '0', 'Etag': 'c68439d39a2d449547b4c010d7f01866', 'Last-Modified': 'Mon, 24 Aug 2026 23:17:36 GMT', 'X-Trans-Id': 'txfe68ec862f3342a0a572d-006a8cd10f', 'X-Openstack-Request-Id': 'txfe68ec862f3342a0a572d-006a8cd10f', 'Connection': 'close'} {{(pid=103108) http_log /opt/stack/data/venv/lib/python3.12/site-packages/swiftclient/client.py:162}}
Aug 24 23:17:35.490206 np0000008033 devstack@g-api.service[103108]: DEBUG glance_store._drivers.swift.store [None req-6422564f-2642-47ef-88fb-bd8b08d36152 tempest-VolumesActionsTest-1228427211 tempest-VolumesActionsTest-1228427211-project-member] Wrote chunk 9887df0f-a696-4633-81e3-2ef3d1ffefe4-00001 (1/?) of length 197120 to Swift returning MD5 of content: c68439d39a2d449547b4c010d7f01866 {{(pid=103108) add /opt/stack/data/venv/lib/python3.12/site-packages/glance_store/_drivers/swift/store.py:1059}}
Aug 24 23:17:35.491165 np0000008033 devstack@g-api.service[103108]: DEBUG glance_store._drivers.swift.store [None req-6422564f-2642-47ef-88fb-bd8b08d36152 tempest-VolumesActionsTest-1228427211 tempest-VolumesActionsTest-1228427211-project-member] Not writing zero-length chunk. {{(pid=103108) add /opt/stack/data/venv/lib/python3.12/site-packages/glance_store/_drivers/swift/store.py:1028}}
Aug 24 23:17:35.506879 np0000008033 devstack@g-api.service[103109]: [pid: 103109|app: 0|req: 39/171] 127.0.0.1 () {44 vars in 1111 bytes} [Mon Aug 24 23:17:35 2026] GET /v2/images/7097e3cd-0d61-4435-9659-0441599c9ebe => generated 1044 bytes in 20 msecs (HTTP/1.1 200) 4 headers in 158 bytes (1 switches on core 0)
Aug 24 23:17:35.515711 np0000008033 devstack@g-api.service[103111]: DEBUG glance.api.middleware.version_negotiation [None req-a886bfa7-5f7e-469e-affe-73fbe256d7f7 tempest-VolumesActionsTest-1228427211 tempest-VolumesActionsTest-1228427211-project-member] Determining version of request: GET /v2/schemas/image Accept: */* {{(pid=103111) process_request /opt/stack/glance/glance/api/middleware/version_negotiation.py:44}}
Aug 24 23:17:35.515711 np0000008033 devstack@g-api.service[103111]: DEBUG glance.api.middleware.version_negotiation [None req-a886bfa7-5f7e-469e-affe-73fbe256d7f7 tempest-VolumesActionsTest-1228427211 tempest-VolumesActionsTest-1228427211-project-member] Using url versioning {{(pid=103111) process_request /opt/stack/glance/glance/api/middleware/version_negotiation.py:57}}
Aug 24 23:17:35.515711 np0000008033 devstack@g-api.service[103111]: DEBUG glance.api.middleware.version_negotiation [None req-a886bfa7-5f7e-469e-affe-73fbe256d7f7 tempest-VolumesActionsTest-1228427211 tempest-VolumesActionsTest-1228427211-project-member] Matched version: v2 {{(pid=103111) process_request /opt/stack/glance/glance/api/middleware/version_negotiation.py:69}}
Aug 24 23:17:35.515711 np0000008033 devstack@g-api.service[103111]: DEBUG glance.api.middleware.version_negotiation [None req-a886bfa7-5f7e-469e-affe-73fbe256d7f7 tempest-VolumesActionsTest-1228427211 tempest-VolumesActionsTest-1228427211-project-member] new path /v2/schemas/image {{(pid=103111) process_request /opt/stack/glance/glance/api/middleware/version_negotiation.py:70}}
Aug 24 23:17:35.519271 np0000008033 devstack@g-api.service[103111]: [pid: 103111|app: 0|req: 44/172] 127.0.0.1 () {44 vars in 1051 bytes} [Mon Aug 24 23:17:35 2026] GET /v2/schemas/image => generated 6083 bytes in 4 msecs (HTTP/1.1 200) 4 headers in 158 bytes (1 switches on core 0)
Aug 24 23:17:35.534491 np0000008033 devstack@g-api.service[103110]: DEBUG glance.api.middleware.version_negotiation [None req-5e541164-5c5e-4336-a2e7-89976d312c43 tempest-VolumesActionsTest-1228427211 tempest-VolumesActionsTest-1228427211-project-member] Determining version of request: GET /v2/schemas/image Accept: */* {{(pid=103110) process_request /opt/stack/glance/glance/api/middleware/version_negotiation.py:44}}
Aug 24 23:17:35.534714 np0000008033 devstack@g-api.service[103110]: DEBUG glance.api.middleware.version_negotiation [None req-5e541164-5c5e-4336-a2e7-89976d312c43 tempest-VolumesActionsTest-1228427211 tempest-VolumesActionsTest-1228427211-project-member] Using url versioning {{(pid=103110) process_request /opt/stack/glance/glance/api/middleware/version_negotiation.py:57}}
Aug 24 23:17:35.534885 np0000008033 devstack@g-api.service[103110]: DEBUG glance.api.middleware.version_negotiation [None req-5e541164-5c5e-4336-a2e7-89976d312c43 tempest-VolumesActionsTest-1228427211 tempest-VolumesActionsTest-1228427211-project-member] Matched version: v2 {{(pid=103110) process_request /opt/stack/glance/glance/api/middleware/version_negotiation.py:69}}
Aug 24 23:17:35.535019 np0000008033 devstack@g-api.service[103110]: DEBUG glance.api.middleware.version_negotiation [None req-5e541164-5c5e-4336-a2e7-89976d312c43 tempest-VolumesActionsTest-1228427211 tempest-VolumesActionsTest-1228427211-project-member] new path /v2/schemas/image {{(pid=103110) process_request /opt/stack/glance/glance/api/middleware/version_negotiation.py:70}}
Aug 24 23:17:35.537837 np0000008033 devstack@g-api.service[103110]: [pid: 103110|app: 0|req: 47/173] 127.0.0.1 () {44 vars in 1051 bytes} [Mon Aug 24 23:17:35 2026] GET /v2/schemas/image => generated 6083 bytes in 3 msecs (HTTP/1.1 200) 4 headers in 158 bytes (1 switches on core 0)
Aug 24 23:17:35.543371 np0000008033 devstack@g-api.service[103108]: DEBUG swiftclient [None req-6422564f-2642-47ef-88fb-bd8b08d36152 tempest-VolumesActionsTest-1228427211 tempest-VolumesActionsTest-1228427211-project-member] REQ: curl -i https://10.4.3.50:8080/v1/AUTH_cc656a16b7f54c93b91e8b151cf8f67b/glance/9887df0f-a696-4633-81e3-2ef3d1ffefe4 -X PUT -H "X-Object-Manifest: glance/9887df0f-a696-4633-81e3-2ef3d1ffefe4-" -H "X-Auth-Token: gAAAAABqjNEP1g5R..." -H "Content-Length: 0" {{(pid=103108) http_log /opt/stack/data/venv/lib/python3.12/site-packages/swiftclient/client.py:160}}
Aug 24 23:17:35.543525 np0000008033 devstack@g-api.service[103108]: DEBUG swiftclient [None req-6422564f-2642-47ef-88fb-bd8b08d36152 tempest-VolumesActionsTest-1228427211 tempest-VolumesActionsTest-1228427211-project-member] RESP STATUS: 201 Created {{(pid=103108) http_log /opt/stack/data/venv/lib/python3.12/site-packages/swiftclient/client.py:161}}
Aug 24 23:17:35.543721 np0000008033 devstack@g-api.service[103108]: DEBUG swiftclient [None req-6422564f-2642-47ef-88fb-bd8b08d36152 tempest-VolumesActionsTest-1228427211 tempest-VolumesActionsTest-1228427211-project-member] RESP HEADERS: {'Date': 'Mon, 24 Aug 2026 23:17:35 GMT', 'Server': 'Apache/2.4.58 (Ubuntu)', 'Content-Type': 'text/html; charset=UTF-8', 'Content-Length': '0', 'Etag': 'd41d8cd98f00b204e9800998ecf8427e', 'Last-Modified': 'Mon, 24 Aug 2026 23:17:36 GMT', 'X-Trans-Id': 'tx1cf86bfc438542cdb1aa6-006a8cd10f', 'X-Openstack-Request-Id': 'tx1cf86bfc438542cdb1aa6-006a8cd10f', 'Connection': 'close'} {{(pid=103108) http_log /opt/stack/data/venv/lib/python3.12/site-packages/swiftclient/client.py:162}}
Aug 24 23:17:35.544494 np0000008033 devstack@g-api.service[103108]: INFO glance.location [None req-6422564f-2642-47ef-88fb-bd8b08d36152 tempest-VolumesActionsTest-1228427211 tempest-VolumesActionsTest-1228427211-project-member] Image format matched and virtual size computed: 1073741824
Aug 24 23:17:35.551794 np0000008033 devstack@g-api.service[103109]: DEBUG glance.api.middleware.version_negotiation [None req-d882218c-83f4-4c85-a5b6-3727d1e87936 tempest-ServerActionsTestOtherA-1679477476 tempest-ServerActionsTestOtherA-1679477476-project-member] Determining version of request: GET /v2/images/7097e3cd-0d61-4435-9659-0441599c9ebe Accept: */* {{(pid=103109) process_request /opt/stack/glance/glance/api/middleware/version_negotiation.py:44}}
Aug 24 23:17:35.552064 np0000008033 devstack@g-api.service[103109]: DEBUG glance.api.middleware.version_negotiation [None req-d882218c-83f4-4c85-a5b6-3727d1e87936 tempest-ServerActionsTestOtherA-1679477476 tempest-ServerActionsTestOtherA-1679477476-project-member] Using url versioning {{(pid=103109) process_request /opt/stack/glance/glance/api/middleware/version_negotiation.py:57}}
Aug 24 23:17:35.552296 np0000008033 devstack@g-api.service[103109]: DEBUG glance.api.middleware.version_negotiation [None req-d882218c-83f4-4c85-a5b6-3727d1e87936 tempest-ServerActionsTestOtherA-1679477476 tempest-ServerActionsTestOtherA-1679477476-project-member] Matched version: v2 {{(pid=103109) process_request /opt/stack/glance/glance/api/middleware/version_negotiation.py:69}}
Aug 24 23:17:35.552478 np0000008033 devstack@g-api.service[103109]: DEBUG glance.api.middleware.version_negotiation [None req-d882218c-83f4-4c85-a5b6-3727d1e87936 tempest-ServerActionsTestOtherA-1679477476 tempest-ServerActionsTestOtherA-1679477476-project-member] new path /v2/images/7097e3cd-0d61-4435-9659-0441599c9ebe {{(pid=103109) process_request /opt/stack/glance/glance/api/middleware/version_negotiation.py:70}}
Aug 24 23:17:35.566016 np0000008033 devstack@g-api.service[103109]: [pid: 103109|app: 0|req: 40/174] 127.0.0.1 () {44 vars in 1111 bytes} [Mon Aug 24 23:17:35 2026] GET /v2/images/7097e3cd-0d61-4435-9659-0441599c9ebe => generated 1044 bytes in 14 msecs (HTTP/1.1 200) 4 headers in 158 bytes (1 switches on core 0)
Aug 24 23:17:35.576722 np0000008033 devstack@g-api.service[103111]: DEBUG glance.api.middleware.version_negotiation [None req-d882218c-83f4-4c85-a5b6-3727d1e87936 tempest-ServerActionsTestOtherA-1679477476 tempest-ServerActionsTestOtherA-1679477476-project-member] Determining version of request: GET /v2/schemas/image Accept: */* {{(pid=103111) process_request /opt/stack/glance/glance/api/middleware/version_negotiation.py:44}}
Aug 24 23:17:35.576722 np0000008033 devstack@g-api.service[103111]: DEBUG glance.api.middleware.version_negotiation [None req-d882218c-83f4-4c85-a5b6-3727d1e87936 tempest-ServerActionsTestOtherA-1679477476 tempest-ServerActionsTestOtherA-1679477476-project-member] Using url versioning {{(pid=103111) process_request /opt/stack/glance/glance/api/middleware/version_negotiation.py:57}}
Aug 24 23:17:35.576722 np0000008033 devstack@g-api.service[103111]: DEBUG glance.api.middleware.version_negotiation [None req-d882218c-83f4-4c85-a5b6-3727d1e87936 tempest-ServerActionsTestOtherA-1679477476 tempest-ServerActionsTestOtherA-1679477476-project-member] Matched version: v2 {{(pid=103111) process_request /opt/stack/glance/glance/api/middleware/version_negotiation.py:69}}
Aug 24 23:17:35.576722 np0000008033 devstack@g-api.service[103111]: DEBUG glance.api.middleware.version_negotiation [None req-d882218c-83f4-4c85-a5b6-3727d1e87936 tempest-ServerActionsTestOtherA-1679477476 tempest-ServerActionsTestOtherA-1679477476-project-member] new path /v2/schemas/image {{(pid=103111) process_request /opt/stack/glance/glance/api/middleware/version_negotiation.py:70}}
Aug 24 23:17:35.579283 np0000008033 devstack@g-api.service[103111]: [pid: 103111|app: 0|req: 45/175] 127.0.0.1 () {44 vars in 1051 bytes} [Mon Aug 24 23:17:35 2026] GET /v2/schemas/image => generated 6083 bytes in 4 msecs (HTTP/1.1 200) 4 headers in 158 bytes (1 switches on core 0)
Aug 24 23:17:35.582488 np0000008033 devstack@g-api.service[103110]: DEBUG glance.api.middleware.version_negotiation [None req-d882218c-83f4-4c85-a5b6-3727d1e87936 tempest-ServerActionsTestOtherA-1679477476 tempest-ServerActionsTestOtherA-1679477476-project-member] Determining version of request: GET /v2/images/9887df0f-a696-4633-81e3-2ef3d1ffefe4 Accept: application/json {{(pid=103110) process_request /opt/stack/glance/glance/api/middleware/version_negotiation.py:44}}
Aug 24 23:17:35.582906 np0000008033 devstack@g-api.service[103110]: DEBUG glance.api.middleware.version_negotiation [None req-d882218c-83f4-4c85-a5b6-3727d1e87936 tempest-ServerActionsTestOtherA-1679477476 tempest-ServerActionsTestOtherA-1679477476-project-member] Using url versioning {{(pid=103110) process_request /opt/stack/glance/glance/api/middleware/version_negotiation.py:57}}
Aug 24 23:17:35.582906 np0000008033 devstack@g-api.service[103110]: DEBUG glance.api.middleware.version_negotiation [None req-d882218c-83f4-4c85-a5b6-3727d1e87936 tempest-ServerActionsTestOtherA-1679477476 tempest-ServerActionsTestOtherA-1679477476-project-member] Matched version: v2 {{(pid=103110) process_request /opt/stack/glance/glance/api/middleware/version_negotiation.py:69}}
Aug 24 23:17:35.582906 np0000008033 devstack@g-api.service[103110]: DEBUG glance.api.middleware.version_negotiation [None req-d882218c-83f4-4c85-a5b6-3727d1e87936 tempest-ServerActionsTestOtherA-1679477476 tempest-ServerActionsTestOtherA-1679477476-project-member] new path /v2/images/9887df0f-a696-4633-81e3-2ef3d1ffefe4 {{(pid=103110) process_request /opt/stack/glance/glance/api/middleware/version_negotiation.py:70}}
Aug 24 23:17:35.592068 np0000008033 devstack@g-api.service[103109]: DEBUG glance.api.middleware.version_negotiation [None req-d882218c-83f4-4c85-a5b6-3727d1e87936 tempest-ServerActionsTestOtherA-1679477476 tempest-ServerActionsTestOtherA-1679477476-project-member] Determining version of request: GET /v2/schemas/image Accept: */* {{(pid=103109) process_request /opt/stack/glance/glance/api/middleware/version_negotiation.py:44}}
Aug 24 23:17:35.592068 np0000008033 devstack@g-api.service[103109]: DEBUG glance.api.middleware.version_negotiation [None req-d882218c-83f4-4c85-a5b6-3727d1e87936 tempest-ServerActionsTestOtherA-1679477476 tempest-ServerActionsTestOtherA-1679477476-project-member] Using url versioning {{(pid=103109) process_request /opt/stack/glance/glance/api/middleware/version_negotiation.py:57}}
Aug 24 23:17:35.592068 np0000008033 devstack@g-api.service[103109]: DEBUG glance.api.middleware.version_negotiation [None req-d882218c-83f4-4c85-a5b6-3727d1e87936 tempest-ServerActionsTestOtherA-1679477476 tempest-ServerActionsTestOtherA-1679477476-project-member] Matched version: v2 {{(pid=103109) process_request /opt/stack/glance/glance/api/middleware/version_negotiation.py:69}}
Aug 24 23:17:35.592068 np0000008033 devstack@g-api.service[103109]: DEBUG glance.api.middleware.version_negotiation [None req-d882218c-83f4-4c85-a5b6-3727d1e87936 tempest-ServerActionsTestOtherA-1679477476 tempest-ServerActionsTestOtherA-1679477476-project-member] new path /v2/schemas/image {{(pid=103109) process_request /opt/stack/glance/glance/api/middleware/version_negotiation.py:70}}
Aug 24 23:17:35.595412 np0000008033 devstack@g-api.service[103109]: [pid: 103109|app: 0|req: 41/176] 127.0.0.1 () {44 vars in 1051 bytes} [Mon Aug 24 23:17:35 2026] GET /v2/schemas/image => generated 6083 bytes in 4 msecs (HTTP/1.1 200) 4 headers in 158 bytes (1 switches on core 0)
Aug 24 23:17:35.596619 np0000008033 devstack@g-api.service[103110]: [pid: 103110|app: 0|req: 48/177] 127.0.0.1 () {40 vars in 834 bytes} [Mon Aug 24 23:17:35 2026] GET /v2/images/9887df0f-a696-4633-81e3-2ef3d1ffefe4 => generated 819 bytes in 14 msecs (HTTP/1.1 200) 4 headers in 157 bytes (1 switches on core 0)
Aug 24 23:17:35.603713 np0000008033 devstack@g-api.service[103108]: DEBUG glance_store.backend [None req-6422564f-2642-47ef-88fb-bd8b08d36152 tempest-VolumesActionsTest-1228427211 tempest-VolumesActionsTest-1228427211-project-member] Attempting to import store swift {{(pid=103108) _load_store /opt/stack/data/venv/lib/python3.12/site-packages/glance_store/backend.py:215}}
Aug 24 23:17:35.605310 np0000008033 devstack@g-api.service[103108]: DEBUG glance_store.capabilities [None req-6422564f-2642-47ef-88fb-bd8b08d36152 tempest-VolumesActionsTest-1228427211 tempest-VolumesActionsTest-1228427211-project-member] Store glance_store._drivers.swift.store.SingleTenantStore doesn't support updating dynamic storage capabilities. Please overwrite 'update_capabilities' method of the store to implement updating logics if needed. {{(pid=103108) update_capabilities /opt/stack/data/venv/lib/python3.12/site-packages/glance_store/capabilities.py:91}}
Aug 24 23:17:35.605590 np0000008033 devstack@g-api.service[103108]: DEBUG glance_store.driver [None req-6422564f-2642-47ef-88fb-bd8b08d36152 tempest-VolumesActionsTest-1228427211 tempest-VolumesActionsTest-1228427211-project-member] Late loading location class glance_store._drivers.swift.store.StoreLocation {{(pid=103108) get_store_location_class /opt/stack/data/venv/lib/python3.12/site-packages/glance_store/driver.py:134}}
Aug 24 23:17:35.605590 np0000008033 devstack@g-api.service[103108]: DEBUG glance_store.location [None req-6422564f-2642-47ef-88fb-bd8b08d36152 tempest-VolumesActionsTest-1228427211 tempest-VolumesActionsTest-1228427211-project-member] Registering scheme swift+https with {'store': , 'location_class': , 'store_entry': 'swift'} {{(pid=103108) register_scheme_map /opt/stack/data/venv/lib/python3.12/site-packages/glance_store/location.py:146}}
Aug 24 23:17:35.605590 np0000008033 devstack@g-api.service[103108]: DEBUG glance_store.location [None req-6422564f-2642-47ef-88fb-bd8b08d36152 tempest-VolumesActionsTest-1228427211 tempest-VolumesActionsTest-1228427211-project-member] Registering scheme swift+https with {'store': , 'location_class': , 'store_entry': 'swift'} {{(pid=103108) register_scheme_map /opt/stack/data/venv/lib/python3.12/site-packages/glance_store/location.py:146}}
Aug 24 23:17:35.605786 np0000008033 devstack@g-api.service[103108]: DEBUG glance_store.location [None req-6422564f-2642-47ef-88fb-bd8b08d36152 tempest-VolumesActionsTest-1228427211 tempest-VolumesActionsTest-1228427211-project-member] Registering scheme swift with {'store': , 'location_class': , 'store_entry': 'swift'} {{(pid=103108) register_scheme_map /opt/stack/data/venv/lib/python3.12/site-packages/glance_store/location.py:146}}
Aug 24 23:17:35.605786 np0000008033 devstack@g-api.service[103108]: DEBUG glance_store.location [None req-6422564f-2642-47ef-88fb-bd8b08d36152 tempest-VolumesActionsTest-1228427211 tempest-VolumesActionsTest-1228427211-project-member] Registering scheme swift+https with {'store': , 'location_class': , 'store_entry': 'swift'} {{(pid=103108) register_scheme_map /opt/stack/data/venv/lib/python3.12/site-packages/glance_store/location.py:146}}
Aug 24 23:17:35.605786 np0000008033 devstack@g-api.service[103108]: DEBUG glance_store.location [None req-6422564f-2642-47ef-88fb-bd8b08d36152 tempest-VolumesActionsTest-1228427211 tempest-VolumesActionsTest-1228427211-project-member] Registering scheme swift with {'store': , 'location_class': , 'store_entry': 'swift'} {{(pid=103108) register_scheme_map /opt/stack/data/venv/lib/python3.12/site-packages/glance_store/location.py:146}}
Aug 24 23:17:35.605982 np0000008033 devstack@g-api.service[103108]: DEBUG glance_store.location [None req-6422564f-2642-47ef-88fb-bd8b08d36152 tempest-VolumesActionsTest-1228427211 tempest-VolumesActionsTest-1228427211-project-member] Registering scheme swift+http with {'store': , 'location_class': , 'store_entry': 'swift'} {{(pid=103108) register_scheme_map /opt/stack/data/venv/lib/python3.12/site-packages/glance_store/location.py:146}}
Aug 24 23:17:35.605982 np0000008033 devstack@g-api.service[103108]: DEBUG glance_store.location [None req-6422564f-2642-47ef-88fb-bd8b08d36152 tempest-VolumesActionsTest-1228427211 tempest-VolumesActionsTest-1228427211-project-member] Registering scheme swift+https with {'store': , 'location_class': , 'store_entry': 'swift'} {{(pid=103108) register_scheme_map /opt/stack/data/venv/lib/python3.12/site-packages/glance_store/location.py:146}}
Aug 24 23:17:35.606159 np0000008033 devstack@g-api.service[103108]: DEBUG glance_store.location [None req-6422564f-2642-47ef-88fb-bd8b08d36152 tempest-VolumesActionsTest-1228427211 tempest-VolumesActionsTest-1228427211-project-member] Registering scheme swift with {'store': , 'location_class': , 'store_entry': 'swift'} {{(pid=103108) register_scheme_map /opt/stack/data/venv/lib/python3.12/site-packages/glance_store/location.py:146}}
Aug 24 23:17:35.606159 np0000008033 devstack@g-api.service[103108]: DEBUG glance_store.location [None req-6422564f-2642-47ef-88fb-bd8b08d36152 tempest-VolumesActionsTest-1228427211 tempest-VolumesActionsTest-1228427211-project-member] Registering scheme swift+http with {'store': , 'location_class': , 'store_entry': 'swift'} {{(pid=103108) register_scheme_map /opt/stack/data/venv/lib/python3.12/site-packages/glance_store/location.py:146}}
Aug 24 23:17:35.606444 np0000008033 devstack@g-api.service[103108]: DEBUG glance_store.location [None req-6422564f-2642-47ef-88fb-bd8b08d36152 tempest-VolumesActionsTest-1228427211 tempest-VolumesActionsTest-1228427211-project-member] Registering scheme swift+config with {'store': , 'location_class': , 'store_entry': 'swift'} {{(pid=103108) register_scheme_map /opt/stack/data/venv/lib/python3.12/site-packages/glance_store/location.py:146}}
Aug 24 23:17:35.606444 np0000008033 devstack@g-api.service[103108]: DEBUG glance_store.backend [None req-6422564f-2642-47ef-88fb-bd8b08d36152 tempest-VolumesActionsTest-1228427211 tempest-VolumesActionsTest-1228427211-project-member] Skipping store.set_acls... not implemented. {{(pid=103108) set_acls /opt/stack/data/venv/lib/python3.12/site-packages/glance_store/backend.py:507}}
Aug 24 23:17:35.610426 np0000008033 devstack@g-api.service[103108]: [pid: 103108|app: 0|req: 44/178] 127.0.0.1 () {46 vars in 1154 bytes} [Mon Aug 24 23:17:34 2026] PUT /v2/images/9887df0f-a696-4633-81e3-2ef3d1ffefe4/file => generated 0 bytes in 1568 msecs (HTTP/1.1 204) 4 headers in 171 bytes (1 switches on core 0)
Aug 24 23:17:35.622889 np0000008033 devstack@g-api.service[103111]: DEBUG glance.api.middleware.version_negotiation [None req-d882218c-83f4-4c85-a5b6-3727d1e87936 tempest-ServerActionsTestOtherA-1679477476 tempest-ServerActionsTestOtherA-1679477476-project-member] Determining version of request: GET /v2/images/9887df0f-a696-4633-81e3-2ef3d1ffefe4 Accept: */* {{(pid=103111) process_request /opt/stack/glance/glance/api/middleware/version_negotiation.py:44}}
Aug 24 23:17:35.626206 np0000008033 devstack@g-api.service[103111]: DEBUG glance.api.middleware.version_negotiation [None req-d882218c-83f4-4c85-a5b6-3727d1e87936 tempest-ServerActionsTestOtherA-1679477476 tempest-ServerActionsTestOtherA-1679477476-project-member] Using url versioning {{(pid=103111) process_request /opt/stack/glance/glance/api/middleware/version_negotiation.py:57}}
Aug 24 23:17:35.626206 np0000008033 devstack@g-api.service[103111]: DEBUG glance.api.middleware.version_negotiation [None req-d882218c-83f4-4c85-a5b6-3727d1e87936 tempest-ServerActionsTestOtherA-1679477476 tempest-ServerActionsTestOtherA-1679477476-project-member] Matched version: v2 {{(pid=103111) process_request /opt/stack/glance/glance/api/middleware/version_negotiation.py:69}}
Aug 24 23:17:35.626206 np0000008033 devstack@g-api.service[103111]: DEBUG glance.api.middleware.version_negotiation [None req-d882218c-83f4-4c85-a5b6-3727d1e87936 tempest-ServerActionsTestOtherA-1679477476 tempest-ServerActionsTestOtherA-1679477476-project-member] new path /v2/images/9887df0f-a696-4633-81e3-2ef3d1ffefe4 {{(pid=103111) process_request /opt/stack/glance/glance/api/middleware/version_negotiation.py:70}}
Aug 24 23:17:35.627890 np0000008033 devstack@g-api.service[103109]: DEBUG glance.api.middleware.version_negotiation [None req-d882218c-83f4-4c85-a5b6-3727d1e87936 tempest-ServerActionsTestOtherA-1679477476 tempest-ServerActionsTestOtherA-1679477476-project-member] Determining version of request: GET /v2/images/7097e3cd-0d61-4435-9659-0441599c9ebe Accept: */* {{(pid=103109) process_request /opt/stack/glance/glance/api/middleware/version_negotiation.py:44}}
Aug 24 23:17:35.628160 np0000008033 devstack@g-api.service[103109]: DEBUG glance.api.middleware.version_negotiation [None req-d882218c-83f4-4c85-a5b6-3727d1e87936 tempest-ServerActionsTestOtherA-1679477476 tempest-ServerActionsTestOtherA-1679477476-project-member] Using url versioning {{(pid=103109) process_request /opt/stack/glance/glance/api/middleware/version_negotiation.py:57}}
Aug 24 23:17:35.629819 np0000008033 devstack@g-api.service[103109]: DEBUG glance.api.middleware.version_negotiation [None req-d882218c-83f4-4c85-a5b6-3727d1e87936 tempest-ServerActionsTestOtherA-1679477476 tempest-ServerActionsTestOtherA-1679477476-project-member] Matched version: v2 {{(pid=103109) process_request /opt/stack/glance/glance/api/middleware/version_negotiation.py:69}}
Aug 24 23:17:35.630077 np0000008033 devstack@g-api.service[103109]: DEBUG glance.api.middleware.version_negotiation [None req-d882218c-83f4-4c85-a5b6-3727d1e87936 tempest-ServerActionsTestOtherA-1679477476 tempest-ServerActionsTestOtherA-1679477476-project-member] new path /v2/images/7097e3cd-0d61-4435-9659-0441599c9ebe {{(pid=103109) process_request /opt/stack/glance/glance/api/middleware/version_negotiation.py:70}}
Aug 24 23:17:35.641628 np0000008033 devstack@g-api.service[103111]: [pid: 103111|app: 0|req: 46/179] 127.0.0.1 () {44 vars in 1111 bytes} [Mon Aug 24 23:17:35 2026] GET /v2/images/9887df0f-a696-4633-81e3-2ef3d1ffefe4 => generated 819 bytes in 18 msecs (HTTP/1.1 200) 4 headers in 157 bytes (1 switches on core 0)
Aug 24 23:17:35.651768 np0000008033 devstack@g-api.service[103110]: DEBUG glance.api.middleware.version_negotiation [None req-5827e2de-4d9a-4da6-a718-c4050b8d55ad tempest-VolumesActionsTest-1228427211 tempest-VolumesActionsTest-1228427211-project-member] Determining version of request: GET /v2/schemas/image Accept: */* {{(pid=103110) process_request /opt/stack/glance/glance/api/middleware/version_negotiation.py:44}}
Aug 24 23:17:35.651768 np0000008033 devstack@g-api.service[103110]: DEBUG glance.api.middleware.version_negotiation [None req-5827e2de-4d9a-4da6-a718-c4050b8d55ad tempest-VolumesActionsTest-1228427211 tempest-VolumesActionsTest-1228427211-project-member] Using url versioning {{(pid=103110) process_request /opt/stack/glance/glance/api/middleware/version_negotiation.py:57}}
Aug 24 23:17:35.651768 np0000008033 devstack@g-api.service[103110]: DEBUG glance.api.middleware.version_negotiation [None req-5827e2de-4d9a-4da6-a718-c4050b8d55ad tempest-VolumesActionsTest-1228427211 tempest-VolumesActionsTest-1228427211-project-member] Matched version: v2 {{(pid=103110) process_request /opt/stack/glance/glance/api/middleware/version_negotiation.py:69}}
Aug 24 23:17:35.651768 np0000008033 devstack@g-api.service[103110]: DEBUG glance.api.middleware.version_negotiation [None req-5827e2de-4d9a-4da6-a718-c4050b8d55ad tempest-VolumesActionsTest-1228427211 tempest-VolumesActionsTest-1228427211-project-member] new path /v2/schemas/image {{(pid=103110) process_request /opt/stack/glance/glance/api/middleware/version_negotiation.py:70}}
Aug 24 23:17:35.656410 np0000008033 devstack@g-api.service[103110]: [pid: 103110|app: 0|req: 49/180] 127.0.0.1 () {44 vars in 1051 bytes} [Mon Aug 24 23:17:35 2026] GET /v2/schemas/image => generated 6083 bytes in 5 msecs (HTTP/1.1 200) 4 headers in 158 bytes (1 switches on core 0)
Aug 24 23:17:35.658191 np0000008033 devstack@g-api.service[103109]: [pid: 103109|app: 0|req: 42/181] 127.0.0.1 () {44 vars in 1111 bytes} [Mon Aug 24 23:17:35 2026] GET /v2/images/7097e3cd-0d61-4435-9659-0441599c9ebe => generated 1044 bytes in 30 msecs (HTTP/1.1 200) 4 headers in 158 bytes (1 switches on core 0)
Aug 24 23:17:35.670256 np0000008033 devstack@g-api.service[103108]: DEBUG glance.api.middleware.version_negotiation [None req-6422564f-2642-47ef-88fb-bd8b08d36152 tempest-VolumesActionsTest-1228427211 tempest-VolumesActionsTest-1228427211-project-member] Determining version of request: GET /v2/schemas/image Accept: */* {{(pid=103108) process_request /opt/stack/glance/glance/api/middleware/version_negotiation.py:44}}
Aug 24 23:17:35.670256 np0000008033 devstack@g-api.service[103108]: DEBUG glance.api.middleware.version_negotiation [None req-6422564f-2642-47ef-88fb-bd8b08d36152 tempest-VolumesActionsTest-1228427211 tempest-VolumesActionsTest-1228427211-project-member] Using url versioning {{(pid=103108) process_request /opt/stack/glance/glance/api/middleware/version_negotiation.py:57}}
Aug 24 23:17:35.670511 np0000008033 devstack@g-api.service[103108]: DEBUG glance.api.middleware.version_negotiation [None req-6422564f-2642-47ef-88fb-bd8b08d36152 tempest-VolumesActionsTest-1228427211 tempest-VolumesActionsTest-1228427211-project-member] Matched version: v2 {{(pid=103108) process_request /opt/stack/glance/glance/api/middleware/version_negotiation.py:69}}
Aug 24 23:17:35.670511 np0000008033 devstack@g-api.service[103108]: DEBUG glance.api.middleware.version_negotiation [None req-6422564f-2642-47ef-88fb-bd8b08d36152 tempest-VolumesActionsTest-1228427211 tempest-VolumesActionsTest-1228427211-project-member] new path /v2/schemas/image {{(pid=103108) process_request /opt/stack/glance/glance/api/middleware/version_negotiation.py:70}}
Aug 24 23:17:35.673604 np0000008033 devstack@g-api.service[103111]: DEBUG glance.api.middleware.version_negotiation [None req-6422564f-2642-47ef-88fb-bd8b08d36152 tempest-VolumesActionsTest-1228427211 tempest-VolumesActionsTest-1228427211-project-member] Determining version of request: GET /v2/schemas/image Accept: */* {{(pid=103111) process_request /opt/stack/glance/glance/api/middleware/version_negotiation.py:44}}
Aug 24 23:17:35.673919 np0000008033 devstack@g-api.service[103111]: DEBUG glance.api.middleware.version_negotiation [None req-6422564f-2642-47ef-88fb-bd8b08d36152 tempest-VolumesActionsTest-1228427211 tempest-VolumesActionsTest-1228427211-project-member] Using url versioning {{(pid=103111) process_request /opt/stack/glance/glance/api/middleware/version_negotiation.py:57}}
Aug 24 23:17:35.674086 np0000008033 devstack@g-api.service[103111]: DEBUG glance.api.middleware.version_negotiation [None req-6422564f-2642-47ef-88fb-bd8b08d36152 tempest-VolumesActionsTest-1228427211 tempest-VolumesActionsTest-1228427211-project-member] Matched version: v2 {{(pid=103111) process_request /opt/stack/glance/glance/api/middleware/version_negotiation.py:69}}
Aug 24 23:17:35.674266 np0000008033 devstack@g-api.service[103111]: DEBUG glance.api.middleware.version_negotiation [None req-6422564f-2642-47ef-88fb-bd8b08d36152 tempest-VolumesActionsTest-1228427211 tempest-VolumesActionsTest-1228427211-project-member] new path /v2/schemas/image {{(pid=103111) process_request /opt/stack/glance/glance/api/middleware/version_negotiation.py:70}}
Aug 24 23:17:35.676100 np0000008033 devstack@g-api.service[103108]: [pid: 103108|app: 0|req: 45/182] 127.0.0.1 () {44 vars in 1051 bytes} [Mon Aug 24 23:17:35 2026] GET /v2/schemas/image => generated 6083 bytes in 6 msecs (HTTP/1.1 200) 4 headers in 158 bytes (1 switches on core 0)
Aug 24 23:17:35.677417 np0000008033 devstack@g-api.service[103111]: [pid: 103111|app: 0|req: 47/183] 127.0.0.1 () {44 vars in 1051 bytes} [Mon Aug 24 23:17:35 2026] GET /v2/schemas/image => generated 6083 bytes in 4 msecs (HTTP/1.1 200) 4 headers in 158 bytes (1 switches on core 0)
Aug 24 23:17:35.690991 np0000008033 devstack@g-api.service[103110]: DEBUG glance.api.middleware.version_negotiation [None req-6422564f-2642-47ef-88fb-bd8b08d36152 tempest-VolumesActionsTest-1228427211 tempest-VolumesActionsTest-1228427211-project-member] Determining version of request: GET /v2/schemas/image Accept: */* {{(pid=103110) process_request /opt/stack/glance/glance/api/middleware/version_negotiation.py:44}}
Aug 24 23:17:35.690991 np0000008033 devstack@g-api.service[103110]: DEBUG glance.api.middleware.version_negotiation [None req-6422564f-2642-47ef-88fb-bd8b08d36152 tempest-VolumesActionsTest-1228427211 tempest-VolumesActionsTest-1228427211-project-member] Using url versioning {{(pid=103110) process_request /opt/stack/glance/glance/api/middleware/version_negotiation.py:57}}
Aug 24 23:17:35.690991 np0000008033 devstack@g-api.service[103110]: DEBUG glance.api.middleware.version_negotiation [None req-6422564f-2642-47ef-88fb-bd8b08d36152 tempest-VolumesActionsTest-1228427211 tempest-VolumesActionsTest-1228427211-project-member] Matched version: v2 {{(pid=103110) process_request /opt/stack/glance/glance/api/middleware/version_negotiation.py:69}}
Aug 24 23:17:35.690991 np0000008033 devstack@g-api.service[103110]: DEBUG glance.api.middleware.version_negotiation [None req-6422564f-2642-47ef-88fb-bd8b08d36152 tempest-VolumesActionsTest-1228427211 tempest-VolumesActionsTest-1228427211-project-member] new path /v2/schemas/image {{(pid=103110) process_request /opt/stack/glance/glance/api/middleware/version_negotiation.py:70}}
Aug 24 23:17:35.693746 np0000008033 devstack@g-api.service[103110]: [pid: 103110|app: 0|req: 50/184] 127.0.0.1 () {44 vars in 1051 bytes} [Mon Aug 24 23:17:35 2026] GET /v2/schemas/image => generated 6083 bytes in 4 msecs (HTTP/1.1 200) 4 headers in 158 bytes (1 switches on core 0)
Aug 24 23:17:36.269628 np0000008033 devstack@g-api.service[103109]: DEBUG glance.api.middleware.version_negotiation [None req-d882218c-83f4-4c85-a5b6-3727d1e87936 tempest-ServerActionsTestOtherA-1679477476 tempest-ServerActionsTestOtherA-1679477476-project-member] Determining version of request: GET /versions Accept: */* {{(pid=103109) process_request /opt/stack/glance/glance/api/middleware/version_negotiation.py:44}}
Aug 24 23:17:36.270510 np0000008033 devstack@g-api.service[103109]: [pid: 103109|app: 0|req: 43/185] 127.0.0.1 () {44 vars in 1035 bytes} [Mon Aug 24 23:17:36 2026] GET /versions => generated 1501 bytes in 1 msecs (HTTP/1.1 200) 3 headers in 92 bytes (1 switches on core 0)
Aug 24 23:17:36.282061 np0000008033 devstack@g-api.service[103108]: DEBUG glance.api.middleware.version_negotiation [None req-6422564f-2642-47ef-88fb-bd8b08d36152 tempest-VolumesActionsTest-1228427211 tempest-VolumesActionsTest-1228427211-project-member] Determining version of request: GET /v2/images/7097e3cd-0d61-4435-9659-0441599c9ebe/locations Accept: */* {{(pid=103108) process_request /opt/stack/glance/glance/api/middleware/version_negotiation.py:44}}
Aug 24 23:17:36.282061 np0000008033 devstack@g-api.service[103108]: DEBUG glance.api.middleware.version_negotiation [None req-6422564f-2642-47ef-88fb-bd8b08d36152 tempest-VolumesActionsTest-1228427211 tempest-VolumesActionsTest-1228427211-project-member] Using url versioning {{(pid=103108) process_request /opt/stack/glance/glance/api/middleware/version_negotiation.py:57}}
Aug 24 23:17:36.282061 np0000008033 devstack@g-api.service[103108]: DEBUG glance.api.middleware.version_negotiation [None req-6422564f-2642-47ef-88fb-bd8b08d36152 tempest-VolumesActionsTest-1228427211 tempest-VolumesActionsTest-1228427211-project-member] Matched version: v2 {{(pid=103108) process_request /opt/stack/glance/glance/api/middleware/version_negotiation.py:69}}
Aug 24 23:17:36.282564 np0000008033 devstack@g-api.service[103108]: DEBUG glance.api.middleware.version_negotiation [None req-6422564f-2642-47ef-88fb-bd8b08d36152 tempest-VolumesActionsTest-1228427211 tempest-VolumesActionsTest-1228427211-project-member] new path /v2/images/7097e3cd-0d61-4435-9659-0441599c9ebe/locations {{(pid=103108) process_request /opt/stack/glance/glance/api/middleware/version_negotiation.py:70}}
