Aug 24 23:12:02.516754 np0000008033 nova-conductor[99173]: DEBUG cotyledon.oslo_config_glue [-] vnc.vencrypt_client_key = None {{(pid=99173) log_opt_values /opt/stack/data/venv/lib/python3.12/site-packages/oslo_config/cfg.py:3560}}
Aug 24 23:12:02.516754 np0000008033 nova-conductor[99173]: DEBUG cotyledon.oslo_config_glue [-] workarounds.disable_compute_service_check_for_ffu = False {{(pid=99173) log_opt_values /opt/stack/data/venv/lib/python3.12/site-packages/oslo_config/cfg.py:3560}}
Aug 24 23:12:02.516754 np0000008033 nova-conductor[99173]: DEBUG cotyledon.oslo_config_glue [-] workarounds.disable_deep_image_inspection = False {{(pid=99173) log_opt_values /opt/stack/data/venv/lib/python3.12/site-packages/oslo_config/cfg.py:3560}}
Aug 24 23:12:02.516754 np0000008033 nova-conductor[99173]: DEBUG cotyledon.oslo_config_glue [-] workarounds.disable_fallback_pcpu_query = False {{(pid=99173) log_opt_values /opt/stack/data/venv/lib/python3.12/site-packages/oslo_config/cfg.py:3560}}
Aug 24 23:12:02.516943 np0000008033 nova-conductor[99173]: DEBUG cotyledon.oslo_config_glue [-] workarounds.disable_group_policy_check_upcall = False {{(pid=99173) log_opt_values /opt/stack/data/venv/lib/python3.12/site-packages/oslo_config/cfg.py:3560}}
Aug 24 23:12:02.516943 np0000008033 nova-conductor[99173]: DEBUG cotyledon.oslo_config_glue [-] workarounds.disable_libvirt_livesnapshot = False {{(pid=99173) log_opt_values /opt/stack/data/venv/lib/python3.12/site-packages/oslo_config/cfg.py:3560}}
Aug 24 23:12:02.516943 np0000008033 nova-conductor[99173]: DEBUG cotyledon.oslo_config_glue [-] workarounds.disable_rootwrap = False {{(pid=99173) log_opt_values /opt/stack/data/venv/lib/python3.12/site-packages/oslo_config/cfg.py:3560}}
Aug 24 23:12:02.516943 np0000008033 nova-conductor[99173]: DEBUG cotyledon.oslo_config_glue [-] workarounds.enable_numa_live_migration = False {{(pid=99173) log_opt_values /opt/stack/data/venv/lib/python3.12/site-packages/oslo_config/cfg.py:3560}}
Aug 24 23:12:02.516943 np0000008033 nova-conductor[99173]: DEBUG cotyledon.oslo_config_glue [-] workarounds.enable_qemu_monitor_announce_self = False {{(pid=99173) log_opt_values /opt/stack/data/venv/lib/python3.12/site-packages/oslo_config/cfg.py:3560}}
Aug 24 23:12:02.516943 np0000008033 nova-conductor[99173]: DEBUG cotyledon.oslo_config_glue [-] workarounds.ensure_libvirt_rbd_instance_dir_cleanup = False {{(pid=99173) log_opt_values /opt/stack/data/venv/lib/python3.12/site-packages/oslo_config/cfg.py:3560}}
Aug 24 23:12:02.516943 np0000008033 nova-conductor[99173]: DEBUG cotyledon.oslo_config_glue [-] workarounds.handle_virt_lifecycle_events = True {{(pid=99173) log_opt_values /opt/stack/data/venv/lib/python3.12/site-packages/oslo_config/cfg.py:3560}}
Aug 24 23:12:02.516943 np0000008033 nova-conductor[99173]: DEBUG cotyledon.oslo_config_glue [-] workarounds.libvirt_disable_apic = False {{(pid=99173) log_opt_values /opt/stack/data/venv/lib/python3.12/site-packages/oslo_config/cfg.py:3560}}
Aug 24 23:12:02.516943 np0000008033 nova-conductor[99173]: DEBUG cotyledon.oslo_config_glue [-] workarounds.never_download_image_if_on_rbd = False {{(pid=99173) log_opt_values /opt/stack/data/venv/lib/python3.12/site-packages/oslo_config/cfg.py:3560}}
Aug 24 23:12:02.517608 np0000008033 nova-conductor[99173]: DEBUG cotyledon.oslo_config_glue [-] workarounds.qemu_monitor_announce_self_count = 3 {{(pid=99173) log_opt_values /opt/stack/data/venv/lib/python3.12/site-packages/oslo_config/cfg.py:3560}}
Aug 24 23:12:02.517608 np0000008033 nova-conductor[99173]: DEBUG cotyledon.oslo_config_glue [-] workarounds.qemu_monitor_announce_self_interval = 1 {{(pid=99173) log_opt_values /opt/stack/data/venv/lib/python3.12/site-packages/oslo_config/cfg.py:3560}}
Aug 24 23:12:02.517608 np0000008033 nova-conductor[99173]: DEBUG cotyledon.oslo_config_glue [-] workarounds.reserve_disk_resource_for_image_cache = False {{(pid=99173) log_opt_values /opt/stack/data/venv/lib/python3.12/site-packages/oslo_config/cfg.py:3560}}
Aug 24 23:12:02.517608 np0000008033 nova-conductor[99173]: DEBUG cotyledon.oslo_config_glue [-] workarounds.skip_cpu_compare_at_startup = False {{(pid=99173) log_opt_values /opt/stack/data/venv/lib/python3.12/site-packages/oslo_config/cfg.py:3560}}
Aug 24 23:12:02.517608 np0000008033 nova-conductor[99173]: DEBUG cotyledon.oslo_config_glue [-] workarounds.skip_cpu_compare_on_dest = False {{(pid=99173) log_opt_values /opt/stack/data/venv/lib/python3.12/site-packages/oslo_config/cfg.py:3560}}
Aug 24 23:12:02.517608 np0000008033 nova-conductor[99173]: DEBUG cotyledon.oslo_config_glue [-] workarounds.skip_hypervisor_version_check_on_lm = False {{(pid=99173) log_opt_values /opt/stack/data/venv/lib/python3.12/site-packages/oslo_config/cfg.py:3560}}
Aug 24 23:12:02.517608 np0000008033 nova-conductor[99173]: DEBUG cotyledon.oslo_config_glue [-] workarounds.skip_reserve_in_use_ironic_nodes = False {{(pid=99173) log_opt_values /opt/stack/data/venv/lib/python3.12/site-packages/oslo_config/cfg.py:3560}}
Aug 24 23:12:02.517608 np0000008033 nova-conductor[99173]: DEBUG cotyledon.oslo_config_glue [-] workarounds.unified_limits_count_pcpu_as_vcpu = False {{(pid=99173) log_opt_values /opt/stack/data/venv/lib/python3.12/site-packages/oslo_config/cfg.py:3560}}
Aug 24 23:12:02.517834 np0000008033 nova-conductor[99173]: DEBUG cotyledon.oslo_config_glue [-] workarounds.wait_for_vif_plugged_event_during_hard_reboot = [] {{(pid=99173) log_opt_values /opt/stack/data/venv/lib/python3.12/site-packages/oslo_config/cfg.py:3560}}
Aug 24 23:12:02.517834 np0000008033 nova-conductor[99173]: DEBUG cotyledon.oslo_config_glue [-] wsgi.api_paste_config = /etc/nova/api-paste.ini {{(pid=99173) log_opt_values /opt/stack/data/venv/lib/python3.12/site-packages/oslo_config/cfg.py:3560}}
Aug 24 23:12:02.517834 np0000008033 nova-conductor[99173]: DEBUG cotyledon.oslo_config_glue [-] wsgi.secure_proxy_ssl_header = None {{(pid=99173) log_opt_values /opt/stack/data/venv/lib/python3.12/site-packages/oslo_config/cfg.py:3560}}
Aug 24 23:12:02.517834 np0000008033 nova-conductor[99173]: DEBUG cotyledon.oslo_config_glue [-] zvm.ca_file = None {{(pid=99173) log_opt_values /opt/stack/data/venv/lib/python3.12/site-packages/oslo_config/cfg.py:3560}}
Aug 24 23:12:02.517834 np0000008033 nova-conductor[99173]: DEBUG cotyledon.oslo_config_glue [-] zvm.cloud_connector_url = None {{(pid=99173) log_opt_values /opt/stack/data/venv/lib/python3.12/site-packages/oslo_config/cfg.py:3560}}
Aug 24 23:12:02.517834 np0000008033 nova-conductor[99173]: DEBUG cotyledon.oslo_config_glue [-] zvm.image_tmp_path = /opt/stack/data/nova/images {{(pid=99173) log_opt_values /opt/stack/data/venv/lib/python3.12/site-packages/oslo_config/cfg.py:3560}}
Aug 24 23:12:02.517834 np0000008033 nova-conductor[99173]: DEBUG cotyledon.oslo_config_glue [-] zvm.reachable_timeout = 300 {{(pid=99173) log_opt_values /opt/stack/data/venv/lib/python3.12/site-packages/oslo_config/cfg.py:3560}}
Aug 24 23:12:02.517834 np0000008033 nova-conductor[99173]: DEBUG cotyledon.oslo_config_glue [-] oslo_versionedobjects.fatal_exception_format_errors = False {{(pid=99173) log_opt_values /opt/stack/data/venv/lib/python3.12/site-packages/oslo_config/cfg.py:3560}}
Aug 24 23:12:02.517834 np0000008033 nova-conductor[99173]: DEBUG cotyledon.oslo_config_glue [-] oslo_middleware.http_basic_auth_user_file = /etc/htpasswd {{(pid=99173) log_opt_values /opt/stack/data/venv/lib/python3.12/site-packages/oslo_config/cfg.py:3560}}
Aug 24 23:12:02.518087 np0000008033 nova-conductor[99173]: DEBUG cotyledon.oslo_config_glue [-] profiler.connection_string = messaging:// {{(pid=99173) log_opt_values /opt/stack/data/venv/lib/python3.12/site-packages/oslo_config/cfg.py:3560}}
Aug 24 23:12:02.518087 np0000008033 nova-conductor[99173]: DEBUG cotyledon.oslo_config_glue [-] profiler.enabled = False {{(pid=99173) log_opt_values /opt/stack/data/venv/lib/python3.12/site-packages/oslo_config/cfg.py:3560}}
Aug 24 23:12:02.518087 np0000008033 nova-conductor[99173]: DEBUG cotyledon.oslo_config_glue [-] profiler.es_doc_type = notification {{(pid=99173) log_opt_values /opt/stack/data/venv/lib/python3.12/site-packages/oslo_config/cfg.py:3560}}
Aug 24 23:12:02.518087 np0000008033 nova-conductor[99173]: DEBUG cotyledon.oslo_config_glue [-] profiler.es_scroll_size = 10000 {{(pid=99173) log_opt_values /opt/stack/data/venv/lib/python3.12/site-packages/oslo_config/cfg.py:3560}}
Aug 24 23:12:02.518087 np0000008033 nova-conductor[99173]: DEBUG cotyledon.oslo_config_glue [-] profiler.es_scroll_time = 2m {{(pid=99173) log_opt_values /opt/stack/data/venv/lib/python3.12/site-packages/oslo_config/cfg.py:3560}}
Aug 24 23:12:02.518087 np0000008033 nova-conductor[99173]: DEBUG cotyledon.oslo_config_glue [-] profiler.filter_error_trace = False {{(pid=99173) log_opt_values /opt/stack/data/venv/lib/python3.12/site-packages/oslo_config/cfg.py:3560}}
Aug 24 23:12:02.518087 np0000008033 nova-conductor[99173]: DEBUG cotyledon.oslo_config_glue [-] profiler.hmac_keys = **** {{(pid=99173) log_opt_values /opt/stack/data/venv/lib/python3.12/site-packages/oslo_config/cfg.py:3560}}
Aug 24 23:12:02.518087 np0000008033 nova-conductor[99173]: DEBUG cotyledon.oslo_config_glue [-] profiler.sentinel_service_name = mymaster {{(pid=99173) log_opt_values /opt/stack/data/venv/lib/python3.12/site-packages/oslo_config/cfg.py:3560}}
Aug 24 23:12:02.518087 np0000008033 nova-conductor[99173]: DEBUG cotyledon.oslo_config_glue [-] profiler.socket_timeout = 0.1 {{(pid=99173) log_opt_values /opt/stack/data/venv/lib/python3.12/site-packages/oslo_config/cfg.py:3560}}
Aug 24 23:12:02.518343 np0000008033 nova-conductor[99173]: DEBUG cotyledon.oslo_config_glue [-] profiler.trace_requests = False {{(pid=99173) log_opt_values /opt/stack/data/venv/lib/python3.12/site-packages/oslo_config/cfg.py:3560}}
Aug 24 23:12:02.518343 np0000008033 nova-conductor[99173]: DEBUG cotyledon.oslo_config_glue [-] profiler.trace_sqlalchemy = False {{(pid=99173) log_opt_values /opt/stack/data/venv/lib/python3.12/site-packages/oslo_config/cfg.py:3560}}
Aug 24 23:12:02.518343 np0000008033 nova-conductor[99173]: DEBUG cotyledon.oslo_config_glue [-] profiler_jaeger.process_tags = {} {{(pid=99173) log_opt_values /opt/stack/data/venv/lib/python3.12/site-packages/oslo_config/cfg.py:3560}}
Aug 24 23:12:02.518343 np0000008033 nova-conductor[99173]: DEBUG cotyledon.oslo_config_glue [-] profiler_jaeger.service_name_prefix = None {{(pid=99173) log_opt_values /opt/stack/data/venv/lib/python3.12/site-packages/oslo_config/cfg.py:3560}}
Aug 24 23:12:02.518445 np0000008033 nova-conductor[99157]: DEBUG oslo_db.sqlalchemy.engines [None req-347ade37-ea5b-4440-935a-902e8fdcec12 None None] MySQL server mode set to STRICT_TRANS_TABLES,STRICT_ALL_TABLES,NO_ZERO_IN_DATE,NO_ZERO_DATE,ERROR_FOR_DIVISION_BY_ZERO,TRADITIONAL,NO_ENGINE_SUBSTITUTION {{(pid=99157) _check_effective_sql_mode /opt/stack/data/venv/lib/python3.12/site-packages/oslo_db/sqlalchemy/engines.py:325}}
Aug 24 23:12:02.518481 np0000008033 nova-conductor[99173]: DEBUG cotyledon.oslo_config_glue [-] profiler_otlp.service_name_prefix = None {{(pid=99173) log_opt_values /opt/stack/data/venv/lib/python3.12/site-packages/oslo_config/cfg.py:3560}}
Aug 24 23:12:02.518481 np0000008033 nova-conductor[99173]: DEBUG cotyledon.oslo_config_glue [-] oslo_messaging_rabbit.amqp_auto_delete = False {{(pid=99173) log_opt_values /opt/stack/data/venv/lib/python3.12/site-packages/oslo_config/cfg.py:3560}}
Aug 24 23:12:02.518481 np0000008033 nova-conductor[99173]: DEBUG cotyledon.oslo_config_glue [-] oslo_messaging_rabbit.amqp_durable_queues = False {{(pid=99173) log_opt_values /opt/stack/data/venv/lib/python3.12/site-packages/oslo_config/cfg.py:3560}}
Aug 24 23:12:02.518481 np0000008033 nova-conductor[99173]: DEBUG cotyledon.oslo_config_glue [-] oslo_messaging_rabbit.conn_pool_min_size = 2 {{(pid=99173) log_opt_values /opt/stack/data/venv/lib/python3.12/site-packages/oslo_config/cfg.py:3560}}
Aug 24 23:12:02.518481 np0000008033 nova-conductor[99173]: DEBUG cotyledon.oslo_config_glue [-] oslo_messaging_rabbit.conn_pool_ttl = 1200 {{(pid=99173) log_opt_values /opt/stack/data/venv/lib/python3.12/site-packages/oslo_config/cfg.py:3560}}
Aug 24 23:12:02.518481 np0000008033 nova-conductor[99173]: DEBUG cotyledon.oslo_config_glue [-] oslo_messaging_rabbit.direct_mandatory_flag = True {{(pid=99173) log_opt_values /opt/stack/data/venv/lib/python3.12/site-packages/oslo_config/cfg.py:3560}}
Aug 24 23:12:02.518481 np0000008033 nova-conductor[99173]: DEBUG cotyledon.oslo_config_glue [-] oslo_messaging_rabbit.enable_cancel_on_failover = False {{(pid=99173) log_opt_values /opt/stack/data/venv/lib/python3.12/site-packages/oslo_config/cfg.py:3560}}
Aug 24 23:12:02.518481 np0000008033 nova-conductor[99173]: DEBUG cotyledon.oslo_config_glue [-] oslo_messaging_rabbit.heartbeat_rate = 3 {{(pid=99173) log_opt_values /opt/stack/data/venv/lib/python3.12/site-packages/oslo_config/cfg.py:3560}}
Aug 24 23:12:02.518481 np0000008033 nova-conductor[99173]: DEBUG cotyledon.oslo_config_glue [-] oslo_messaging_rabbit.heartbeat_timeout_threshold = 60 {{(pid=99173) log_opt_values /opt/stack/data/venv/lib/python3.12/site-packages/oslo_config/cfg.py:3560}}
Aug 24 23:12:02.518742 np0000008033 nova-conductor[99173]: DEBUG cotyledon.oslo_config_glue [-] oslo_messaging_rabbit.hostname = np0000008033 {{(pid=99173) log_opt_values /opt/stack/data/venv/lib/python3.12/site-packages/oslo_config/cfg.py:3560}}
Aug 24 23:12:02.518742 np0000008033 nova-conductor[99173]: DEBUG cotyledon.oslo_config_glue [-] oslo_messaging_rabbit.kombu_compression = None {{(pid=99173) log_opt_values /opt/stack/data/venv/lib/python3.12/site-packages/oslo_config/cfg.py:3560}}
Aug 24 23:12:02.518742 np0000008033 nova-conductor[99173]: DEBUG cotyledon.oslo_config_glue [-] oslo_messaging_rabbit.kombu_failover_strategy = round-robin {{(pid=99173) log_opt_values /opt/stack/data/venv/lib/python3.12/site-packages/oslo_config/cfg.py:3560}}
Aug 24 23:12:02.518742 np0000008033 nova-conductor[99173]: DEBUG cotyledon.oslo_config_glue [-] oslo_messaging_rabbit.kombu_missing_consumer_retry_timeout = 60 {{(pid=99173) log_opt_values /opt/stack/data/venv/lib/python3.12/site-packages/oslo_config/cfg.py:3560}}
Aug 24 23:12:02.518742 np0000008033 nova-conductor[99173]: DEBUG cotyledon.oslo_config_glue [-] oslo_messaging_rabbit.kombu_reconnect_delay = 1.0 {{(pid=99173) log_opt_values /opt/stack/data/venv/lib/python3.12/site-packages/oslo_config/cfg.py:3560}}
Aug 24 23:12:02.518742 np0000008033 nova-conductor[99173]: DEBUG cotyledon.oslo_config_glue [-] oslo_messaging_rabbit.kombu_reconnect_splay = 0.0 {{(pid=99173) log_opt_values /opt/stack/data/venv/lib/python3.12/site-packages/oslo_config/cfg.py:3560}}
Aug 24 23:12:02.518742 np0000008033 nova-conductor[99173]: DEBUG cotyledon.oslo_config_glue [-] oslo_messaging_rabbit.processname = nova-conductor {{(pid=99173) log_opt_values /opt/stack/data/venv/lib/python3.12/site-packages/oslo_config/cfg.py:3560}}
Aug 24 23:12:02.518742 np0000008033 nova-conductor[99173]: DEBUG cotyledon.oslo_config_glue [-] oslo_messaging_rabbit.rabbit_ha_queues = False {{(pid=99173) log_opt_values /opt/stack/data/venv/lib/python3.12/site-packages/oslo_config/cfg.py:3560}}
Aug 24 23:12:02.518742 np0000008033 nova-conductor[99173]: DEBUG cotyledon.oslo_config_glue [-] oslo_messaging_rabbit.rabbit_interval_max = 30 {{(pid=99173) log_opt_values /opt/stack/data/venv/lib/python3.12/site-packages/oslo_config/cfg.py:3560}}
Aug 24 23:12:02.519032 np0000008033 nova-conductor[99173]: DEBUG cotyledon.oslo_config_glue [-] oslo_messaging_rabbit.rabbit_login_method = AMQPLAIN {{(pid=99173) log_opt_values /opt/stack/data/venv/lib/python3.12/site-packages/oslo_config/cfg.py:3560}}
Aug 24 23:12:02.519032 np0000008033 nova-conductor[99173]: DEBUG cotyledon.oslo_config_glue [-] oslo_messaging_rabbit.rabbit_qos_prefetch_count = 0 {{(pid=99173) log_opt_values /opt/stack/data/venv/lib/python3.12/site-packages/oslo_config/cfg.py:3560}}
Aug 24 23:12:02.519099 np0000008033 nova-conductor[99163]: INFO dbcounter [None req-08463708-41ac-41ca-a21a-aa0d108f8556 None None] Registered counter for database nova_cell0
Aug 24 23:12:02.519159 np0000008033 nova-conductor[99173]: DEBUG cotyledon.oslo_config_glue [-] oslo_messaging_rabbit.rabbit_quorum_delivery_limit = 0 {{(pid=99173) log_opt_values /opt/stack/data/venv/lib/python3.12/site-packages/oslo_config/cfg.py:3560}}
Aug 24 23:12:02.519159 np0000008033 nova-conductor[99173]: DEBUG cotyledon.oslo_config_glue [-] oslo_messaging_rabbit.rabbit_quorum_max_memory_bytes = 0 {{(pid=99173) log_opt_values /opt/stack/data/venv/lib/python3.12/site-packages/oslo_config/cfg.py:3560}}
Aug 24 23:12:02.519159 np0000008033 nova-conductor[99173]: DEBUG cotyledon.oslo_config_glue [-] oslo_messaging_rabbit.rabbit_quorum_max_memory_length = 0 {{(pid=99173) log_opt_values /opt/stack/data/venv/lib/python3.12/site-packages/oslo_config/cfg.py:3560}}
Aug 24 23:12:02.519159 np0000008033 nova-conductor[99173]: DEBUG cotyledon.oslo_config_glue [-] oslo_messaging_rabbit.rabbit_quorum_queue = False {{(pid=99173) log_opt_values /opt/stack/data/venv/lib/python3.12/site-packages/oslo_config/cfg.py:3560}}
Aug 24 23:12:02.519159 np0000008033 nova-conductor[99173]: DEBUG cotyledon.oslo_config_glue [-] oslo_messaging_rabbit.rabbit_retry_backoff = 2 {{(pid=99173) log_opt_values /opt/stack/data/venv/lib/python3.12/site-packages/oslo_config/cfg.py:3560}}
Aug 24 23:12:02.519159 np0000008033 nova-conductor[99173]: DEBUG cotyledon.oslo_config_glue [-] oslo_messaging_rabbit.rabbit_retry_interval = 1 {{(pid=99173) log_opt_values /opt/stack/data/venv/lib/python3.12/site-packages/oslo_config/cfg.py:3560}}
Aug 24 23:12:02.519159 np0000008033 nova-conductor[99173]: DEBUG cotyledon.oslo_config_glue [-] oslo_messaging_rabbit.rabbit_stream_fanout = False {{(pid=99173) log_opt_values /opt/stack/data/venv/lib/python3.12/site-packages/oslo_config/cfg.py:3560}}
Aug 24 23:12:02.519159 np0000008033 nova-conductor[99173]: DEBUG cotyledon.oslo_config_glue [-] oslo_messaging_rabbit.rabbit_transient_queues_ttl = 1800 {{(pid=99173) log_opt_values /opt/stack/data/venv/lib/python3.12/site-packages/oslo_config/cfg.py:3560}}
Aug 24 23:12:02.519388 np0000008033 nova-conductor[99173]: DEBUG cotyledon.oslo_config_glue [-] oslo_messaging_rabbit.rabbit_transient_quorum_queue = False {{(pid=99173) log_opt_values /opt/stack/data/venv/lib/python3.12/site-packages/oslo_config/cfg.py:3560}}
Aug 24 23:12:02.519388 np0000008033 nova-conductor[99173]: DEBUG cotyledon.oslo_config_glue [-] oslo_messaging_rabbit.rpc_conn_pool_size = 30 {{(pid=99173) log_opt_values /opt/stack/data/venv/lib/python3.12/site-packages/oslo_config/cfg.py:3560}}
Aug 24 23:12:02.519388 np0000008033 nova-conductor[99173]: DEBUG cotyledon.oslo_config_glue [-] oslo_messaging_rabbit.ssl = False {{(pid=99173) log_opt_values /opt/stack/data/venv/lib/python3.12/site-packages/oslo_config/cfg.py:3560}}
Aug 24 23:12:02.519388 np0000008033 nova-conductor[99173]: DEBUG cotyledon.oslo_config_glue [-] oslo_messaging_rabbit.ssl_ca_file = {{(pid=99173) log_opt_values /opt/stack/data/venv/lib/python3.12/site-packages/oslo_config/cfg.py:3560}}
Aug 24 23:12:02.519388 np0000008033 nova-conductor[99173]: DEBUG cotyledon.oslo_config_glue [-] oslo_messaging_rabbit.ssl_cert_file = {{(pid=99173) log_opt_values /opt/stack/data/venv/lib/python3.12/site-packages/oslo_config/cfg.py:3560}}
Aug 24 23:12:02.519388 np0000008033 nova-conductor[99173]: DEBUG cotyledon.oslo_config_glue [-] oslo_messaging_rabbit.ssl_enforce_fips_mode = False {{(pid=99173) log_opt_values /opt/stack/data/venv/lib/python3.12/site-packages/oslo_config/cfg.py:3560}}
Aug 24 23:12:02.519388 np0000008033 nova-conductor[99173]: DEBUG cotyledon.oslo_config_glue [-] oslo_messaging_rabbit.ssl_enforce_hostname_verification = True {{(pid=99173) log_opt_values /opt/stack/data/venv/lib/python3.12/site-packages/oslo_config/cfg.py:3560}}
Aug 24 23:12:02.519388 np0000008033 nova-conductor[99173]: DEBUG cotyledon.oslo_config_glue [-] oslo_messaging_rabbit.ssl_key_file = {{(pid=99173) log_opt_values /opt/stack/data/venv/lib/python3.12/site-packages/oslo_config/cfg.py:3560}}
Aug 24 23:12:02.519388 np0000008033 nova-conductor[99173]: DEBUG cotyledon.oslo_config_glue [-] oslo_messaging_rabbit.ssl_version = {{(pid=99173) log_opt_values /opt/stack/data/venv/lib/python3.12/site-packages/oslo_config/cfg.py:3560}}
Aug 24 23:12:02.519676 np0000008033 nova-conductor[99173]: DEBUG cotyledon.oslo_config_glue [-] oslo_messaging_rabbit.use_queue_manager = False {{(pid=99173) log_opt_values /opt/stack/data/venv/lib/python3.12/site-packages/oslo_config/cfg.py:3560}}
Aug 24 23:12:02.519676 np0000008033 nova-conductor[99173]: DEBUG cotyledon.oslo_config_glue [-] oslo_messaging_notifications.driver = ['messagingv2'] {{(pid=99173) log_opt_values /opt/stack/data/venv/lib/python3.12/site-packages/oslo_config/cfg.py:3560}}
Aug 24 23:12:02.519676 np0000008033 nova-conductor[99173]: DEBUG cotyledon.oslo_config_glue [-] oslo_messaging_notifications.retry = -1 {{(pid=99173) log_opt_values /opt/stack/data/venv/lib/python3.12/site-packages/oslo_config/cfg.py:3560}}
Aug 24 23:12:02.519676 np0000008033 nova-conductor[99173]: DEBUG cotyledon.oslo_config_glue [-] oslo_messaging_notifications.topics = ['notifications'] {{(pid=99173) log_opt_values /opt/stack/data/venv/lib/python3.12/site-packages/oslo_config/cfg.py:3560}}
Aug 24 23:12:02.519676 np0000008033 nova-conductor[99173]: DEBUG cotyledon.oslo_config_glue [-] oslo_messaging_notifications.transport_url = **** {{(pid=99173) log_opt_values /opt/stack/data/venv/lib/python3.12/site-packages/oslo_config/cfg.py:3560}}
Aug 24 23:12:02.519676 np0000008033 nova-conductor[99173]: DEBUG cotyledon.oslo_config_glue [-] oslo_limit.auth_section = None {{(pid=99173) log_opt_values /opt/stack/data/venv/lib/python3.12/site-packages/oslo_config/cfg.py:3560}}
Aug 24 23:12:02.519676 np0000008033 nova-conductor[99173]: DEBUG cotyledon.oslo_config_glue [-] oslo_limit.auth_type = None {{(pid=99173) log_opt_values /opt/stack/data/venv/lib/python3.12/site-packages/oslo_config/cfg.py:3560}}
Aug 24 23:12:02.519676 np0000008033 nova-conductor[99173]: DEBUG cotyledon.oslo_config_glue [-] oslo_limit.cafile = None {{(pid=99173) log_opt_values /opt/stack/data/venv/lib/python3.12/site-packages/oslo_config/cfg.py:3560}}
Aug 24 23:12:02.519676 np0000008033 nova-conductor[99173]: DEBUG cotyledon.oslo_config_glue [-] oslo_limit.certfile = None {{(pid=99173) log_opt_values /opt/stack/data/venv/lib/python3.12/site-packages/oslo_config/cfg.py:3560}}
Aug 24 23:12:02.519869 np0000008033 nova-conductor[99173]: DEBUG cotyledon.oslo_config_glue [-] oslo_limit.collect_timing = False {{(pid=99173) log_opt_values /opt/stack/data/venv/lib/python3.12/site-packages/oslo_config/cfg.py:3560}}
Aug 24 23:12:02.519869 np0000008033 nova-conductor[99173]: DEBUG cotyledon.oslo_config_glue [-] oslo_limit.connect_retries = None {{(pid=99173) log_opt_values /opt/stack/data/venv/lib/python3.12/site-packages/oslo_config/cfg.py:3560}}
Aug 24 23:12:02.519869 np0000008033 nova-conductor[99173]: DEBUG cotyledon.oslo_config_glue [-] oslo_limit.connect_retry_delay = None {{(pid=99173) log_opt_values /opt/stack/data/venv/lib/python3.12/site-packages/oslo_config/cfg.py:3560}}
Aug 24 23:12:02.519869 np0000008033 nova-conductor[99173]: DEBUG cotyledon.oslo_config_glue [-] oslo_limit.endpoint_id = None {{(pid=99173) log_opt_values /opt/stack/data/venv/lib/python3.12/site-packages/oslo_config/cfg.py:3560}}
Aug 24 23:12:02.519869 np0000008033 nova-conductor[99173]: DEBUG cotyledon.oslo_config_glue [-] oslo_limit.endpoint_interface = public {{(pid=99173) log_opt_values /opt/stack/data/venv/lib/python3.12/site-packages/oslo_config/cfg.py:3560}}
Aug 24 23:12:02.519869 np0000008033 nova-conductor[99173]: DEBUG cotyledon.oslo_config_glue [-] oslo_limit.endpoint_override = None {{(pid=99173) log_opt_values /opt/stack/data/venv/lib/python3.12/site-packages/oslo_config/cfg.py:3560}}
Aug 24 23:12:02.519869 np0000008033 nova-conductor[99173]: DEBUG cotyledon.oslo_config_glue [-] oslo_limit.endpoint_region_name = None {{(pid=99173) log_opt_values /opt/stack/data/venv/lib/python3.12/site-packages/oslo_config/cfg.py:3560}}
Aug 24 23:12:02.519869 np0000008033 nova-conductor[99173]: DEBUG cotyledon.oslo_config_glue [-] oslo_limit.endpoint_service_name = None {{(pid=99173) log_opt_values /opt/stack/data/venv/lib/python3.12/site-packages/oslo_config/cfg.py:3560}}
Aug 24 23:12:02.519869 np0000008033 nova-conductor[99173]: DEBUG cotyledon.oslo_config_glue [-] oslo_limit.endpoint_service_type = None {{(pid=99173) log_opt_values /opt/stack/data/venv/lib/python3.12/site-packages/oslo_config/cfg.py:3560}}
Aug 24 23:12:02.520131 np0000008033 nova-conductor[99173]: DEBUG cotyledon.oslo_config_glue [-] oslo_limit.insecure = False {{(pid=99173) log_opt_values /opt/stack/data/venv/lib/python3.12/site-packages/oslo_config/cfg.py:3560}}
Aug 24 23:12:02.520131 np0000008033 nova-conductor[99173]: DEBUG cotyledon.oslo_config_glue [-] oslo_limit.keyfile = None {{(pid=99173) log_opt_values /opt/stack/data/venv/lib/python3.12/site-packages/oslo_config/cfg.py:3560}}
Aug 24 23:12:02.520131 np0000008033 nova-conductor[99173]: DEBUG cotyledon.oslo_config_glue [-] oslo_limit.max_version = None {{(pid=99173) log_opt_values /opt/stack/data/venv/lib/python3.12/site-packages/oslo_config/cfg.py:3560}}
Aug 24 23:12:02.520131 np0000008033 nova-conductor[99173]: DEBUG cotyledon.oslo_config_glue [-] oslo_limit.min_version = None {{(pid=99173) log_opt_values /opt/stack/data/venv/lib/python3.12/site-packages/oslo_config/cfg.py:3560}}
Aug 24 23:12:02.520131 np0000008033 nova-conductor[99173]: DEBUG cotyledon.oslo_config_glue [-] oslo_limit.region_name = None {{(pid=99173) log_opt_values /opt/stack/data/venv/lib/python3.12/site-packages/oslo_config/cfg.py:3560}}
Aug 24 23:12:02.520131 np0000008033 nova-conductor[99173]: DEBUG cotyledon.oslo_config_glue [-] oslo_limit.retriable_status_codes = None {{(pid=99173) log_opt_values /opt/stack/data/venv/lib/python3.12/site-packages/oslo_config/cfg.py:3560}}
Aug 24 23:12:02.520131 np0000008033 nova-conductor[99173]: DEBUG cotyledon.oslo_config_glue [-] oslo_limit.service_name = None {{(pid=99173) log_opt_values /opt/stack/data/venv/lib/python3.12/site-packages/oslo_config/cfg.py:3560}}
Aug 24 23:12:02.520131 np0000008033 nova-conductor[99173]: DEBUG cotyledon.oslo_config_glue [-] oslo_limit.service_type = None {{(pid=99173) log_opt_values /opt/stack/data/venv/lib/python3.12/site-packages/oslo_config/cfg.py:3560}}
Aug 24 23:12:02.520131 np0000008033 nova-conductor[99173]: DEBUG cotyledon.oslo_config_glue [-] oslo_limit.split_loggers = False {{(pid=99173) log_opt_values /opt/stack/data/venv/lib/python3.12/site-packages/oslo_config/cfg.py:3560}}
Aug 24 23:12:02.520425 np0000008033 nova-conductor[99173]: DEBUG cotyledon.oslo_config_glue [-] oslo_limit.status_code_retries = None {{(pid=99173) log_opt_values /opt/stack/data/venv/lib/python3.12/site-packages/oslo_config/cfg.py:3560}}
Aug 24 23:12:02.520425 np0000008033 nova-conductor[99173]: DEBUG cotyledon.oslo_config_glue [-] oslo_limit.status_code_retry_delay = None {{(pid=99173) log_opt_values /opt/stack/data/venv/lib/python3.12/site-packages/oslo_config/cfg.py:3560}}
Aug 24 23:12:02.520425 np0000008033 nova-conductor[99173]: DEBUG cotyledon.oslo_config_glue [-] oslo_limit.timeout = None {{(pid=99173) log_opt_values /opt/stack/data/venv/lib/python3.12/site-packages/oslo_config/cfg.py:3560}}
Aug 24 23:12:02.520425 np0000008033 nova-conductor[99173]: DEBUG cotyledon.oslo_config_glue [-] oslo_limit.valid_interfaces = None {{(pid=99173) log_opt_values /opt/stack/data/venv/lib/python3.12/site-packages/oslo_config/cfg.py:3560}}
Aug 24 23:12:02.520425 np0000008033 nova-conductor[99173]: DEBUG cotyledon.oslo_config_glue [-] oslo_limit.version = None {{(pid=99173) log_opt_values /opt/stack/data/venv/lib/python3.12/site-packages/oslo_config/cfg.py:3560}}
Aug 24 23:12:02.520425 np0000008033 nova-conductor[99173]: DEBUG cotyledon.oslo_config_glue [-] oslo_reports.file_event_handler = None {{(pid=99173) log_opt_values /opt/stack/data/venv/lib/python3.12/site-packages/oslo_config/cfg.py:3560}}
Aug 24 23:12:02.520425 np0000008033 nova-conductor[99173]: DEBUG cotyledon.oslo_config_glue [-] oslo_reports.file_event_handler_interval = 1 {{(pid=99173) log_opt_values /opt/stack/data/venv/lib/python3.12/site-packages/oslo_config/cfg.py:3560}}
Aug 24 23:12:02.520425 np0000008033 nova-conductor[99173]: DEBUG cotyledon.oslo_config_glue [-] oslo_reports.log_dir = None {{(pid=99173) log_opt_values /opt/stack/data/venv/lib/python3.12/site-packages/oslo_config/cfg.py:3560}}
Aug 24 23:12:02.520425 np0000008033 nova-conductor[99173]: DEBUG cotyledon.oslo_config_glue [-] ******************************************************************************** {{(pid=99173) log_opt_values /opt/stack/data/venv/lib/python3.12/site-packages/oslo_config/cfg.py:3567}}
Aug 24 23:12:02.520649 np0000008033 nova-conductor[99173]: DEBUG cotyledon._service_worker [-] Run service ServiceWrapper(3) [99173] {{(pid=99173) wait_forever /opt/stack/data/venv/lib/python3.12/site-packages/cotyledon/_service_worker.py:218}}
Aug 24 23:12:02.520649 np0000008033 nova-conductor[99173]: INFO nova.service [-] Starting conductor node (version 33.1.0)
Aug 24 23:12:02.520649 np0000008033 nova-conductor[99173]: INFO dbcounter [None req-6e16723f-71d8-4d93-bad4-2ee354c01e9e None None] Registered counter for database nova_cell0
Aug 24 23:12:02.520737 np0000008033 nova-conductor[99157]: DEBUG dbcounter [-] [99157] Writer thread running {{(pid=99157) stat_writer /opt/stack/data/venv/lib/python3.12/site-packages/dbcounter.py:102}}
Aug 24 23:12:02.524170 np0000008033 nova-conductor[99169]: DEBUG oslo_db.sqlalchemy.engines [None req-7e1d645a-a7b8-488f-8395-052eff0d852a None None] MySQL server mode set to STRICT_TRANS_TABLES,STRICT_ALL_TABLES,NO_ZERO_IN_DATE,NO_ZERO_DATE,ERROR_FOR_DIVISION_BY_ZERO,TRADITIONAL,NO_ENGINE_SUBSTITUTION {{(pid=99169) _check_effective_sql_mode /opt/stack/data/venv/lib/python3.12/site-packages/oslo_db/sqlalchemy/engines.py:325}}
Aug 24 23:12:02.527455 np0000008033 nova-conductor[99157]: DEBUG nova.service [None req-347ade37-ea5b-4440-935a-902e8fdcec12 None None] Creating RPC server for service: nova-conductor on topic: conductor {{(pid=99157) start /opt/stack/nova/nova/service.py:262}}
Aug 24 23:12:02.536222 np0000008033 nova-conductor[99169]: DEBUG dbcounter [-] [99169] Writer thread running {{(pid=99169) stat_writer /opt/stack/data/venv/lib/python3.12/site-packages/dbcounter.py:102}}
Aug 24 23:12:02.539827 np0000008033 nova-conductor[99169]: DEBUG nova.service [None req-7e1d645a-a7b8-488f-8395-052eff0d852a None None] Creating RPC server for service: nova-conductor on topic: conductor {{(pid=99169) start /opt/stack/nova/nova/service.py:262}}
Aug 24 23:12:02.542211 np0000008033 nova-conductor[99163]: DEBUG oslo_db.sqlalchemy.engines [None req-08463708-41ac-41ca-a21a-aa0d108f8556 None None] MySQL server mode set to STRICT_TRANS_TABLES,STRICT_ALL_TABLES,NO_ZERO_IN_DATE,NO_ZERO_DATE,ERROR_FOR_DIVISION_BY_ZERO,TRADITIONAL,NO_ENGINE_SUBSTITUTION {{(pid=99163) _check_effective_sql_mode /opt/stack/data/venv/lib/python3.12/site-packages/oslo_db/sqlalchemy/engines.py:325}}
Aug 24 23:12:02.545438 np0000008033 nova-conductor[99173]: DEBUG oslo_db.sqlalchemy.engines [None req-6e16723f-71d8-4d93-bad4-2ee354c01e9e None None] MySQL server mode set to STRICT_TRANS_TABLES,STRICT_ALL_TABLES,NO_ZERO_IN_DATE,NO_ZERO_DATE,ERROR_FOR_DIVISION_BY_ZERO,TRADITIONAL,NO_ENGINE_SUBSTITUTION {{(pid=99173) _check_effective_sql_mode /opt/stack/data/venv/lib/python3.12/site-packages/oslo_db/sqlalchemy/engines.py:325}}
Aug 24 23:12:02.552312 np0000008033 nova-conductor[99163]: DEBUG dbcounter [-] [99163] Writer thread running {{(pid=99163) stat_writer /opt/stack/data/venv/lib/python3.12/site-packages/dbcounter.py:102}}
Aug 24 23:12:02.554768 np0000008033 nova-conductor[99173]: DEBUG dbcounter [-] [99173] Writer thread running {{(pid=99173) stat_writer /opt/stack/data/venv/lib/python3.12/site-packages/dbcounter.py:102}}
Aug 24 23:12:02.555452 np0000008033 nova-conductor[99163]: DEBUG nova.service [None req-08463708-41ac-41ca-a21a-aa0d108f8556 None None] Creating RPC server for service: nova-conductor on topic: conductor {{(pid=99163) start /opt/stack/nova/nova/service.py:262}}
Aug 24 23:12:02.557500 np0000008033 nova-conductor[99173]: DEBUG nova.service [None req-6e16723f-71d8-4d93-bad4-2ee354c01e9e None None] Creating RPC server for service: nova-conductor on topic: conductor {{(pid=99173) start /opt/stack/nova/nova/service.py:262}}
Aug 24 23:12:02.558670 np0000008033 nova-conductor[99157]: DEBUG nova.service [None req-347ade37-ea5b-4440-935a-902e8fdcec12 None None] Join ServiceGroup membership for this service conductor {{(pid=99157) start /opt/stack/nova/nova/service.py:288}}
Aug 24 23:12:02.558910 np0000008033 nova-conductor[99157]: DEBUG nova.servicegroup.drivers.db [None req-347ade37-ea5b-4440-935a-902e8fdcec12 None None] DB_Driver: join new ServiceGroup member np0000008033 to the conductor group, service = {{(pid=99157) join /opt/stack/nova/nova/servicegroup/drivers/db.py:44}}
Aug 24 23:12:02.560190 np0000008033 nova-conductor[99169]: DEBUG nova.service [None req-7e1d645a-a7b8-488f-8395-052eff0d852a None None] Join ServiceGroup membership for this service conductor {{(pid=99169) start /opt/stack/nova/nova/service.py:288}}
Aug 24 23:12:02.560430 np0000008033 nova-conductor[99169]: DEBUG nova.servicegroup.drivers.db [None req-7e1d645a-a7b8-488f-8395-052eff0d852a None None] DB_Driver: join new ServiceGroup member np0000008033 to the conductor group, service = {{(pid=99169) join /opt/stack/nova/nova/servicegroup/drivers/db.py:44}}
Aug 24 23:12:02.570964 np0000008033 nova-conductor[99163]: DEBUG nova.service [None req-08463708-41ac-41ca-a21a-aa0d108f8556 None None] Join ServiceGroup membership for this service conductor {{(pid=99163) start /opt/stack/nova/nova/service.py:288}}
Aug 24 23:12:02.571185 np0000008033 nova-conductor[99163]: DEBUG nova.servicegroup.drivers.db [None req-08463708-41ac-41ca-a21a-aa0d108f8556 None None] DB_Driver: join new ServiceGroup member np0000008033 to the conductor group, service = {{(pid=99163) join /opt/stack/nova/nova/servicegroup/drivers/db.py:44}}
Aug 24 23:12:02.579130 np0000008033 nova-conductor[99173]: DEBUG nova.service [None req-6e16723f-71d8-4d93-bad4-2ee354c01e9e None None] Join ServiceGroup membership for this service conductor {{(pid=99173) start /opt/stack/nova/nova/service.py:288}}
Aug 24 23:12:02.579411 np0000008033 nova-conductor[99173]: DEBUG nova.servicegroup.drivers.db [None req-6e16723f-71d8-4d93-bad4-2ee354c01e9e None None] DB_Driver: join new ServiceGroup member np0000008033 to the conductor group, service = {{(pid=99173) join /opt/stack/nova/nova/servicegroup/drivers/db.py:44}}
Aug 24 23:12:03.581311 np0000008033 nova-conductor[99173]: DEBUG oslo.service.backend._threading.loopingcall [None req-61580996-08df-416d-86d2-da5903432365 None None] Dynamic interval looping call 'nova.service.Service.periodic_tasks' sleeping for 60.00 seconds {{(pid=99173) _run_loop /opt/stack/data/venv/lib/python3.12/site-packages/oslo_service/backend/_threading/loopingcall.py:125}}
Aug 24 23:12:07.582002 np0000008033 nova-conductor[99169]: DEBUG oslo.service.backend._threading.loopingcall [-] Fixed interval looping call 'nova.servicegroup.drivers.db.DbDriver._report_state' sleeping for 119.98 seconds {{(pid=99169) _run_loop /opt/stack/data/venv/lib/python3.12/site-packages/oslo_service/backend/_threading/loopingcall.py:125}}
Aug 24 23:12:07.583636 np0000008033 nova-conductor[99157]: DEBUG oslo.service.backend._threading.loopingcall [-] Fixed interval looping call 'nova.servicegroup.drivers.db.DbDriver._report_state' sleeping for 119.98 seconds {{(pid=99157) _run_loop /opt/stack/data/venv/lib/python3.12/site-packages/oslo_service/backend/_threading/loopingcall.py:125}}
Aug 24 23:12:07.592969 np0000008033 nova-conductor[99173]: DEBUG oslo.service.backend._threading.loopingcall [-] Fixed interval looping call 'nova.servicegroup.drivers.db.DbDriver._report_state' sleeping for 119.99 seconds {{(pid=99173) _run_loop /opt/stack/data/venv/lib/python3.12/site-packages/oslo_service/backend/_threading/loopingcall.py:125}}
Aug 24 23:12:07.594332 np0000008033 nova-conductor[99163]: DEBUG oslo.service.backend._threading.loopingcall [-] Fixed interval looping call 'nova.servicegroup.drivers.db.DbDriver._report_state' sleeping for 119.98 seconds {{(pid=99163) _run_loop /opt/stack/data/venv/lib/python3.12/site-packages/oslo_service/backend/_threading/loopingcall.py:125}}
Aug 24 23:12:11.158208 np0000008033 nova-conductor[97663]: DEBUG dbcounter [-] [97663] Writing DB stats nova_api:SELECT=1 {{(pid=97663) stat_writer /opt/stack/data/venv/lib/python3.12/site-packages/dbcounter.py:115}}
Aug 24 23:12:11.283950 np0000008033 nova-conductor[97663]: DEBUG dbcounter [-] [97663] Writing DB stats nova_cell0:SELECT=1 {{(pid=97663) stat_writer /opt/stack/data/venv/lib/python3.12/site-packages/dbcounter.py:115}}
Aug 24 23:12:11.287946 np0000008033 nova-conductor[97663]: DEBUG dbcounter [-] [97663] Writing DB stats nova_cell1:SELECT=1 {{(pid=97663) stat_writer /opt/stack/data/venv/lib/python3.12/site-packages/dbcounter.py:115}}
Aug 24 23:12:14.562212 np0000008033 nova-conductor[99169]: DEBUG oslo.service.backend._threading.loopingcall [None req-ea7fb242-a719-45c2-9478-a7da54e09731 None None] Dynamic interval looping call 'nova.service.Service.periodic_tasks' sleeping for 60.00 seconds {{(pid=99169) _run_loop /opt/stack/data/venv/lib/python3.12/site-packages/oslo_service/backend/_threading/loopingcall.py:125}}
Aug 24 23:12:17.575621 np0000008033 nova-conductor[99169]: DEBUG dbcounter [-] [99169] Writing DB stats nova_cell0:SELECT=3,nova_cell0:UPDATE=1 {{(pid=99169) stat_writer /opt/stack/data/venv/lib/python3.12/site-packages/dbcounter.py:115}}
Aug 24 23:12:17.577220 np0000008033 nova-conductor[99157]: DEBUG dbcounter [-] [99157] Writing DB stats nova_cell0:SELECT=4,nova_cell0:INSERT=1,nova_cell0:UPDATE=1 {{(pid=99157) stat_writer /opt/stack/data/venv/lib/python3.12/site-packages/dbcounter.py:115}}
Aug 24 23:12:17.590262 np0000008033 nova-conductor[99163]: DEBUG dbcounter [-] [99163] Writing DB stats nova_cell0:SELECT=3 {{(pid=99163) stat_writer /opt/stack/data/venv/lib/python3.12/site-packages/dbcounter.py:115}}
Aug 24 23:12:17.593366 np0000008033 nova-conductor[99173]: DEBUG dbcounter [-] [99173] Writing DB stats nova_cell0:SELECT=3 {{(pid=99173) stat_writer /opt/stack/data/venv/lib/python3.12/site-packages/dbcounter.py:115}}
Aug 24 23:12:26.561313 np0000008033 nova-conductor[99157]: DEBUG oslo.service.backend._threading.loopingcall [None req-8ce70d89-27e7-4e0d-890d-fe17c4b8fc80 None None] Dynamic interval looping call 'nova.service.Service.periodic_tasks' sleeping for 60.00 seconds {{(pid=99157) _run_loop /opt/stack/data/venv/lib/python3.12/site-packages/oslo_service/backend/_threading/loopingcall.py:125}}
Aug 24 23:12:44.573273 np0000008033 nova-conductor[99163]: DEBUG oslo.service.backend._threading.loopingcall [None req-be1fd439-3772-4a8c-9ed4-cee11d1b0660 None None] Dynamic interval looping call 'nova.service.Service.periodic_tasks' sleeping for 60.00 seconds {{(pid=99163) _run_loop /opt/stack/data/venv/lib/python3.12/site-packages/oslo_service/backend/_threading/loopingcall.py:125}}
Aug 24 23:13:03.582630 np0000008033 nova-conductor[99173]: DEBUG oslo.service.backend._threading.loopingcall [None req-61580996-08df-416d-86d2-da5903432365 None None] Dynamic interval looping call 'nova.service.Service.periodic_tasks' sleeping for 60.00 seconds {{(pid=99173) _run_loop /opt/stack/data/venv/lib/python3.12/site-packages/oslo_service/backend/_threading/loopingcall.py:125}}
Aug 24 23:13:14.562773 np0000008033 nova-conductor[99169]: DEBUG oslo.service.backend._threading.loopingcall [None req-ea7fb242-a719-45c2-9478-a7da54e09731 None None] Dynamic interval looping call 'nova.service.Service.periodic_tasks' sleeping for 60.00 seconds {{(pid=99169) _run_loop /opt/stack/data/venv/lib/python3.12/site-packages/oslo_service/backend/_threading/loopingcall.py:125}}
Aug 24 23:13:26.561888 np0000008033 nova-conductor[99157]: DEBUG oslo.service.backend._threading.loopingcall [None req-8ce70d89-27e7-4e0d-890d-fe17c4b8fc80 None None] Dynamic interval looping call 'nova.service.Service.periodic_tasks' sleeping for 60.00 seconds {{(pid=99157) _run_loop /opt/stack/data/venv/lib/python3.12/site-packages/oslo_service/backend/_threading/loopingcall.py:125}}
Aug 24 23:13:44.573885 np0000008033 nova-conductor[99163]: DEBUG oslo.service.backend._threading.loopingcall [None req-be1fd439-3772-4a8c-9ed4-cee11d1b0660 None None] Dynamic interval looping call 'nova.service.Service.periodic_tasks' sleeping for 60.00 seconds {{(pid=99163) _run_loop /opt/stack/data/venv/lib/python3.12/site-packages/oslo_service/backend/_threading/loopingcall.py:125}}
Aug 24 23:14:03.583418 np0000008033 nova-conductor[99173]: DEBUG oslo.service.backend._threading.loopingcall [None req-61580996-08df-416d-86d2-da5903432365 None None] Dynamic interval looping call 'nova.service.Service.periodic_tasks' sleeping for 60.00 seconds {{(pid=99173) _run_loop /opt/stack/data/venv/lib/python3.12/site-packages/oslo_service/backend/_threading/loopingcall.py:125}}
Aug 24 23:14:07.585095 np0000008033 nova-conductor[99169]: DEBUG oslo.service.backend._threading.loopingcall [-] Fixed interval looping call 'nova.servicegroup.drivers.db.DbDriver._report_state' sleeping for 119.98 seconds {{(pid=99169) _run_loop /opt/stack/data/venv/lib/python3.12/site-packages/oslo_service/backend/_threading/loopingcall.py:125}}
Aug 24 23:14:07.586515 np0000008033 nova-conductor[99157]: DEBUG oslo.service.backend._threading.loopingcall [-] Fixed interval looping call 'nova.servicegroup.drivers.db.DbDriver._report_state' sleeping for 119.98 seconds {{(pid=99157) _run_loop /opt/stack/data/venv/lib/python3.12/site-packages/oslo_service/backend/_threading/loopingcall.py:125}}
Aug 24 23:14:07.587316 np0000008033 nova-conductor[99163]: DEBUG oslo.service.backend._threading.loopingcall [-] Fixed interval looping call 'nova.servicegroup.drivers.db.DbDriver._report_state' sleeping for 119.99 seconds {{(pid=99163) _run_loop /opt/stack/data/venv/lib/python3.12/site-packages/oslo_service/backend/_threading/loopingcall.py:125}}
Aug 24 23:14:07.588345 np0000008033 nova-conductor[99173]: DEBUG oslo.service.backend._threading.loopingcall [-] Fixed interval looping call 'nova.servicegroup.drivers.db.DbDriver._report_state' sleeping for 120.00 seconds {{(pid=99173) _run_loop /opt/stack/data/venv/lib/python3.12/site-packages/oslo_service/backend/_threading/loopingcall.py:125}}
Aug 24 23:14:14.563730 np0000008033 nova-conductor[99169]: DEBUG oslo.service.backend._threading.loopingcall [None req-ea7fb242-a719-45c2-9478-a7da54e09731 None None] Dynamic interval looping call 'nova.service.Service.periodic_tasks' sleeping for 60.00 seconds {{(pid=99169) _run_loop /opt/stack/data/venv/lib/python3.12/site-packages/oslo_service/backend/_threading/loopingcall.py:125}}
Aug 24 23:14:17.567043 np0000008033 nova-conductor[99169]: DEBUG dbcounter [-] [99169] Writing DB stats nova_cell0:SELECT=1,nova_cell0:UPDATE=1 {{(pid=99169) stat_writer /opt/stack/data/venv/lib/python3.12/site-packages/dbcounter.py:115}}
Aug 24 23:14:17.567909 np0000008033 nova-conductor[99157]: DEBUG dbcounter [-] [99157] Writing DB stats nova_cell0:SELECT=1,nova_cell0:UPDATE=1 {{(pid=99157) stat_writer /opt/stack/data/venv/lib/python3.12/site-packages/dbcounter.py:115}}
Aug 24 23:14:17.579944 np0000008033 nova-conductor[99163]: DEBUG dbcounter [-] [99163] Writing DB stats nova_cell0:SELECT=1,nova_cell0:UPDATE=1 {{(pid=99163) stat_writer /opt/stack/data/venv/lib/python3.12/site-packages/dbcounter.py:115}}
Aug 24 23:14:17.585868 np0000008033 nova-conductor[99173]: DEBUG dbcounter [-] [99173] Writing DB stats nova_cell0:SELECT=1 {{(pid=99173) stat_writer /opt/stack/data/venv/lib/python3.12/site-packages/dbcounter.py:115}}
Aug 24 23:14:26.562388 np0000008033 nova-conductor[99157]: DEBUG oslo.service.backend._threading.loopingcall [None req-8ce70d89-27e7-4e0d-890d-fe17c4b8fc80 None None] Dynamic interval looping call 'nova.service.Service.periodic_tasks' sleeping for 60.00 seconds {{(pid=99157) _run_loop /opt/stack/data/venv/lib/python3.12/site-packages/oslo_service/backend/_threading/loopingcall.py:125}}
Aug 24 23:14:33.877359 np0000008033 nova-conductor[99157]: DEBUG oslo_db.sqlalchemy.engines [None req-13643c44-3d06-47ac-b3ac-f23ef043cda9 tempest-ServerActionsTestOtherA-1679477476 tempest-ServerActionsTestOtherA-1679477476-project-member] Parent process 97663 forked (99157) with an open database connection, which is being discarded and recreated. {{(pid=99157) checkout /opt/stack/data/venv/lib/python3.12/site-packages/oslo_db/sqlalchemy/engines.py:402}}
Aug 24 23:14:33.930636 np0000008033 nova-conductor[99157]: DEBUG dbcounter [-] [99157] Writer thread running {{(pid=99157) stat_writer /opt/stack/data/venv/lib/python3.12/site-packages/dbcounter.py:102}}
Aug 24 23:14:35.575680 np0000008033 nova-conductor[99157]: DEBUG nova.conductor.manager [None req-13643c44-3d06-47ac-b3ac-f23ef043cda9 tempest-ServerActionsTestOtherA-1679477476 tempest-ServerActionsTestOtherA-1679477476-project-member] Took 1.64 seconds to select destinations for 1 instance(s). {{(pid=99157) _schedule_instances /opt/stack/nova/nova/conductor/manager.py:957}}
Aug 24 23:14:35.702107 np0000008033 nova-conductor[99157]: DEBUG oslo_concurrency.lockutils [None req-13643c44-3d06-47ac-b3ac-f23ef043cda9 tempest-ServerActionsTestOtherA-1679477476 tempest-ServerActionsTestOtherA-1679477476-project-member] Acquiring lock "389d41a3-a7b4-4bff-9594-47b57bb35ff3" by "nova.context.set_target_cell..get_or_set_cached_cell_and_set_connections" {{(pid=99157) inner /opt/stack/data/venv/lib/python3.12/site-packages/oslo_concurrency/lockutils.py:512}}
Aug 24 23:14:35.702633 np0000008033 nova-conductor[99157]: DEBUG oslo_concurrency.lockutils [None req-13643c44-3d06-47ac-b3ac-f23ef043cda9 tempest-ServerActionsTestOtherA-1679477476 tempest-ServerActionsTestOtherA-1679477476-project-member] Lock "389d41a3-a7b4-4bff-9594-47b57bb35ff3" acquired by "nova.context.set_target_cell..get_or_set_cached_cell_and_set_connections" :: waited 0.000s {{(pid=99157) inner /opt/stack/data/venv/lib/python3.12/site-packages/oslo_concurrency/lockutils.py:525}}
Aug 24 23:14:35.704258 np0000008033 nova-conductor[99157]: DEBUG oslo_concurrency.lockutils [None req-13643c44-3d06-47ac-b3ac-f23ef043cda9 tempest-ServerActionsTestOtherA-1679477476 tempest-ServerActionsTestOtherA-1679477476-project-member] Lock "389d41a3-a7b4-4bff-9594-47b57bb35ff3" "released" by "nova.context.set_target_cell..get_or_set_cached_cell_and_set_connections" :: held 0.002s {{(pid=99157) inner /opt/stack/data/venv/lib/python3.12/site-packages/oslo_concurrency/lockutils.py:544}}
Aug 24 23:14:35.706742 np0000008033 nova-conductor[99157]: INFO dbcounter [None req-13643c44-3d06-47ac-b3ac-f23ef043cda9 tempest-ServerActionsTestOtherA-1679477476 tempest-ServerActionsTestOtherA-1679477476-project-member] Registered counter for database nova_cell1
Aug 24 23:14:35.747311 np0000008033 nova-conductor[99157]: DEBUG oslo_db.sqlalchemy.engines [None req-13643c44-3d06-47ac-b3ac-f23ef043cda9 tempest-ServerActionsTestOtherA-1679477476 tempest-ServerActionsTestOtherA-1679477476-project-member] MySQL server mode set to STRICT_TRANS_TABLES,STRICT_ALL_TABLES,NO_ZERO_IN_DATE,NO_ZERO_DATE,ERROR_FOR_DIVISION_BY_ZERO,TRADITIONAL,NO_ENGINE_SUBSTITUTION {{(pid=99157) _check_effective_sql_mode /opt/stack/data/venv/lib/python3.12/site-packages/oslo_db/sqlalchemy/engines.py:325}}
Aug 24 23:14:35.755418 np0000008033 nova-conductor[99157]: DEBUG dbcounter [-] [99157] Writer thread running {{(pid=99157) stat_writer /opt/stack/data/venv/lib/python3.12/site-packages/dbcounter.py:102}}
Aug 24 23:14:36.082354 np0000008033 nova-conductor[99157]: DEBUG oslo_concurrency.lockutils [None req-13643c44-3d06-47ac-b3ac-f23ef043cda9 tempest-ServerActionsTestOtherA-1679477476 tempest-ServerActionsTestOtherA-1679477476-project-member] Acquiring lock "00000000-0000-0000-0000-000000000000" by "nova.context.set_target_cell..get_or_set_cached_cell_and_set_connections" {{(pid=99157) inner /opt/stack/data/venv/lib/python3.12/site-packages/oslo_concurrency/lockutils.py:512}}
Aug 24 23:14:36.082900 np0000008033 nova-conductor[99157]: DEBUG oslo_concurrency.lockutils [None req-13643c44-3d06-47ac-b3ac-f23ef043cda9 tempest-ServerActionsTestOtherA-1679477476 tempest-ServerActionsTestOtherA-1679477476-project-member] Lock "00000000-0000-0000-0000-000000000000" acquired by "nova.context.set_target_cell..get_or_set_cached_cell_and_set_connections" :: waited 0.000s {{(pid=99157) inner /opt/stack/data/venv/lib/python3.12/site-packages/oslo_concurrency/lockutils.py:525}}
Aug 24 23:14:36.083365 np0000008033 nova-conductor[99157]: DEBUG oslo_concurrency.lockutils [None req-13643c44-3d06-47ac-b3ac-f23ef043cda9 tempest-ServerActionsTestOtherA-1679477476 tempest-ServerActionsTestOtherA-1679477476-project-member] Lock "00000000-0000-0000-0000-000000000000" "released" by "nova.context.set_target_cell..get_or_set_cached_cell_and_set_connections" :: held 0.000s {{(pid=99157) inner /opt/stack/data/venv/lib/python3.12/site-packages/oslo_concurrency/lockutils.py:544}}
Aug 24 23:14:36.083365 np0000008033 nova-conductor[99157]: INFO nova.thread_pool_factory [None req-13643c44-3d06-47ac-b3ac-f23ef043cda9 tempest-ServerActionsTestOtherA-1679477476 tempest-ServerActionsTestOtherA-1679477476-project-member] The cell_worker thread pool ForkProcess-1.cell_worker is initialized
