Jun 16 12:45:56.970956 np0000002945 nova-scheduler[95726]: DEBUG cotyledon.oslo_config_glue [-] oslo_limit.cafile = None {{(pid=95726) log_opt_values /opt/stack/data/venv/lib/python3.12/site-packages/oslo_config/cfg.py:3253}}
Jun 16 12:45:56.970956 np0000002945 nova-scheduler[95726]: DEBUG cotyledon.oslo_config_glue [-] oslo_limit.certfile = None {{(pid=95726) log_opt_values /opt/stack/data/venv/lib/python3.12/site-packages/oslo_config/cfg.py:3253}}
Jun 16 12:45:56.970956 np0000002945 nova-scheduler[95726]: DEBUG cotyledon.oslo_config_glue [-] oslo_limit.collect_timing = False {{(pid=95726) log_opt_values /opt/stack/data/venv/lib/python3.12/site-packages/oslo_config/cfg.py:3253}}
Jun 16 12:45:56.970956 np0000002945 nova-scheduler[95726]: DEBUG cotyledon.oslo_config_glue [-] oslo_limit.connect_retries = None {{(pid=95726) log_opt_values /opt/stack/data/venv/lib/python3.12/site-packages/oslo_config/cfg.py:3253}}
Jun 16 12:45:56.970956 np0000002945 nova-scheduler[95726]: DEBUG cotyledon.oslo_config_glue [-] oslo_limit.connect_retry_delay = None {{(pid=95726) log_opt_values /opt/stack/data/venv/lib/python3.12/site-packages/oslo_config/cfg.py:3253}}
Jun 16 12:45:56.970956 np0000002945 nova-scheduler[95726]: DEBUG cotyledon.oslo_config_glue [-] oslo_limit.endpoint_id = None {{(pid=95726) log_opt_values /opt/stack/data/venv/lib/python3.12/site-packages/oslo_config/cfg.py:3253}}
Jun 16 12:45:56.970956 np0000002945 nova-scheduler[95726]: DEBUG cotyledon.oslo_config_glue [-] oslo_limit.endpoint_interface = public {{(pid=95726) log_opt_values /opt/stack/data/venv/lib/python3.12/site-packages/oslo_config/cfg.py:3253}}
Jun 16 12:45:56.971194 np0000002945 nova-scheduler[95726]: DEBUG cotyledon.oslo_config_glue [-] oslo_limit.endpoint_override = None {{(pid=95726) log_opt_values /opt/stack/data/venv/lib/python3.12/site-packages/oslo_config/cfg.py:3253}}
Jun 16 12:45:56.971194 np0000002945 nova-scheduler[95726]: DEBUG cotyledon.oslo_config_glue [-] oslo_limit.endpoint_region_name = None {{(pid=95726) log_opt_values /opt/stack/data/venv/lib/python3.12/site-packages/oslo_config/cfg.py:3253}}
Jun 16 12:45:56.971194 np0000002945 nova-scheduler[95726]: DEBUG cotyledon.oslo_config_glue [-] oslo_limit.endpoint_service_name = None {{(pid=95726) log_opt_values /opt/stack/data/venv/lib/python3.12/site-packages/oslo_config/cfg.py:3253}}
Jun 16 12:45:56.971194 np0000002945 nova-scheduler[95726]: DEBUG cotyledon.oslo_config_glue [-] oslo_limit.endpoint_service_type = None {{(pid=95726) log_opt_values /opt/stack/data/venv/lib/python3.12/site-packages/oslo_config/cfg.py:3253}}
Jun 16 12:45:56.971194 np0000002945 nova-scheduler[95726]: DEBUG cotyledon.oslo_config_glue [-] oslo_limit.insecure = False {{(pid=95726) log_opt_values /opt/stack/data/venv/lib/python3.12/site-packages/oslo_config/cfg.py:3253}}
Jun 16 12:45:56.971194 np0000002945 nova-scheduler[95726]: DEBUG cotyledon.oslo_config_glue [-] oslo_limit.keyfile = None {{(pid=95726) log_opt_values /opt/stack/data/venv/lib/python3.12/site-packages/oslo_config/cfg.py:3253}}
Jun 16 12:45:56.971194 np0000002945 nova-scheduler[95726]: DEBUG cotyledon.oslo_config_glue [-] oslo_limit.max_version = None {{(pid=95726) log_opt_values /opt/stack/data/venv/lib/python3.12/site-packages/oslo_config/cfg.py:3253}}
Jun 16 12:45:56.971194 np0000002945 nova-scheduler[95726]: DEBUG cotyledon.oslo_config_glue [-] oslo_limit.min_version = None {{(pid=95726) log_opt_values /opt/stack/data/venv/lib/python3.12/site-packages/oslo_config/cfg.py:3253}}
Jun 16 12:45:56.971194 np0000002945 nova-scheduler[95726]: DEBUG cotyledon.oslo_config_glue [-] oslo_limit.region_name = None {{(pid=95726) log_opt_values /opt/stack/data/venv/lib/python3.12/site-packages/oslo_config/cfg.py:3253}}
Jun 16 12:45:56.971460 np0000002945 nova-scheduler[95726]: DEBUG cotyledon.oslo_config_glue [-] oslo_limit.retriable_status_codes = None {{(pid=95726) log_opt_values /opt/stack/data/venv/lib/python3.12/site-packages/oslo_config/cfg.py:3253}}
Jun 16 12:45:56.971460 np0000002945 nova-scheduler[95726]: DEBUG cotyledon.oslo_config_glue [-] oslo_limit.service_name = None {{(pid=95726) log_opt_values /opt/stack/data/venv/lib/python3.12/site-packages/oslo_config/cfg.py:3253}}
Jun 16 12:45:56.971460 np0000002945 nova-scheduler[95726]: DEBUG cotyledon.oslo_config_glue [-] oslo_limit.service_type = None {{(pid=95726) log_opt_values /opt/stack/data/venv/lib/python3.12/site-packages/oslo_config/cfg.py:3253}}
Jun 16 12:45:56.971460 np0000002945 nova-scheduler[95726]: DEBUG cotyledon.oslo_config_glue [-] oslo_limit.split_loggers = False {{(pid=95726) log_opt_values /opt/stack/data/venv/lib/python3.12/site-packages/oslo_config/cfg.py:3253}}
Jun 16 12:45:56.971460 np0000002945 nova-scheduler[95726]: DEBUG cotyledon.oslo_config_glue [-] oslo_limit.status_code_retries = None {{(pid=95726) log_opt_values /opt/stack/data/venv/lib/python3.12/site-packages/oslo_config/cfg.py:3253}}
Jun 16 12:45:56.971460 np0000002945 nova-scheduler[95726]: DEBUG cotyledon.oslo_config_glue [-] oslo_limit.status_code_retry_delay = None {{(pid=95726) log_opt_values /opt/stack/data/venv/lib/python3.12/site-packages/oslo_config/cfg.py:3253}}
Jun 16 12:45:56.971460 np0000002945 nova-scheduler[95726]: DEBUG cotyledon.oslo_config_glue [-] oslo_limit.timeout = None {{(pid=95726) log_opt_values /opt/stack/data/venv/lib/python3.12/site-packages/oslo_config/cfg.py:3253}}
Jun 16 12:45:56.971460 np0000002945 nova-scheduler[95726]: DEBUG cotyledon.oslo_config_glue [-] oslo_limit.valid_interfaces = None {{(pid=95726) log_opt_values /opt/stack/data/venv/lib/python3.12/site-packages/oslo_config/cfg.py:3253}}
Jun 16 12:45:56.971460 np0000002945 nova-scheduler[95726]: DEBUG cotyledon.oslo_config_glue [-] oslo_limit.version = None {{(pid=95726) log_opt_values /opt/stack/data/venv/lib/python3.12/site-packages/oslo_config/cfg.py:3253}}
Jun 16 12:45:56.971710 np0000002945 nova-scheduler[95726]: DEBUG cotyledon.oslo_config_glue [-] oslo_reports.file_event_handler = None {{(pid=95726) log_opt_values /opt/stack/data/venv/lib/python3.12/site-packages/oslo_config/cfg.py:3253}}
Jun 16 12:45:56.971710 np0000002945 nova-scheduler[95726]: DEBUG cotyledon.oslo_config_glue [-] oslo_reports.file_event_handler_interval = 1 {{(pid=95726) log_opt_values /opt/stack/data/venv/lib/python3.12/site-packages/oslo_config/cfg.py:3253}}
Jun 16 12:45:56.971710 np0000002945 nova-scheduler[95726]: DEBUG cotyledon.oslo_config_glue [-] oslo_reports.log_dir = None {{(pid=95726) log_opt_values /opt/stack/data/venv/lib/python3.12/site-packages/oslo_config/cfg.py:3253}}
Jun 16 12:45:56.971710 np0000002945 nova-scheduler[95726]: DEBUG cotyledon.oslo_config_glue [-] ******************************************************************************** {{(pid=95726) log_opt_values /opt/stack/data/venv/lib/python3.12/site-packages/oslo_config/cfg.py:3260}}
Jun 16 12:45:56.971710 np0000002945 nova-scheduler[95726]: DEBUG cotyledon._service_worker [-] Run service ServiceWrapper(2) [95726] {{(pid=95726) wait_forever /opt/stack/data/venv/lib/python3.12/site-packages/cotyledon/_service_worker.py:218}}
Jun 16 12:45:56.971858 np0000002945 nova-scheduler[95719]: DEBUG oslo_db.sqlalchemy.engines [None req-41627cb4-4d27-4277-a66f-6ad3221e0134 None None] MySQL server mode set to STRICT_TRANS_TABLES,STRICT_ALL_TABLES,NO_ZERO_IN_DATE,NO_ZERO_DATE,ERROR_FOR_DIVISION_BY_ZERO,TRADITIONAL,NO_ENGINE_SUBSTITUTION {{(pid=95719) _check_effective_sql_mode /opt/stack/data/venv/lib/python3.12/site-packages/oslo_db/sqlalchemy/engines.py:325}}
Jun 16 12:45:56.971895 np0000002945 nova-scheduler[95726]: INFO nova.service [-] Starting scheduler node (version 33.1.0)
Jun 16 12:45:56.978240 np0000002945 nova-scheduler[95719]: DEBUG dbcounter [-] [95719] Writer thread running {{(pid=95719) stat_writer /opt/stack/data/venv/lib/python3.12/site-packages/dbcounter.py:102}}
Jun 16 12:45:56.978588 np0000002945 nova-scheduler[95726]: INFO dbcounter [None req-9d8e96c6-53c3-49c5-bab7-590b1f3d3625 None None] Registered counter for database nova_cell0
Jun 16 12:45:56.985971 np0000002945 nova-scheduler[95721]: DEBUG oslo_db.sqlalchemy.engines [None req-81a60abc-647c-4360-a713-973b62b47dcd None None] MySQL server mode set to STRICT_TRANS_TABLES,STRICT_ALL_TABLES,NO_ZERO_IN_DATE,NO_ZERO_DATE,ERROR_FOR_DIVISION_BY_ZERO,TRADITIONAL,NO_ENGINE_SUBSTITUTION {{(pid=95721) _check_effective_sql_mode /opt/stack/data/venv/lib/python3.12/site-packages/oslo_db/sqlalchemy/engines.py:325}}
Jun 16 12:45:56.994734 np0000002945 nova-scheduler[95719]: DEBUG nova.service [None req-41627cb4-4d27-4277-a66f-6ad3221e0134 None None] Creating RPC server for service: nova-scheduler on topic: scheduler {{(pid=95719) start /opt/stack/nova/nova/service.py:196}}
Jun 16 12:45:56.997574 np0000002945 nova-scheduler[95721]: DEBUG dbcounter [-] [95721] Writer thread running {{(pid=95721) stat_writer /opt/stack/data/venv/lib/python3.12/site-packages/dbcounter.py:102}}
Jun 16 12:45:57.001041 np0000002945 nova-scheduler[95721]: DEBUG nova.service [None req-81a60abc-647c-4360-a713-973b62b47dcd None None] Creating RPC server for service: nova-scheduler on topic: scheduler {{(pid=95721) start /opt/stack/nova/nova/service.py:196}}
Jun 16 12:45:57.030401 np0000002945 nova-scheduler[95719]: DEBUG nova.service [None req-41627cb4-4d27-4277-a66f-6ad3221e0134 None None] Join ServiceGroup membership for this service scheduler {{(pid=95719) start /opt/stack/nova/nova/service.py:222}}
Jun 16 12:45:57.030401 np0000002945 nova-scheduler[95719]: DEBUG nova.servicegroup.drivers.db [None req-41627cb4-4d27-4277-a66f-6ad3221e0134 None None] DB_Driver: join new ServiceGroup member np0000002945 to the scheduler group, service = {{(pid=95719) join /opt/stack/nova/nova/servicegroup/drivers/db.py:44}}
Jun 16 12:45:57.030584 np0000002945 nova-scheduler[95726]: DEBUG oslo_db.sqlalchemy.engines [None req-9d8e96c6-53c3-49c5-bab7-590b1f3d3625 None None] MySQL server mode set to STRICT_TRANS_TABLES,STRICT_ALL_TABLES,NO_ZERO_IN_DATE,NO_ZERO_DATE,ERROR_FOR_DIVISION_BY_ZERO,TRADITIONAL,NO_ENGINE_SUBSTITUTION {{(pid=95726) _check_effective_sql_mode /opt/stack/data/venv/lib/python3.12/site-packages/oslo_db/sqlalchemy/engines.py:325}}
Jun 16 12:45:57.030615 np0000002945 nova-scheduler[95721]: DEBUG nova.service [None req-81a60abc-647c-4360-a713-973b62b47dcd None None] Join ServiceGroup membership for this service scheduler {{(pid=95721) start /opt/stack/nova/nova/service.py:222}}
Jun 16 12:45:57.030615 np0000002945 nova-scheduler[95721]: DEBUG nova.servicegroup.drivers.db [None req-81a60abc-647c-4360-a713-973b62b47dcd None None] DB_Driver: join new ServiceGroup member np0000002945 to the scheduler group, service = {{(pid=95721) join /opt/stack/nova/nova/servicegroup/drivers/db.py:44}}
Jun 16 12:45:57.039875 np0000002945 nova-scheduler[95726]: DEBUG dbcounter [-] [95726] Writer thread running {{(pid=95726) stat_writer /opt/stack/data/venv/lib/python3.12/site-packages/dbcounter.py:102}}
Jun 16 12:45:57.043484 np0000002945 nova-scheduler[95726]: DEBUG nova.service [None req-9d8e96c6-53c3-49c5-bab7-590b1f3d3625 None None] Creating RPC server for service: nova-scheduler on topic: scheduler {{(pid=95726) start /opt/stack/nova/nova/service.py:196}}
Jun 16 12:45:57.071232 np0000002945 nova-scheduler[95726]: DEBUG nova.service [None req-9d8e96c6-53c3-49c5-bab7-590b1f3d3625 None None] Join ServiceGroup membership for this service scheduler {{(pid=95726) start /opt/stack/nova/nova/service.py:222}}
Jun 16 12:45:57.071855 np0000002945 nova-scheduler[95726]: DEBUG nova.servicegroup.drivers.db [None req-9d8e96c6-53c3-49c5-bab7-590b1f3d3625 None None] DB_Driver: join new ServiceGroup member np0000002945 to the scheduler group, service = {{(pid=95726) join /opt/stack/nova/nova/servicegroup/drivers/db.py:44}}
Jun 16 12:46:01.031478 np0000002945 nova-scheduler[95719]: DEBUG oslo.service.backend._threading.loopingcall [None req-9a3ce0a0-affc-458f-bc5e-88da395f6b9d None None] Dynamic interval looping call 'nova.service.Service.periodic_tasks' sleeping for 60.00 seconds {{(pid=95719) _run_loop /opt/stack/data/venv/lib/python3.12/site-packages/oslo_service/backend/_threading/loopingcall.py:125}}
Jun 16 12:46:02.049998 np0000002945 nova-scheduler[95719]: DEBUG oslo.service.backend._threading.loopingcall [-] Fixed interval looping call 'nova.servicegroup.drivers.db.DbDriver._report_state' sleeping for 119.98 seconds {{(pid=95719) _run_loop /opt/stack/data/venv/lib/python3.12/site-packages/oslo_service/backend/_threading/loopingcall.py:125}}
Jun 16 12:46:02.050560 np0000002945 nova-scheduler[95721]: DEBUG oslo.service.backend._threading.loopingcall [-] Fixed interval looping call 'nova.servicegroup.drivers.db.DbDriver._report_state' sleeping for 119.98 seconds {{(pid=95721) _run_loop /opt/stack/data/venv/lib/python3.12/site-packages/oslo_service/backend/_threading/loopingcall.py:125}}
Jun 16 12:46:02.085989 np0000002945 nova-scheduler[95726]: DEBUG oslo.service.backend._threading.loopingcall [-] Fixed interval looping call 'nova.servicegroup.drivers.db.DbDriver._report_state' sleeping for 119.99 seconds {{(pid=95726) _run_loop /opt/stack/data/venv/lib/python3.12/site-packages/oslo_service/backend/_threading/loopingcall.py:125}}
Jun 16 12:46:05.585705 np0000002945 nova-scheduler[94522]: DEBUG dbcounter [-] [94522] Writing DB stats nova_api:SELECT=3 {{(pid=94522) stat_writer /opt/stack/data/venv/lib/python3.12/site-packages/dbcounter.py:115}}
Jun 16 12:46:05.724797 np0000002945 nova-scheduler[94522]: DEBUG dbcounter [-] [94522] Writing DB stats nova_cell0:SELECT=1 {{(pid=94522) stat_writer /opt/stack/data/venv/lib/python3.12/site-packages/dbcounter.py:115}}
Jun 16 12:46:05.734368 np0000002945 nova-scheduler[94522]: DEBUG dbcounter [-] [94522] Writing DB stats nova_cell1:SELECT=1 {{(pid=94522) stat_writer /opt/stack/data/venv/lib/python3.12/site-packages/dbcounter.py:115}}
Jun 16 12:46:12.043481 np0000002945 nova-scheduler[95719]: DEBUG dbcounter [-] [95719] Writing DB stats nova_cell0:SELECT=4,nova_cell0:INSERT=1,nova_cell0:UPDATE=1 {{(pid=95719) stat_writer /opt/stack/data/venv/lib/python3.12/site-packages/dbcounter.py:115}}
Jun 16 12:46:12.047260 np0000002945 nova-scheduler[95721]: DEBUG dbcounter [-] [95721] Writing DB stats nova_cell0:SELECT=3,nova_cell0:UPDATE=1 {{(pid=95721) stat_writer /opt/stack/data/venv/lib/python3.12/site-packages/dbcounter.py:115}}
Jun 16 12:46:12.081925 np0000002945 nova-scheduler[95726]: DEBUG dbcounter [-] [95726] Writing DB stats nova_cell0:SELECT=3 {{(pid=95726) stat_writer /opt/stack/data/venv/lib/python3.12/site-packages/dbcounter.py:115}}
Jun 16 12:46:32.074293 np0000002945 nova-scheduler[95726]: DEBUG oslo.service.backend._threading.loopingcall [None req-d746b475-627d-480f-bb9d-2cc3887a5796 None None] Dynamic interval looping call 'nova.service.Service.periodic_tasks' sleeping for 60.00 seconds {{(pid=95726) _run_loop /opt/stack/data/venv/lib/python3.12/site-packages/oslo_service/backend/_threading/loopingcall.py:125}}
Jun 16 12:46:44.032645 np0000002945 nova-scheduler[95721]: DEBUG oslo.service.backend._threading.loopingcall [None req-762b0c1c-4e50-49b3-9874-9e56dd38829d None None] Dynamic interval looping call 'nova.service.Service.periodic_tasks' sleeping for 60.00 seconds {{(pid=95721) _run_loop /opt/stack/data/venv/lib/python3.12/site-packages/oslo_service/backend/_threading/loopingcall.py:125}}
Jun 16 12:47:01.031990 np0000002945 nova-scheduler[95719]: DEBUG oslo.service.backend._threading.loopingcall [None req-9a3ce0a0-affc-458f-bc5e-88da395f6b9d None None] Dynamic interval looping call 'nova.service.Service.periodic_tasks' sleeping for 60.00 seconds {{(pid=95719) _run_loop /opt/stack/data/venv/lib/python3.12/site-packages/oslo_service/backend/_threading/loopingcall.py:125}}
Jun 16 12:47:32.074764 np0000002945 nova-scheduler[95726]: DEBUG oslo.service.backend._threading.loopingcall [None req-d746b475-627d-480f-bb9d-2cc3887a5796 None None] Dynamic interval looping call 'nova.service.Service.periodic_tasks' sleeping for 60.00 seconds {{(pid=95726) _run_loop /opt/stack/data/venv/lib/python3.12/site-packages/oslo_service/backend/_threading/loopingcall.py:125}}
Jun 16 12:47:44.033168 np0000002945 nova-scheduler[95721]: DEBUG oslo.service.backend._threading.loopingcall [None req-762b0c1c-4e50-49b3-9874-9e56dd38829d None None] Dynamic interval looping call 'nova.service.Service.periodic_tasks' sleeping for 60.00 seconds {{(pid=95721) _run_loop /opt/stack/data/venv/lib/python3.12/site-packages/oslo_service/backend/_threading/loopingcall.py:125}}
Jun 16 12:48:01.032568 np0000002945 nova-scheduler[95719]: DEBUG oslo.service.backend._threading.loopingcall [None req-9a3ce0a0-affc-458f-bc5e-88da395f6b9d None None] Dynamic interval looping call 'nova.service.Service.periodic_tasks' sleeping for 60.00 seconds {{(pid=95719) _run_loop /opt/stack/data/venv/lib/python3.12/site-packages/oslo_service/backend/_threading/loopingcall.py:125}}
Jun 16 12:48:02.037233 np0000002945 nova-scheduler[95719]: DEBUG oslo.service.backend._threading.loopingcall [-] Fixed interval looping call 'nova.servicegroup.drivers.db.DbDriver._report_state' sleeping for 119.99 seconds {{(pid=95719) _run_loop /opt/stack/data/venv/lib/python3.12/site-packages/oslo_service/backend/_threading/loopingcall.py:125}}
Jun 16 12:48:02.037729 np0000002945 nova-scheduler[95721]: DEBUG oslo.service.backend._threading.loopingcall [-] Fixed interval looping call 'nova.servicegroup.drivers.db.DbDriver._report_state' sleeping for 119.99 seconds {{(pid=95721) _run_loop /opt/stack/data/venv/lib/python3.12/site-packages/oslo_service/backend/_threading/loopingcall.py:125}}
Jun 16 12:48:02.078831 np0000002945 nova-scheduler[95726]: DEBUG oslo.service.backend._threading.loopingcall [-] Fixed interval looping call 'nova.servicegroup.drivers.db.DbDriver._report_state' sleeping for 120.00 seconds {{(pid=95726) _run_loop /opt/stack/data/venv/lib/python3.12/site-packages/oslo_service/backend/_threading/loopingcall.py:125}}
Jun 16 12:48:12.032976 np0000002945 nova-scheduler[95719]: DEBUG dbcounter [-] [95719] Writing DB stats nova_cell0:SELECT=1,nova_cell0:UPDATE=1 {{(pid=95719) stat_writer /opt/stack/data/venv/lib/python3.12/site-packages/dbcounter.py:115}}
Jun 16 12:48:12.034624 np0000002945 nova-scheduler[95721]: DEBUG dbcounter [-] [95721] Writing DB stats nova_cell0:SELECT=1,nova_cell0:UPDATE=1 {{(pid=95721) stat_writer /opt/stack/data/venv/lib/python3.12/site-packages/dbcounter.py:115}}
Jun 16 12:48:12.076903 np0000002945 nova-scheduler[95726]: DEBUG dbcounter [-] [95726] Writing DB stats nova_cell0:SELECT=1 {{(pid=95726) stat_writer /opt/stack/data/venv/lib/python3.12/site-packages/dbcounter.py:115}}
Jun 16 12:48:32.075320 np0000002945 nova-scheduler[95726]: DEBUG oslo.service.backend._threading.loopingcall [None req-d746b475-627d-480f-bb9d-2cc3887a5796 None None] Dynamic interval looping call 'nova.service.Service.periodic_tasks' sleeping for 60.00 seconds {{(pid=95726) _run_loop /opt/stack/data/venv/lib/python3.12/site-packages/oslo_service/backend/_threading/loopingcall.py:125}}
Jun 16 12:48:44.033699 np0000002945 nova-scheduler[95721]: DEBUG oslo.service.backend._threading.loopingcall [None req-762b0c1c-4e50-49b3-9874-9e56dd38829d None None] Dynamic interval looping call 'nova.service.Service.periodic_tasks' sleeping for 60.00 seconds {{(pid=95721) _run_loop /opt/stack/data/venv/lib/python3.12/site-packages/oslo_service/backend/_threading/loopingcall.py:125}}
Jun 16 12:48:49.951898 np0000002945 nova-scheduler[95719]: DEBUG nova.scheduler.manager [None req-81b03e8f-3068-4815-8879-81ce1ec36eca tempest-DeleteServersTestJSON-1514310229 tempest-DeleteServersTestJSON-1514310229-project-member] Starting to schedule for instances: ['2a7481f4-35aa-4052-9bb2-6c569ffb5cce'] {{(pid=95719) select_destinations /opt/stack/nova/nova/scheduler/manager.py:210}}
Jun 16 12:48:49.953380 np0000002945 nova-scheduler[95719]: DEBUG nova.scheduler.request_filter [None req-81b03e8f-3068-4815-8879-81ce1ec36eca tempest-DeleteServersTestJSON-1514310229 tempest-DeleteServersTestJSON-1514310229-project-member] compute_status_filter request filter added forbidden trait COMPUTE_STATUS_DISABLED {{(pid=95719) compute_status_filter /opt/stack/nova/nova/scheduler/request_filter.py:253}}
Jun 16 12:48:49.953380 np0000002945 nova-scheduler[95719]: DEBUG nova.scheduler.request_filter [None req-81b03e8f-3068-4815-8879-81ce1ec36eca tempest-DeleteServersTestJSON-1514310229 tempest-DeleteServersTestJSON-1514310229-project-member] Request filter 'compute_status_filter' took 0.0 seconds {{(pid=95719) wrapper /opt/stack/nova/nova/scheduler/request_filter.py:46}}
Jun 16 12:48:49.953380 np0000002945 nova-scheduler[95719]: DEBUG nova.scheduler.request_filter [None req-81b03e8f-3068-4815-8879-81ce1ec36eca tempest-DeleteServersTestJSON-1514310229 tempest-DeleteServersTestJSON-1514310229-project-member] Request filter 'accelerators_filter' took 0.0 seconds {{(pid=95719) wrapper /opt/stack/nova/nova/scheduler/request_filter.py:46}}
Jun 16 12:48:49.953380 np0000002945 nova-scheduler[95719]: DEBUG nova.scheduler.request_filter [None req-81b03e8f-3068-4815-8879-81ce1ec36eca tempest-DeleteServersTestJSON-1514310229 tempest-DeleteServersTestJSON-1514310229-project-member] Request filter 'packed_virtqueue_filter' took 0.0 seconds {{(pid=95719) wrapper /opt/stack/nova/nova/scheduler/request_filter.py:46}}
Jun 16 12:48:49.953792 np0000002945 nova-scheduler[95719]: DEBUG nova.scheduler.request_filter [None req-81b03e8f-3068-4815-8879-81ce1ec36eca tempest-DeleteServersTestJSON-1514310229 tempest-DeleteServersTestJSON-1514310229-project-member] Request filter 'remote_managed_ports_filter' took 0.0 seconds {{(pid=95719) wrapper /opt/stack/nova/nova/scheduler/request_filter.py:46}}
Jun 16 12:48:49.953931 np0000002945 nova-scheduler[95719]: DEBUG nova.scheduler.request_filter [None req-81b03e8f-3068-4815-8879-81ce1ec36eca tempest-DeleteServersTestJSON-1514310229 tempest-DeleteServersTestJSON-1514310229-project-member] ephemeral_encryption_filter skipped {{(pid=95719) ephemeral_encryption_filter /opt/stack/nova/nova/scheduler/request_filter.py:426}}
Jun 16 12:48:49.954212 np0000002945 nova-scheduler[95719]: DEBUG nova.scheduler.request_filter [None req-81b03e8f-3068-4815-8879-81ce1ec36eca tempest-DeleteServersTestJSON-1514310229 tempest-DeleteServersTestJSON-1514310229-project-member] virtio_sound_filter skipped {{(pid=95719) virtio_sound_filter /opt/stack/nova/nova/scheduler/request_filter.py:460}}
Jun 16 12:48:49.954307 np0000002945 nova-scheduler[95719]: DEBUG nova.scheduler.request_filter [None req-81b03e8f-3068-4815-8879-81ce1ec36eca tempest-DeleteServersTestJSON-1514310229 tempest-DeleteServersTestJSON-1514310229-project-member] tpm_secret_security_filter skipped {{(pid=95719) tpm_secret_security_filter /opt/stack/nova/nova/scheduler/request_filter.py:477}}
Jun 16 12:48:50.603737 np0000002945 nova-scheduler[95719]: INFO nova.utils [None req-81b03e8f-3068-4815-8879-81ce1ec36eca tempest-DeleteServersTestJSON-1514310229 tempest-DeleteServersTestJSON-1514310229-project-member] The cell worker thread pool ForkProcess-1.cell_worker is initialized
Jun 16 12:48:50.604754 np0000002945 nova-scheduler[95719]: DEBUG oslo_concurrency.lockutils [None req-81b03e8f-3068-4815-8879-81ce1ec36eca tempest-DeleteServersTestJSON-1514310229 tempest-DeleteServersTestJSON-1514310229-project-member] Acquiring lock "0876ecc2-ac03-4d3a-92a2-8b195006e1bb" by "nova.context.set_target_cell..get_or_set_cached_cell_and_set_connections" {{(pid=95719) inner /opt/stack/data/venv/lib/python3.12/site-packages/oslo_concurrency/lockutils.py:511}}
Jun 16 12:48:50.604754 np0000002945 nova-scheduler[95719]: DEBUG oslo_concurrency.lockutils [None req-81b03e8f-3068-4815-8879-81ce1ec36eca tempest-DeleteServersTestJSON-1514310229 tempest-DeleteServersTestJSON-1514310229-project-member] Lock "0876ecc2-ac03-4d3a-92a2-8b195006e1bb" acquired by "nova.context.set_target_cell..get_or_set_cached_cell_and_set_connections" :: waited 0.000s {{(pid=95719) inner /opt/stack/data/venv/lib/python3.12/site-packages/oslo_concurrency/lockutils.py:524}}
Jun 16 12:48:50.606647 np0000002945 nova-scheduler[95719]: DEBUG oslo_concurrency.lockutils [None req-81b03e8f-3068-4815-8879-81ce1ec36eca tempest-DeleteServersTestJSON-1514310229 tempest-DeleteServersTestJSON-1514310229-project-member] Lock "0876ecc2-ac03-4d3a-92a2-8b195006e1bb" "released" by "nova.context.set_target_cell..get_or_set_cached_cell_and_set_connections" :: held 0.002s {{(pid=95719) inner /opt/stack/data/venv/lib/python3.12/site-packages/oslo_concurrency/lockutils.py:543}}
Jun 16 12:48:50.608507 np0000002945 nova-scheduler[95719]: INFO dbcounter [None req-81b03e8f-3068-4815-8879-81ce1ec36eca tempest-DeleteServersTestJSON-1514310229 tempest-DeleteServersTestJSON-1514310229-project-member] Registered counter for database nova_cell1
Jun 16 12:48:50.652936 np0000002945 nova-scheduler[95719]: DEBUG oslo_db.sqlalchemy.engines [None req-81b03e8f-3068-4815-8879-81ce1ec36eca tempest-DeleteServersTestJSON-1514310229 tempest-DeleteServersTestJSON-1514310229-project-member] MySQL server mode set to STRICT_TRANS_TABLES,STRICT_ALL_TABLES,NO_ZERO_IN_DATE,NO_ZERO_DATE,ERROR_FOR_DIVISION_BY_ZERO,TRADITIONAL,NO_ENGINE_SUBSTITUTION {{(pid=95719) _check_effective_sql_mode /opt/stack/data/venv/lib/python3.12/site-packages/oslo_db/sqlalchemy/engines.py:325}}
Jun 16 12:48:50.658395 np0000002945 nova-scheduler[95719]: DEBUG dbcounter [-] [95719] Writer thread running {{(pid=95719) stat_writer /opt/stack/data/venv/lib/python3.12/site-packages/dbcounter.py:102}}
Jun 16 12:48:50.673156 np0000002945 nova-scheduler[95719]: DEBUG oslo_db.sqlalchemy.engines [None req-81b03e8f-3068-4815-8879-81ce1ec36eca tempest-DeleteServersTestJSON-1514310229 tempest-DeleteServersTestJSON-1514310229-project-member] Parent process 94522 forked (95719) with an open database connection, which is being discarded and recreated. {{(pid=95719) checkout /opt/stack/data/venv/lib/python3.12/site-packages/oslo_db/sqlalchemy/engines.py:402}}
Jun 16 12:48:50.733286 np0000002945 nova-scheduler[95719]: DEBUG dbcounter [-] [95719] Writer thread running {{(pid=95719) stat_writer /opt/stack/data/venv/lib/python3.12/site-packages/dbcounter.py:102}}
Jun 16 12:48:50.736671 np0000002945 nova-scheduler[95719]: DEBUG oslo_concurrency.lockutils [None req-81b03e8f-3068-4815-8879-81ce1ec36eca tempest-DeleteServersTestJSON-1514310229 tempest-DeleteServersTestJSON-1514310229-project-member] Acquiring lock "0876ecc2-ac03-4d3a-92a2-8b195006e1bb" by "nova.context.set_target_cell..get_or_set_cached_cell_and_set_connections" {{(pid=95719) inner /opt/stack/data/venv/lib/python3.12/site-packages/oslo_concurrency/lockutils.py:511}}
Jun 16 12:48:50.736843 np0000002945 nova-scheduler[95719]: DEBUG oslo_concurrency.lockutils [None req-81b03e8f-3068-4815-8879-81ce1ec36eca tempest-DeleteServersTestJSON-1514310229 tempest-DeleteServersTestJSON-1514310229-project-member] Lock "0876ecc2-ac03-4d3a-92a2-8b195006e1bb" acquired by "nova.context.set_target_cell..get_or_set_cached_cell_and_set_connections" :: waited 0.000s {{(pid=95719) inner /opt/stack/data/venv/lib/python3.12/site-packages/oslo_concurrency/lockutils.py:524}}
Jun 16 12:48:50.737037 np0000002945 nova-scheduler[95719]: DEBUG oslo_concurrency.lockutils [None req-81b03e8f-3068-4815-8879-81ce1ec36eca tempest-DeleteServersTestJSON-1514310229 tempest-DeleteServersTestJSON-1514310229-project-member] Lock "0876ecc2-ac03-4d3a-92a2-8b195006e1bb" "released" by "nova.context.set_target_cell..get_or_set_cached_cell_and_set_connections" :: held 0.000s {{(pid=95719) inner /opt/stack/data/venv/lib/python3.12/site-packages/oslo_concurrency/lockutils.py:543}}
Jun 16 12:48:50.740587 np0000002945 nova-scheduler[95719]: DEBUG oslo_concurrency.lockutils [None req-81b03e8f-3068-4815-8879-81ce1ec36eca tempest-DeleteServersTestJSON-1514310229 tempest-DeleteServersTestJSON-1514310229-project-member] Acquiring lock "('np0000002945', 'np0000002945')" by "nova.scheduler.host_manager.HostState.update.._locked_update" {{(pid=95719) inner /opt/stack/data/venv/lib/python3.12/site-packages/oslo_concurrency/lockutils.py:511}}
Jun 16 12:48:50.740765 np0000002945 nova-scheduler[95719]: DEBUG oslo_concurrency.lockutils [None req-81b03e8f-3068-4815-8879-81ce1ec36eca tempest-DeleteServersTestJSON-1514310229 tempest-DeleteServersTestJSON-1514310229-project-member] Lock "('np0000002945', 'np0000002945')" acquired by "nova.scheduler.host_manager.HostState.update.._locked_update" :: waited 0.000s {{(pid=95719) inner /opt/stack/data/venv/lib/python3.12/site-packages/oslo_concurrency/lockutils.py:524}}
Jun 16 12:48:50.741828 np0000002945 nova-scheduler[95719]: DEBUG nova.scheduler.host_manager [None req-81b03e8f-3068-4815-8879-81ce1ec36eca tempest-DeleteServersTestJSON-1514310229 tempest-DeleteServersTestJSON-1514310229-project-member] Update host state from compute node: ComputeNode(cpu_allocation_ratio=4.0,cpu_info='{"arch": "x86_64", "model": "EPYC-Milan", "vendor": "AMD", "topology": {"cells": 1, "sockets": 12, "cores": 1, "threads": 1}, "maxphysaddr": {"mode": "emulate", "bits": 40}, "features": ["clflushopt", "nrip-save", "tsc-deadline", "xsave", "fxsr", "pni", "pat", "stibp-always-on", "umip", "nx", "vaes", "sse4a", "pae", "virt-ssbd", "rdrand", "cx16", "sse4.2", "ibpb", "mce", "bmi1", "npt", "pdpe1gb", "vgif", "mmx", "svm", "bmi2", "pcid", "erms", "avx2", "lbrv", "msr", "misalignsse", "tsc_adjust", "clflush", "arch-capabilities", "rdtscp", "stibp", "movbe", "topoext", "sse4.1", "no-nested-data-bp", "pfthreshold", "apic", "perfctr_core", "aes", "xsaveerptr", "invpcid", "xsavec", "sse2", "ibrs", "ssse3", "pge", "sse", "wbnoinvd", "mca", "cmp_legacy", "skip-l1dfl-vmentry", "mmxext", "spec-ctrl", "xsaves", "adx", "cx8", "null-sel-clr-base", "cmov", "fpu", "mtrr", "pause-filter", "vmcb-clean", "3dnowprefetch", "fma", "osvw", "lahf_lm", "ssbd", "pku", "abm", "xsaveopt", "tsc", "rdpid", "clzero", "smep", "gds-no", "pschange-mc-no", "arat", "fxsr_opt", "fsrm", "mds-no", "rdseed", "fsgsbase", "rdctl-no", "syscall", "smap", "clwb", "pclmuldq", "avx", "lfence-always-serializing", "tsc-scale", "sep", "vpclmulqdq", "hypervisor", "f16c", "lm", "pse36", "v-vmsave-vmload", "pse", "amd-ssbd", "cr8legacy", "flushbyasid", "vme", "de", "svme-addr-chk", "x2apic", "amd-psfd", "xgetbv1", "popcnt", "sha-ni", "amd-stibp"]}',created_at=2026-06-16T12:46:23Z,current_workload=0,deleted=False,deleted_at=None,disk_allocation_ratio=1.0,disk_available_least=74,free_disk_gb=95,free_ram_mb=23518,host='np0000002945',host_ip=10.4.3.178,hypervisor_hostname='np0000002945',hypervisor_type='QEMU',hypervisor_version=8002002,id=1,local_gb=95,local_gb_used=0,mapped=1,memory_mb=24030,memory_mb_used=512,metrics='[]',numa_topology='{"nova_object.name": "NUMATopology", "nova_object.namespace": "nova", "nova_object.version": "1.2", "nova_object.data": {"cells": [{"nova_object.name": "NUMACell", "nova_object.namespace": "nova", "nova_object.version": "1.5", "nova_object.data": {"id": 0, "cpuset": [0, 1, 2, 3, 4, 5, 6, 7, 8, 9, 10, 11], "pcpuset": [0, 1, 2, 3, 4, 5, 6, 7, 8, 9, 10, 11], "memory": 24030, "cpu_usage": 0, "memory_usage": 0, "pinned_cpus": [], "siblings": [[6], [2], [5], [11], [8], [4], [1], [7], [10], [0], [3], [9]], "mempages": [{"nova_object.name": "NUMAPagesTopology", "nova_object.namespace": "nova", "nova_object.version": "1.1", "nova_object.data": {"size_kb": 4, "total": 6151798, "used": 0, "reserved": 0}, "nova_object.changes": ["size_kb", "total", "used", "reserved"]}, {"nova_object.name": "NUMAPagesTopology", "nova_object.namespace": "nova", "nova_object.version": "1.1", "nova_object.data": {"size_kb": 2048, "total": 0, "used": 0, "reserved": 0}, "nova_object.changes": ["size_kb", "total", "used", "reserved"]}, {"nova_object.name": "NUMAPagesTopology", "nova_object.namespace": "nova", "nova_object.version": "1.1", "nova_object.data": {"size_kb": 1048576, "total": 0, "used": 0, "reserved": 0}, "nova_object.changes": ["size_kb", "total", "used", "reserved"]}], "network_metadata": {"nova_object.name": "NetworkMetadata", "nova_object.namespace": "nova", "nova_object.version": "1.0", "nova_object.data": {"physnets": [], "tunneled": false}, "nova_object.changes": ["tunneled", "physnets"]}, "socket": null}, "nova_object.changes": ["id", "siblings", "cpuset", "memory", "pinned_cpus", "mempages", "memory_usage", "socket", "pcpuset", "cpu_usage", "network_metadata"]}]}, "nova_object.changes": ["cells"]}',pci_device_pools=PciDevicePoolList,ram_allocation_ratio=1.0,running_vms=0,service_id=4,stats={failed_builds='0',uptime=' 12:48:08 up 24 min, 2 users, load average: 1.45, 1.50, 0.88
Jun 16 12:48:50.741828 np0000002945 nova-scheduler[95719]: '},supported_hv_specs=[HVSpec,HVSpec,HVSpec,HVSpec,HVSpec,HVSpec,HVSpec,HVSpec,HVSpec,HVSpec,HVSpec,HVSpec,HVSpec,HVSpec,HVSpec,HVSpec,HVSpec,HVSpec,HVSpec,HVSpec,HVSpec,HVSpec,HVSpec,HVSpec,HVSpec],updated_at=2026-06-16T12:48:10Z,uuid=cbea2887-b14b-4a71-8834-be017b535719,vcpus=12,vcpus_used=0) {{(pid=95719) _locked_update /opt/stack/nova/nova/scheduler/host_manager.py:168}}
Jun 16 12:48:50.742541 np0000002945 nova-scheduler[95719]: DEBUG nova.scheduler.host_manager [None req-81b03e8f-3068-4815-8879-81ce1ec36eca tempest-DeleteServersTestJSON-1514310229 tempest-DeleteServersTestJSON-1514310229-project-member] Update host state with aggregates: [] {{(pid=95719) _locked_update /opt/stack/nova/nova/scheduler/host_manager.py:171}}
Jun 16 12:48:50.742674 np0000002945 nova-scheduler[95719]: DEBUG nova.scheduler.host_manager [None req-81b03e8f-3068-4815-8879-81ce1ec36eca tempest-DeleteServersTestJSON-1514310229 tempest-DeleteServersTestJSON-1514310229-project-member] Update host state with service dict: {'id': 4, 'uuid': '3552b6b5-b969-46d5-8c82-faf78fb1b14b', 'host': 'np0000002945', 'binary': 'nova-compute', 'topic': 'compute', 'report_count': 2, 'disabled': False, 'disabled_reason': None, 'last_seen_up': datetime.datetime(2026, 6, 16, 12, 48, 32, tzinfo=datetime.timezone.utc), 'forced_down': False, 'version': 72, 'created_at': datetime.datetime(2026, 6, 16, 12, 46, 21, tzinfo=datetime.timezone.utc), 'updated_at': datetime.datetime(2026, 6, 16, 12, 48, 32, tzinfo=datetime.timezone.utc), 'deleted_at': None, 'deleted': False} {{(pid=95719) _locked_update /opt/stack/nova/nova/scheduler/host_manager.py:174}}
Jun 16 12:48:50.742777 np0000002945 nova-scheduler[95719]: DEBUG nova.scheduler.host_manager [None req-81b03e8f-3068-4815-8879-81ce1ec36eca tempest-DeleteServersTestJSON-1514310229 tempest-DeleteServersTestJSON-1514310229-project-member] Update host state with instances: [] {{(pid=95719) _locked_update /opt/stack/nova/nova/scheduler/host_manager.py:177}}
Jun 16 12:48:50.742878 np0000002945 nova-scheduler[95719]: DEBUG oslo_concurrency.lockutils [None req-81b03e8f-3068-4815-8879-81ce1ec36eca tempest-DeleteServersTestJSON-1514310229 tempest-DeleteServersTestJSON-1514310229-project-member] Lock "('np0000002945', 'np0000002945')" "released" by "nova.scheduler.host_manager.HostState.update.._locked_update" :: held 0.002s {{(pid=95719) inner /opt/stack/data/venv/lib/python3.12/site-packages/oslo_concurrency/lockutils.py:543}}
Jun 16 12:48:50.743291 np0000002945 nova-scheduler[95719]: DEBUG nova.filters [None req-81b03e8f-3068-4815-8879-81ce1ec36eca tempest-DeleteServersTestJSON-1514310229 tempest-DeleteServersTestJSON-1514310229-project-member] Starting with 1 host(s) {{(pid=95719) get_filtered_objects /opt/stack/nova/nova/filters.py:70}}
Jun 16 12:48:50.744263 np0000002945 nova-scheduler[95719]: DEBUG nova.filters [None req-81b03e8f-3068-4815-8879-81ce1ec36eca tempest-DeleteServersTestJSON-1514310229 tempest-DeleteServersTestJSON-1514310229-project-member] Filter ComputeFilter returned 1 host(s) {{(pid=95719) get_filtered_objects /opt/stack/nova/nova/filters.py:102}}
Jun 16 12:48:50.744427 np0000002945 nova-scheduler[95719]: DEBUG nova.filters [None req-81b03e8f-3068-4815-8879-81ce1ec36eca tempest-DeleteServersTestJSON-1514310229 tempest-DeleteServersTestJSON-1514310229-project-member] Filter ComputeCapabilitiesFilter returned 1 host(s) {{(pid=95719) get_filtered_objects /opt/stack/nova/nova/filters.py:102}}
Jun 16 12:48:50.744613 np0000002945 nova-scheduler[95719]: DEBUG nova.filters [None req-81b03e8f-3068-4815-8879-81ce1ec36eca tempest-DeleteServersTestJSON-1514310229 tempest-DeleteServersTestJSON-1514310229-project-member] Filter ImagePropertiesFilter returned 1 host(s) {{(pid=95719) get_filtered_objects /opt/stack/nova/nova/filters.py:102}}
Jun 16 12:48:50.744736 np0000002945 nova-scheduler[95719]: DEBUG nova.filters [None req-81b03e8f-3068-4815-8879-81ce1ec36eca tempest-DeleteServersTestJSON-1514310229 tempest-DeleteServersTestJSON-1514310229-project-member] Filter ServerGroupAntiAffinityFilter returned 1 host(s) {{(pid=95719) get_filtered_objects /opt/stack/nova/nova/filters.py:102}}
Jun 16 12:48:50.744871 np0000002945 nova-scheduler[95719]: DEBUG nova.filters [None req-81b03e8f-3068-4815-8879-81ce1ec36eca tempest-DeleteServersTestJSON-1514310229 tempest-DeleteServersTestJSON-1514310229-project-member] Filter ServerGroupAffinityFilter returned 1 host(s) {{(pid=95719) get_filtered_objects /opt/stack/nova/nova/filters.py:102}}
Jun 16 12:48:50.744985 np0000002945 nova-scheduler[95719]: DEBUG nova.filters [None req-81b03e8f-3068-4815-8879-81ce1ec36eca tempest-DeleteServersTestJSON-1514310229 tempest-DeleteServersTestJSON-1514310229-project-member] Filter SameHostFilter returned 1 host(s) {{(pid=95719) get_filtered_objects /opt/stack/nova/nova/filters.py:102}}
Jun 16 12:48:50.745087 np0000002945 nova-scheduler[95719]: DEBUG nova.filters [None req-81b03e8f-3068-4815-8879-81ce1ec36eca tempest-DeleteServersTestJSON-1514310229 tempest-DeleteServersTestJSON-1514310229-project-member] Filter DifferentHostFilter returned 1 host(s) {{(pid=95719) get_filtered_objects /opt/stack/nova/nova/filters.py:102}}
Jun 16 12:48:50.745225 np0000002945 nova-scheduler[95719]: DEBUG nova.scheduler.manager [None req-81b03e8f-3068-4815-8879-81ce1ec36eca tempest-DeleteServersTestJSON-1514310229 tempest-DeleteServersTestJSON-1514310229-project-member] Filtered [(np0000002945, np0000002945) ram: 23518MB disk: 75776MB io_ops: 0 instances: 0, allocation_candidates: 1] {{(pid=95719) _get_sorted_hosts /opt/stack/nova/nova/scheduler/manager.py:743}}
Jun 16 12:48:50.745443 np0000002945 nova-scheduler[95719]: DEBUG nova.scheduler.manager [None req-81b03e8f-3068-4815-8879-81ce1ec36eca tempest-DeleteServersTestJSON-1514310229 tempest-DeleteServersTestJSON-1514310229-project-member] Weighed [WeighedHost [host: (np0000002945, np0000002945) ram: 23518MB disk: 75776MB io_ops: 0 instances: 0, allocation_candidates: 1, weight: 0.0]] {{(pid=95719) _get_sorted_hosts /opt/stack/nova/nova/scheduler/manager.py:765}}
Jun 16 12:48:50.745643 np0000002945 nova-scheduler[95719]: DEBUG nova.scheduler.utils [None req-81b03e8f-3068-4815-8879-81ce1ec36eca tempest-DeleteServersTestJSON-1514310229 tempest-DeleteServersTestJSON-1514310229-project-member] Attempting to claim resources in the placement API for instance 2a7481f4-35aa-4052-9bb2-6c569ffb5cce {{(pid=95719) claim_resources /opt/stack/nova/nova/scheduler/utils.py:1345}}
Jun 16 12:48:50.959829 np0000002945 nova-scheduler[95719]: DEBUG nova.scheduler.manager [None req-81b03e8f-3068-4815-8879-81ce1ec36eca tempest-DeleteServersTestJSON-1514310229 tempest-DeleteServersTestJSON-1514310229-project-member] [instance: 2a7481f4-35aa-4052-9bb2-6c569ffb5cce] Selected host: (np0000002945, np0000002945) ram: 23518MB disk: 75776MB io_ops: 0 instances: 0, allocation_candidates: 1 {{(pid=95719) _consume_selected_host /opt/stack/nova/nova/scheduler/manager.py:625}}
Jun 16 12:48:50.960913 np0000002945 nova-scheduler[95719]: DEBUG oslo_concurrency.lockutils [None req-81b03e8f-3068-4815-8879-81ce1ec36eca tempest-DeleteServersTestJSON-1514310229 tempest-DeleteServersTestJSON-1514310229-project-member] Acquiring lock "('np0000002945', 'np0000002945')" by "nova.scheduler.host_manager.HostState.consume_from_request.._locked" {{(pid=95719) inner /opt/stack/data/venv/lib/python3.12/site-packages/oslo_concurrency/lockutils.py:511}}
Jun 16 12:48:50.960913 np0000002945 nova-scheduler[95719]: DEBUG oslo_concurrency.lockutils [None req-81b03e8f-3068-4815-8879-81ce1ec36eca tempest-DeleteServersTestJSON-1514310229 tempest-DeleteServersTestJSON-1514310229-project-member] Lock "('np0000002945', 'np0000002945')" acquired by "nova.scheduler.host_manager.HostState.consume_from_request.._locked" :: waited 0.001s {{(pid=95719) inner /opt/stack/data/venv/lib/python3.12/site-packages/oslo_concurrency/lockutils.py:524}}
Jun 16 12:48:50.961071 np0000002945 nova-scheduler[95719]: DEBUG oslo_concurrency.lockutils [None req-81b03e8f-3068-4815-8879-81ce1ec36eca tempest-DeleteServersTestJSON-1514310229 tempest-DeleteServersTestJSON-1514310229-project-member] Lock "('np0000002945', 'np0000002945')" "released" by "nova.scheduler.host_manager.HostState.consume_from_request.._locked" :: held 0.000s {{(pid=95719) inner /opt/stack/data/venv/lib/python3.12/site-packages/oslo_concurrency/lockutils.py:543}}
Jun 16 12:49:00.733733 np0000002945 nova-scheduler[95719]: DEBUG dbcounter [-] [95719] Writing DB stats nova_api:SELECT=1 {{(pid=95719) stat_writer /opt/stack/data/venv/lib/python3.12/site-packages/dbcounter.py:115}}
Jun 16 12:49:00.741708 np0000002945 nova-scheduler[95719]: DEBUG dbcounter [-] [95719] Writing DB stats nova_cell1:SELECT=3 {{(pid=95719) stat_writer /opt/stack/data/venv/lib/python3.12/site-packages/dbcounter.py:115}}
Jun 16 12:49:01.033084 np0000002945 nova-scheduler[95719]: DEBUG oslo.service.backend._threading.loopingcall [None req-9a3ce0a0-affc-458f-bc5e-88da395f6b9d None None] Dynamic interval looping call 'nova.service.Service.periodic_tasks' sleeping for 60.00 seconds {{(pid=95719) _run_loop /opt/stack/data/venv/lib/python3.12/site-packages/oslo_service/backend/_threading/loopingcall.py:125}}
Jun 16 12:49:01.639849 np0000002945 nova-scheduler[95721]: DEBUG nova.scheduler.manager [None req-e4e692b1-83e9-4b2d-adab-d2a48142e70f tempest-AttachSCSIVolumeTestJSON-1922890937 tempest-AttachSCSIVolumeTestJSON-1922890937-project-member] Starting to schedule for instances: ['61df4aef-db2f-4620-b093-d8677600a879'] {{(pid=95721) select_destinations /opt/stack/nova/nova/scheduler/manager.py:210}}
Jun 16 12:49:01.640443 np0000002945 nova-scheduler[95721]: DEBUG nova.scheduler.request_filter [None req-e4e692b1-83e9-4b2d-adab-d2a48142e70f tempest-AttachSCSIVolumeTestJSON-1922890937 tempest-AttachSCSIVolumeTestJSON-1922890937-project-member] compute_status_filter request filter added forbidden trait COMPUTE_STATUS_DISABLED {{(pid=95721) compute_status_filter /opt/stack/nova/nova/scheduler/request_filter.py:253}}
Jun 16 12:49:01.642391 np0000002945 nova-scheduler[95721]: DEBUG nova.scheduler.request_filter [None req-e4e692b1-83e9-4b2d-adab-d2a48142e70f tempest-AttachSCSIVolumeTestJSON-1922890937 tempest-AttachSCSIVolumeTestJSON-1922890937-project-member] Request filter 'compute_status_filter' took 0.0 seconds {{(pid=95721) wrapper /opt/stack/nova/nova/scheduler/request_filter.py:46}}
Jun 16 12:49:01.642391 np0000002945 nova-scheduler[95721]: DEBUG nova.scheduler.request_filter [None req-e4e692b1-83e9-4b2d-adab-d2a48142e70f tempest-AttachSCSIVolumeTestJSON-1922890937 tempest-AttachSCSIVolumeTestJSON-1922890937-project-member] Request filter 'accelerators_filter' took 0.0 seconds {{(pid=95721) wrapper /opt/stack/nova/nova/scheduler/request_filter.py:46}}
Jun 16 12:49:01.642391 np0000002945 nova-scheduler[95721]: DEBUG nova.scheduler.request_filter [None req-e4e692b1-83e9-4b2d-adab-d2a48142e70f tempest-AttachSCSIVolumeTestJSON-1922890937 tempest-AttachSCSIVolumeTestJSON-1922890937-project-member] Request filter 'packed_virtqueue_filter' took 0.0 seconds {{(pid=95721) wrapper /opt/stack/nova/nova/scheduler/request_filter.py:46}}
Jun 16 12:49:01.642391 np0000002945 nova-scheduler[95721]: DEBUG nova.scheduler.request_filter [None req-e4e692b1-83e9-4b2d-adab-d2a48142e70f tempest-AttachSCSIVolumeTestJSON-1922890937 tempest-AttachSCSIVolumeTestJSON-1922890937-project-member] Request filter 'remote_managed_ports_filter' took 0.0 seconds {{(pid=95721) wrapper /opt/stack/nova/nova/scheduler/request_filter.py:46}}
Jun 16 12:49:01.642391 np0000002945 nova-scheduler[95721]: DEBUG nova.scheduler.request_filter [None req-e4e692b1-83e9-4b2d-adab-d2a48142e70f tempest-AttachSCSIVolumeTestJSON-1922890937 tempest-AttachSCSIVolumeTestJSON-1922890937-project-member] ephemeral_encryption_filter skipped {{(pid=95721) ephemeral_encryption_filter /opt/stack/nova/nova/scheduler/request_filter.py:426}}
Jun 16 12:49:01.642391 np0000002945 nova-scheduler[95721]: DEBUG nova.scheduler.request_filter [None req-e4e692b1-83e9-4b2d-adab-d2a48142e70f tempest-AttachSCSIVolumeTestJSON-1922890937 tempest-AttachSCSIVolumeTestJSON-1922890937-project-member] virtio_sound_filter skipped {{(pid=95721) virtio_sound_filter /opt/stack/nova/nova/scheduler/request_filter.py:460}}
Jun 16 12:49:01.642391 np0000002945 nova-scheduler[95721]: DEBUG nova.scheduler.request_filter [None req-e4e692b1-83e9-4b2d-adab-d2a48142e70f tempest-AttachSCSIVolumeTestJSON-1922890937 tempest-AttachSCSIVolumeTestJSON-1922890937-project-member] tpm_secret_security_filter skipped {{(pid=95721) tpm_secret_security_filter /opt/stack/nova/nova/scheduler/request_filter.py:477}}
Jun 16 12:49:01.769365 np0000002945 nova-scheduler[95721]: INFO nova.utils [None req-e4e692b1-83e9-4b2d-adab-d2a48142e70f tempest-AttachSCSIVolumeTestJSON-1922890937 tempest-AttachSCSIVolumeTestJSON-1922890937-project-member] The cell worker thread pool ForkProcess-2.cell_worker is initialized
Jun 16 12:49:01.769761 np0000002945 nova-scheduler[95721]: DEBUG oslo_concurrency.lockutils [None req-e4e692b1-83e9-4b2d-adab-d2a48142e70f tempest-AttachSCSIVolumeTestJSON-1922890937 tempest-AttachSCSIVolumeTestJSON-1922890937-project-member] Acquiring lock "0876ecc2-ac03-4d3a-92a2-8b195006e1bb" by "nova.context.set_target_cell..get_or_set_cached_cell_and_set_connections" {{(pid=95721) inner /opt/stack/data/venv/lib/python3.12/site-packages/oslo_concurrency/lockutils.py:511}}
Jun 16 12:49:01.769970 np0000002945 nova-scheduler[95721]: DEBUG oslo_concurrency.lockutils [None req-e4e692b1-83e9-4b2d-adab-d2a48142e70f tempest-AttachSCSIVolumeTestJSON-1922890937 tempest-AttachSCSIVolumeTestJSON-1922890937-project-member] Lock "0876ecc2-ac03-4d3a-92a2-8b195006e1bb" acquired by "nova.context.set_target_cell..get_or_set_cached_cell_and_set_connections" :: waited 0.000s {{(pid=95721) inner /opt/stack/data/venv/lib/python3.12/site-packages/oslo_concurrency/lockutils.py:524}}
Jun 16 12:49:01.771770 np0000002945 nova-scheduler[95721]: DEBUG oslo_concurrency.lockutils [None req-e4e692b1-83e9-4b2d-adab-d2a48142e70f tempest-AttachSCSIVolumeTestJSON-1922890937 tempest-AttachSCSIVolumeTestJSON-1922890937-project-member] Lock "0876ecc2-ac03-4d3a-92a2-8b195006e1bb" "released" by "nova.context.set_target_cell..get_or_set_cached_cell_and_set_connections" :: held 0.002s {{(pid=95721) inner /opt/stack/data/venv/lib/python3.12/site-packages/oslo_concurrency/lockutils.py:543}}
Jun 16 12:49:01.774284 np0000002945 nova-scheduler[95721]: INFO dbcounter [None req-e4e692b1-83e9-4b2d-adab-d2a48142e70f tempest-AttachSCSIVolumeTestJSON-1922890937 tempest-AttachSCSIVolumeTestJSON-1922890937-project-member] Registered counter for database nova_cell1
Jun 16 12:49:01.833128 np0000002945 nova-scheduler[95721]: DEBUG oslo_db.sqlalchemy.engines [None req-e4e692b1-83e9-4b2d-adab-d2a48142e70f tempest-AttachSCSIVolumeTestJSON-1922890937 tempest-AttachSCSIVolumeTestJSON-1922890937-project-member] MySQL server mode set to STRICT_TRANS_TABLES,STRICT_ALL_TABLES,NO_ZERO_IN_DATE,NO_ZERO_DATE,ERROR_FOR_DIVISION_BY_ZERO,TRADITIONAL,NO_ENGINE_SUBSTITUTION {{(pid=95721) _check_effective_sql_mode /opt/stack/data/venv/lib/python3.12/site-packages/oslo_db/sqlalchemy/engines.py:325}}
Jun 16 12:49:01.842304 np0000002945 nova-scheduler[95721]: DEBUG dbcounter [-] [95721] Writer thread running {{(pid=95721) stat_writer /opt/stack/data/venv/lib/python3.12/site-packages/dbcounter.py:102}}
Jun 16 12:49:01.908726 np0000002945 nova-scheduler[95721]: DEBUG dbcounter [-] [95721] Writer thread running {{(pid=95721) stat_writer /opt/stack/data/venv/lib/python3.12/site-packages/dbcounter.py:102}}
Jun 16 12:49:01.912242 np0000002945 nova-scheduler[95721]: DEBUG oslo_concurrency.lockutils [None req-e4e692b1-83e9-4b2d-adab-d2a48142e70f tempest-AttachSCSIVolumeTestJSON-1922890937 tempest-AttachSCSIVolumeTestJSON-1922890937-project-member] Acquiring lock "0876ecc2-ac03-4d3a-92a2-8b195006e1bb" by "nova.context.set_target_cell..get_or_set_cached_cell_and_set_connections" {{(pid=95721) inner /opt/stack/data/venv/lib/python3.12/site-packages/oslo_concurrency/lockutils.py:511}}
Jun 16 12:49:01.912514 np0000002945 nova-scheduler[95721]: DEBUG oslo_concurrency.lockutils [None req-e4e692b1-83e9-4b2d-adab-d2a48142e70f tempest-AttachSCSIVolumeTestJSON-1922890937 tempest-AttachSCSIVolumeTestJSON-1922890937-project-member] Lock "0876ecc2-ac03-4d3a-92a2-8b195006e1bb" acquired by "nova.context.set_target_cell..get_or_set_cached_cell_and_set_connections" :: waited 0.000s {{(pid=95721) inner /opt/stack/data/venv/lib/python3.12/site-packages/oslo_concurrency/lockutils.py:524}}
Jun 16 12:49:01.912698 np0000002945 nova-scheduler[95721]: DEBUG oslo_concurrency.lockutils [None req-e4e692b1-83e9-4b2d-adab-d2a48142e70f tempest-AttachSCSIVolumeTestJSON-1922890937 tempest-AttachSCSIVolumeTestJSON-1922890937-project-member] Lock "0876ecc2-ac03-4d3a-92a2-8b195006e1bb" "released" by "nova.context.set_target_cell..get_or_set_cached_cell_and_set_connections" :: held 0.000s {{(pid=95721) inner /opt/stack/data/venv/lib/python3.12/site-packages/oslo_concurrency/lockutils.py:543}}
