Jul 10 11:31:28.223599 np0000004997 nova-scheduler[93382]: DEBUG cotyledon.oslo_config_glue [-] oslo_messaging_rabbit.ssl_cert_file = {{(pid=93382) log_opt_values /opt/stack/data/venv/lib/python3.12/site-packages/oslo_config/cfg.py:3253}}
Jul 10 11:31:28.223873 np0000004997 nova-scheduler[93382]: DEBUG cotyledon.oslo_config_glue [-] oslo_messaging_rabbit.ssl_enforce_fips_mode = False {{(pid=93382) log_opt_values /opt/stack/data/venv/lib/python3.12/site-packages/oslo_config/cfg.py:3253}}
Jul 10 11:31:28.223873 np0000004997 nova-scheduler[93382]: DEBUG cotyledon.oslo_config_glue [-] oslo_messaging_rabbit.ssl_enforce_hostname_verification = True {{(pid=93382) log_opt_values /opt/stack/data/venv/lib/python3.12/site-packages/oslo_config/cfg.py:3253}}
Jul 10 11:31:28.223873 np0000004997 nova-scheduler[93382]: DEBUG cotyledon.oslo_config_glue [-] oslo_messaging_rabbit.ssl_key_file = {{(pid=93382) log_opt_values /opt/stack/data/venv/lib/python3.12/site-packages/oslo_config/cfg.py:3253}}
Jul 10 11:31:28.223873 np0000004997 nova-scheduler[93382]: DEBUG cotyledon.oslo_config_glue [-] oslo_messaging_rabbit.ssl_version = {{(pid=93382) log_opt_values /opt/stack/data/venv/lib/python3.12/site-packages/oslo_config/cfg.py:3253}}
Jul 10 11:31:28.223873 np0000004997 nova-scheduler[93382]: DEBUG cotyledon.oslo_config_glue [-] oslo_messaging_rabbit.use_queue_manager = False {{(pid=93382) log_opt_values /opt/stack/data/venv/lib/python3.12/site-packages/oslo_config/cfg.py:3253}}
Jul 10 11:31:28.223873 np0000004997 nova-scheduler[93382]: DEBUG cotyledon.oslo_config_glue [-] oslo_messaging_notifications.driver = ['messagingv2'] {{(pid=93382) log_opt_values /opt/stack/data/venv/lib/python3.12/site-packages/oslo_config/cfg.py:3253}}
Jul 10 11:31:28.223873 np0000004997 nova-scheduler[93382]: DEBUG cotyledon.oslo_config_glue [-] oslo_messaging_notifications.retry = -1 {{(pid=93382) log_opt_values /opt/stack/data/venv/lib/python3.12/site-packages/oslo_config/cfg.py:3253}}
Jul 10 11:31:28.223873 np0000004997 nova-scheduler[93382]: DEBUG cotyledon.oslo_config_glue [-] oslo_messaging_notifications.topics = ['notifications'] {{(pid=93382) log_opt_values /opt/stack/data/venv/lib/python3.12/site-packages/oslo_config/cfg.py:3253}}
Jul 10 11:31:28.223873 np0000004997 nova-scheduler[93382]: DEBUG cotyledon.oslo_config_glue [-] oslo_messaging_notifications.transport_url = **** {{(pid=93382) log_opt_values /opt/stack/data/venv/lib/python3.12/site-packages/oslo_config/cfg.py:3253}}
Jul 10 11:31:28.224148 np0000004997 nova-scheduler[93382]: DEBUG cotyledon.oslo_config_glue [-] oslo_limit.auth_section = None {{(pid=93382) log_opt_values /opt/stack/data/venv/lib/python3.12/site-packages/oslo_config/cfg.py:3253}}
Jul 10 11:31:28.224148 np0000004997 nova-scheduler[93382]: DEBUG cotyledon.oslo_config_glue [-] oslo_limit.auth_type = None {{(pid=93382) log_opt_values /opt/stack/data/venv/lib/python3.12/site-packages/oslo_config/cfg.py:3253}}
Jul 10 11:31:28.224148 np0000004997 nova-scheduler[93382]: DEBUG cotyledon.oslo_config_glue [-] oslo_limit.cafile = None {{(pid=93382) log_opt_values /opt/stack/data/venv/lib/python3.12/site-packages/oslo_config/cfg.py:3253}}
Jul 10 11:31:28.224148 np0000004997 nova-scheduler[93382]: DEBUG cotyledon.oslo_config_glue [-] oslo_limit.certfile = None {{(pid=93382) log_opt_values /opt/stack/data/venv/lib/python3.12/site-packages/oslo_config/cfg.py:3253}}
Jul 10 11:31:28.224148 np0000004997 nova-scheduler[93382]: DEBUG cotyledon.oslo_config_glue [-] oslo_limit.collect_timing = False {{(pid=93382) log_opt_values /opt/stack/data/venv/lib/python3.12/site-packages/oslo_config/cfg.py:3253}}
Jul 10 11:31:28.224148 np0000004997 nova-scheduler[93382]: DEBUG cotyledon.oslo_config_glue [-] oslo_limit.connect_retries = None {{(pid=93382) log_opt_values /opt/stack/data/venv/lib/python3.12/site-packages/oslo_config/cfg.py:3253}}
Jul 10 11:31:28.224148 np0000004997 nova-scheduler[93382]: DEBUG cotyledon.oslo_config_glue [-] oslo_limit.connect_retry_delay = None {{(pid=93382) log_opt_values /opt/stack/data/venv/lib/python3.12/site-packages/oslo_config/cfg.py:3253}}
Jul 10 11:31:28.224148 np0000004997 nova-scheduler[93382]: DEBUG cotyledon.oslo_config_glue [-] oslo_limit.endpoint_id = None {{(pid=93382) log_opt_values /opt/stack/data/venv/lib/python3.12/site-packages/oslo_config/cfg.py:3253}}
Jul 10 11:31:28.224148 np0000004997 nova-scheduler[93382]: DEBUG cotyledon.oslo_config_glue [-] oslo_limit.endpoint_interface = public {{(pid=93382) log_opt_values /opt/stack/data/venv/lib/python3.12/site-packages/oslo_config/cfg.py:3253}}
Jul 10 11:31:28.224483 np0000004997 nova-scheduler[93382]: DEBUG cotyledon.oslo_config_glue [-] oslo_limit.endpoint_override = None {{(pid=93382) log_opt_values /opt/stack/data/venv/lib/python3.12/site-packages/oslo_config/cfg.py:3253}}
Jul 10 11:31:28.224483 np0000004997 nova-scheduler[93382]: DEBUG cotyledon.oslo_config_glue [-] oslo_limit.endpoint_region_name = None {{(pid=93382) log_opt_values /opt/stack/data/venv/lib/python3.12/site-packages/oslo_config/cfg.py:3253}}
Jul 10 11:31:28.224483 np0000004997 nova-scheduler[93382]: DEBUG cotyledon.oslo_config_glue [-] oslo_limit.endpoint_service_name = None {{(pid=93382) log_opt_values /opt/stack/data/venv/lib/python3.12/site-packages/oslo_config/cfg.py:3253}}
Jul 10 11:31:28.224483 np0000004997 nova-scheduler[93382]: DEBUG cotyledon.oslo_config_glue [-] oslo_limit.endpoint_service_type = None {{(pid=93382) log_opt_values /opt/stack/data/venv/lib/python3.12/site-packages/oslo_config/cfg.py:3253}}
Jul 10 11:31:28.224483 np0000004997 nova-scheduler[93382]: DEBUG cotyledon.oslo_config_glue [-] oslo_limit.insecure = False {{(pid=93382) log_opt_values /opt/stack/data/venv/lib/python3.12/site-packages/oslo_config/cfg.py:3253}}
Jul 10 11:31:28.224483 np0000004997 nova-scheduler[93382]: DEBUG cotyledon.oslo_config_glue [-] oslo_limit.keyfile = None {{(pid=93382) log_opt_values /opt/stack/data/venv/lib/python3.12/site-packages/oslo_config/cfg.py:3253}}
Jul 10 11:31:28.224483 np0000004997 nova-scheduler[93382]: DEBUG cotyledon.oslo_config_glue [-] oslo_limit.max_version = None {{(pid=93382) log_opt_values /opt/stack/data/venv/lib/python3.12/site-packages/oslo_config/cfg.py:3253}}
Jul 10 11:31:28.224483 np0000004997 nova-scheduler[93382]: DEBUG cotyledon.oslo_config_glue [-] oslo_limit.min_version = None {{(pid=93382) log_opt_values /opt/stack/data/venv/lib/python3.12/site-packages/oslo_config/cfg.py:3253}}
Jul 10 11:31:28.224483 np0000004997 nova-scheduler[93382]: DEBUG cotyledon.oslo_config_glue [-] oslo_limit.region_name = None {{(pid=93382) log_opt_values /opt/stack/data/venv/lib/python3.12/site-packages/oslo_config/cfg.py:3253}}
Jul 10 11:31:28.224756 np0000004997 nova-scheduler[93382]: DEBUG cotyledon.oslo_config_glue [-] oslo_limit.retriable_status_codes = None {{(pid=93382) log_opt_values /opt/stack/data/venv/lib/python3.12/site-packages/oslo_config/cfg.py:3253}}
Jul 10 11:31:28.224756 np0000004997 nova-scheduler[93382]: DEBUG cotyledon.oslo_config_glue [-] oslo_limit.service_name = None {{(pid=93382) log_opt_values /opt/stack/data/venv/lib/python3.12/site-packages/oslo_config/cfg.py:3253}}
Jul 10 11:31:28.224756 np0000004997 nova-scheduler[93382]: DEBUG cotyledon.oslo_config_glue [-] oslo_limit.service_type = None {{(pid=93382) log_opt_values /opt/stack/data/venv/lib/python3.12/site-packages/oslo_config/cfg.py:3253}}
Jul 10 11:31:28.224756 np0000004997 nova-scheduler[93382]: DEBUG cotyledon.oslo_config_glue [-] oslo_limit.split_loggers = False {{(pid=93382) log_opt_values /opt/stack/data/venv/lib/python3.12/site-packages/oslo_config/cfg.py:3253}}
Jul 10 11:31:28.224756 np0000004997 nova-scheduler[93382]: DEBUG cotyledon.oslo_config_glue [-] oslo_limit.status_code_retries = None {{(pid=93382) log_opt_values /opt/stack/data/venv/lib/python3.12/site-packages/oslo_config/cfg.py:3253}}
Jul 10 11:31:28.224756 np0000004997 nova-scheduler[93382]: DEBUG cotyledon.oslo_config_glue [-] oslo_limit.status_code_retry_delay = None {{(pid=93382) log_opt_values /opt/stack/data/venv/lib/python3.12/site-packages/oslo_config/cfg.py:3253}}
Jul 10 11:31:28.224756 np0000004997 nova-scheduler[93382]: DEBUG cotyledon.oslo_config_glue [-] oslo_limit.timeout = None {{(pid=93382) log_opt_values /opt/stack/data/venv/lib/python3.12/site-packages/oslo_config/cfg.py:3253}}
Jul 10 11:31:28.224756 np0000004997 nova-scheduler[93382]: DEBUG cotyledon.oslo_config_glue [-] oslo_limit.valid_interfaces = None {{(pid=93382) log_opt_values /opt/stack/data/venv/lib/python3.12/site-packages/oslo_config/cfg.py:3253}}
Jul 10 11:31:28.224756 np0000004997 nova-scheduler[93382]: DEBUG cotyledon.oslo_config_glue [-] oslo_limit.version = None {{(pid=93382) log_opt_values /opt/stack/data/venv/lib/python3.12/site-packages/oslo_config/cfg.py:3253}}
Jul 10 11:31:28.225026 np0000004997 nova-scheduler[93382]: DEBUG cotyledon.oslo_config_glue [-] oslo_reports.file_event_handler = None {{(pid=93382) log_opt_values /opt/stack/data/venv/lib/python3.12/site-packages/oslo_config/cfg.py:3253}}
Jul 10 11:31:28.225026 np0000004997 nova-scheduler[93382]: DEBUG cotyledon.oslo_config_glue [-] oslo_reports.file_event_handler_interval = 1 {{(pid=93382) log_opt_values /opt/stack/data/venv/lib/python3.12/site-packages/oslo_config/cfg.py:3253}}
Jul 10 11:31:28.225026 np0000004997 nova-scheduler[93382]: DEBUG cotyledon.oslo_config_glue [-] oslo_reports.log_dir = None {{(pid=93382) log_opt_values /opt/stack/data/venv/lib/python3.12/site-packages/oslo_config/cfg.py:3253}}
Jul 10 11:31:28.225026 np0000004997 nova-scheduler[93382]: DEBUG cotyledon.oslo_config_glue [-] ******************************************************************************** {{(pid=93382) log_opt_values /opt/stack/data/venv/lib/python3.12/site-packages/oslo_config/cfg.py:3260}}
Jul 10 11:31:28.225026 np0000004997 nova-scheduler[93382]: DEBUG cotyledon._service_worker [-] Run service ServiceWrapper(2) [93382] {{(pid=93382) wait_forever /opt/stack/data/venv/lib/python3.12/site-packages/cotyledon/_service_worker.py:218}}
Jul 10 11:31:28.225026 np0000004997 nova-scheduler[93382]: INFO nova.service [-] Starting scheduler node (version 33.1.0)
Jul 10 11:31:28.225228 np0000004997 nova-scheduler[93378]: DEBUG oslo_db.sqlalchemy.engines [None req-3058d80f-eee6-477b-87e8-d1dc939aab5a None None] MySQL server mode set to STRICT_TRANS_TABLES,STRICT_ALL_TABLES,NO_ZERO_IN_DATE,NO_ZERO_DATE,ERROR_FOR_DIVISION_BY_ZERO,TRADITIONAL,NO_ENGINE_SUBSTITUTION {{(pid=93378) _check_effective_sql_mode /opt/stack/data/venv/lib/python3.12/site-packages/oslo_db/sqlalchemy/engines.py:325}}
Jul 10 11:31:28.225291 np0000004997 nova-scheduler[93382]: INFO dbcounter [None req-e76c014b-21bd-4a03-86b4-9c5c3a6db6eb None None] Registered counter for database nova_cell0
Jul 10 11:31:28.225333 np0000004997 nova-scheduler[93378]: DEBUG dbcounter [-] [93378] Writer thread running {{(pid=93378) stat_writer /opt/stack/data/venv/lib/python3.12/site-packages/dbcounter.py:102}}
Jul 10 11:31:28.243770 np0000004997 nova-scheduler[93378]: DEBUG nova.service [None req-3058d80f-eee6-477b-87e8-d1dc939aab5a None None] Creating RPC server for service: nova-scheduler on topic: scheduler {{(pid=93378) start /opt/stack/nova/nova/service.py:196}}
Jul 10 11:31:28.248385 np0000004997 nova-scheduler[93380]: DEBUG oslo_db.sqlalchemy.engines [None req-11ae32ee-24ca-4804-bfff-e06dc3c47a28 None None] MySQL server mode set to STRICT_TRANS_TABLES,STRICT_ALL_TABLES,NO_ZERO_IN_DATE,NO_ZERO_DATE,ERROR_FOR_DIVISION_BY_ZERO,TRADITIONAL,NO_ENGINE_SUBSTITUTION {{(pid=93380) _check_effective_sql_mode /opt/stack/data/venv/lib/python3.12/site-packages/oslo_db/sqlalchemy/engines.py:325}}
Jul 10 11:31:28.257911 np0000004997 nova-scheduler[93382]: DEBUG oslo_db.sqlalchemy.engines [None req-e76c014b-21bd-4a03-86b4-9c5c3a6db6eb None None] MySQL server mode set to STRICT_TRANS_TABLES,STRICT_ALL_TABLES,NO_ZERO_IN_DATE,NO_ZERO_DATE,ERROR_FOR_DIVISION_BY_ZERO,TRADITIONAL,NO_ENGINE_SUBSTITUTION {{(pid=93382) _check_effective_sql_mode /opt/stack/data/venv/lib/python3.12/site-packages/oslo_db/sqlalchemy/engines.py:325}}
Jul 10 11:31:28.267206 np0000004997 nova-scheduler[93380]: DEBUG dbcounter [-] [93380] Writer thread running {{(pid=93380) stat_writer /opt/stack/data/venv/lib/python3.12/site-packages/dbcounter.py:102}}
Jul 10 11:31:28.268933 np0000004997 nova-scheduler[93382]: DEBUG dbcounter [-] [93382] Writer thread running {{(pid=93382) stat_writer /opt/stack/data/venv/lib/python3.12/site-packages/dbcounter.py:102}}
Jul 10 11:31:28.271003 np0000004997 nova-scheduler[93380]: DEBUG nova.service [None req-11ae32ee-24ca-4804-bfff-e06dc3c47a28 None None] Creating RPC server for service: nova-scheduler on topic: scheduler {{(pid=93380) start /opt/stack/nova/nova/service.py:196}}
Jul 10 11:31:28.272423 np0000004997 nova-scheduler[93382]: DEBUG nova.service [None req-e76c014b-21bd-4a03-86b4-9c5c3a6db6eb None None] Creating RPC server for service: nova-scheduler on topic: scheduler {{(pid=93382) start /opt/stack/nova/nova/service.py:196}}
Jul 10 11:31:28.272761 np0000004997 nova-scheduler[93378]: DEBUG nova.service [None req-3058d80f-eee6-477b-87e8-d1dc939aab5a None None] Join ServiceGroup membership for this service scheduler {{(pid=93378) start /opt/stack/nova/nova/service.py:222}}
Jul 10 11:31:28.272940 np0000004997 nova-scheduler[93378]: DEBUG nova.servicegroup.drivers.db [None req-3058d80f-eee6-477b-87e8-d1dc939aab5a None None] DB_Driver: join new ServiceGroup member np0000004997 to the scheduler group, service = {{(pid=93378) join /opt/stack/nova/nova/servicegroup/drivers/db.py:44}}
Jul 10 11:31:28.293990 np0000004997 nova-scheduler[93382]: DEBUG nova.service [None req-e76c014b-21bd-4a03-86b4-9c5c3a6db6eb None None] Join ServiceGroup membership for this service scheduler {{(pid=93382) start /opt/stack/nova/nova/service.py:222}}
Jul 10 11:31:28.294527 np0000004997 nova-scheduler[93382]: DEBUG nova.servicegroup.drivers.db [None req-e76c014b-21bd-4a03-86b4-9c5c3a6db6eb None None] DB_Driver: join new ServiceGroup member np0000004997 to the scheduler group, service = {{(pid=93382) join /opt/stack/nova/nova/servicegroup/drivers/db.py:44}}
Jul 10 11:31:28.294658 np0000004997 nova-scheduler[93380]: DEBUG nova.service [None req-11ae32ee-24ca-4804-bfff-e06dc3c47a28 None None] Join ServiceGroup membership for this service scheduler {{(pid=93380) start /opt/stack/nova/nova/service.py:222}}
Jul 10 11:31:28.294933 np0000004997 nova-scheduler[93380]: DEBUG nova.servicegroup.drivers.db [None req-11ae32ee-24ca-4804-bfff-e06dc3c47a28 None None] DB_Driver: join new ServiceGroup member np0000004997 to the scheduler group, service = {{(pid=93380) join /opt/stack/nova/nova/servicegroup/drivers/db.py:44}}
Jul 10 11:31:32.296790 np0000004997 nova-scheduler[93382]: DEBUG oslo.service.backend._threading.loopingcall [None req-379b0ae8-7ceb-4510-a3ff-c89f68794ad7 None None] Dynamic interval looping call 'nova.service.Service.periodic_tasks' sleeping for 60.00 seconds {{(pid=93382) _run_loop /opt/stack/data/venv/lib/python3.12/site-packages/oslo_service/backend/_threading/loopingcall.py:125}}
Jul 10 11:31:33.286469 np0000004997 nova-scheduler[93378]: DEBUG oslo.service.backend._threading.loopingcall [-] Fixed interval looping call 'nova.servicegroup.drivers.db.DbDriver._report_state' sleeping for 119.99 seconds {{(pid=93378) _run_loop /opt/stack/data/venv/lib/python3.12/site-packages/oslo_service/backend/_threading/loopingcall.py:125}}
Jul 10 11:31:33.307788 np0000004997 nova-scheduler[93382]: DEBUG oslo.service.backend._threading.loopingcall [-] Fixed interval looping call 'nova.servicegroup.drivers.db.DbDriver._report_state' sleeping for 119.99 seconds {{(pid=93382) _run_loop /opt/stack/data/venv/lib/python3.12/site-packages/oslo_service/backend/_threading/loopingcall.py:125}}
Jul 10 11:31:33.308384 np0000004997 nova-scheduler[93380]: DEBUG oslo.service.backend._threading.loopingcall [-] Fixed interval looping call 'nova.servicegroup.drivers.db.DbDriver._report_state' sleeping for 119.99 seconds {{(pid=93380) _run_loop /opt/stack/data/venv/lib/python3.12/site-packages/oslo_service/backend/_threading/loopingcall.py:125}}
Jul 10 11:31:36.797917 np0000004997 nova-scheduler[92183]: DEBUG dbcounter [-] [92183] Writing DB stats nova_api:SELECT=3 {{(pid=92183) stat_writer /opt/stack/data/venv/lib/python3.12/site-packages/dbcounter.py:115}}
Jul 10 11:31:36.959633 np0000004997 nova-scheduler[92183]: DEBUG dbcounter [-] [92183] Writing DB stats nova_cell1:SELECT=1 {{(pid=92183) stat_writer /opt/stack/data/venv/lib/python3.12/site-packages/dbcounter.py:115}}
Jul 10 11:31:36.964889 np0000004997 nova-scheduler[92183]: DEBUG dbcounter [-] [92183] Writing DB stats nova_cell0:SELECT=1 {{(pid=92183) stat_writer /opt/stack/data/venv/lib/python3.12/site-packages/dbcounter.py:115}}
Jul 10 11:31:43.281804 np0000004997 nova-scheduler[93378]: DEBUG dbcounter [-] [93378] Writing DB stats nova_cell0:SELECT=4,nova_cell0:INSERT=1,nova_cell0:UPDATE=1 {{(pid=93378) stat_writer /opt/stack/data/venv/lib/python3.12/site-packages/dbcounter.py:115}}
Jul 10 11:31:43.304419 np0000004997 nova-scheduler[93382]: DEBUG dbcounter [-] [93382] Writing DB stats nova_cell0:SELECT=3 {{(pid=93382) stat_writer /opt/stack/data/venv/lib/python3.12/site-packages/dbcounter.py:115}}
Jul 10 11:31:43.305014 np0000004997 nova-scheduler[93380]: DEBUG dbcounter [-] [93380] Writing DB stats nova_cell0:SELECT=3 {{(pid=93380) stat_writer /opt/stack/data/venv/lib/python3.12/site-packages/dbcounter.py:115}}
Jul 10 11:31:44.274897 np0000004997 nova-scheduler[93378]: DEBUG oslo.service.backend._threading.loopingcall [None req-1340ab5f-42e9-4df2-a286-043330ee409e None None] Dynamic interval looping call 'nova.service.Service.periodic_tasks' sleeping for 60.00 seconds {{(pid=93378) _run_loop /opt/stack/data/venv/lib/python3.12/site-packages/oslo_service/backend/_threading/loopingcall.py:125}}
Jul 10 11:31:58.298795 np0000004997 nova-scheduler[93380]: DEBUG oslo.service.backend._threading.loopingcall [None req-b1aee996-4224-44f3-9237-3da19689321e None None] Dynamic interval looping call 'nova.service.Service.periodic_tasks' sleeping for 60.00 seconds {{(pid=93380) _run_loop /opt/stack/data/venv/lib/python3.12/site-packages/oslo_service/backend/_threading/loopingcall.py:125}}
Jul 10 11:32:32.297286 np0000004997 nova-scheduler[93382]: DEBUG oslo.service.backend._threading.loopingcall [None req-379b0ae8-7ceb-4510-a3ff-c89f68794ad7 None None] Dynamic interval looping call 'nova.service.Service.periodic_tasks' sleeping for 60.00 seconds {{(pid=93382) _run_loop /opt/stack/data/venv/lib/python3.12/site-packages/oslo_service/backend/_threading/loopingcall.py:125}}
Jul 10 11:32:44.275547 np0000004997 nova-scheduler[93378]: DEBUG oslo.service.backend._threading.loopingcall [None req-1340ab5f-42e9-4df2-a286-043330ee409e None None] Dynamic interval looping call 'nova.service.Service.periodic_tasks' sleeping for 60.00 seconds {{(pid=93378) _run_loop /opt/stack/data/venv/lib/python3.12/site-packages/oslo_service/backend/_threading/loopingcall.py:125}}
Jul 10 11:32:58.299313 np0000004997 nova-scheduler[93380]: DEBUG oslo.service.backend._threading.loopingcall [None req-b1aee996-4224-44f3-9237-3da19689321e None None] Dynamic interval looping call 'nova.service.Service.periodic_tasks' sleeping for 60.00 seconds {{(pid=93380) _run_loop /opt/stack/data/venv/lib/python3.12/site-packages/oslo_service/backend/_threading/loopingcall.py:125}}
Jul 10 11:33:32.297943 np0000004997 nova-scheduler[93382]: DEBUG oslo.service.backend._threading.loopingcall [None req-379b0ae8-7ceb-4510-a3ff-c89f68794ad7 None None] Dynamic interval looping call 'nova.service.Service.periodic_tasks' sleeping for 60.00 seconds {{(pid=93382) _run_loop /opt/stack/data/venv/lib/python3.12/site-packages/oslo_service/backend/_threading/loopingcall.py:125}}
Jul 10 11:33:33.298939 np0000004997 nova-scheduler[93378]: DEBUG oslo.service.backend._threading.loopingcall [-] Fixed interval looping call 'nova.servicegroup.drivers.db.DbDriver._report_state' sleeping for 119.98 seconds {{(pid=93378) _run_loop /opt/stack/data/venv/lib/python3.12/site-packages/oslo_service/backend/_threading/loopingcall.py:125}}
Jul 10 11:33:33.305335 np0000004997 nova-scheduler[93382]: DEBUG oslo.service.backend._threading.loopingcall [-] Fixed interval looping call 'nova.servicegroup.drivers.db.DbDriver._report_state' sleeping for 119.99 seconds {{(pid=93382) _run_loop /opt/stack/data/venv/lib/python3.12/site-packages/oslo_service/backend/_threading/loopingcall.py:125}}
Jul 10 11:33:33.306178 np0000004997 nova-scheduler[93380]: DEBUG oslo.service.backend._threading.loopingcall [-] Fixed interval looping call 'nova.servicegroup.drivers.db.DbDriver._report_state' sleeping for 119.99 seconds {{(pid=93380) _run_loop /opt/stack/data/venv/lib/python3.12/site-packages/oslo_service/backend/_threading/loopingcall.py:125}}
Jul 10 11:33:43.282820 np0000004997 nova-scheduler[93378]: DEBUG dbcounter [-] [93378] Writing DB stats nova_cell0:SELECT=1,nova_cell0:UPDATE=1 {{(pid=93378) stat_writer /opt/stack/data/venv/lib/python3.12/site-packages/dbcounter.py:115}}
Jul 10 11:33:43.302705 np0000004997 nova-scheduler[93382]: DEBUG dbcounter [-] [93382] Writing DB stats nova_cell0:SELECT=1 {{(pid=93382) stat_writer /opt/stack/data/venv/lib/python3.12/site-packages/dbcounter.py:115}}
Jul 10 11:33:43.304737 np0000004997 nova-scheduler[93380]: DEBUG dbcounter [-] [93380] Writing DB stats nova_cell0:SELECT=1 {{(pid=93380) stat_writer /opt/stack/data/venv/lib/python3.12/site-packages/dbcounter.py:115}}
Jul 10 11:33:44.276696 np0000004997 nova-scheduler[93378]: DEBUG oslo.service.backend._threading.loopingcall [None req-1340ab5f-42e9-4df2-a286-043330ee409e None None] Dynamic interval looping call 'nova.service.Service.periodic_tasks' sleeping for 60.00 seconds {{(pid=93378) _run_loop /opt/stack/data/venv/lib/python3.12/site-packages/oslo_service/backend/_threading/loopingcall.py:125}}
Jul 10 11:33:58.299958 np0000004997 nova-scheduler[93380]: DEBUG oslo.service.backend._threading.loopingcall [None req-b1aee996-4224-44f3-9237-3da19689321e None None] Dynamic interval looping call 'nova.service.Service.periodic_tasks' sleeping for 60.00 seconds {{(pid=93380) _run_loop /opt/stack/data/venv/lib/python3.12/site-packages/oslo_service/backend/_threading/loopingcall.py:125}}
Jul 10 11:34:02.602801 np0000004997 nova-scheduler[93378]: DEBUG nova.scheduler.manager [None req-03376e11-bd7a-4217-a971-9806ad488572 tempest-ServerBootFromVolumeStableRescueTest-1777077347 tempest-ServerBootFromVolumeStableRescueTest-1777077347-project-member] Starting to schedule for instances: ['9412265a-7e6e-4822-903a-3cc4f843aa56'] {{(pid=93378) select_destinations /opt/stack/nova/nova/scheduler/manager.py:209}}
Jul 10 11:34:02.603700 np0000004997 nova-scheduler[93378]: DEBUG nova.scheduler.request_filter [None req-03376e11-bd7a-4217-a971-9806ad488572 tempest-ServerBootFromVolumeStableRescueTest-1777077347 tempest-ServerBootFromVolumeStableRescueTest-1777077347-project-member] compute_status_filter request filter added forbidden trait COMPUTE_STATUS_DISABLED {{(pid=93378) compute_status_filter /opt/stack/nova/nova/scheduler/request_filter.py:253}}
Jul 10 11:34:02.603881 np0000004997 nova-scheduler[93378]: DEBUG nova.scheduler.request_filter [None req-03376e11-bd7a-4217-a971-9806ad488572 tempest-ServerBootFromVolumeStableRescueTest-1777077347 tempest-ServerBootFromVolumeStableRescueTest-1777077347-project-member] Request filter 'compute_status_filter' took 0.0 seconds {{(pid=93378) wrapper /opt/stack/nova/nova/scheduler/request_filter.py:46}}
Jul 10 11:34:02.604171 np0000004997 nova-scheduler[93378]: DEBUG nova.scheduler.request_filter [None req-03376e11-bd7a-4217-a971-9806ad488572 tempest-ServerBootFromVolumeStableRescueTest-1777077347 tempest-ServerBootFromVolumeStableRescueTest-1777077347-project-member] Request filter 'accelerators_filter' took 0.0 seconds {{(pid=93378) wrapper /opt/stack/nova/nova/scheduler/request_filter.py:46}}
Jul 10 11:34:02.604732 np0000004997 nova-scheduler[93378]: DEBUG nova.scheduler.request_filter [None req-03376e11-bd7a-4217-a971-9806ad488572 tempest-ServerBootFromVolumeStableRescueTest-1777077347 tempest-ServerBootFromVolumeStableRescueTest-1777077347-project-member] Request filter 'packed_virtqueue_filter' took 0.0 seconds {{(pid=93378) wrapper /opt/stack/nova/nova/scheduler/request_filter.py:46}}
Jul 10 11:34:02.604810 np0000004997 nova-scheduler[93378]: DEBUG nova.scheduler.request_filter [None req-03376e11-bd7a-4217-a971-9806ad488572 tempest-ServerBootFromVolumeStableRescueTest-1777077347 tempest-ServerBootFromVolumeStableRescueTest-1777077347-project-member] Request filter 'remote_managed_ports_filter' took 0.0 seconds {{(pid=93378) wrapper /opt/stack/nova/nova/scheduler/request_filter.py:46}}
Jul 10 11:34:02.605042 np0000004997 nova-scheduler[93378]: DEBUG nova.scheduler.request_filter [None req-03376e11-bd7a-4217-a971-9806ad488572 tempest-ServerBootFromVolumeStableRescueTest-1777077347 tempest-ServerBootFromVolumeStableRescueTest-1777077347-project-member] ephemeral_encryption_filter skipped {{(pid=93378) ephemeral_encryption_filter /opt/stack/nova/nova/scheduler/request_filter.py:426}}
Jul 10 11:34:02.605108 np0000004997 nova-scheduler[93382]: DEBUG nova.scheduler.manager [None req-611b22a2-0d46-420e-8bc7-e039f59d66ea tempest-DeleteServersTestJSON-1519269283 tempest-DeleteServersTestJSON-1519269283-project-member] Starting to schedule for instances: ['b7b4e13a-d623-4ea6-bf9f-043ced3dbe64'] {{(pid=93382) select_destinations /opt/stack/nova/nova/scheduler/manager.py:209}}
Jul 10 11:34:02.605505 np0000004997 nova-scheduler[93378]: DEBUG nova.scheduler.request_filter [None req-03376e11-bd7a-4217-a971-9806ad488572 tempest-ServerBootFromVolumeStableRescueTest-1777077347 tempest-ServerBootFromVolumeStableRescueTest-1777077347-project-member] virtio_sound_filter skipped {{(pid=93378) virtio_sound_filter /opt/stack/nova/nova/scheduler/request_filter.py:460}}
Jul 10 11:34:02.605505 np0000004997 nova-scheduler[93378]: DEBUG nova.scheduler.request_filter [None req-03376e11-bd7a-4217-a971-9806ad488572 tempest-ServerBootFromVolumeStableRescueTest-1777077347 tempest-ServerBootFromVolumeStableRescueTest-1777077347-project-member] tpm_secret_security_filter skipped {{(pid=93378) tpm_secret_security_filter /opt/stack/nova/nova/scheduler/request_filter.py:477}}
Jul 10 11:34:02.605876 np0000004997 nova-scheduler[93382]: DEBUG nova.scheduler.request_filter [None req-611b22a2-0d46-420e-8bc7-e039f59d66ea tempest-DeleteServersTestJSON-1519269283 tempest-DeleteServersTestJSON-1519269283-project-member] compute_status_filter request filter added forbidden trait COMPUTE_STATUS_DISABLED {{(pid=93382) compute_status_filter /opt/stack/nova/nova/scheduler/request_filter.py:253}}
Jul 10 11:34:02.605969 np0000004997 nova-scheduler[93382]: DEBUG nova.scheduler.request_filter [None req-611b22a2-0d46-420e-8bc7-e039f59d66ea tempest-DeleteServersTestJSON-1519269283 tempest-DeleteServersTestJSON-1519269283-project-member] Request filter 'compute_status_filter' took 0.0 seconds {{(pid=93382) wrapper /opt/stack/nova/nova/scheduler/request_filter.py:46}}
Jul 10 11:34:02.606194 np0000004997 nova-scheduler[93382]: DEBUG nova.scheduler.request_filter [None req-611b22a2-0d46-420e-8bc7-e039f59d66ea tempest-DeleteServersTestJSON-1519269283 tempest-DeleteServersTestJSON-1519269283-project-member] Request filter 'accelerators_filter' took 0.0 seconds {{(pid=93382) wrapper /opt/stack/nova/nova/scheduler/request_filter.py:46}}
Jul 10 11:34:02.606379 np0000004997 nova-scheduler[93382]: DEBUG nova.scheduler.request_filter [None req-611b22a2-0d46-420e-8bc7-e039f59d66ea tempest-DeleteServersTestJSON-1519269283 tempest-DeleteServersTestJSON-1519269283-project-member] Request filter 'packed_virtqueue_filter' took 0.0 seconds {{(pid=93382) wrapper /opt/stack/nova/nova/scheduler/request_filter.py:46}}
Jul 10 11:34:02.606972 np0000004997 nova-scheduler[93382]: DEBUG nova.scheduler.request_filter [None req-611b22a2-0d46-420e-8bc7-e039f59d66ea tempest-DeleteServersTestJSON-1519269283 tempest-DeleteServersTestJSON-1519269283-project-member] Request filter 'remote_managed_ports_filter' took 0.0 seconds {{(pid=93382) wrapper /opt/stack/nova/nova/scheduler/request_filter.py:46}}
Jul 10 11:34:02.607205 np0000004997 nova-scheduler[93382]: DEBUG nova.scheduler.request_filter [None req-611b22a2-0d46-420e-8bc7-e039f59d66ea tempest-DeleteServersTestJSON-1519269283 tempest-DeleteServersTestJSON-1519269283-project-member] ephemeral_encryption_filter skipped {{(pid=93382) ephemeral_encryption_filter /opt/stack/nova/nova/scheduler/request_filter.py:426}}
Jul 10 11:34:02.607363 np0000004997 nova-scheduler[93382]: DEBUG nova.scheduler.request_filter [None req-611b22a2-0d46-420e-8bc7-e039f59d66ea tempest-DeleteServersTestJSON-1519269283 tempest-DeleteServersTestJSON-1519269283-project-member] virtio_sound_filter skipped {{(pid=93382) virtio_sound_filter /opt/stack/nova/nova/scheduler/request_filter.py:460}}
Jul 10 11:34:02.607501 np0000004997 nova-scheduler[93382]: DEBUG nova.scheduler.request_filter [None req-611b22a2-0d46-420e-8bc7-e039f59d66ea tempest-DeleteServersTestJSON-1519269283 tempest-DeleteServersTestJSON-1519269283-project-member] tpm_secret_security_filter skipped {{(pid=93382) tpm_secret_security_filter /opt/stack/nova/nova/scheduler/request_filter.py:477}}
Jul 10 11:34:03.092272 np0000004997 nova-scheduler[93378]: INFO nova.utils [None req-03376e11-bd7a-4217-a971-9806ad488572 tempest-ServerBootFromVolumeStableRescueTest-1777077347 tempest-ServerBootFromVolumeStableRescueTest-1777077347-project-member] The cell worker thread pool ForkProcess-1.cell_worker is initialized
Jul 10 11:34:03.092272 np0000004997 nova-scheduler[93378]: DEBUG oslo_concurrency.lockutils [None req-03376e11-bd7a-4217-a971-9806ad488572 tempest-ServerBootFromVolumeStableRescueTest-1777077347 tempest-ServerBootFromVolumeStableRescueTest-1777077347-project-member] Acquiring lock "d708d15f-a8c9-46b4-a1fd-c0599c504329" by "nova.context.set_target_cell..get_or_set_cached_cell_and_set_connections" {{(pid=93378) inner /opt/stack/data/venv/lib/python3.12/site-packages/oslo_concurrency/lockutils.py:511}}
Jul 10 11:34:03.092272 np0000004997 nova-scheduler[93378]: DEBUG oslo_concurrency.lockutils [None req-03376e11-bd7a-4217-a971-9806ad488572 tempest-ServerBootFromVolumeStableRescueTest-1777077347 tempest-ServerBootFromVolumeStableRescueTest-1777077347-project-member] Lock "d708d15f-a8c9-46b4-a1fd-c0599c504329" acquired by "nova.context.set_target_cell..get_or_set_cached_cell_and_set_connections" :: waited 0.000s {{(pid=93378) inner /opt/stack/data/venv/lib/python3.12/site-packages/oslo_concurrency/lockutils.py:524}}
Jul 10 11:34:03.094813 np0000004997 nova-scheduler[93378]: DEBUG oslo_concurrency.lockutils [None req-03376e11-bd7a-4217-a971-9806ad488572 tempest-ServerBootFromVolumeStableRescueTest-1777077347 tempest-ServerBootFromVolumeStableRescueTest-1777077347-project-member] Lock "d708d15f-a8c9-46b4-a1fd-c0599c504329" "released" by "nova.context.set_target_cell..get_or_set_cached_cell_and_set_connections" :: held 0.001s {{(pid=93378) inner /opt/stack/data/venv/lib/python3.12/site-packages/oslo_concurrency/lockutils.py:543}}
Jul 10 11:34:03.097456 np0000004997 nova-scheduler[93378]: INFO dbcounter [None req-03376e11-bd7a-4217-a971-9806ad488572 tempest-ServerBootFromVolumeStableRescueTest-1777077347 tempest-ServerBootFromVolumeStableRescueTest-1777077347-project-member] Registered counter for database nova_cell1
Jul 10 11:34:03.132776 np0000004997 nova-scheduler[93378]: DEBUG oslo_db.sqlalchemy.engines [None req-03376e11-bd7a-4217-a971-9806ad488572 tempest-ServerBootFromVolumeStableRescueTest-1777077347 tempest-ServerBootFromVolumeStableRescueTest-1777077347-project-member] MySQL server mode set to STRICT_TRANS_TABLES,STRICT_ALL_TABLES,NO_ZERO_IN_DATE,NO_ZERO_DATE,ERROR_FOR_DIVISION_BY_ZERO,TRADITIONAL,NO_ENGINE_SUBSTITUTION {{(pid=93378) _check_effective_sql_mode /opt/stack/data/venv/lib/python3.12/site-packages/oslo_db/sqlalchemy/engines.py:325}}
Jul 10 11:34:03.139716 np0000004997 nova-scheduler[93378]: DEBUG dbcounter [-] [93378] Writer thread running {{(pid=93378) stat_writer /opt/stack/data/venv/lib/python3.12/site-packages/dbcounter.py:102}}
Jul 10 11:34:03.165344 np0000004997 nova-scheduler[93378]: DEBUG oslo_db.sqlalchemy.engines [None req-03376e11-bd7a-4217-a971-9806ad488572 tempest-ServerBootFromVolumeStableRescueTest-1777077347 tempest-ServerBootFromVolumeStableRescueTest-1777077347-project-member] Parent process 92183 forked (93378) with an open database connection, which is being discarded and recreated. {{(pid=93378) checkout /opt/stack/data/venv/lib/python3.12/site-packages/oslo_db/sqlalchemy/engines.py:402}}
Jul 10 11:34:03.218716 np0000004997 nova-scheduler[93378]: DEBUG dbcounter [-] [93378] Writer thread running {{(pid=93378) stat_writer /opt/stack/data/venv/lib/python3.12/site-packages/dbcounter.py:102}}
Jul 10 11:34:03.234934 np0000004997 nova-scheduler[93378]: DEBUG oslo_concurrency.lockutils [None req-03376e11-bd7a-4217-a971-9806ad488572 tempest-ServerBootFromVolumeStableRescueTest-1777077347 tempest-ServerBootFromVolumeStableRescueTest-1777077347-project-member] Acquiring lock "d708d15f-a8c9-46b4-a1fd-c0599c504329" by "nova.context.set_target_cell..get_or_set_cached_cell_and_set_connections" {{(pid=93378) inner /opt/stack/data/venv/lib/python3.12/site-packages/oslo_concurrency/lockutils.py:511}}
Jul 10 11:34:03.235283 np0000004997 nova-scheduler[93378]: DEBUG oslo_concurrency.lockutils [None req-03376e11-bd7a-4217-a971-9806ad488572 tempest-ServerBootFromVolumeStableRescueTest-1777077347 tempest-ServerBootFromVolumeStableRescueTest-1777077347-project-member] Lock "d708d15f-a8c9-46b4-a1fd-c0599c504329" acquired by "nova.context.set_target_cell..get_or_set_cached_cell_and_set_connections" :: waited 0.000s {{(pid=93378) inner /opt/stack/data/venv/lib/python3.12/site-packages/oslo_concurrency/lockutils.py:524}}
Jul 10 11:34:03.235454 np0000004997 nova-scheduler[93378]: DEBUG oslo_concurrency.lockutils [None req-03376e11-bd7a-4217-a971-9806ad488572 tempest-ServerBootFromVolumeStableRescueTest-1777077347 tempest-ServerBootFromVolumeStableRescueTest-1777077347-project-member] Lock "d708d15f-a8c9-46b4-a1fd-c0599c504329" "released" by "nova.context.set_target_cell..get_or_set_cached_cell_and_set_connections" :: held 0.000s {{(pid=93378) inner /opt/stack/data/venv/lib/python3.12/site-packages/oslo_concurrency/lockutils.py:543}}
Jul 10 11:34:03.244414 np0000004997 nova-scheduler[93378]: DEBUG oslo_concurrency.lockutils [None req-03376e11-bd7a-4217-a971-9806ad488572 tempest-ServerBootFromVolumeStableRescueTest-1777077347 tempest-ServerBootFromVolumeStableRescueTest-1777077347-project-member] Acquiring lock "np0000004997-np0000004997" by "nova.scheduler.host_manager.HostState.update.._locked_update" {{(pid=93378) inner /opt/stack/data/venv/lib/python3.12/site-packages/oslo_concurrency/lockutils.py:511}}
Jul 10 11:34:03.244654 np0000004997 nova-scheduler[93378]: DEBUG oslo_concurrency.lockutils [None req-03376e11-bd7a-4217-a971-9806ad488572 tempest-ServerBootFromVolumeStableRescueTest-1777077347 tempest-ServerBootFromVolumeStableRescueTest-1777077347-project-member] Lock "np0000004997-np0000004997" acquired by "nova.scheduler.host_manager.HostState.update.._locked_update" :: waited 0.000s {{(pid=93378) inner /opt/stack/data/venv/lib/python3.12/site-packages/oslo_concurrency/lockutils.py:524}}
Jul 10 11:34:03.246230 np0000004997 nova-scheduler[93378]: DEBUG nova.scheduler.host_manager [None req-03376e11-bd7a-4217-a971-9806ad488572 tempest-ServerBootFromVolumeStableRescueTest-1777077347 tempest-ServerBootFromVolumeStableRescueTest-1777077347-project-member] Update host state from compute node: ComputeNode(cpu_allocation_ratio=4.0,cpu_info='{"arch": "x86_64", "model": "EPYC-Milan", "vendor": "AMD", "topology": {"cells": 1, "sockets": 16, "cores": 1, "threads": 1}, "maxphysaddr": {"mode": "emulate", "bits": 40}, "features": ["rdseed", "tsc-deadline", "pschange-mc-no", "x2apic", "fsgsbase", "mca", "wbnoinvd", "fxsr", "lbrv", "avx2", "ssbd", "vgif", "stibp", "lm", "pae", "clflush", "vme", "lahf_lm", "svme-addr-chk", "cmp_legacy", "skip-l1dfl-vmentry", "mmx", "pse", "spec-ctrl", "ibrs", "topoext", "no-nested-data-bp", "arch-capabilities", "tsc-scale", "xsave", "tsc", "vpclmulqdq", "xsavec", "sep", "amd-psfd", "adx", "gds-no", "popcnt", "mtrr", "bmi2", "null-sel-clr-base", "perfctr_core", "pfthreshold", "virt-ssbd", "flushbyasid", "pcid", "svm", "smep", "de", "sse4.2", "cx8", "apic", "pse36", "pdpe1gb", "xsaveopt", "rdtscp", "stibp-always-on", "rdctl-no", "amd-ssbd", "clwb", "nrip-save", "syscall", "fxsr_opt", "erms", "sse", "cr8legacy", "bmi1", "pku", "mmxext", "mce", "nx", "pat", "rdrand", "umip", "pclmuldq", "sse4a", "invpcid", "arat", "npt", "fpu", "vaes", "fsrm", "smap", "msr", "hypervisor", "tsc_adjust", "xgetbv1", "lfence-always-serializing", "abm", "movbe", "vmcb-clean", "clflushopt", "avx", "ssse3", "clzero", "f16c", "aes", "cmov", "amd-stibp", "cx16", "xsaves", "pause-filter", "pge", "ibpb", "sse4.1", "rdpid", "misalignsse", "v-vmsave-vmload", "xsaveerptr", "3dnowprefetch", "mds-no", "fma", "osvw", "sse2", "sha-ni", "pni"]}',created_at=2026-07-10T11:31:55Z,current_workload=0,deleted=False,deleted_at=None,disk_allocation_ratio=1.0,disk_available_least=73,free_disk_gb=95,free_ram_mb=62765,host='np0000004997',host_ip=10.4.3.131,hypervisor_hostname='np0000004997',hypervisor_type='QEMU',hypervisor_version=8002002,id=1,local_gb=95,local_gb_used=0,mapped=1,memory_mb=63277,memory_mb_used=512,metrics='[]',numa_topology='{"nova_object.name": "NUMATopology", "nova_object.namespace": "nova", "nova_object.version": "1.2", "nova_object.data": {"cells": [{"nova_object.name": "NUMACell", "nova_object.namespace": "nova", "nova_object.version": "1.5", "nova_object.data": {"id": 0, "cpuset": [0, 1, 2, 3, 4, 5, 6, 7, 8, 9, 10, 11, 12, 13, 14, 15], "pcpuset": [0, 1, 2, 3, 4, 5, 6, 7, 8, 9, 10, 11, 12, 13, 14, 15], "memory": 63277, "cpu_usage": 0, "memory_usage": 0, "pinned_cpus": [], "siblings": [[6], [12], [2], [15], [5], [11], [8], [14], [4], [1], [7], [10], [0], [13], [3], [9]], "mempages": [{"nova_object.name": "NUMAPagesTopology", "nova_object.namespace": "nova", "nova_object.version": "1.1", "nova_object.data": {"size_kb": 4, "total": 16177929, "used": 0, "reserved": 0}, "nova_object.changes": ["size_kb", "used", "total", "reserved"]}, {"nova_object.name": "NUMAPagesTopology", "nova_object.namespace": "nova", "nova_object.version": "1.1", "nova_object.data": {"size_kb": 2048, "total": 41, "used": 0, "reserved": 0}, "nova_object.changes": ["size_kb", "used", "total", "reserved"]}, {"nova_object.name": "NUMAPagesTopology", "nova_object.namespace": "nova", "nova_object.version": "1.1", "nova_object.data": {"size_kb": 1048576, "total": 0, "used": 0, "reserved": 0}, "nova_object.changes": ["size_kb", "used", "total", "reserved"]}], "network_metadata": {"nova_object.name": "NetworkMetadata", "nova_object.namespace": "nova", "nova_object.version": "1.0", "nova_object.data": {"physnets": [], "tunneled": false}, "nova_object.changes": ["tunneled", "physnets"]}, "socket": null}, "nova_object.changes": ["network_metadata", "memory", "cpuset", "mempages", "pcpuset", "socket", "memory_usage", "id", "cpu_usage", "pinned_cpus", "siblings"]}]}, "nova_object.changes": ["cells"]}',pci_device_pools=PciDevicePoolList,ram_allocation_ratio=1.0,running_vms=0,service_id=3,stats={failed_builds='0',uptime=' 11:33:39 up 14 min, 2 users, load average: 2.13, 1.70, 0.96
Jul 10 11:34:03.246230 np0000004997 nova-scheduler[93378]: '},supported_hv_specs=[HVSpec,HVSpec,HVSpec,HVSpec,HVSpec,HVSpec,HVSpec,HVSpec,HVSpec,HVSpec,HVSpec,HVSpec,HVSpec,HVSpec,HVSpec,HVSpec,HVSpec,HVSpec,HVSpec,HVSpec,HVSpec,HVSpec,HVSpec,HVSpec,HVSpec],updated_at=2026-07-10T11:33:41Z,uuid=d2ff220f-7db7-4647-8a27-036e8f88eecc,vcpus=16,vcpus_used=0) {{(pid=93378) _locked_update /opt/stack/nova/nova/scheduler/host_manager.py:168}}
Jul 10 11:34:03.248026 np0000004997 nova-scheduler[93378]: DEBUG nova.scheduler.host_manager [None req-03376e11-bd7a-4217-a971-9806ad488572 tempest-ServerBootFromVolumeStableRescueTest-1777077347 tempest-ServerBootFromVolumeStableRescueTest-1777077347-project-member] Update host state with aggregates: [] {{(pid=93378) _locked_update /opt/stack/nova/nova/scheduler/host_manager.py:171}}
Jul 10 11:34:03.249025 np0000004997 nova-scheduler[93378]: DEBUG nova.scheduler.host_manager [None req-03376e11-bd7a-4217-a971-9806ad488572 tempest-ServerBootFromVolumeStableRescueTest-1777077347 tempest-ServerBootFromVolumeStableRescueTest-1777077347-project-member] Update host state with service dict: {'id': 3, 'uuid': '7136ed85-5b59-4326-a954-d37d34a1ec6c', 'host': 'np0000004997', 'binary': 'nova-compute', 'topic': 'compute', 'report_count': 1, 'disabled': False, 'disabled_reason': None, 'last_seen_up': datetime.datetime(2026, 7, 10, 11, 32, 4, tzinfo=datetime.timezone.utc), 'forced_down': False, 'version': 72, 'created_at': datetime.datetime(2026, 7, 10, 11, 31, 54, tzinfo=datetime.timezone.utc), 'updated_at': datetime.datetime(2026, 7, 10, 11, 32, 4, tzinfo=datetime.timezone.utc), 'deleted_at': None, 'deleted': False} {{(pid=93378) _locked_update /opt/stack/nova/nova/scheduler/host_manager.py:174}}
Jul 10 11:34:03.249201 np0000004997 nova-scheduler[93378]: DEBUG nova.scheduler.host_manager [None req-03376e11-bd7a-4217-a971-9806ad488572 tempest-ServerBootFromVolumeStableRescueTest-1777077347 tempest-ServerBootFromVolumeStableRescueTest-1777077347-project-member] Update host state with instances: [] {{(pid=93378) _locked_update /opt/stack/nova/nova/scheduler/host_manager.py:177}}
Jul 10 11:34:03.249361 np0000004997 nova-scheduler[93378]: DEBUG oslo_concurrency.lockutils [None req-03376e11-bd7a-4217-a971-9806ad488572 tempest-ServerBootFromVolumeStableRescueTest-1777077347 tempest-ServerBootFromVolumeStableRescueTest-1777077347-project-member] Lock "np0000004997-np0000004997" "released" by "nova.scheduler.host_manager.HostState.update.._locked_update" :: held 0.005s {{(pid=93378) inner /opt/stack/data/venv/lib/python3.12/site-packages/oslo_concurrency/lockutils.py:543}}
Jul 10 11:34:03.251469 np0000004997 nova-scheduler[93378]: DEBUG nova.filters [None req-03376e11-bd7a-4217-a971-9806ad488572 tempest-ServerBootFromVolumeStableRescueTest-1777077347 tempest-ServerBootFromVolumeStableRescueTest-1777077347-project-member] Starting with 1 host(s) {{(pid=93378) get_filtered_objects /opt/stack/nova/nova/filters.py:70}}
Jul 10 11:34:03.251835 np0000004997 nova-scheduler[93378]: DEBUG nova.filters [None req-03376e11-bd7a-4217-a971-9806ad488572 tempest-ServerBootFromVolumeStableRescueTest-1777077347 tempest-ServerBootFromVolumeStableRescueTest-1777077347-project-member] Filter ComputeFilter returned 1 host(s) {{(pid=93378) get_filtered_objects /opt/stack/nova/nova/filters.py:102}}
Jul 10 11:34:03.251948 np0000004997 nova-scheduler[93378]: DEBUG nova.filters [None req-03376e11-bd7a-4217-a971-9806ad488572 tempest-ServerBootFromVolumeStableRescueTest-1777077347 tempest-ServerBootFromVolumeStableRescueTest-1777077347-project-member] Filter ComputeCapabilitiesFilter returned 1 host(s) {{(pid=93378) get_filtered_objects /opt/stack/nova/nova/filters.py:102}}
Jul 10 11:34:03.252237 np0000004997 nova-scheduler[93378]: DEBUG nova.filters [None req-03376e11-bd7a-4217-a971-9806ad488572 tempest-ServerBootFromVolumeStableRescueTest-1777077347 tempest-ServerBootFromVolumeStableRescueTest-1777077347-project-member] Filter ImagePropertiesFilter returned 1 host(s) {{(pid=93378) get_filtered_objects /opt/stack/nova/nova/filters.py:102}}
Jul 10 11:34:03.252379 np0000004997 nova-scheduler[93378]: DEBUG nova.filters [None req-03376e11-bd7a-4217-a971-9806ad488572 tempest-ServerBootFromVolumeStableRescueTest-1777077347 tempest-ServerBootFromVolumeStableRescueTest-1777077347-project-member] Filter ServerGroupAntiAffinityFilter returned 1 host(s) {{(pid=93378) get_filtered_objects /opt/stack/nova/nova/filters.py:102}}
Jul 10 11:34:03.252505 np0000004997 nova-scheduler[93378]: DEBUG nova.filters [None req-03376e11-bd7a-4217-a971-9806ad488572 tempest-ServerBootFromVolumeStableRescueTest-1777077347 tempest-ServerBootFromVolumeStableRescueTest-1777077347-project-member] Filter ServerGroupAffinityFilter returned 1 host(s) {{(pid=93378) get_filtered_objects /opt/stack/nova/nova/filters.py:102}}
Jul 10 11:34:03.252643 np0000004997 nova-scheduler[93378]: DEBUG nova.filters [None req-03376e11-bd7a-4217-a971-9806ad488572 tempest-ServerBootFromVolumeStableRescueTest-1777077347 tempest-ServerBootFromVolumeStableRescueTest-1777077347-project-member] Filter SameHostFilter returned 1 host(s) {{(pid=93378) get_filtered_objects /opt/stack/nova/nova/filters.py:102}}
Jul 10 11:34:03.252891 np0000004997 nova-scheduler[93378]: DEBUG nova.filters [None req-03376e11-bd7a-4217-a971-9806ad488572 tempest-ServerBootFromVolumeStableRescueTest-1777077347 tempest-ServerBootFromVolumeStableRescueTest-1777077347-project-member] Filter DifferentHostFilter returned 1 host(s) {{(pid=93378) get_filtered_objects /opt/stack/nova/nova/filters.py:102}}
Jul 10 11:34:03.253556 np0000004997 nova-scheduler[93378]: DEBUG nova.scheduler.manager [None req-03376e11-bd7a-4217-a971-9806ad488572 tempest-ServerBootFromVolumeStableRescueTest-1777077347 tempest-ServerBootFromVolumeStableRescueTest-1777077347-project-member] Filtered [(np0000004997, np0000004997) ram: 62765MB disk: 74752MB io_ops: 0 instances: 0, allocation_candidates: 1] {{(pid=93378) _get_sorted_hosts /opt/stack/nova/nova/scheduler/manager.py:742}}
Jul 10 11:34:03.253556 np0000004997 nova-scheduler[93378]: DEBUG nova.scheduler.manager [None req-03376e11-bd7a-4217-a971-9806ad488572 tempest-ServerBootFromVolumeStableRescueTest-1777077347 tempest-ServerBootFromVolumeStableRescueTest-1777077347-project-member] Weighed [WeighedHost [host: (np0000004997, np0000004997) ram: 62765MB disk: 74752MB io_ops: 0 instances: 0, allocation_candidates: 1, weight: 0.0]] {{(pid=93378) _get_sorted_hosts /opt/stack/nova/nova/scheduler/manager.py:764}}
Jul 10 11:34:03.253787 np0000004997 nova-scheduler[93378]: DEBUG nova.scheduler.utils [None req-03376e11-bd7a-4217-a971-9806ad488572 tempest-ServerBootFromVolumeStableRescueTest-1777077347 tempest-ServerBootFromVolumeStableRescueTest-1777077347-project-member] Attempting to claim resources in the placement API for instance 9412265a-7e6e-4822-903a-3cc4f843aa56 {{(pid=93378) claim_resources /opt/stack/nova/nova/scheduler/utils.py:1345}}
Jul 10 11:34:03.298738 np0000004997 nova-scheduler[93380]: DEBUG nova.scheduler.manager [None req-06e214e4-3360-4df3-a883-43f5bc213b79 tempest-ServerActionsTestOtherA-955318471 tempest-ServerActionsTestOtherA-955318471-project-member] Starting to schedule for instances: ['c4d602ba-f16c-4160-bc97-55fa51d370c8'] {{(pid=93380) select_destinations /opt/stack/nova/nova/scheduler/manager.py:209}}
Jul 10 11:34:03.299356 np0000004997 nova-scheduler[93380]: DEBUG nova.scheduler.request_filter [None req-06e214e4-3360-4df3-a883-43f5bc213b79 tempest-ServerActionsTestOtherA-955318471 tempest-ServerActionsTestOtherA-955318471-project-member] compute_status_filter request filter added forbidden trait COMPUTE_STATUS_DISABLED {{(pid=93380) compute_status_filter /opt/stack/nova/nova/scheduler/request_filter.py:253}}
Jul 10 11:34:03.299892 np0000004997 nova-scheduler[93380]: DEBUG nova.scheduler.request_filter [None req-06e214e4-3360-4df3-a883-43f5bc213b79 tempest-ServerActionsTestOtherA-955318471 tempest-ServerActionsTestOtherA-955318471-project-member] Request filter 'compute_status_filter' took 0.0 seconds {{(pid=93380) wrapper /opt/stack/nova/nova/scheduler/request_filter.py:46}}
Jul 10 11:34:03.300143 np0000004997 nova-scheduler[93380]: DEBUG nova.scheduler.request_filter [None req-06e214e4-3360-4df3-a883-43f5bc213b79 tempest-ServerActionsTestOtherA-955318471 tempest-ServerActionsTestOtherA-955318471-project-member] Request filter 'accelerators_filter' took 0.0 seconds {{(pid=93380) wrapper /opt/stack/nova/nova/scheduler/request_filter.py:46}}
Jul 10 11:34:03.300466 np0000004997 nova-scheduler[93380]: DEBUG nova.scheduler.request_filter [None req-06e214e4-3360-4df3-a883-43f5bc213b79 tempest-ServerActionsTestOtherA-955318471 tempest-ServerActionsTestOtherA-955318471-project-member] Request filter 'packed_virtqueue_filter' took 0.0 seconds {{(pid=93380) wrapper /opt/stack/nova/nova/scheduler/request_filter.py:46}}
Jul 10 11:34:03.300846 np0000004997 nova-scheduler[93380]: DEBUG nova.scheduler.request_filter [None req-06e214e4-3360-4df3-a883-43f5bc213b79 tempest-ServerActionsTestOtherA-955318471 tempest-ServerActionsTestOtherA-955318471-project-member] Request filter 'remote_managed_ports_filter' took 0.0 seconds {{(pid=93380) wrapper /opt/stack/nova/nova/scheduler/request_filter.py:46}}
Jul 10 11:34:03.301036 np0000004997 nova-scheduler[93380]: DEBUG nova.scheduler.request_filter [None req-06e214e4-3360-4df3-a883-43f5bc213b79 tempest-ServerActionsTestOtherA-955318471 tempest-ServerActionsTestOtherA-955318471-project-member] ephemeral_encryption_filter skipped {{(pid=93380) ephemeral_encryption_filter /opt/stack/nova/nova/scheduler/request_filter.py:426}}
Jul 10 11:34:03.301252 np0000004997 nova-scheduler[93380]: DEBUG nova.scheduler.request_filter [None req-06e214e4-3360-4df3-a883-43f5bc213b79 tempest-ServerActionsTestOtherA-955318471 tempest-ServerActionsTestOtherA-955318471-project-member] virtio_sound_filter skipped {{(pid=93380) virtio_sound_filter /opt/stack/nova/nova/scheduler/request_filter.py:460}}
