Jul 04 20:09:21.742741 np0000004517 nova-scheduler[93283]: DEBUG cotyledon.oslo_config_glue [-] oslo_limit.certfile = None {{(pid=93283) log_opt_values /opt/stack/data/venv/lib/python3.12/site-packages/oslo_config/cfg.py:3253}}
Jul 04 20:09:21.743061 np0000004517 nova-scheduler[93283]: DEBUG cotyledon.oslo_config_glue [-] oslo_limit.collect_timing = False {{(pid=93283) log_opt_values /opt/stack/data/venv/lib/python3.12/site-packages/oslo_config/cfg.py:3253}}
Jul 04 20:09:21.743061 np0000004517 nova-scheduler[93283]: DEBUG cotyledon.oslo_config_glue [-] oslo_limit.connect_retries = None {{(pid=93283) log_opt_values /opt/stack/data/venv/lib/python3.12/site-packages/oslo_config/cfg.py:3253}}
Jul 04 20:09:21.743061 np0000004517 nova-scheduler[93283]: DEBUG cotyledon.oslo_config_glue [-] oslo_limit.connect_retry_delay = None {{(pid=93283) log_opt_values /opt/stack/data/venv/lib/python3.12/site-packages/oslo_config/cfg.py:3253}}
Jul 04 20:09:21.743061 np0000004517 nova-scheduler[93283]: DEBUG cotyledon.oslo_config_glue [-] oslo_limit.endpoint_id = None {{(pid=93283) log_opt_values /opt/stack/data/venv/lib/python3.12/site-packages/oslo_config/cfg.py:3253}}
Jul 04 20:09:21.743061 np0000004517 nova-scheduler[93283]: DEBUG cotyledon.oslo_config_glue [-] oslo_limit.endpoint_interface = public {{(pid=93283) log_opt_values /opt/stack/data/venv/lib/python3.12/site-packages/oslo_config/cfg.py:3253}}
Jul 04 20:09:21.743061 np0000004517 nova-scheduler[93283]: DEBUG cotyledon.oslo_config_glue [-] oslo_limit.endpoint_override = None {{(pid=93283) log_opt_values /opt/stack/data/venv/lib/python3.12/site-packages/oslo_config/cfg.py:3253}}
Jul 04 20:09:21.743061 np0000004517 nova-scheduler[93283]: DEBUG cotyledon.oslo_config_glue [-] oslo_limit.endpoint_region_name = None {{(pid=93283) log_opt_values /opt/stack/data/venv/lib/python3.12/site-packages/oslo_config/cfg.py:3253}}
Jul 04 20:09:21.743061 np0000004517 nova-scheduler[93283]: DEBUG cotyledon.oslo_config_glue [-] oslo_limit.endpoint_service_name = None {{(pid=93283) log_opt_values /opt/stack/data/venv/lib/python3.12/site-packages/oslo_config/cfg.py:3253}}
Jul 04 20:09:21.743061 np0000004517 nova-scheduler[93283]: DEBUG cotyledon.oslo_config_glue [-] oslo_limit.endpoint_service_type = None {{(pid=93283) log_opt_values /opt/stack/data/venv/lib/python3.12/site-packages/oslo_config/cfg.py:3253}}
Jul 04 20:09:21.743227 np0000004517 nova-scheduler[93283]: DEBUG cotyledon.oslo_config_glue [-] oslo_limit.insecure = False {{(pid=93283) log_opt_values /opt/stack/data/venv/lib/python3.12/site-packages/oslo_config/cfg.py:3253}}
Jul 04 20:09:21.743227 np0000004517 nova-scheduler[93283]: DEBUG cotyledon.oslo_config_glue [-] oslo_limit.keyfile = None {{(pid=93283) log_opt_values /opt/stack/data/venv/lib/python3.12/site-packages/oslo_config/cfg.py:3253}}
Jul 04 20:09:21.743227 np0000004517 nova-scheduler[93283]: DEBUG cotyledon.oslo_config_glue [-] oslo_limit.max_version = None {{(pid=93283) log_opt_values /opt/stack/data/venv/lib/python3.12/site-packages/oslo_config/cfg.py:3253}}
Jul 04 20:09:21.743227 np0000004517 nova-scheduler[93283]: DEBUG cotyledon.oslo_config_glue [-] oslo_limit.min_version = None {{(pid=93283) log_opt_values /opt/stack/data/venv/lib/python3.12/site-packages/oslo_config/cfg.py:3253}}
Jul 04 20:09:21.743227 np0000004517 nova-scheduler[93283]: DEBUG cotyledon.oslo_config_glue [-] oslo_limit.region_name = None {{(pid=93283) log_opt_values /opt/stack/data/venv/lib/python3.12/site-packages/oslo_config/cfg.py:3253}}
Jul 04 20:09:21.743227 np0000004517 nova-scheduler[93283]: DEBUG cotyledon.oslo_config_glue [-] oslo_limit.retriable_status_codes = None {{(pid=93283) log_opt_values /opt/stack/data/venv/lib/python3.12/site-packages/oslo_config/cfg.py:3253}}
Jul 04 20:09:21.743227 np0000004517 nova-scheduler[93283]: DEBUG cotyledon.oslo_config_glue [-] oslo_limit.service_name = None {{(pid=93283) log_opt_values /opt/stack/data/venv/lib/python3.12/site-packages/oslo_config/cfg.py:3253}}
Jul 04 20:09:21.743227 np0000004517 nova-scheduler[93283]: DEBUG cotyledon.oslo_config_glue [-] oslo_limit.service_type = None {{(pid=93283) log_opt_values /opt/stack/data/venv/lib/python3.12/site-packages/oslo_config/cfg.py:3253}}
Jul 04 20:09:21.743227 np0000004517 nova-scheduler[93283]: DEBUG cotyledon.oslo_config_glue [-] oslo_limit.split_loggers = False {{(pid=93283) log_opt_values /opt/stack/data/venv/lib/python3.12/site-packages/oslo_config/cfg.py:3253}}
Jul 04 20:09:21.743411 np0000004517 nova-scheduler[93283]: DEBUG cotyledon.oslo_config_glue [-] oslo_limit.status_code_retries = None {{(pid=93283) log_opt_values /opt/stack/data/venv/lib/python3.12/site-packages/oslo_config/cfg.py:3253}}
Jul 04 20:09:21.743411 np0000004517 nova-scheduler[93283]: DEBUG cotyledon.oslo_config_glue [-] oslo_limit.status_code_retry_delay = None {{(pid=93283) log_opt_values /opt/stack/data/venv/lib/python3.12/site-packages/oslo_config/cfg.py:3253}}
Jul 04 20:09:21.743411 np0000004517 nova-scheduler[93283]: DEBUG cotyledon.oslo_config_glue [-] oslo_limit.timeout = None {{(pid=93283) log_opt_values /opt/stack/data/venv/lib/python3.12/site-packages/oslo_config/cfg.py:3253}}
Jul 04 20:09:21.743411 np0000004517 nova-scheduler[93283]: DEBUG cotyledon.oslo_config_glue [-] oslo_limit.valid_interfaces = None {{(pid=93283) log_opt_values /opt/stack/data/venv/lib/python3.12/site-packages/oslo_config/cfg.py:3253}}
Jul 04 20:09:21.743411 np0000004517 nova-scheduler[93283]: DEBUG cotyledon.oslo_config_glue [-] oslo_limit.version = None {{(pid=93283) log_opt_values /opt/stack/data/venv/lib/python3.12/site-packages/oslo_config/cfg.py:3253}}
Jul 04 20:09:21.743411 np0000004517 nova-scheduler[93283]: DEBUG cotyledon.oslo_config_glue [-] oslo_reports.file_event_handler = None {{(pid=93283) log_opt_values /opt/stack/data/venv/lib/python3.12/site-packages/oslo_config/cfg.py:3253}}
Jul 04 20:09:21.743411 np0000004517 nova-scheduler[93283]: DEBUG cotyledon.oslo_config_glue [-] oslo_reports.file_event_handler_interval = 1 {{(pid=93283) log_opt_values /opt/stack/data/venv/lib/python3.12/site-packages/oslo_config/cfg.py:3253}}
Jul 04 20:09:21.743411 np0000004517 nova-scheduler[93283]: DEBUG cotyledon.oslo_config_glue [-] oslo_reports.log_dir = None {{(pid=93283) log_opt_values /opt/stack/data/venv/lib/python3.12/site-packages/oslo_config/cfg.py:3253}}
Jul 04 20:09:21.743411 np0000004517 nova-scheduler[93283]: DEBUG cotyledon.oslo_config_glue [-] ******************************************************************************** {{(pid=93283) log_opt_values /opt/stack/data/venv/lib/python3.12/site-packages/oslo_config/cfg.py:3260}}
Jul 04 20:09:21.743574 np0000004517 nova-scheduler[93286]: INFO dbcounter [None req-4207f065-d0f4-48a7-96fc-648558d3634e None None] Registered counter for database nova_cell0
Jul 04 20:09:21.746892 np0000004517 nova-scheduler[93283]: DEBUG cotyledon._service_worker [-] Run service ServiceWrapper(1) [93283] {{(pid=93283) wait_forever /opt/stack/data/venv/lib/python3.12/site-packages/cotyledon/_service_worker.py:218}}
Jul 04 20:09:21.748479 np0000004517 nova-scheduler[93283]: INFO nova.service [-] Starting scheduler node (version 33.1.0)
Jul 04 20:09:21.754405 np0000004517 nova-scheduler[93278]: DEBUG oslo_db.sqlalchemy.engines [None req-742c60b9-ed67-42b4-ab00-47526632ba9c None None] MySQL server mode set to STRICT_TRANS_TABLES,STRICT_ALL_TABLES,NO_ZERO_IN_DATE,NO_ZERO_DATE,ERROR_FOR_DIVISION_BY_ZERO,TRADITIONAL,NO_ENGINE_SUBSTITUTION {{(pid=93278) _check_effective_sql_mode /opt/stack/data/venv/lib/python3.12/site-packages/oslo_db/sqlalchemy/engines.py:325}}
Jul 04 20:09:21.754892 np0000004517 nova-scheduler[93283]: INFO dbcounter [None req-fb95b467-d265-4ec3-b503-693252b9fe85 None None] Registered counter for database nova_cell0
Jul 04 20:09:21.763600 np0000004517 nova-scheduler[93278]: DEBUG dbcounter [-] [93278] Writer thread running {{(pid=93278) stat_writer /opt/stack/data/venv/lib/python3.12/site-packages/dbcounter.py:102}}
Jul 04 20:09:21.791650 np0000004517 nova-scheduler[93286]: DEBUG oslo_db.sqlalchemy.engines [None req-4207f065-d0f4-48a7-96fc-648558d3634e None None] MySQL server mode set to STRICT_TRANS_TABLES,STRICT_ALL_TABLES,NO_ZERO_IN_DATE,NO_ZERO_DATE,ERROR_FOR_DIVISION_BY_ZERO,TRADITIONAL,NO_ENGINE_SUBSTITUTION {{(pid=93286) _check_effective_sql_mode /opt/stack/data/venv/lib/python3.12/site-packages/oslo_db/sqlalchemy/engines.py:325}}
Jul 04 20:09:21.792013 np0000004517 nova-scheduler[93278]: DEBUG nova.service [None req-742c60b9-ed67-42b4-ab00-47526632ba9c None None] Creating RPC server for service: nova-scheduler on topic: scheduler {{(pid=93278) start /opt/stack/nova/nova/service.py:196}}
Jul 04 20:09:21.804476 np0000004517 nova-scheduler[93286]: DEBUG dbcounter [-] [93286] Writer thread running {{(pid=93286) stat_writer /opt/stack/data/venv/lib/python3.12/site-packages/dbcounter.py:102}}
Jul 04 20:09:21.806693 np0000004517 nova-scheduler[93283]: DEBUG oslo_db.sqlalchemy.engines [None req-fb95b467-d265-4ec3-b503-693252b9fe85 None None] MySQL server mode set to STRICT_TRANS_TABLES,STRICT_ALL_TABLES,NO_ZERO_IN_DATE,NO_ZERO_DATE,ERROR_FOR_DIVISION_BY_ZERO,TRADITIONAL,NO_ENGINE_SUBSTITUTION {{(pid=93283) _check_effective_sql_mode /opt/stack/data/venv/lib/python3.12/site-packages/oslo_db/sqlalchemy/engines.py:325}}
Jul 04 20:09:21.807757 np0000004517 nova-scheduler[93286]: DEBUG nova.service [None req-4207f065-d0f4-48a7-96fc-648558d3634e None None] Creating RPC server for service: nova-scheduler on topic: scheduler {{(pid=93286) start /opt/stack/nova/nova/service.py:196}}
Jul 04 20:09:21.816999 np0000004517 nova-scheduler[93283]: DEBUG dbcounter [-] [93283] Writer thread running {{(pid=93283) stat_writer /opt/stack/data/venv/lib/python3.12/site-packages/dbcounter.py:102}}
Jul 04 20:09:21.820091 np0000004517 nova-scheduler[93283]: DEBUG nova.service [None req-fb95b467-d265-4ec3-b503-693252b9fe85 None None] Creating RPC server for service: nova-scheduler on topic: scheduler {{(pid=93283) start /opt/stack/nova/nova/service.py:196}}
Jul 04 20:09:21.821573 np0000004517 nova-scheduler[93278]: DEBUG nova.service [None req-742c60b9-ed67-42b4-ab00-47526632ba9c None None] Join ServiceGroup membership for this service scheduler {{(pid=93278) start /opt/stack/nova/nova/service.py:222}}
Jul 04 20:09:21.821785 np0000004517 nova-scheduler[93278]: DEBUG nova.servicegroup.drivers.db [None req-742c60b9-ed67-42b4-ab00-47526632ba9c None None] DB_Driver: join new ServiceGroup member np0000004517 to the scheduler group, service = {{(pid=93278) join /opt/stack/nova/nova/servicegroup/drivers/db.py:44}}
Jul 04 20:09:21.830834 np0000004517 nova-scheduler[93286]: DEBUG nova.service [None req-4207f065-d0f4-48a7-96fc-648558d3634e None None] Join ServiceGroup membership for this service scheduler {{(pid=93286) start /opt/stack/nova/nova/service.py:222}}
Jul 04 20:09:21.833603 np0000004517 nova-scheduler[93286]: DEBUG nova.servicegroup.drivers.db [None req-4207f065-d0f4-48a7-96fc-648558d3634e None None] DB_Driver: join new ServiceGroup member np0000004517 to the scheduler group, service = {{(pid=93286) join /opt/stack/nova/nova/servicegroup/drivers/db.py:44}}
Jul 04 20:09:21.838786 np0000004517 nova-scheduler[93283]: DEBUG nova.service [None req-fb95b467-d265-4ec3-b503-693252b9fe85 None None] Join ServiceGroup membership for this service scheduler {{(pid=93283) start /opt/stack/nova/nova/service.py:222}}
Jul 04 20:09:21.839030 np0000004517 nova-scheduler[93283]: DEBUG nova.servicegroup.drivers.db [None req-fb95b467-d265-4ec3-b503-693252b9fe85 None None] DB_Driver: join new ServiceGroup member np0000004517 to the scheduler group, service = {{(pid=93283) join /opt/stack/nova/nova/servicegroup/drivers/db.py:44}}
Jul 04 20:09:23.840979 np0000004517 nova-scheduler[93283]: DEBUG oslo.service.backend._threading.loopingcall [None req-f962b39b-018c-44fc-bed2-de2d93290027 None None] Dynamic interval looping call 'nova.service.Service.periodic_tasks' sleeping for 60.00 seconds {{(pid=93283) _run_loop /opt/stack/data/venv/lib/python3.12/site-packages/oslo_service/backend/_threading/loopingcall.py:125}}
Jul 04 20:09:26.839618 np0000004517 nova-scheduler[93278]: DEBUG oslo.service.backend._threading.loopingcall [-] Fixed interval looping call 'nova.servicegroup.drivers.db.DbDriver._report_state' sleeping for 119.98 seconds {{(pid=93278) _run_loop /opt/stack/data/venv/lib/python3.12/site-packages/oslo_service/backend/_threading/loopingcall.py:125}}
Jul 04 20:09:26.844525 np0000004517 nova-scheduler[93286]: DEBUG oslo.service.backend._threading.loopingcall [-] Fixed interval looping call 'nova.servicegroup.drivers.db.DbDriver._report_state' sleeping for 119.99 seconds {{(pid=93286) _run_loop /opt/stack/data/venv/lib/python3.12/site-packages/oslo_service/backend/_threading/loopingcall.py:125}}
Jul 04 20:09:26.854486 np0000004517 nova-scheduler[93283]: DEBUG oslo.service.backend._threading.loopingcall [-] Fixed interval looping call 'nova.servicegroup.drivers.db.DbDriver._report_state' sleeping for 119.99 seconds {{(pid=93283) _run_loop /opt/stack/data/venv/lib/python3.12/site-packages/oslo_service/backend/_threading/loopingcall.py:125}}
Jul 04 20:09:30.396031 np0000004517 nova-scheduler[92079]: DEBUG dbcounter [-] [92079] Writing DB stats nova_api:SELECT=3 {{(pid=92079) stat_writer /opt/stack/data/venv/lib/python3.12/site-packages/dbcounter.py:115}}
Jul 04 20:09:30.521141 np0000004517 nova-scheduler[92079]: DEBUG dbcounter [-] [92079] Writing DB stats nova_cell0:SELECT=1 {{(pid=92079) stat_writer /opt/stack/data/venv/lib/python3.12/site-packages/dbcounter.py:115}}
Jul 04 20:09:30.525214 np0000004517 nova-scheduler[92079]: DEBUG dbcounter [-] [92079] Writing DB stats nova_cell1:SELECT=1 {{(pid=92079) stat_writer /opt/stack/data/venv/lib/python3.12/site-packages/dbcounter.py:115}}
Jul 04 20:09:36.834781 np0000004517 nova-scheduler[93278]: DEBUG dbcounter [-] [93278] Writing DB stats nova_cell0:SELECT=4,nova_cell0:INSERT=1,nova_cell0:UPDATE=1 {{(pid=93278) stat_writer /opt/stack/data/venv/lib/python3.12/site-packages/dbcounter.py:115}}
Jul 04 20:09:36.840794 np0000004517 nova-scheduler[93286]: DEBUG dbcounter [-] [93286] Writing DB stats nova_cell0:SELECT=3 {{(pid=93286) stat_writer /opt/stack/data/venv/lib/python3.12/site-packages/dbcounter.py:115}}
Jul 04 20:09:36.850817 np0000004517 nova-scheduler[93283]: DEBUG dbcounter [-] [93283] Writing DB stats nova_cell0:SELECT=3 {{(pid=93283) stat_writer /opt/stack/data/venv/lib/python3.12/site-packages/dbcounter.py:115}}
Jul 04 20:09:53.823573 np0000004517 nova-scheduler[93278]: DEBUG oslo.service.backend._threading.loopingcall [None req-6dbcc4f2-d99e-476b-a3f6-e0fbd664a95a None None] Dynamic interval looping call 'nova.service.Service.periodic_tasks' sleeping for 60.00 seconds {{(pid=93278) _run_loop /opt/stack/data/venv/lib/python3.12/site-packages/oslo_service/backend/_threading/loopingcall.py:125}}
Jul 04 20:10:16.834079 np0000004517 nova-scheduler[93286]: DEBUG oslo.service.backend._threading.loopingcall [None req-ba34e999-b742-460a-974b-6346d5d19be4 None None] Dynamic interval looping call 'nova.service.Service.periodic_tasks' sleeping for 60.00 seconds {{(pid=93286) _run_loop /opt/stack/data/venv/lib/python3.12/site-packages/oslo_service/backend/_threading/loopingcall.py:125}}
Jul 04 20:10:23.842216 np0000004517 nova-scheduler[93283]: DEBUG oslo.service.backend._threading.loopingcall [None req-f962b39b-018c-44fc-bed2-de2d93290027 None None] Dynamic interval looping call 'nova.service.Service.periodic_tasks' sleeping for 60.00 seconds {{(pid=93283) _run_loop /opt/stack/data/venv/lib/python3.12/site-packages/oslo_service/backend/_threading/loopingcall.py:125}}
Jul 04 20:10:53.824111 np0000004517 nova-scheduler[93278]: DEBUG oslo.service.backend._threading.loopingcall [None req-6dbcc4f2-d99e-476b-a3f6-e0fbd664a95a None None] Dynamic interval looping call 'nova.service.Service.periodic_tasks' sleeping for 60.00 seconds {{(pid=93278) _run_loop /opt/stack/data/venv/lib/python3.12/site-packages/oslo_service/backend/_threading/loopingcall.py:125}}
Jul 04 20:11:16.835122 np0000004517 nova-scheduler[93286]: DEBUG oslo.service.backend._threading.loopingcall [None req-ba34e999-b742-460a-974b-6346d5d19be4 None None] Dynamic interval looping call 'nova.service.Service.periodic_tasks' sleeping for 60.00 seconds {{(pid=93286) _run_loop /opt/stack/data/venv/lib/python3.12/site-packages/oslo_service/backend/_threading/loopingcall.py:125}}
Jul 04 20:11:23.842751 np0000004517 nova-scheduler[93283]: DEBUG oslo.service.backend._threading.loopingcall [None req-f962b39b-018c-44fc-bed2-de2d93290027 None None] Dynamic interval looping call 'nova.service.Service.periodic_tasks' sleeping for 60.00 seconds {{(pid=93283) _run_loop /opt/stack/data/venv/lib/python3.12/site-packages/oslo_service/backend/_threading/loopingcall.py:125}}
Jul 04 20:11:26.826234 np0000004517 nova-scheduler[93278]: DEBUG oslo.service.backend._threading.loopingcall [-] Fixed interval looping call 'nova.servicegroup.drivers.db.DbDriver._report_state' sleeping for 119.99 seconds {{(pid=93278) _run_loop /opt/stack/data/venv/lib/python3.12/site-packages/oslo_service/backend/_threading/loopingcall.py:125}}
Jul 04 20:11:26.837801 np0000004517 nova-scheduler[93286]: DEBUG oslo.service.backend._threading.loopingcall [-] Fixed interval looping call 'nova.servicegroup.drivers.db.DbDriver._report_state' sleeping for 120.00 seconds {{(pid=93286) _run_loop /opt/stack/data/venv/lib/python3.12/site-packages/oslo_service/backend/_threading/loopingcall.py:125}}
Jul 04 20:11:26.848246 np0000004517 nova-scheduler[93283]: DEBUG oslo.service.backend._threading.loopingcall [-] Fixed interval looping call 'nova.servicegroup.drivers.db.DbDriver._report_state' sleeping for 120.00 seconds {{(pid=93283) _run_loop /opt/stack/data/venv/lib/python3.12/site-packages/oslo_service/backend/_threading/loopingcall.py:125}}
Jul 04 20:11:36.822725 np0000004517 nova-scheduler[93278]: DEBUG dbcounter [-] [93278] Writing DB stats nova_cell0:SELECT=1,nova_cell0:UPDATE=1 {{(pid=93278) stat_writer /opt/stack/data/venv/lib/python3.12/site-packages/dbcounter.py:115}}
Jul 04 20:11:36.836327 np0000004517 nova-scheduler[93286]: DEBUG dbcounter [-] [93286] Writing DB stats nova_cell0:SELECT=1 {{(pid=93286) stat_writer /opt/stack/data/venv/lib/python3.12/site-packages/dbcounter.py:115}}
Jul 04 20:11:36.846437 np0000004517 nova-scheduler[93283]: DEBUG dbcounter [-] [93283] Writing DB stats nova_cell0:SELECT=1 {{(pid=93283) stat_writer /opt/stack/data/venv/lib/python3.12/site-packages/dbcounter.py:115}}
Jul 04 20:11:48.141591 np0000004517 nova-scheduler[93278]: DEBUG nova.scheduler.manager [None req-aa53088a-a029-45bc-8d65-0361d80dec56 tempest-ServersNegativeTestJSON-472691429 tempest-ServersNegativeTestJSON-472691429-project-member] Starting to schedule for instances: ['6f710de2-ed59-4eb6-a315-65d6172cd87a'] {{(pid=93278) select_destinations /opt/stack/nova/nova/scheduler/manager.py:209}}
Jul 04 20:11:48.143762 np0000004517 nova-scheduler[93278]: DEBUG nova.scheduler.request_filter [None req-aa53088a-a029-45bc-8d65-0361d80dec56 tempest-ServersNegativeTestJSON-472691429 tempest-ServersNegativeTestJSON-472691429-project-member] compute_status_filter request filter added forbidden trait COMPUTE_STATUS_DISABLED {{(pid=93278) compute_status_filter /opt/stack/nova/nova/scheduler/request_filter.py:253}}
Jul 04 20:11:48.143762 np0000004517 nova-scheduler[93278]: DEBUG nova.scheduler.request_filter [None req-aa53088a-a029-45bc-8d65-0361d80dec56 tempest-ServersNegativeTestJSON-472691429 tempest-ServersNegativeTestJSON-472691429-project-member] Request filter 'compute_status_filter' took 0.0 seconds {{(pid=93278) wrapper /opt/stack/nova/nova/scheduler/request_filter.py:46}}
Jul 04 20:11:48.143762 np0000004517 nova-scheduler[93278]: DEBUG nova.scheduler.request_filter [None req-aa53088a-a029-45bc-8d65-0361d80dec56 tempest-ServersNegativeTestJSON-472691429 tempest-ServersNegativeTestJSON-472691429-project-member] Request filter 'accelerators_filter' took 0.0 seconds {{(pid=93278) wrapper /opt/stack/nova/nova/scheduler/request_filter.py:46}}
Jul 04 20:11:48.143762 np0000004517 nova-scheduler[93278]: DEBUG nova.scheduler.request_filter [None req-aa53088a-a029-45bc-8d65-0361d80dec56 tempest-ServersNegativeTestJSON-472691429 tempest-ServersNegativeTestJSON-472691429-project-member] Request filter 'packed_virtqueue_filter' took 0.0 seconds {{(pid=93278) wrapper /opt/stack/nova/nova/scheduler/request_filter.py:46}}
Jul 04 20:11:48.143762 np0000004517 nova-scheduler[93278]: DEBUG nova.scheduler.request_filter [None req-aa53088a-a029-45bc-8d65-0361d80dec56 tempest-ServersNegativeTestJSON-472691429 tempest-ServersNegativeTestJSON-472691429-project-member] Request filter 'remote_managed_ports_filter' took 0.0 seconds {{(pid=93278) wrapper /opt/stack/nova/nova/scheduler/request_filter.py:46}}
Jul 04 20:11:48.144278 np0000004517 nova-scheduler[93278]: DEBUG nova.scheduler.request_filter [None req-aa53088a-a029-45bc-8d65-0361d80dec56 tempest-ServersNegativeTestJSON-472691429 tempest-ServersNegativeTestJSON-472691429-project-member] ephemeral_encryption_filter skipped {{(pid=93278) ephemeral_encryption_filter /opt/stack/nova/nova/scheduler/request_filter.py:426}}
Jul 04 20:11:48.144278 np0000004517 nova-scheduler[93278]: DEBUG nova.scheduler.request_filter [None req-aa53088a-a029-45bc-8d65-0361d80dec56 tempest-ServersNegativeTestJSON-472691429 tempest-ServersNegativeTestJSON-472691429-project-member] virtio_sound_filter skipped {{(pid=93278) virtio_sound_filter /opt/stack/nova/nova/scheduler/request_filter.py:460}}
Jul 04 20:11:48.144278 np0000004517 nova-scheduler[93278]: DEBUG nova.scheduler.request_filter [None req-aa53088a-a029-45bc-8d65-0361d80dec56 tempest-ServersNegativeTestJSON-472691429 tempest-ServersNegativeTestJSON-472691429-project-member] tpm_secret_security_filter skipped {{(pid=93278) tpm_secret_security_filter /opt/stack/nova/nova/scheduler/request_filter.py:477}}
Jul 04 20:11:48.206925 np0000004517 nova-scheduler[93286]: DEBUG nova.scheduler.manager [None req-7794c64f-95cc-4b6e-965b-caa91f5f0f5a tempest-ServerRescueNegativeTestJSON-649021738 tempest-ServerRescueNegativeTestJSON-649021738-project-member] Starting to schedule for instances: ['def63f59-170d-47e2-9701-faac28116412'] {{(pid=93286) select_destinations /opt/stack/nova/nova/scheduler/manager.py:209}}
Jul 04 20:11:48.207512 np0000004517 nova-scheduler[93286]: DEBUG nova.scheduler.request_filter [None req-7794c64f-95cc-4b6e-965b-caa91f5f0f5a tempest-ServerRescueNegativeTestJSON-649021738 tempest-ServerRescueNegativeTestJSON-649021738-project-member] compute_status_filter request filter added forbidden trait COMPUTE_STATUS_DISABLED {{(pid=93286) compute_status_filter /opt/stack/nova/nova/scheduler/request_filter.py:253}}
Jul 04 20:11:48.210783 np0000004517 nova-scheduler[93286]: DEBUG nova.scheduler.request_filter [None req-7794c64f-95cc-4b6e-965b-caa91f5f0f5a tempest-ServerRescueNegativeTestJSON-649021738 tempest-ServerRescueNegativeTestJSON-649021738-project-member] Request filter 'compute_status_filter' took 0.0 seconds {{(pid=93286) wrapper /opt/stack/nova/nova/scheduler/request_filter.py:46}}
Jul 04 20:11:48.210783 np0000004517 nova-scheduler[93286]: DEBUG nova.scheduler.request_filter [None req-7794c64f-95cc-4b6e-965b-caa91f5f0f5a tempest-ServerRescueNegativeTestJSON-649021738 tempest-ServerRescueNegativeTestJSON-649021738-project-member] Request filter 'accelerators_filter' took 0.0 seconds {{(pid=93286) wrapper /opt/stack/nova/nova/scheduler/request_filter.py:46}}
Jul 04 20:11:48.210783 np0000004517 nova-scheduler[93286]: DEBUG nova.scheduler.request_filter [None req-7794c64f-95cc-4b6e-965b-caa91f5f0f5a tempest-ServerRescueNegativeTestJSON-649021738 tempest-ServerRescueNegativeTestJSON-649021738-project-member] Request filter 'packed_virtqueue_filter' took 0.0 seconds {{(pid=93286) wrapper /opt/stack/nova/nova/scheduler/request_filter.py:46}}
Jul 04 20:11:48.210783 np0000004517 nova-scheduler[93286]: DEBUG nova.scheduler.request_filter [None req-7794c64f-95cc-4b6e-965b-caa91f5f0f5a tempest-ServerRescueNegativeTestJSON-649021738 tempest-ServerRescueNegativeTestJSON-649021738-project-member] Request filter 'remote_managed_ports_filter' took 0.0 seconds {{(pid=93286) wrapper /opt/stack/nova/nova/scheduler/request_filter.py:46}}
Jul 04 20:11:48.210783 np0000004517 nova-scheduler[93286]: DEBUG nova.scheduler.request_filter [None req-7794c64f-95cc-4b6e-965b-caa91f5f0f5a tempest-ServerRescueNegativeTestJSON-649021738 tempest-ServerRescueNegativeTestJSON-649021738-project-member] ephemeral_encryption_filter skipped {{(pid=93286) ephemeral_encryption_filter /opt/stack/nova/nova/scheduler/request_filter.py:426}}
Jul 04 20:11:48.211066 np0000004517 nova-scheduler[93286]: DEBUG nova.scheduler.request_filter [None req-7794c64f-95cc-4b6e-965b-caa91f5f0f5a tempest-ServerRescueNegativeTestJSON-649021738 tempest-ServerRescueNegativeTestJSON-649021738-project-member] virtio_sound_filter skipped {{(pid=93286) virtio_sound_filter /opt/stack/nova/nova/scheduler/request_filter.py:460}}
Jul 04 20:11:48.211066 np0000004517 nova-scheduler[93286]: DEBUG nova.scheduler.request_filter [None req-7794c64f-95cc-4b6e-965b-caa91f5f0f5a tempest-ServerRescueNegativeTestJSON-649021738 tempest-ServerRescueNegativeTestJSON-649021738-project-member] tpm_secret_security_filter skipped {{(pid=93286) tpm_secret_security_filter /opt/stack/nova/nova/scheduler/request_filter.py:477}}
Jul 04 20:11:48.615927 np0000004517 nova-scheduler[93278]: INFO nova.utils [None req-aa53088a-a029-45bc-8d65-0361d80dec56 tempest-ServersNegativeTestJSON-472691429 tempest-ServersNegativeTestJSON-472691429-project-member] The cell worker thread pool ForkProcess-1.cell_worker is initialized
Jul 04 20:11:48.616350 np0000004517 nova-scheduler[93278]: DEBUG oslo_concurrency.lockutils [None req-aa53088a-a029-45bc-8d65-0361d80dec56 tempest-ServersNegativeTestJSON-472691429 tempest-ServersNegativeTestJSON-472691429-project-member] Acquiring lock "4217d7a2-c5a9-4720-b259-1dca00971467" by "nova.context.set_target_cell..get_or_set_cached_cell_and_set_connections" {{(pid=93278) inner /opt/stack/data/venv/lib/python3.12/site-packages/oslo_concurrency/lockutils.py:511}}
Jul 04 20:11:48.616689 np0000004517 nova-scheduler[93278]: DEBUG oslo_concurrency.lockutils [None req-aa53088a-a029-45bc-8d65-0361d80dec56 tempest-ServersNegativeTestJSON-472691429 tempest-ServersNegativeTestJSON-472691429-project-member] Lock "4217d7a2-c5a9-4720-b259-1dca00971467" acquired by "nova.context.set_target_cell..get_or_set_cached_cell_and_set_connections" :: waited 0.000s {{(pid=93278) inner /opt/stack/data/venv/lib/python3.12/site-packages/oslo_concurrency/lockutils.py:524}}
Jul 04 20:11:48.618523 np0000004517 nova-scheduler[93278]: DEBUG oslo_concurrency.lockutils [None req-aa53088a-a029-45bc-8d65-0361d80dec56 tempest-ServersNegativeTestJSON-472691429 tempest-ServersNegativeTestJSON-472691429-project-member] Lock "4217d7a2-c5a9-4720-b259-1dca00971467" "released" by "nova.context.set_target_cell..get_or_set_cached_cell_and_set_connections" :: held 0.002s {{(pid=93278) inner /opt/stack/data/venv/lib/python3.12/site-packages/oslo_concurrency/lockutils.py:543}}
Jul 04 20:11:48.622630 np0000004517 nova-scheduler[93278]: INFO dbcounter [None req-aa53088a-a029-45bc-8d65-0361d80dec56 tempest-ServersNegativeTestJSON-472691429 tempest-ServersNegativeTestJSON-472691429-project-member] Registered counter for database nova_cell1
Jul 04 20:11:48.655739 np0000004517 nova-scheduler[93286]: INFO nova.utils [None req-7794c64f-95cc-4b6e-965b-caa91f5f0f5a tempest-ServerRescueNegativeTestJSON-649021738 tempest-ServerRescueNegativeTestJSON-649021738-project-member] The cell worker thread pool ForkProcess-3.cell_worker is initialized
Jul 04 20:11:48.656272 np0000004517 nova-scheduler[93286]: DEBUG oslo_concurrency.lockutils [None req-7794c64f-95cc-4b6e-965b-caa91f5f0f5a tempest-ServerRescueNegativeTestJSON-649021738 tempest-ServerRescueNegativeTestJSON-649021738-project-member] Acquiring lock "4217d7a2-c5a9-4720-b259-1dca00971467" by "nova.context.set_target_cell..get_or_set_cached_cell_and_set_connections" {{(pid=93286) inner /opt/stack/data/venv/lib/python3.12/site-packages/oslo_concurrency/lockutils.py:511}}
Jul 04 20:11:48.656351 np0000004517 nova-scheduler[93286]: DEBUG oslo_concurrency.lockutils [None req-7794c64f-95cc-4b6e-965b-caa91f5f0f5a tempest-ServerRescueNegativeTestJSON-649021738 tempest-ServerRescueNegativeTestJSON-649021738-project-member] Lock "4217d7a2-c5a9-4720-b259-1dca00971467" acquired by "nova.context.set_target_cell..get_or_set_cached_cell_and_set_connections" :: waited 0.000s {{(pid=93286) inner /opt/stack/data/venv/lib/python3.12/site-packages/oslo_concurrency/lockutils.py:524}}
Jul 04 20:11:48.658037 np0000004517 nova-scheduler[93286]: DEBUG oslo_concurrency.lockutils [None req-7794c64f-95cc-4b6e-965b-caa91f5f0f5a tempest-ServerRescueNegativeTestJSON-649021738 tempest-ServerRescueNegativeTestJSON-649021738-project-member] Lock "4217d7a2-c5a9-4720-b259-1dca00971467" "released" by "nova.context.set_target_cell..get_or_set_cached_cell_and_set_connections" :: held 0.001s {{(pid=93286) inner /opt/stack/data/venv/lib/python3.12/site-packages/oslo_concurrency/lockutils.py:543}}
Jul 04 20:11:48.659521 np0000004517 nova-scheduler[93286]: INFO dbcounter [None req-7794c64f-95cc-4b6e-965b-caa91f5f0f5a tempest-ServerRescueNegativeTestJSON-649021738 tempest-ServerRescueNegativeTestJSON-649021738-project-member] Registered counter for database nova_cell1
Jul 04 20:11:48.667517 np0000004517 nova-scheduler[93278]: DEBUG oslo_db.sqlalchemy.engines [None req-aa53088a-a029-45bc-8d65-0361d80dec56 tempest-ServersNegativeTestJSON-472691429 tempest-ServersNegativeTestJSON-472691429-project-member] MySQL server mode set to STRICT_TRANS_TABLES,STRICT_ALL_TABLES,NO_ZERO_IN_DATE,NO_ZERO_DATE,ERROR_FOR_DIVISION_BY_ZERO,TRADITIONAL,NO_ENGINE_SUBSTITUTION {{(pid=93278) _check_effective_sql_mode /opt/stack/data/venv/lib/python3.12/site-packages/oslo_db/sqlalchemy/engines.py:325}}
Jul 04 20:11:48.675016 np0000004517 nova-scheduler[93278]: DEBUG dbcounter [-] [93278] Writer thread running {{(pid=93278) stat_writer /opt/stack/data/venv/lib/python3.12/site-packages/dbcounter.py:102}}
Jul 04 20:11:48.691160 np0000004517 nova-scheduler[93278]: DEBUG oslo_db.sqlalchemy.engines [None req-aa53088a-a029-45bc-8d65-0361d80dec56 tempest-ServersNegativeTestJSON-472691429 tempest-ServersNegativeTestJSON-472691429-project-member] Parent process 92079 forked (93278) with an open database connection, which is being discarded and recreated. {{(pid=93278) checkout /opt/stack/data/venv/lib/python3.12/site-packages/oslo_db/sqlalchemy/engines.py:402}}
Jul 04 20:11:48.692994 np0000004517 nova-scheduler[93286]: DEBUG oslo_db.sqlalchemy.engines [None req-7794c64f-95cc-4b6e-965b-caa91f5f0f5a tempest-ServerRescueNegativeTestJSON-649021738 tempest-ServerRescueNegativeTestJSON-649021738-project-member] MySQL server mode set to STRICT_TRANS_TABLES,STRICT_ALL_TABLES,NO_ZERO_IN_DATE,NO_ZERO_DATE,ERROR_FOR_DIVISION_BY_ZERO,TRADITIONAL,NO_ENGINE_SUBSTITUTION {{(pid=93286) _check_effective_sql_mode /opt/stack/data/venv/lib/python3.12/site-packages/oslo_db/sqlalchemy/engines.py:325}}
Jul 04 20:11:48.698724 np0000004517 nova-scheduler[93286]: DEBUG dbcounter [-] [93286] Writer thread running {{(pid=93286) stat_writer /opt/stack/data/venv/lib/python3.12/site-packages/dbcounter.py:102}}
Jul 04 20:11:48.725696 np0000004517 nova-scheduler[93278]: DEBUG dbcounter [-] [93278] Writer thread running {{(pid=93278) stat_writer /opt/stack/data/venv/lib/python3.12/site-packages/dbcounter.py:102}}
Jul 04 20:11:48.729753 np0000004517 nova-scheduler[93278]: DEBUG oslo_concurrency.lockutils [None req-aa53088a-a029-45bc-8d65-0361d80dec56 tempest-ServersNegativeTestJSON-472691429 tempest-ServersNegativeTestJSON-472691429-project-member] Acquiring lock "4217d7a2-c5a9-4720-b259-1dca00971467" by "nova.context.set_target_cell..get_or_set_cached_cell_and_set_connections" {{(pid=93278) inner /opt/stack/data/venv/lib/python3.12/site-packages/oslo_concurrency/lockutils.py:511}}
Jul 04 20:11:48.729892 np0000004517 nova-scheduler[93278]: DEBUG oslo_concurrency.lockutils [None req-aa53088a-a029-45bc-8d65-0361d80dec56 tempest-ServersNegativeTestJSON-472691429 tempest-ServersNegativeTestJSON-472691429-project-member] Lock "4217d7a2-c5a9-4720-b259-1dca00971467" acquired by "nova.context.set_target_cell..get_or_set_cached_cell_and_set_connections" :: waited 0.000s {{(pid=93278) inner /opt/stack/data/venv/lib/python3.12/site-packages/oslo_concurrency/lockutils.py:524}}
Jul 04 20:11:48.729995 np0000004517 nova-scheduler[93278]: DEBUG oslo_concurrency.lockutils [None req-aa53088a-a029-45bc-8d65-0361d80dec56 tempest-ServersNegativeTestJSON-472691429 tempest-ServersNegativeTestJSON-472691429-project-member] Lock "4217d7a2-c5a9-4720-b259-1dca00971467" "released" by "nova.context.set_target_cell..get_or_set_cached_cell_and_set_connections" :: held 0.000s {{(pid=93278) inner /opt/stack/data/venv/lib/python3.12/site-packages/oslo_concurrency/lockutils.py:543}}
Jul 04 20:11:48.732783 np0000004517 nova-scheduler[93278]: DEBUG oslo_concurrency.lockutils [None req-aa53088a-a029-45bc-8d65-0361d80dec56 tempest-ServersNegativeTestJSON-472691429 tempest-ServersNegativeTestJSON-472691429-project-member] Acquiring lock "np0000004517-np0000004517" by "nova.scheduler.host_manager.HostState.update.._locked_update" {{(pid=93278) inner /opt/stack/data/venv/lib/python3.12/site-packages/oslo_concurrency/lockutils.py:511}}
Jul 04 20:11:48.733526 np0000004517 nova-scheduler[93278]: DEBUG oslo_concurrency.lockutils [None req-aa53088a-a029-45bc-8d65-0361d80dec56 tempest-ServersNegativeTestJSON-472691429 tempest-ServersNegativeTestJSON-472691429-project-member] Lock "np0000004517-np0000004517" acquired by "nova.scheduler.host_manager.HostState.update.._locked_update" :: waited 0.000s {{(pid=93278) inner /opt/stack/data/venv/lib/python3.12/site-packages/oslo_concurrency/lockutils.py:524}}
Jul 04 20:11:48.733948 np0000004517 nova-scheduler[93278]: DEBUG nova.scheduler.host_manager [None req-aa53088a-a029-45bc-8d65-0361d80dec56 tempest-ServersNegativeTestJSON-472691429 tempest-ServersNegativeTestJSON-472691429-project-member] Update host state from compute node: ComputeNode(cpu_allocation_ratio=4.0,cpu_info='{"arch": "x86_64", "model": "EPYC-Milan", "vendor": "AMD", "topology": {"cells": 1, "sockets": 16, "cores": 1, "threads": 1}, "maxphysaddr": {"mode": "emulate", "bits": 40}, "features": ["cmov", "tsc", "3dnowprefetch", "pae", "clflushopt", "invpcid", "adx", "pse36", "xsaves", "virt-ssbd", "wbnoinvd", "flushbyasid", "arat", "tsc_adjust", "mce", "popcnt", "amd-psfd", "xsaveopt", "de", "cmp_legacy", "f16c", "amd-stibp", "mca", "mds-no", "sse", "no-nested-data-bp", "pdpe1gb", "aes", "vme", "xsaveerptr", "mtrr", "sse4a", "pschange-mc-no", "ssbd", "vmcb-clean", "cx16", "nx", "pat", "sse4.2", "misalignsse", "stibp-always-on", "avx", "fsrm", "fsgsbase", "lbrv", "tsc-deadline", "erms", "pfthreshold", "msr", "skip-l1dfl-vmentry", "xgetbv1", "avx2", "svm", "bmi1", "cx8", "stibp", "sha-ni", "perfctr_core", "gds-no", "svme-addr-chk", "rdpid", "rdseed", "ibrs", "sep", "vaes", "abm", "xsavec", "fxsr", "rdtscp", "tsc-scale", "osvw", "pcid", "ssse3", "clzero", "clflush", "pclmuldq", "null-sel-clr-base", "smep", "sse4.1", "lfence-always-serializing", "cr8legacy", "xsave", "clwb", "x2apic", "bmi2", "fxsr_opt", "lm", "nrip-save", "arch-capabilities", "fma", "movbe", "umip", "syscall", "hypervisor", "amd-ssbd", "pku", "spec-ctrl", "v-vmsave-vmload", "npt", "pse", "vgif", "lahf_lm", "pause-filter", "rdctl-no", "pge", "fpu", "vpclmulqdq", "ibpb", "apic", "mmxext", "sse2", "rdrand", "smap", "mmx", "topoext", "pni"]}',created_at=2026-07-04T20:09:48Z,current_workload=0,deleted=False,deleted_at=None,disk_allocation_ratio=1.0,disk_available_least=73,free_disk_gb=95,free_ram_mb=62765,host='np0000004517',host_ip=10.4.3.216,hypervisor_hostname='np0000004517',hypervisor_type='QEMU',hypervisor_version=8002002,id=1,local_gb=95,local_gb_used=0,mapped=1,memory_mb=63277,memory_mb_used=512,metrics='[]',numa_topology='{"nova_object.name": "NUMATopology", "nova_object.namespace": "nova", "nova_object.version": "1.2", "nova_object.data": {"cells": [{"nova_object.name": "NUMACell", "nova_object.namespace": "nova", "nova_object.version": "1.5", "nova_object.data": {"id": 0, "cpuset": [0, 1, 2, 3, 4, 5, 6, 7, 8, 9, 10, 11, 12, 13, 14, 15], "pcpuset": [0, 1, 2, 3, 4, 5, 6, 7, 8, 9, 10, 11, 12, 13, 14, 15], "memory": 63277, "cpu_usage": 0, "memory_usage": 0, "pinned_cpus": [], "siblings": [[6], [12], [2], [15], [5], [11], [8], [14], [4], [1], [7], [10], [0], [13], [3], [9]], "mempages": [{"nova_object.name": "NUMAPagesTopology", "nova_object.namespace": "nova", "nova_object.version": "1.1", "nova_object.data": {"size_kb": 4, "total": 16177928, "used": 0, "reserved": 0}, "nova_object.changes": ["used", "reserved", "total", "size_kb"]}, {"nova_object.name": "NUMAPagesTopology", "nova_object.namespace": "nova", "nova_object.version": "1.1", "nova_object.data": {"size_kb": 2048, "total": 41, "used": 0, "reserved": 0}, "nova_object.changes": ["used", "reserved", "total", "size_kb"]}, {"nova_object.name": "NUMAPagesTopology", "nova_object.namespace": "nova", "nova_object.version": "1.1", "nova_object.data": {"size_kb": 1048576, "total": 0, "used": 0, "reserved": 0}, "nova_object.changes": ["used", "reserved", "total", "size_kb"]}], "network_metadata": {"nova_object.name": "NetworkMetadata", "nova_object.namespace": "nova", "nova_object.version": "1.0", "nova_object.data": {"physnets": [], "tunneled": false}, "nova_object.changes": ["physnets", "tunneled"]}, "socket": null}, "nova_object.changes": ["socket", "id", "pcpuset", "network_metadata", "mempages", "memory", "cpu_usage", "siblings", "cpuset", "memory_usage", "pinned_cpus"]}]}, "nova_object.changes": ["cells"]}',pci_device_pools=PciDevicePoolList,ram_allocation_ratio=1.0,running_vms=0,service_id=3,stats={failed_builds='0',uptime=' 20:11:32 up 13 min, 2 users, load average: 1.57, 1.47, 0.84
Jul 04 20:11:48.733948 np0000004517 nova-scheduler[93278]: '},supported_hv_specs=[HVSpec,HVSpec,HVSpec,HVSpec,HVSpec,HVSpec,HVSpec,HVSpec,HVSpec,HVSpec,HVSpec,HVSpec,HVSpec,HVSpec,HVSpec,HVSpec,HVSpec,HVSpec,HVSpec,HVSpec,HVSpec,HVSpec,HVSpec,HVSpec,HVSpec],updated_at=2026-07-04T20:11:34Z,uuid=1ce15d96-df8d-4201-a284-ad3e988db1c7,vcpus=16,vcpus_used=0) {{(pid=93278) _locked_update /opt/stack/nova/nova/scheduler/host_manager.py:168}}
Jul 04 20:11:48.734645 np0000004517 nova-scheduler[93278]: DEBUG nova.scheduler.host_manager [None req-aa53088a-a029-45bc-8d65-0361d80dec56 tempest-ServersNegativeTestJSON-472691429 tempest-ServersNegativeTestJSON-472691429-project-member] Update host state with aggregates: [] {{(pid=93278) _locked_update /opt/stack/nova/nova/scheduler/host_manager.py:171}}
Jul 04 20:11:48.735071 np0000004517 nova-scheduler[93278]: DEBUG nova.scheduler.host_manager [None req-aa53088a-a029-45bc-8d65-0361d80dec56 tempest-ServersNegativeTestJSON-472691429 tempest-ServersNegativeTestJSON-472691429-project-member] Update host state with service dict: {'id': 3, 'uuid': 'd9e212b6-985b-4f4b-a0d3-025f5a45baf4', 'host': 'np0000004517', 'binary': 'nova-compute', 'topic': 'compute', 'report_count': 1, 'disabled': False, 'disabled_reason': None, 'last_seen_up': datetime.datetime(2026, 7, 4, 20, 9, 57, tzinfo=datetime.timezone.utc), 'forced_down': False, 'version': 72, 'created_at': datetime.datetime(2026, 7, 4, 20, 9, 46, tzinfo=datetime.timezone.utc), 'updated_at': datetime.datetime(2026, 7, 4, 20, 9, 57, tzinfo=datetime.timezone.utc), 'deleted_at': None, 'deleted': False} {{(pid=93278) _locked_update /opt/stack/nova/nova/scheduler/host_manager.py:174}}
Jul 04 20:11:48.735071 np0000004517 nova-scheduler[93278]: DEBUG nova.scheduler.host_manager [None req-aa53088a-a029-45bc-8d65-0361d80dec56 tempest-ServersNegativeTestJSON-472691429 tempest-ServersNegativeTestJSON-472691429-project-member] Update host state with instances: [] {{(pid=93278) _locked_update /opt/stack/nova/nova/scheduler/host_manager.py:177}}
Jul 04 20:11:48.735071 np0000004517 nova-scheduler[93278]: DEBUG oslo_concurrency.lockutils [None req-aa53088a-a029-45bc-8d65-0361d80dec56 tempest-ServersNegativeTestJSON-472691429 tempest-ServersNegativeTestJSON-472691429-project-member] Lock "np0000004517-np0000004517" "released" by "nova.scheduler.host_manager.HostState.update.._locked_update" :: held 0.002s {{(pid=93278) inner /opt/stack/data/venv/lib/python3.12/site-packages/oslo_concurrency/lockutils.py:543}}
Jul 04 20:11:48.735524 np0000004517 nova-scheduler[93278]: DEBUG nova.filters [None req-aa53088a-a029-45bc-8d65-0361d80dec56 tempest-ServersNegativeTestJSON-472691429 tempest-ServersNegativeTestJSON-472691429-project-member] Starting with 1 host(s) {{(pid=93278) get_filtered_objects /opt/stack/nova/nova/filters.py:70}}
Jul 04 20:11:48.735770 np0000004517 nova-scheduler[93278]: DEBUG nova.filters [None req-aa53088a-a029-45bc-8d65-0361d80dec56 tempest-ServersNegativeTestJSON-472691429 tempest-ServersNegativeTestJSON-472691429-project-member] Filter ComputeFilter returned 1 host(s) {{(pid=93278) get_filtered_objects /opt/stack/nova/nova/filters.py:102}}
Jul 04 20:11:48.735925 np0000004517 nova-scheduler[93278]: DEBUG nova.filters [None req-aa53088a-a029-45bc-8d65-0361d80dec56 tempest-ServersNegativeTestJSON-472691429 tempest-ServersNegativeTestJSON-472691429-project-member] Filter ComputeCapabilitiesFilter returned 1 host(s) {{(pid=93278) get_filtered_objects /opt/stack/nova/nova/filters.py:102}}
Jul 04 20:11:48.736185 np0000004517 nova-scheduler[93278]: DEBUG nova.filters [None req-aa53088a-a029-45bc-8d65-0361d80dec56 tempest-ServersNegativeTestJSON-472691429 tempest-ServersNegativeTestJSON-472691429-project-member] Filter ImagePropertiesFilter returned 1 host(s) {{(pid=93278) get_filtered_objects /opt/stack/nova/nova/filters.py:102}}
Jul 04 20:11:48.736303 np0000004517 nova-scheduler[93278]: DEBUG nova.filters [None req-aa53088a-a029-45bc-8d65-0361d80dec56 tempest-ServersNegativeTestJSON-472691429 tempest-ServersNegativeTestJSON-472691429-project-member] Filter ServerGroupAntiAffinityFilter returned 1 host(s) {{(pid=93278) get_filtered_objects /opt/stack/nova/nova/filters.py:102}}
Jul 04 20:11:48.736477 np0000004517 nova-scheduler[93278]: DEBUG nova.filters [None req-aa53088a-a029-45bc-8d65-0361d80dec56 tempest-ServersNegativeTestJSON-472691429 tempest-ServersNegativeTestJSON-472691429-project-member] Filter ServerGroupAffinityFilter returned 1 host(s) {{(pid=93278) get_filtered_objects /opt/stack/nova/nova/filters.py:102}}
Jul 04 20:11:48.736597 np0000004517 nova-scheduler[93278]: DEBUG nova.filters [None req-aa53088a-a029-45bc-8d65-0361d80dec56 tempest-ServersNegativeTestJSON-472691429 tempest-ServersNegativeTestJSON-472691429-project-member] Filter SameHostFilter returned 1 host(s) {{(pid=93278) get_filtered_objects /opt/stack/nova/nova/filters.py:102}}
Jul 04 20:11:48.736720 np0000004517 nova-scheduler[93278]: DEBUG nova.filters [None req-aa53088a-a029-45bc-8d65-0361d80dec56 tempest-ServersNegativeTestJSON-472691429 tempest-ServersNegativeTestJSON-472691429-project-member] Filter DifferentHostFilter returned 1 host(s) {{(pid=93278) get_filtered_objects /opt/stack/nova/nova/filters.py:102}}
Jul 04 20:11:48.736872 np0000004517 nova-scheduler[93278]: DEBUG nova.scheduler.manager [None req-aa53088a-a029-45bc-8d65-0361d80dec56 tempest-ServersNegativeTestJSON-472691429 tempest-ServersNegativeTestJSON-472691429-project-member] Filtered [(np0000004517, np0000004517) ram: 62765MB disk: 74752MB io_ops: 0 instances: 0, allocation_candidates: 1] {{(pid=93278) _get_sorted_hosts /opt/stack/nova/nova/scheduler/manager.py:742}}
Jul 04 20:11:48.737042 np0000004517 nova-scheduler[93278]: DEBUG nova.scheduler.manager [None req-aa53088a-a029-45bc-8d65-0361d80dec56 tempest-ServersNegativeTestJSON-472691429 tempest-ServersNegativeTestJSON-472691429-project-member] Weighed [WeighedHost [host: (np0000004517, np0000004517) ram: 62765MB disk: 74752MB io_ops: 0 instances: 0, allocation_candidates: 1, weight: 0.0]] {{(pid=93278) _get_sorted_hosts /opt/stack/nova/nova/scheduler/manager.py:764}}
Jul 04 20:11:48.737237 np0000004517 nova-scheduler[93278]: DEBUG nova.scheduler.utils [None req-aa53088a-a029-45bc-8d65-0361d80dec56 tempest-ServersNegativeTestJSON-472691429 tempest-ServersNegativeTestJSON-472691429-project-member] Attempting to claim resources in the placement API for instance 6f710de2-ed59-4eb6-a315-65d6172cd87a {{(pid=93278) claim_resources /opt/stack/nova/nova/scheduler/utils.py:1345}}
Jul 04 20:11:48.744415 np0000004517 nova-scheduler[93286]: DEBUG dbcounter [-] [93286] Writer thread running {{(pid=93286) stat_writer /opt/stack/data/venv/lib/python3.12/site-packages/dbcounter.py:102}}
Jul 04 20:11:48.747454 np0000004517 nova-scheduler[93286]: DEBUG oslo_concurrency.lockutils [None req-7794c64f-95cc-4b6e-965b-caa91f5f0f5a tempest-ServerRescueNegativeTestJSON-649021738 tempest-ServerRescueNegativeTestJSON-649021738-project-member] Acquiring lock "4217d7a2-c5a9-4720-b259-1dca00971467" by "nova.context.set_target_cell..get_or_set_cached_cell_and_set_connections" {{(pid=93286) inner /opt/stack/data/venv/lib/python3.12/site-packages/oslo_concurrency/lockutils.py:511}}
Jul 04 20:11:48.747652 np0000004517 nova-scheduler[93286]: DEBUG oslo_concurrency.lockutils [None req-7794c64f-95cc-4b6e-965b-caa91f5f0f5a tempest-ServerRescueNegativeTestJSON-649021738 tempest-ServerRescueNegativeTestJSON-649021738-project-member] Lock "4217d7a2-c5a9-4720-b259-1dca00971467" acquired by "nova.context.set_target_cell..get_or_set_cached_cell_and_set_connections" :: waited 0.000s {{(pid=93286) inner /opt/stack/data/venv/lib/python3.12/site-packages/oslo_concurrency/lockutils.py:524}}
Jul 04 20:11:48.747837 np0000004517 nova-scheduler[93286]: DEBUG oslo_concurrency.lockutils [None req-7794c64f-95cc-4b6e-965b-caa91f5f0f5a tempest-ServerRescueNegativeTestJSON-649021738 tempest-ServerRescueNegativeTestJSON-649021738-project-member] Lock "4217d7a2-c5a9-4720-b259-1dca00971467" "released" by "nova.context.set_target_cell..get_or_set_cached_cell_and_set_connections" :: held 0.000s {{(pid=93286) inner /opt/stack/data/venv/lib/python3.12/site-packages/oslo_concurrency/lockutils.py:543}}
Jul 04 20:11:48.752483 np0000004517 nova-scheduler[93286]: DEBUG oslo_concurrency.lockutils [None req-7794c64f-95cc-4b6e-965b-caa91f5f0f5a tempest-ServerRescueNegativeTestJSON-649021738 tempest-ServerRescueNegativeTestJSON-649021738-project-member] Acquiring lock "np0000004517-np0000004517" by "nova.scheduler.host_manager.HostState.update.._locked_update" {{(pid=93286) inner /opt/stack/data/venv/lib/python3.12/site-packages/oslo_concurrency/lockutils.py:511}}
Jul 04 20:11:48.753385 np0000004517 nova-scheduler[93286]: DEBUG oslo_concurrency.lockutils [None req-7794c64f-95cc-4b6e-965b-caa91f5f0f5a tempest-ServerRescueNegativeTestJSON-649021738 tempest-ServerRescueNegativeTestJSON-649021738-project-member] Lock "np0000004517-np0000004517" acquired by "nova.scheduler.host_manager.HostState.update.._locked_update" :: waited 0.000s {{(pid=93286) inner /opt/stack/data/venv/lib/python3.12/site-packages/oslo_concurrency/lockutils.py:524}}
