Jun 10 20:05:24.803691 np0000002543 devstack@g-api.service[101940]: DEBUG glance.api.middleware.version_negotiation [None req-180bc8c2-c86f-418b-baa1-6b3bf0498092 tempest-VolumesCloneTest-68366130 tempest-VolumesCloneTest-68366130-project-member] Determining version of request: GET /v2/schemas/image Accept: */* {{(pid=101940) process_request /opt/stack/glance/glance/api/middleware/version_negotiation.py:44}}
Jun 10 20:05:24.803691 np0000002543 devstack@g-api.service[101940]: DEBUG glance.api.middleware.version_negotiation [None req-180bc8c2-c86f-418b-baa1-6b3bf0498092 tempest-VolumesCloneTest-68366130 tempest-VolumesCloneTest-68366130-project-member] Using url versioning {{(pid=101940) process_request /opt/stack/glance/glance/api/middleware/version_negotiation.py:57}}
Jun 10 20:05:24.803807 np0000002543 devstack@g-api.service[101940]: DEBUG glance.api.middleware.version_negotiation [None req-180bc8c2-c86f-418b-baa1-6b3bf0498092 tempest-VolumesCloneTest-68366130 tempest-VolumesCloneTest-68366130-project-member] Matched version: v2 {{(pid=101940) process_request /opt/stack/glance/glance/api/middleware/version_negotiation.py:69}}
Jun 10 20:05:24.804622 np0000002543 devstack@g-api.service[101940]: DEBUG glance.api.middleware.version_negotiation [None req-180bc8c2-c86f-418b-baa1-6b3bf0498092 tempest-VolumesCloneTest-68366130 tempest-VolumesCloneTest-68366130-project-member] new path /v2/schemas/image {{(pid=101940) process_request /opt/stack/glance/glance/api/middleware/version_negotiation.py:70}}
Jun 10 20:05:24.806345 np0000002543 devstack@g-api.service[101940]: [pid: 101940|app: 0|req: 149/445] 127.0.0.1 () {44 vars in 1055 bytes} [Wed Jun 10 20:05:24 2026] GET /v2/schemas/image => generated 6083 bytes in 3 msecs (HTTP/1.1 200) 4 headers in 158 bytes (1 switches on core 0)
Jun 10 20:05:25.136030 np0000002543 devstack@g-api.service[101939]: DEBUG glance.api.middleware.version_negotiation [None req-180bc8c2-c86f-418b-baa1-6b3bf0498092 tempest-VolumesCloneTest-68366130 tempest-VolumesCloneTest-68366130-project-member] Determining version of request: GET /versions Accept: */* {{(pid=101939) process_request /opt/stack/glance/glance/api/middleware/version_negotiation.py:44}}
Jun 10 20:05:25.136598 np0000002543 devstack@g-api.service[101939]: [pid: 101939|app: 0|req: 147/446] 127.0.0.1 () {44 vars in 1039 bytes} [Wed Jun 10 20:05:25 2026] GET /versions => generated 1407 bytes in 0 msecs (HTTP/1.1 200) 3 headers in 92 bytes (1 switches on core 0)
Jun 10 20:05:25.141704 np0000002543 devstack@g-api.service[101941]: DEBUG glance.api.middleware.version_negotiation [None req-180bc8c2-c86f-418b-baa1-6b3bf0498092 tempest-VolumesCloneTest-68366130 tempest-VolumesCloneTest-68366130-project-member] Determining version of request: GET /v2/images/5f47ff3e-07ba-48d9-9ff6-e1e2eaae2648/locations Accept: */* {{(pid=101941) process_request /opt/stack/glance/glance/api/middleware/version_negotiation.py:44}}
Jun 10 20:05:25.141931 np0000002543 devstack@g-api.service[101941]: DEBUG glance.api.middleware.version_negotiation [None req-180bc8c2-c86f-418b-baa1-6b3bf0498092 tempest-VolumesCloneTest-68366130 tempest-VolumesCloneTest-68366130-project-member] Using url versioning {{(pid=101941) process_request /opt/stack/glance/glance/api/middleware/version_negotiation.py:57}}
Jun 10 20:05:25.142108 np0000002543 devstack@g-api.service[101941]: DEBUG glance.api.middleware.version_negotiation [None req-180bc8c2-c86f-418b-baa1-6b3bf0498092 tempest-VolumesCloneTest-68366130 tempest-VolumesCloneTest-68366130-project-member] Matched version: v2 {{(pid=101941) process_request /opt/stack/glance/glance/api/middleware/version_negotiation.py:69}}
Jun 10 20:05:25.142256 np0000002543 devstack@g-api.service[101941]: DEBUG glance.api.middleware.version_negotiation [None req-180bc8c2-c86f-418b-baa1-6b3bf0498092 tempest-VolumesCloneTest-68366130 tempest-VolumesCloneTest-68366130-project-member] new path /v2/images/5f47ff3e-07ba-48d9-9ff6-e1e2eaae2648/locations {{(pid=101941) process_request /opt/stack/glance/glance/api/middleware/version_negotiation.py:70}}
Jun 10 20:05:25.181421 np0000002543 devstack@g-api.service[101941]: [pid: 101941|app: 0|req: 151/447] 127.0.0.1 () {44 vars in 1135 bytes} [Wed Jun 10 20:05:25 2026] GET /v2/images/5f47ff3e-07ba-48d9-9ff6-e1e2eaae2648/locations => generated 92 bytes in 40 msecs (HTTP/1.1 200) 4 headers in 156 bytes (1 switches on core 0)
Jun 10 20:05:25.187867 np0000002543 devstack@g-api.service[101940]: DEBUG glance.api.middleware.version_negotiation [None req-180bc8c2-c86f-418b-baa1-6b3bf0498092 tempest-VolumesCloneTest-68366130 tempest-VolumesCloneTest-68366130-project-member] Determining version of request: GET /v2/images/5f47ff3e-07ba-48d9-9ff6-e1e2eaae2648 Accept: */* {{(pid=101940) process_request /opt/stack/glance/glance/api/middleware/version_negotiation.py:44}}
Jun 10 20:05:25.188025 np0000002543 devstack@g-api.service[101940]: DEBUG glance.api.middleware.version_negotiation [None req-180bc8c2-c86f-418b-baa1-6b3bf0498092 tempest-VolumesCloneTest-68366130 tempest-VolumesCloneTest-68366130-project-member] Using url versioning {{(pid=101940) process_request /opt/stack/glance/glance/api/middleware/version_negotiation.py:57}}
Jun 10 20:05:25.188150 np0000002543 devstack@g-api.service[101940]: DEBUG glance.api.middleware.version_negotiation [None req-180bc8c2-c86f-418b-baa1-6b3bf0498092 tempest-VolumesCloneTest-68366130 tempest-VolumesCloneTest-68366130-project-member] Matched version: v2 {{(pid=101940) process_request /opt/stack/glance/glance/api/middleware/version_negotiation.py:69}}
Jun 10 20:05:25.188259 np0000002543 devstack@g-api.service[101940]: DEBUG glance.api.middleware.version_negotiation [None req-180bc8c2-c86f-418b-baa1-6b3bf0498092 tempest-VolumesCloneTest-68366130 tempest-VolumesCloneTest-68366130-project-member] new path /v2/images/5f47ff3e-07ba-48d9-9ff6-e1e2eaae2648 {{(pid=101940) process_request /opt/stack/glance/glance/api/middleware/version_negotiation.py:70}}
Jun 10 20:05:25.197908 np0000002543 devstack@g-api.service[101940]: [pid: 101940|app: 0|req: 150/448] 127.0.0.1 () {44 vars in 1115 bytes} [Wed Jun 10 20:05:25 2026] GET /v2/images/5f47ff3e-07ba-48d9-9ff6-e1e2eaae2648 => generated 1044 bytes in 10 msecs (HTTP/1.1 200) 4 headers in 158 bytes (1 switches on core 0)
Jun 10 20:05:25.205252 np0000002543 devstack@g-api.service[101939]: DEBUG glance.api.middleware.version_negotiation [None req-180bc8c2-c86f-418b-baa1-6b3bf0498092 tempest-VolumesCloneTest-68366130 tempest-VolumesCloneTest-68366130-project-member] Determining version of request: GET /v2/schemas/image Accept: */* {{(pid=101939) process_request /opt/stack/glance/glance/api/middleware/version_negotiation.py:44}}
Jun 10 20:05:25.205439 np0000002543 devstack@g-api.service[101939]: DEBUG glance.api.middleware.version_negotiation [None req-180bc8c2-c86f-418b-baa1-6b3bf0498092 tempest-VolumesCloneTest-68366130 tempest-VolumesCloneTest-68366130-project-member] Using url versioning {{(pid=101939) process_request /opt/stack/glance/glance/api/middleware/version_negotiation.py:57}}
Jun 10 20:05:25.205585 np0000002543 devstack@g-api.service[101939]: DEBUG glance.api.middleware.version_negotiation [None req-180bc8c2-c86f-418b-baa1-6b3bf0498092 tempest-VolumesCloneTest-68366130 tempest-VolumesCloneTest-68366130-project-member] Matched version: v2 {{(pid=101939) process_request /opt/stack/glance/glance/api/middleware/version_negotiation.py:69}}
Jun 10 20:05:25.205669 np0000002543 devstack@g-api.service[101939]: DEBUG glance.api.middleware.version_negotiation [None req-180bc8c2-c86f-418b-baa1-6b3bf0498092 tempest-VolumesCloneTest-68366130 tempest-VolumesCloneTest-68366130-project-member] new path /v2/schemas/image {{(pid=101939) process_request /opt/stack/glance/glance/api/middleware/version_negotiation.py:70}}
Jun 10 20:05:25.207719 np0000002543 devstack@g-api.service[101939]: [pid: 101939|app: 0|req: 148/449] 127.0.0.1 () {44 vars in 1055 bytes} [Wed Jun 10 20:05:25 2026] GET /v2/schemas/image => generated 6083 bytes in 2 msecs (HTTP/1.1 200) 4 headers in 158 bytes (1 switches on core 0)
Jun 10 20:05:25.216559 np0000002543 devstack@g-api.service[101941]: DEBUG glance.api.middleware.version_negotiation [None req-180bc8c2-c86f-418b-baa1-6b3bf0498092 service glance] Determining version of request: GET /v2/schemas/image Accept: */* {{(pid=101941) process_request /opt/stack/glance/glance/api/middleware/version_negotiation.py:44}}
Jun 10 20:05:25.216678 np0000002543 devstack@g-api.service[101941]: DEBUG glance.api.middleware.version_negotiation [None req-180bc8c2-c86f-418b-baa1-6b3bf0498092 service glance] Using url versioning {{(pid=101941) process_request /opt/stack/glance/glance/api/middleware/version_negotiation.py:57}}
Jun 10 20:05:25.216788 np0000002543 devstack@g-api.service[101941]: DEBUG glance.api.middleware.version_negotiation [None req-180bc8c2-c86f-418b-baa1-6b3bf0498092 service glance] Matched version: v2 {{(pid=101941) process_request /opt/stack/glance/glance/api/middleware/version_negotiation.py:69}}
Jun 10 20:05:25.216872 np0000002543 devstack@g-api.service[101941]: DEBUG glance.api.middleware.version_negotiation [None req-180bc8c2-c86f-418b-baa1-6b3bf0498092 service glance] new path /v2/schemas/image {{(pid=101941) process_request /opt/stack/glance/glance/api/middleware/version_negotiation.py:70}}
Jun 10 20:05:25.218806 np0000002543 devstack@g-api.service[101941]: [pid: 101941|app: 0|req: 152/450] 127.0.0.1 () {44 vars in 1055 bytes} [Wed Jun 10 20:05:25 2026] GET /v2/schemas/image => generated 6083 bytes in 2 msecs (HTTP/1.1 200) 4 headers in 158 bytes (1 switches on core 0)
Jun 10 20:05:27.946692 np0000002543 devstack@g-api.service[101940]: DEBUG glance.api.middleware.version_negotiation [None req-180bc8c2-c86f-418b-baa1-6b3bf0498092 tempest-VolumesCloneTest-68366130 tempest-VolumesCloneTest-68366130-project-member] Determining version of request: GET /v2/schemas/image Accept: */* {{(pid=101940) process_request /opt/stack/glance/glance/api/middleware/version_negotiation.py:44}}
Jun 10 20:05:27.947104 np0000002543 devstack@g-api.service[101940]: DEBUG glance.api.middleware.version_negotiation [None req-180bc8c2-c86f-418b-baa1-6b3bf0498092 tempest-VolumesCloneTest-68366130 tempest-VolumesCloneTest-68366130-project-member] Using url versioning {{(pid=101940) process_request /opt/stack/glance/glance/api/middleware/version_negotiation.py:57}}
Jun 10 20:05:27.947104 np0000002543 devstack@g-api.service[101940]: DEBUG glance.api.middleware.version_negotiation [None req-180bc8c2-c86f-418b-baa1-6b3bf0498092 tempest-VolumesCloneTest-68366130 tempest-VolumesCloneTest-68366130-project-member] Matched version: v2 {{(pid=101940) process_request /opt/stack/glance/glance/api/middleware/version_negotiation.py:69}}
Jun 10 20:05:27.947104 np0000002543 devstack@g-api.service[101940]: DEBUG glance.api.middleware.version_negotiation [None req-180bc8c2-c86f-418b-baa1-6b3bf0498092 tempest-VolumesCloneTest-68366130 tempest-VolumesCloneTest-68366130-project-member] new path /v2/schemas/image {{(pid=101940) process_request /opt/stack/glance/glance/api/middleware/version_negotiation.py:70}}
Jun 10 20:05:27.949014 np0000002543 devstack@g-api.service[101940]: [pid: 101940|app: 0|req: 151/451] 127.0.0.1 () {44 vars in 1055 bytes} [Wed Jun 10 20:05:27 2026] GET /v2/schemas/image => generated 6083 bytes in 2 msecs (HTTP/1.1 200) 4 headers in 158 bytes (1 switches on core 0)
Jun 10 20:05:27.955917 np0000002543 devstack@g-api.service[101939]: DEBUG glance.api.middleware.version_negotiation [None req-180bc8c2-c86f-418b-baa1-6b3bf0498092 tempest-VolumesCloneTest-68366130 tempest-VolumesCloneTest-68366130-project-member] Determining version of request: POST /v2/images Accept: */* {{(pid=101939) process_request /opt/stack/glance/glance/api/middleware/version_negotiation.py:44}}
Jun 10 20:05:27.956330 np0000002543 devstack@g-api.service[101939]: DEBUG glance.api.middleware.version_negotiation [None req-180bc8c2-c86f-418b-baa1-6b3bf0498092 tempest-VolumesCloneTest-68366130 tempest-VolumesCloneTest-68366130-project-member] Using url versioning {{(pid=101939) process_request /opt/stack/glance/glance/api/middleware/version_negotiation.py:57}}
Jun 10 20:05:27.956330 np0000002543 devstack@g-api.service[101939]: DEBUG glance.api.middleware.version_negotiation [None req-180bc8c2-c86f-418b-baa1-6b3bf0498092 tempest-VolumesCloneTest-68366130 tempest-VolumesCloneTest-68366130-project-member] Matched version: v2 {{(pid=101939) process_request /opt/stack/glance/glance/api/middleware/version_negotiation.py:69}}
Jun 10 20:05:27.956330 np0000002543 devstack@g-api.service[101939]: DEBUG glance.api.middleware.version_negotiation [None req-180bc8c2-c86f-418b-baa1-6b3bf0498092 tempest-VolumesCloneTest-68366130 tempest-VolumesCloneTest-68366130-project-member] new path /v2/images {{(pid=101939) process_request /opt/stack/glance/glance/api/middleware/version_negotiation.py:70}}
Jun 10 20:05:28.412640 np0000002543 devstack@g-api.service[101939]: [pid: 101939|app: 0|req: 149/452] 127.0.0.1 () {46 vars in 1055 bytes} [Wed Jun 10 20:05:27 2026] POST /v2/images => generated 649 bytes in 457 msecs (HTTP/1.1 201) 6 headers in 315 bytes (1 switches on core 0)
Jun 10 20:05:28.426321 np0000002543 devstack@g-api.service[101941]: DEBUG glance.api.middleware.version_negotiation [None req-180bc8c2-c86f-418b-baa1-6b3bf0498092 tempest-VolumesCloneTest-68366130 tempest-VolumesCloneTest-68366130-project-member] Determining version of request: GET /v2/images/93210d41-62e3-4eae-aac5-b3ba879cbf97 Accept: application/json {{(pid=101941) process_request /opt/stack/glance/glance/api/middleware/version_negotiation.py:44}}
Jun 10 20:05:28.426652 np0000002543 devstack@g-api.service[101941]: DEBUG glance.api.middleware.version_negotiation [None req-180bc8c2-c86f-418b-baa1-6b3bf0498092 tempest-VolumesCloneTest-68366130 tempest-VolumesCloneTest-68366130-project-member] Using url versioning {{(pid=101941) process_request /opt/stack/glance/glance/api/middleware/version_negotiation.py:57}}
Jun 10 20:05:28.426652 np0000002543 devstack@g-api.service[101941]: DEBUG glance.api.middleware.version_negotiation [None req-180bc8c2-c86f-418b-baa1-6b3bf0498092 tempest-VolumesCloneTest-68366130 tempest-VolumesCloneTest-68366130-project-member] Matched version: v2 {{(pid=101941) process_request /opt/stack/glance/glance/api/middleware/version_negotiation.py:69}}
Jun 10 20:05:28.426737 np0000002543 devstack@g-api.service[101941]: DEBUG glance.api.middleware.version_negotiation [None req-180bc8c2-c86f-418b-baa1-6b3bf0498092 tempest-VolumesCloneTest-68366130 tempest-VolumesCloneTest-68366130-project-member] new path /v2/images/93210d41-62e3-4eae-aac5-b3ba879cbf97 {{(pid=101941) process_request /opt/stack/glance/glance/api/middleware/version_negotiation.py:70}}
Jun 10 20:05:28.442380 np0000002543 devstack@g-api.service[101941]: [pid: 101941|app: 0|req: 153/453] 127.0.0.1 () {40 vars in 838 bytes} [Wed Jun 10 20:05:28 2026] GET /v2/images/93210d41-62e3-4eae-aac5-b3ba879cbf97 => generated 649 bytes in 16 msecs (HTTP/1.1 200) 4 headers in 157 bytes (1 switches on core 0)
Jun 10 20:05:29.448588 np0000002543 devstack@g-api.service[101940]: DEBUG glance.api.middleware.version_negotiation [None req-c5e35d6d-2ad1-4e40-bf1e-dbe30400a556 tempest-VolumesActionsTest-85052419 tempest-VolumesActionsTest-85052419-project-member] Determining version of request: GET /v2/images/93210d41-62e3-4eae-aac5-b3ba879cbf97 Accept: application/json {{(pid=101940) process_request /opt/stack/glance/glance/api/middleware/version_negotiation.py:44}}
Jun 10 20:05:29.450100 np0000002543 devstack@g-api.service[101940]: DEBUG glance.api.middleware.version_negotiation [None req-c5e35d6d-2ad1-4e40-bf1e-dbe30400a556 tempest-VolumesActionsTest-85052419 tempest-VolumesActionsTest-85052419-project-member] Using url versioning {{(pid=101940) process_request /opt/stack/glance/glance/api/middleware/version_negotiation.py:57}}
Jun 10 20:05:29.450100 np0000002543 devstack@g-api.service[101940]: DEBUG glance.api.middleware.version_negotiation [None req-c5e35d6d-2ad1-4e40-bf1e-dbe30400a556 tempest-VolumesActionsTest-85052419 tempest-VolumesActionsTest-85052419-project-member] Matched version: v2 {{(pid=101940) process_request /opt/stack/glance/glance/api/middleware/version_negotiation.py:69}}
Jun 10 20:05:29.450100 np0000002543 devstack@g-api.service[101940]: DEBUG glance.api.middleware.version_negotiation [None req-c5e35d6d-2ad1-4e40-bf1e-dbe30400a556 tempest-VolumesActionsTest-85052419 tempest-VolumesActionsTest-85052419-project-member] new path /v2/images/93210d41-62e3-4eae-aac5-b3ba879cbf97 {{(pid=101940) process_request /opt/stack/glance/glance/api/middleware/version_negotiation.py:70}}
Jun 10 20:05:29.459611 np0000002543 devstack@g-api.service[101940]: [pid: 101940|app: 0|req: 152/454] 127.0.0.1 () {40 vars in 838 bytes} [Wed Jun 10 20:05:29 2026] GET /v2/images/93210d41-62e3-4eae-aac5-b3ba879cbf97 => generated 649 bytes in 11 msecs (HTTP/1.1 200) 4 headers in 157 bytes (1 switches on core 0)
Jun 10 20:05:30.466701 np0000002543 devstack@g-api.service[101939]: DEBUG glance.api.middleware.version_negotiation [None req-c5e35d6d-2ad1-4e40-bf1e-dbe30400a556 tempest-VolumesActionsTest-85052419 tempest-VolumesActionsTest-85052419-project-member] Determining version of request: GET /v2/images/93210d41-62e3-4eae-aac5-b3ba879cbf97 Accept: application/json {{(pid=101939) process_request /opt/stack/glance/glance/api/middleware/version_negotiation.py:44}}
Jun 10 20:05:30.466701 np0000002543 devstack@g-api.service[101939]: DEBUG glance.api.middleware.version_negotiation [None req-c5e35d6d-2ad1-4e40-bf1e-dbe30400a556 tempest-VolumesActionsTest-85052419 tempest-VolumesActionsTest-85052419-project-member] Using url versioning {{(pid=101939) process_request /opt/stack/glance/glance/api/middleware/version_negotiation.py:57}}
Jun 10 20:05:30.466701 np0000002543 devstack@g-api.service[101939]: DEBUG glance.api.middleware.version_negotiation [None req-c5e35d6d-2ad1-4e40-bf1e-dbe30400a556 tempest-VolumesActionsTest-85052419 tempest-VolumesActionsTest-85052419-project-member] Matched version: v2 {{(pid=101939) process_request /opt/stack/glance/glance/api/middleware/version_negotiation.py:69}}
Jun 10 20:05:30.466701 np0000002543 devstack@g-api.service[101939]: DEBUG glance.api.middleware.version_negotiation [None req-c5e35d6d-2ad1-4e40-bf1e-dbe30400a556 tempest-VolumesActionsTest-85052419 tempest-VolumesActionsTest-85052419-project-member] new path /v2/images/93210d41-62e3-4eae-aac5-b3ba879cbf97 {{(pid=101939) process_request /opt/stack/glance/glance/api/middleware/version_negotiation.py:70}}
Jun 10 20:05:30.474896 np0000002543 devstack@g-api.service[101939]: [pid: 101939|app: 0|req: 150/455] 127.0.0.1 () {40 vars in 838 bytes} [Wed Jun 10 20:05:30 2026] GET /v2/images/93210d41-62e3-4eae-aac5-b3ba879cbf97 => generated 649 bytes in 9 msecs (HTTP/1.1 200) 4 headers in 157 bytes (1 switches on core 0)
Jun 10 20:05:31.481478 np0000002543 devstack@g-api.service[101941]: DEBUG glance.api.middleware.version_negotiation [None req-bfcaf513-ab46-4af8-9eff-4912676e8ff5 tempest-VolumesActionsTest-85052419 tempest-VolumesActionsTest-85052419-project-member] Determining version of request: GET /v2/images/93210d41-62e3-4eae-aac5-b3ba879cbf97 Accept: application/json {{(pid=101941) process_request /opt/stack/glance/glance/api/middleware/version_negotiation.py:44}}
Jun 10 20:05:31.481941 np0000002543 devstack@g-api.service[101941]: DEBUG glance.api.middleware.version_negotiation [None req-bfcaf513-ab46-4af8-9eff-4912676e8ff5 tempest-VolumesActionsTest-85052419 tempest-VolumesActionsTest-85052419-project-member] Using url versioning {{(pid=101941) process_request /opt/stack/glance/glance/api/middleware/version_negotiation.py:57}}
Jun 10 20:05:31.481941 np0000002543 devstack@g-api.service[101941]: DEBUG glance.api.middleware.version_negotiation [None req-bfcaf513-ab46-4af8-9eff-4912676e8ff5 tempest-VolumesActionsTest-85052419 tempest-VolumesActionsTest-85052419-project-member] Matched version: v2 {{(pid=101941) process_request /opt/stack/glance/glance/api/middleware/version_negotiation.py:69}}
Jun 10 20:05:31.481941 np0000002543 devstack@g-api.service[101941]: DEBUG glance.api.middleware.version_negotiation [None req-bfcaf513-ab46-4af8-9eff-4912676e8ff5 tempest-VolumesActionsTest-85052419 tempest-VolumesActionsTest-85052419-project-member] new path /v2/images/93210d41-62e3-4eae-aac5-b3ba879cbf97 {{(pid=101941) process_request /opt/stack/glance/glance/api/middleware/version_negotiation.py:70}}
Jun 10 20:05:31.488817 np0000002543 devstack@g-api.service[101941]: [pid: 101941|app: 0|req: 154/456] 127.0.0.1 () {40 vars in 838 bytes} [Wed Jun 10 20:05:31 2026] GET /v2/images/93210d41-62e3-4eae-aac5-b3ba879cbf97 => generated 649 bytes in 7 msecs (HTTP/1.1 200) 4 headers in 157 bytes (1 switches on core 0)
Jun 10 20:05:31.909515 np0000002543 devstack@g-api.service[101940]: DEBUG glance.api.middleware.version_negotiation [None req-7036fd4e-0c88-4735-bd69-c9956ba0cb2a tempest-VolumesActionsTest-85052419 tempest-VolumesActionsTest-85052419-project-member] Determining version of request: PUT /v2/images/93210d41-62e3-4eae-aac5-b3ba879cbf97/file Accept: */* {{(pid=101940) process_request /opt/stack/glance/glance/api/middleware/version_negotiation.py:44}}
Jun 10 20:05:31.909876 np0000002543 devstack@g-api.service[101940]: DEBUG glance.api.middleware.version_negotiation [None req-7036fd4e-0c88-4735-bd69-c9956ba0cb2a tempest-VolumesActionsTest-85052419 tempest-VolumesActionsTest-85052419-project-member] Using url versioning {{(pid=101940) process_request /opt/stack/glance/glance/api/middleware/version_negotiation.py:57}}
Jun 10 20:05:31.909876 np0000002543 devstack@g-api.service[101940]: DEBUG glance.api.middleware.version_negotiation [None req-7036fd4e-0c88-4735-bd69-c9956ba0cb2a tempest-VolumesActionsTest-85052419 tempest-VolumesActionsTest-85052419-project-member] Matched version: v2 {{(pid=101940) process_request /opt/stack/glance/glance/api/middleware/version_negotiation.py:69}}
Jun 10 20:05:31.909956 np0000002543 devstack@g-api.service[101940]: DEBUG glance.api.middleware.version_negotiation [None req-7036fd4e-0c88-4735-bd69-c9956ba0cb2a tempest-VolumesActionsTest-85052419 tempest-VolumesActionsTest-85052419-project-member] new path /v2/images/93210d41-62e3-4eae-aac5-b3ba879cbf97/file {{(pid=101940) process_request /opt/stack/glance/glance/api/middleware/version_negotiation.py:70}}
Jun 10 20:05:32.261955 np0000002543 devstack@g-api.service[101940]: INFO glance.api.v2.image_data [None req-c5e35d6d-2ad1-4e40-bf1e-dbe30400a556 tempest-VolumesActionsTest-85052419 tempest-VolumesActionsTest-85052419-project-member] Unable to create trust: no such option collect_timing in group [keystone_authtoken] Use the existing user token.
Jun 10 20:05:32.495612 np0000002543 devstack@g-api.service[101939]: DEBUG glance.api.middleware.version_negotiation [None req-add0861b-b31d-4ae7-bc82-1d60f0f7fce7 tempest-VolumesActionsTest-85052419 tempest-VolumesActionsTest-85052419-project-member] Determining version of request: GET /v2/images/93210d41-62e3-4eae-aac5-b3ba879cbf97 Accept: application/json {{(pid=101939) process_request /opt/stack/glance/glance/api/middleware/version_negotiation.py:44}}
Jun 10 20:05:32.495612 np0000002543 devstack@g-api.service[101939]: DEBUG glance.api.middleware.version_negotiation [None req-add0861b-b31d-4ae7-bc82-1d60f0f7fce7 tempest-VolumesActionsTest-85052419 tempest-VolumesActionsTest-85052419-project-member] Using url versioning {{(pid=101939) process_request /opt/stack/glance/glance/api/middleware/version_negotiation.py:57}}
Jun 10 20:05:32.495612 np0000002543 devstack@g-api.service[101939]: DEBUG glance.api.middleware.version_negotiation [None req-add0861b-b31d-4ae7-bc82-1d60f0f7fce7 tempest-VolumesActionsTest-85052419 tempest-VolumesActionsTest-85052419-project-member] Matched version: v2 {{(pid=101939) process_request /opt/stack/glance/glance/api/middleware/version_negotiation.py:69}}
Jun 10 20:05:32.495612 np0000002543 devstack@g-api.service[101939]: DEBUG glance.api.middleware.version_negotiation [None req-add0861b-b31d-4ae7-bc82-1d60f0f7fce7 tempest-VolumesActionsTest-85052419 tempest-VolumesActionsTest-85052419-project-member] new path /v2/images/93210d41-62e3-4eae-aac5-b3ba879cbf97 {{(pid=101939) process_request /opt/stack/glance/glance/api/middleware/version_negotiation.py:70}}
Jun 10 20:05:32.503273 np0000002543 devstack@g-api.service[101939]: [pid: 101939|app: 0|req: 151/457] 127.0.0.1 () {40 vars in 838 bytes} [Wed Jun 10 20:05:32 2026] GET /v2/images/93210d41-62e3-4eae-aac5-b3ba879cbf97 => generated 649 bytes in 8 msecs (HTTP/1.1 200) 4 headers in 157 bytes (1 switches on core 0)
Jun 10 20:05:32.601182 np0000002543 devstack@g-api.service[101940]: DEBUG glance.location [None req-c5e35d6d-2ad1-4e40-bf1e-dbe30400a556 tempest-VolumesActionsTest-85052419 tempest-VolumesActionsTest-85052419-project-member] Enabling in-flight format inspection for raw {{(pid=101940) set_data /opt/stack/glance/glance/location.py:616}}
Jun 10 20:05:32.601631 np0000002543 devstack@g-api.service[101940]: DEBUG glance_store.backend [None req-c5e35d6d-2ad1-4e40-bf1e-dbe30400a556 tempest-VolumesActionsTest-85052419 tempest-VolumesActionsTest-85052419-project-member] Attempting to import store swift {{(pid=101940) _load_store /opt/stack/data/venv/lib/python3.12/site-packages/glance_store/backend.py:215}}
Jun 10 20:05:32.602818 np0000002543 devstack@g-api.service[101940]: DEBUG glance_store.capabilities [None req-c5e35d6d-2ad1-4e40-bf1e-dbe30400a556 tempest-VolumesActionsTest-85052419 tempest-VolumesActionsTest-85052419-project-member] Store glance_store._drivers.swift.store.SingleTenantStore doesn't support updating dynamic storage capabilities. Please overwrite 'update_capabilities' method of the store to implement updating logics if needed. {{(pid=101940) update_capabilities /opt/stack/data/venv/lib/python3.12/site-packages/glance_store/capabilities.py:91}}
Jun 10 20:05:32.602915 np0000002543 devstack@g-api.service[101940]: DEBUG glance_store.driver [None req-c5e35d6d-2ad1-4e40-bf1e-dbe30400a556 tempest-VolumesActionsTest-85052419 tempest-VolumesActionsTest-85052419-project-member] Late loading location class glance_store._drivers.swift.store.StoreLocation {{(pid=101940) get_store_location_class /opt/stack/data/venv/lib/python3.12/site-packages/glance_store/driver.py:134}}
Jun 10 20:05:32.602998 np0000002543 devstack@g-api.service[101940]: DEBUG glance_store.location [None req-c5e35d6d-2ad1-4e40-bf1e-dbe30400a556 tempest-VolumesActionsTest-85052419 tempest-VolumesActionsTest-85052419-project-member] Registering scheme swift+https with {'store': , 'location_class': , 'store_entry': 'swift'} {{(pid=101940) register_scheme_map /opt/stack/data/venv/lib/python3.12/site-packages/glance_store/location.py:146}}
Jun 10 20:05:32.603068 np0000002543 devstack@g-api.service[101940]: DEBUG glance_store.location [None req-c5e35d6d-2ad1-4e40-bf1e-dbe30400a556 tempest-VolumesActionsTest-85052419 tempest-VolumesActionsTest-85052419-project-member] Registering scheme swift+https with {'store': , 'location_class': , 'store_entry': 'swift'} {{(pid=101940) register_scheme_map /opt/stack/data/venv/lib/python3.12/site-packages/glance_store/location.py:146}}
Jun 10 20:05:32.603139 np0000002543 devstack@g-api.service[101940]: DEBUG glance_store.location [None req-c5e35d6d-2ad1-4e40-bf1e-dbe30400a556 tempest-VolumesActionsTest-85052419 tempest-VolumesActionsTest-85052419-project-member] Registering scheme swift with {'store': , 'location_class': , 'store_entry': 'swift'} {{(pid=101940) register_scheme_map /opt/stack/data/venv/lib/python3.12/site-packages/glance_store/location.py:146}}
Jun 10 20:05:32.603203 np0000002543 devstack@g-api.service[101940]: DEBUG glance_store.location [None req-c5e35d6d-2ad1-4e40-bf1e-dbe30400a556 tempest-VolumesActionsTest-85052419 tempest-VolumesActionsTest-85052419-project-member] Registering scheme swift+https with {'store': , 'location_class': , 'store_entry': 'swift'} {{(pid=101940) register_scheme_map /opt/stack/data/venv/lib/python3.12/site-packages/glance_store/location.py:146}}
Jun 10 20:05:32.603331 np0000002543 devstack@g-api.service[101940]: DEBUG glance_store.location [None req-c5e35d6d-2ad1-4e40-bf1e-dbe30400a556 tempest-VolumesActionsTest-85052419 tempest-VolumesActionsTest-85052419-project-member] Registering scheme swift with {'store': , 'location_class': , 'store_entry': 'swift'} {{(pid=101940) register_scheme_map /opt/stack/data/venv/lib/python3.12/site-packages/glance_store/location.py:146}}
Jun 10 20:05:32.603397 np0000002543 devstack@g-api.service[101940]: DEBUG glance_store.location [None req-c5e35d6d-2ad1-4e40-bf1e-dbe30400a556 tempest-VolumesActionsTest-85052419 tempest-VolumesActionsTest-85052419-project-member] Registering scheme swift+http with {'store': , 'location_class': , 'store_entry': 'swift'} {{(pid=101940) register_scheme_map /opt/stack/data/venv/lib/python3.12/site-packages/glance_store/location.py:146}}
Jun 10 20:05:32.603466 np0000002543 devstack@g-api.service[101940]: DEBUG glance_store.location [None req-c5e35d6d-2ad1-4e40-bf1e-dbe30400a556 tempest-VolumesActionsTest-85052419 tempest-VolumesActionsTest-85052419-project-member] Registering scheme swift+https with {'store': , 'location_class': , 'store_entry': 'swift'} {{(pid=101940) register_scheme_map /opt/stack/data/venv/lib/python3.12/site-packages/glance_store/location.py:146}}
Jun 10 20:05:32.603531 np0000002543 devstack@g-api.service[101940]: DEBUG glance_store.location [None req-c5e35d6d-2ad1-4e40-bf1e-dbe30400a556 tempest-VolumesActionsTest-85052419 tempest-VolumesActionsTest-85052419-project-member] Registering scheme swift with {'store': , 'location_class': , 'store_entry': 'swift'} {{(pid=101940) register_scheme_map /opt/stack/data/venv/lib/python3.12/site-packages/glance_store/location.py:146}}
Jun 10 20:05:32.603604 np0000002543 devstack@g-api.service[101940]: DEBUG glance_store.location [None req-c5e35d6d-2ad1-4e40-bf1e-dbe30400a556 tempest-VolumesActionsTest-85052419 tempest-VolumesActionsTest-85052419-project-member] Registering scheme swift+http with {'store': , 'location_class': , 'store_entry': 'swift'} {{(pid=101940) register_scheme_map /opt/stack/data/venv/lib/python3.12/site-packages/glance_store/location.py:146}}
Jun 10 20:05:32.603675 np0000002543 devstack@g-api.service[101940]: DEBUG glance_store.location [None req-c5e35d6d-2ad1-4e40-bf1e-dbe30400a556 tempest-VolumesActionsTest-85052419 tempest-VolumesActionsTest-85052419-project-member] Registering scheme swift+config with {'store': , 'location_class': , 'store_entry': 'swift'} {{(pid=101940) register_scheme_map /opt/stack/data/venv/lib/python3.12/site-packages/glance_store/location.py:146}}
Jun 10 20:05:32.744649 np0000002543 devstack@g-api.service[101940]: DEBUG swiftclient [None req-c5e35d6d-2ad1-4e40-bf1e-dbe30400a556 tempest-VolumesActionsTest-85052419 tempest-VolumesActionsTest-85052419-project-member] REQ: curl -i https://10.4.3.188:8080/v1/AUTH_8f201f53bcff4f8cbeb4ec41b19195ef/glance -I -H "X-Auth-Token: gAAAAABqKcOM8TQg..." {{(pid=101940) http_log /opt/stack/data/venv/lib/python3.12/site-packages/swiftclient/client.py:160}}
Jun 10 20:05:32.744738 np0000002543 devstack@g-api.service[101940]: DEBUG swiftclient [None req-c5e35d6d-2ad1-4e40-bf1e-dbe30400a556 tempest-VolumesActionsTest-85052419 tempest-VolumesActionsTest-85052419-project-member] RESP STATUS: 204 No Content {{(pid=101940) http_log /opt/stack/data/venv/lib/python3.12/site-packages/swiftclient/client.py:161}}
Jun 10 20:05:32.744902 np0000002543 devstack@g-api.service[101940]: DEBUG swiftclient [None req-c5e35d6d-2ad1-4e40-bf1e-dbe30400a556 tempest-VolumesActionsTest-85052419 tempest-VolumesActionsTest-85052419-project-member] RESP HEADERS: {'Date': 'Wed, 10 Jun 2026 20:05:32 GMT', 'Server': 'Apache/2.4.58 (Ubuntu)', 'Content-Type': 'text/plain; charset=utf-8', 'X-Container-Object-Count': '3', 'X-Container-Bytes-Used': '64356352', 'X-Timestamp': '1781121372.88524', 'Last-Modified': 'Wed, 10 Jun 2026 19:56:13 GMT', 'Accept-Ranges': 'bytes', 'X-Storage-Policy': 'Policy-0', 'X-Container-Sharding': 'False', 'Vary': 'Accept', 'X-Trans-Id': 'tx291b75473ffb4e3e8c23b-006a29c38c', 'X-Openstack-Request-Id': 'tx291b75473ffb4e3e8c23b-006a29c38c', 'Connection': 'close'} {{(pid=101940) http_log /opt/stack/data/venv/lib/python3.12/site-packages/swiftclient/client.py:162}}
Jun 10 20:05:32.745053 np0000002543 devstack@g-api.service[101940]: DEBUG glance_store._drivers.swift.store [None req-c5e35d6d-2ad1-4e40-bf1e-dbe30400a556 tempest-VolumesActionsTest-85052419 tempest-VolumesActionsTest-85052419-project-member] Adding image object '93210d41-62e3-4eae-aac5-b3ba879cbf97' to Swift {{(pid=101940) add /opt/stack/data/venv/lib/python3.12/site-packages/glance_store/_drivers/swift/store.py:970}}
Jun 10 20:05:32.745130 np0000002543 devstack@g-api.service[101940]: DEBUG glance_store._drivers.swift.store [None req-c5e35d6d-2ad1-4e40-bf1e-dbe30400a556 tempest-VolumesActionsTest-85052419 tempest-VolumesActionsTest-85052419-project-member] Cannot determine image size because it is either not provided in the request or chunked-transfer encoding is used. Adding image as a segmented object to Swift. {{(pid=101940) add /opt/stack/data/venv/lib/python3.12/site-packages/glance_store/_drivers/swift/store.py:994}}
Jun 10 20:05:32.751056 np0000002543 devstack@g-api.service[101940]: DEBUG oslo_utils.imageutils.format_inspector [None req-c5e35d6d-2ad1-4e40-bf1e-dbe30400a556 tempest-VolumesActionsTest-85052419 tempest-VolumesActionsTest-85052419-project-member] Format inspector for vmdk does not match, excluding from consideration (Signature KDMV not found: b'\x00\x00\x00\x00') {{(pid=101940) _process_chunk /opt/stack/data/venv/lib/python3.12/site-packages/oslo_utils/imageutils/format_inspector.py:1758}}
Jun 10 20:05:32.754132 np0000002543 devstack@g-api.service[101940]: DEBUG oslo_utils.imageutils.format_inspector [None req-c5e35d6d-2ad1-4e40-bf1e-dbe30400a556 tempest-VolumesActionsTest-85052419 tempest-VolumesActionsTest-85052419-project-member] Format inspector for vhdx does not match, excluding from consideration (Region signature not found at 30000) {{(pid=101940) _process_chunk /opt/stack/data/venv/lib/python3.12/site-packages/oslo_utils/imageutils/format_inspector.py:1758}}
Jun 10 20:05:33.513511 np0000002543 devstack@g-api.service[101941]: DEBUG glance.api.middleware.version_negotiation [None req-2b1a2f1d-bbc0-4086-a245-d07c0080d38a tempest-VolumesActionsTest-85052419 tempest-VolumesActionsTest-85052419-project-member] Determining version of request: GET /v2/images/93210d41-62e3-4eae-aac5-b3ba879cbf97 Accept: application/json {{(pid=101941) process_request /opt/stack/glance/glance/api/middleware/version_negotiation.py:44}}
Jun 10 20:05:33.513822 np0000002543 devstack@g-api.service[101941]: DEBUG glance.api.middleware.version_negotiation [None req-2b1a2f1d-bbc0-4086-a245-d07c0080d38a tempest-VolumesActionsTest-85052419 tempest-VolumesActionsTest-85052419-project-member] Using url versioning {{(pid=101941) process_request /opt/stack/glance/glance/api/middleware/version_negotiation.py:57}}
Jun 10 20:05:33.513973 np0000002543 devstack@g-api.service[101941]: DEBUG glance.api.middleware.version_negotiation [None req-2b1a2f1d-bbc0-4086-a245-d07c0080d38a tempest-VolumesActionsTest-85052419 tempest-VolumesActionsTest-85052419-project-member] Matched version: v2 {{(pid=101941) process_request /opt/stack/glance/glance/api/middleware/version_negotiation.py:69}}
Jun 10 20:05:33.514152 np0000002543 devstack@g-api.service[101941]: DEBUG glance.api.middleware.version_negotiation [None req-2b1a2f1d-bbc0-4086-a245-d07c0080d38a tempest-VolumesActionsTest-85052419 tempest-VolumesActionsTest-85052419-project-member] new path /v2/images/93210d41-62e3-4eae-aac5-b3ba879cbf97 {{(pid=101941) process_request /opt/stack/glance/glance/api/middleware/version_negotiation.py:70}}
Jun 10 20:05:33.527701 np0000002543 devstack@g-api.service[101941]: [pid: 101941|app: 0|req: 155/458] 127.0.0.1 () {40 vars in 838 bytes} [Wed Jun 10 20:05:33 2026] GET /v2/images/93210d41-62e3-4eae-aac5-b3ba879cbf97 => generated 649 bytes in 14 msecs (HTTP/1.1 200) 4 headers in 157 bytes (1 switches on core 0)
Jun 10 20:05:34.537035 np0000002543 devstack@g-api.service[101939]: DEBUG glance.api.middleware.version_negotiation [None req-88429cd4-04b2-437e-b208-bd5f0a26cc61 tempest-VolumesActionsTest-85052419 tempest-VolumesActionsTest-85052419-project-member] Determining version of request: GET /v2/images/93210d41-62e3-4eae-aac5-b3ba879cbf97 Accept: application/json {{(pid=101939) process_request /opt/stack/glance/glance/api/middleware/version_negotiation.py:44}}
Jun 10 20:05:34.537390 np0000002543 devstack@g-api.service[101939]: DEBUG glance.api.middleware.version_negotiation [None req-88429cd4-04b2-437e-b208-bd5f0a26cc61 tempest-VolumesActionsTest-85052419 tempest-VolumesActionsTest-85052419-project-member] Using url versioning {{(pid=101939) process_request /opt/stack/glance/glance/api/middleware/version_negotiation.py:57}}
Jun 10 20:05:34.537441 np0000002543 devstack@g-api.service[101939]: DEBUG glance.api.middleware.version_negotiation [None req-88429cd4-04b2-437e-b208-bd5f0a26cc61 tempest-VolumesActionsTest-85052419 tempest-VolumesActionsTest-85052419-project-member] Matched version: v2 {{(pid=101939) process_request /opt/stack/glance/glance/api/middleware/version_negotiation.py:69}}
Jun 10 20:05:34.537542 np0000002543 devstack@g-api.service[101939]: DEBUG glance.api.middleware.version_negotiation [None req-88429cd4-04b2-437e-b208-bd5f0a26cc61 tempest-VolumesActionsTest-85052419 tempest-VolumesActionsTest-85052419-project-member] new path /v2/images/93210d41-62e3-4eae-aac5-b3ba879cbf97 {{(pid=101939) process_request /opt/stack/glance/glance/api/middleware/version_negotiation.py:70}}
Jun 10 20:05:34.549273 np0000002543 devstack@g-api.service[101939]: [pid: 101939|app: 0|req: 152/459] 127.0.0.1 () {40 vars in 838 bytes} [Wed Jun 10 20:05:34 2026] GET /v2/images/93210d41-62e3-4eae-aac5-b3ba879cbf97 => generated 649 bytes in 12 msecs (HTTP/1.1 200) 4 headers in 157 bytes (1 switches on core 0)
Jun 10 20:05:34.602812 np0000002543 devstack@g-api.service[101940]: DEBUG swiftclient [None req-c5e35d6d-2ad1-4e40-bf1e-dbe30400a556 tempest-VolumesActionsTest-85052419 tempest-VolumesActionsTest-85052419-project-member] REQ: curl -i https://10.4.3.188:8080/v1/AUTH_8f201f53bcff4f8cbeb4ec41b19195ef/glance/93210d41-62e3-4eae-aac5-b3ba879cbf97-00001 -X PUT -H "X-Auth-Token: gAAAAABqKcOM8TQg..." {{(pid=101940) http_log /opt/stack/data/venv/lib/python3.12/site-packages/swiftclient/client.py:160}}
Jun 10 20:05:34.603011 np0000002543 devstack@g-api.service[101940]: DEBUG swiftclient [None req-c5e35d6d-2ad1-4e40-bf1e-dbe30400a556 tempest-VolumesActionsTest-85052419 tempest-VolumesActionsTest-85052419-project-member] RESP STATUS: 201 Created {{(pid=101940) http_log /opt/stack/data/venv/lib/python3.12/site-packages/swiftclient/client.py:161}}
Jun 10 20:05:34.603127 np0000002543 devstack@g-api.service[101940]: DEBUG swiftclient [None req-c5e35d6d-2ad1-4e40-bf1e-dbe30400a556 tempest-VolumesActionsTest-85052419 tempest-VolumesActionsTest-85052419-project-member] RESP HEADERS: {'Date': 'Wed, 10 Jun 2026 20:05:34 GMT', 'Server': 'Apache/2.4.58 (Ubuntu)', 'Content-Type': 'text/html; charset=UTF-8', 'Content-Length': '0', 'Etag': 'eda9a9889837ac4bc81d6387d92c1bec', 'Last-Modified': 'Wed, 10 Jun 2026 20:05:33 GMT', 'X-Trans-Id': 'txc1a7ba3b7ca2480f9f983-006a29c38c', 'X-Openstack-Request-Id': 'txc1a7ba3b7ca2480f9f983-006a29c38c', 'Connection': 'close'} {{(pid=101940) http_log /opt/stack/data/venv/lib/python3.12/site-packages/swiftclient/client.py:162}}
Jun 10 20:05:34.603285 np0000002543 devstack@g-api.service[101940]: DEBUG glance_store._drivers.swift.store [None req-c5e35d6d-2ad1-4e40-bf1e-dbe30400a556 tempest-VolumesActionsTest-85052419 tempest-VolumesActionsTest-85052419-project-member] Wrote chunk 93210d41-62e3-4eae-aac5-b3ba879cbf97-00001 (1/?) of length 204800000 to Swift returning MD5 of content: eda9a9889837ac4bc81d6387d92c1bec {{(pid=101940) add /opt/stack/data/venv/lib/python3.12/site-packages/glance_store/_drivers/swift/store.py:1059}}
Jun 10 20:05:35.561773 np0000002543 devstack@g-api.service[101941]: DEBUG glance.api.middleware.version_negotiation [None req-bcbf0cba-b657-4e73-b154-c2fba3d08669 tempest-VolumesActionsTest-85052419 tempest-VolumesActionsTest-85052419-project-member] Determining version of request: GET /v2/images/93210d41-62e3-4eae-aac5-b3ba879cbf97 Accept: application/json {{(pid=101941) process_request /opt/stack/glance/glance/api/middleware/version_negotiation.py:44}}
Jun 10 20:05:35.561773 np0000002543 devstack@g-api.service[101941]: DEBUG glance.api.middleware.version_negotiation [None req-bcbf0cba-b657-4e73-b154-c2fba3d08669 tempest-VolumesActionsTest-85052419 tempest-VolumesActionsTest-85052419-project-member] Using url versioning {{(pid=101941) process_request /opt/stack/glance/glance/api/middleware/version_negotiation.py:57}}
Jun 10 20:05:35.561773 np0000002543 devstack@g-api.service[101941]: DEBUG glance.api.middleware.version_negotiation [None req-bcbf0cba-b657-4e73-b154-c2fba3d08669 tempest-VolumesActionsTest-85052419 tempest-VolumesActionsTest-85052419-project-member] Matched version: v2 {{(pid=101941) process_request /opt/stack/glance/glance/api/middleware/version_negotiation.py:69}}
Jun 10 20:05:35.561773 np0000002543 devstack@g-api.service[101941]: DEBUG glance.api.middleware.version_negotiation [None req-bcbf0cba-b657-4e73-b154-c2fba3d08669 tempest-VolumesActionsTest-85052419 tempest-VolumesActionsTest-85052419-project-member] new path /v2/images/93210d41-62e3-4eae-aac5-b3ba879cbf97 {{(pid=101941) process_request /opt/stack/glance/glance/api/middleware/version_negotiation.py:70}}
Jun 10 20:05:35.572082 np0000002543 devstack@g-api.service[101941]: [pid: 101941|app: 0|req: 156/460] 127.0.0.1 () {40 vars in 838 bytes} [Wed Jun 10 20:05:35 2026] GET /v2/images/93210d41-62e3-4eae-aac5-b3ba879cbf97 => generated 649 bytes in 10 msecs (HTTP/1.1 200) 4 headers in 157 bytes (1 switches on core 0)
Jun 10 20:05:36.503701 np0000002543 devstack@g-api.service[101940]: DEBUG swiftclient [None req-c5e35d6d-2ad1-4e40-bf1e-dbe30400a556 tempest-VolumesActionsTest-85052419 tempest-VolumesActionsTest-85052419-project-member] REQ: curl -i https://10.4.3.188:8080/v1/AUTH_8f201f53bcff4f8cbeb4ec41b19195ef/glance/93210d41-62e3-4eae-aac5-b3ba879cbf97-00002 -X PUT -H "X-Auth-Token: gAAAAABqKcOM8TQg..." {{(pid=101940) http_log /opt/stack/data/venv/lib/python3.12/site-packages/swiftclient/client.py:160}}
Jun 10 20:05:36.504309 np0000002543 devstack@g-api.service[101940]: DEBUG swiftclient [None req-c5e35d6d-2ad1-4e40-bf1e-dbe30400a556 tempest-VolumesActionsTest-85052419 tempest-VolumesActionsTest-85052419-project-member] RESP STATUS: 201 Created {{(pid=101940) http_log /opt/stack/data/venv/lib/python3.12/site-packages/swiftclient/client.py:161}}
Jun 10 20:05:36.504309 np0000002543 devstack@g-api.service[101940]: DEBUG swiftclient [None req-c5e35d6d-2ad1-4e40-bf1e-dbe30400a556 tempest-VolumesActionsTest-85052419 tempest-VolumesActionsTest-85052419-project-member] RESP HEADERS: {'Date': 'Wed, 10 Jun 2026 20:05:36 GMT', 'Server': 'Apache/2.4.58 (Ubuntu)', 'Content-Type': 'text/html; charset=UTF-8', 'Content-Length': '0', 'Etag': 'eda9a9889837ac4bc81d6387d92c1bec', 'Last-Modified': 'Wed, 10 Jun 2026 20:05:35 GMT', 'X-Trans-Id': 'txf6506b05e308439ca09ce-006a29c38e', 'X-Openstack-Request-Id': 'txf6506b05e308439ca09ce-006a29c38e', 'Connection': 'close'} {{(pid=101940) http_log /opt/stack/data/venv/lib/python3.12/site-packages/swiftclient/client.py:162}}
Jun 10 20:05:36.504309 np0000002543 devstack@g-api.service[101940]: DEBUG glance_store._drivers.swift.store [None req-c5e35d6d-2ad1-4e40-bf1e-dbe30400a556 tempest-VolumesActionsTest-85052419 tempest-VolumesActionsTest-85052419-project-member] Wrote chunk 93210d41-62e3-4eae-aac5-b3ba879cbf97-00002 (2/?) of length 204800000 to Swift returning MD5 of content: eda9a9889837ac4bc81d6387d92c1bec {{(pid=101940) add /opt/stack/data/venv/lib/python3.12/site-packages/glance_store/_drivers/swift/store.py:1059}}
Jun 10 20:05:36.580552 np0000002543 devstack@g-api.service[101939]: DEBUG glance.api.middleware.version_negotiation [None req-993918e9-4fb6-49c7-948d-05297cfba8bb tempest-VolumesActionsTest-85052419 tempest-VolumesActionsTest-85052419-project-member] Determining version of request: GET /v2/images/93210d41-62e3-4eae-aac5-b3ba879cbf97 Accept: application/json {{(pid=101939) process_request /opt/stack/glance/glance/api/middleware/version_negotiation.py:44}}
Jun 10 20:05:36.580934 np0000002543 devstack@g-api.service[101939]: DEBUG glance.api.middleware.version_negotiation [None req-993918e9-4fb6-49c7-948d-05297cfba8bb tempest-VolumesActionsTest-85052419 tempest-VolumesActionsTest-85052419-project-member] Using url versioning {{(pid=101939) process_request /opt/stack/glance/glance/api/middleware/version_negotiation.py:57}}
Jun 10 20:05:36.580934 np0000002543 devstack@g-api.service[101939]: DEBUG glance.api.middleware.version_negotiation [None req-993918e9-4fb6-49c7-948d-05297cfba8bb tempest-VolumesActionsTest-85052419 tempest-VolumesActionsTest-85052419-project-member] Matched version: v2 {{(pid=101939) process_request /opt/stack/glance/glance/api/middleware/version_negotiation.py:69}}
Jun 10 20:05:36.580934 np0000002543 devstack@g-api.service[101939]: DEBUG glance.api.middleware.version_negotiation [None req-993918e9-4fb6-49c7-948d-05297cfba8bb tempest-VolumesActionsTest-85052419 tempest-VolumesActionsTest-85052419-project-member] new path /v2/images/93210d41-62e3-4eae-aac5-b3ba879cbf97 {{(pid=101939) process_request /opt/stack/glance/glance/api/middleware/version_negotiation.py:70}}
Jun 10 20:05:36.589396 np0000002543 devstack@g-api.service[101939]: [pid: 101939|app: 0|req: 153/461] 127.0.0.1 () {40 vars in 838 bytes} [Wed Jun 10 20:05:36 2026] GET /v2/images/93210d41-62e3-4eae-aac5-b3ba879cbf97 => generated 649 bytes in 9 msecs (HTTP/1.1 200) 4 headers in 157 bytes (1 switches on core 0)
Jun 10 20:05:37.602784 np0000002543 devstack@g-api.service[101941]: DEBUG glance.api.middleware.version_negotiation [None req-e0f0bbd7-81a6-4593-ace2-92f33e249b51 tempest-VolumesActionsTest-85052419 tempest-VolumesActionsTest-85052419-project-member] Determining version of request: GET /v2/images/93210d41-62e3-4eae-aac5-b3ba879cbf97 Accept: application/json {{(pid=101941) process_request /opt/stack/glance/glance/api/middleware/version_negotiation.py:44}}
Jun 10 20:05:37.602784 np0000002543 devstack@g-api.service[101941]: DEBUG glance.api.middleware.version_negotiation [None req-e0f0bbd7-81a6-4593-ace2-92f33e249b51 tempest-VolumesActionsTest-85052419 tempest-VolumesActionsTest-85052419-project-member] Using url versioning {{(pid=101941) process_request /opt/stack/glance/glance/api/middleware/version_negotiation.py:57}}
Jun 10 20:05:37.602784 np0000002543 devstack@g-api.service[101941]: DEBUG glance.api.middleware.version_negotiation [None req-e0f0bbd7-81a6-4593-ace2-92f33e249b51 tempest-VolumesActionsTest-85052419 tempest-VolumesActionsTest-85052419-project-member] Matched version: v2 {{(pid=101941) process_request /opt/stack/glance/glance/api/middleware/version_negotiation.py:69}}
Jun 10 20:05:37.602784 np0000002543 devstack@g-api.service[101941]: DEBUG glance.api.middleware.version_negotiation [None req-e0f0bbd7-81a6-4593-ace2-92f33e249b51 tempest-VolumesActionsTest-85052419 tempest-VolumesActionsTest-85052419-project-member] new path /v2/images/93210d41-62e3-4eae-aac5-b3ba879cbf97 {{(pid=101941) process_request /opt/stack/glance/glance/api/middleware/version_negotiation.py:70}}
Jun 10 20:05:37.622497 np0000002543 devstack@g-api.service[101941]: [pid: 101941|app: 0|req: 157/462] 127.0.0.1 () {40 vars in 838 bytes} [Wed Jun 10 20:05:37 2026] GET /v2/images/93210d41-62e3-4eae-aac5-b3ba879cbf97 => generated 649 bytes in 20 msecs (HTTP/1.1 200) 4 headers in 157 bytes (1 switches on core 0)
Jun 10 20:05:38.723907 np0000002543 devstack@g-api.service[101940]: DEBUG swiftclient [None req-c5e35d6d-2ad1-4e40-bf1e-dbe30400a556 tempest-VolumesActionsTest-85052419 tempest-VolumesActionsTest-85052419-project-member] REQ: curl -i https://10.4.3.188:8080/v1/AUTH_8f201f53bcff4f8cbeb4ec41b19195ef/glance/93210d41-62e3-4eae-aac5-b3ba879cbf97-00003 -X PUT -H "X-Auth-Token: gAAAAABqKcOM8TQg..." {{(pid=101940) http_log /opt/stack/data/venv/lib/python3.12/site-packages/swiftclient/client.py:160}}
Jun 10 20:05:38.723907 np0000002543 devstack@g-api.service[101940]: DEBUG swiftclient [None req-c5e35d6d-2ad1-4e40-bf1e-dbe30400a556 tempest-VolumesActionsTest-85052419 tempest-VolumesActionsTest-85052419-project-member] RESP STATUS: 201 Created {{(pid=101940) http_log /opt/stack/data/venv/lib/python3.12/site-packages/swiftclient/client.py:161}}
Jun 10 20:05:38.723907 np0000002543 devstack@g-api.service[101940]: DEBUG swiftclient [None req-c5e35d6d-2ad1-4e40-bf1e-dbe30400a556 tempest-VolumesActionsTest-85052419 tempest-VolumesActionsTest-85052419-project-member] RESP HEADERS: {'Date': 'Wed, 10 Jun 2026 20:05:38 GMT', 'Server': 'Apache/2.4.58 (Ubuntu)', 'Content-Type': 'text/html; charset=UTF-8', 'Content-Length': '0', 'Etag': 'eda9a9889837ac4bc81d6387d92c1bec', 'Last-Modified': 'Wed, 10 Jun 2026 20:05:37 GMT', 'X-Trans-Id': 'txf905c6485d694d6b818e1-006a29c390', 'X-Openstack-Request-Id': 'txf905c6485d694d6b818e1-006a29c390', 'Connection': 'close'} {{(pid=101940) http_log /opt/stack/data/venv/lib/python3.12/site-packages/swiftclient/client.py:162}}
