Jun 10 19:56:05.813010 np0000002543 devstack@g-api.service[101939]: DEBUG glance_store.capabilities [-] Store glance_store._drivers.swift.store.SingleTenantStore doesn't support updating dynamic storage capabilities. Please overwrite 'update_capabilities' method of the store to implement updating logics if needed. {{(pid=101939) update_capabilities /opt/stack/data/venv/lib/python3.12/site-packages/glance_store/capabilities.py:91}}
Jun 10 19:56:05.813059 np0000002543 devstack@g-api.service[101939]: DEBUG glance_store.backend [-] Registering store swift with schemes ('swift+https', 'swift', 'swift+http', 'swift+config') {{(pid=101939) create_stores /opt/stack/data/venv/lib/python3.12/site-packages/glance_store/backend.py:261}}
Jun 10 19:56:05.813123 np0000002543 devstack@g-api.service[101939]: DEBUG glance_store.driver [-] Late loading location class glance_store._drivers.swift.store.StoreLocation {{(pid=101939) get_store_location_class /opt/stack/data/venv/lib/python3.12/site-packages/glance_store/driver.py:134}}
Jun 10 19:56:05.813178 np0000002543 devstack@g-api.service[101939]: DEBUG glance_store.location [-] Registering scheme swift+https with {'store': , 'location_class': , 'store_entry': 'swift'} {{(pid=101939) register_scheme_map /opt/stack/data/venv/lib/python3.12/site-packages/glance_store/location.py:146}}
Jun 10 19:56:05.813268 np0000002543 devstack@g-api.service[101939]: DEBUG glance_store.location [-] Registering scheme swift with {'store': , 'location_class': , 'store_entry': 'swift'} {{(pid=101939) register_scheme_map /opt/stack/data/venv/lib/python3.12/site-packages/glance_store/location.py:146}}
Jun 10 19:56:05.813339 np0000002543 devstack@g-api.service[101939]: DEBUG glance_store.location [-] Registering scheme swift+http with {'store': , 'location_class': , 'store_entry': 'swift'} {{(pid=101939) register_scheme_map /opt/stack/data/venv/lib/python3.12/site-packages/glance_store/location.py:146}}
Jun 10 19:56:05.813403 np0000002543 devstack@g-api.service[101939]: DEBUG glance_store.location [-] Registering scheme swift+config with {'store': , 'location_class': , 'store_entry': 'swift'} {{(pid=101939) register_scheme_map /opt/stack/data/venv/lib/python3.12/site-packages/glance_store/location.py:146}}
Jun 10 19:56:05.813474 np0000002543 devstack@g-api.service[101939]: DEBUG glance_store.backend [-] Attempting to import store http {{(pid=101939) _load_store /opt/stack/data/venv/lib/python3.12/site-packages/glance_store/backend.py:215}}
Jun 10 19:56:05.813649 np0000002543 devstack@g-api.service[101939]: DEBUG glance_store.capabilities [-] Store glance_store._drivers.http.Store doesn't support updating dynamic storage capabilities. Please overwrite 'update_capabilities' method of the store to implement updating logics if needed. {{(pid=101939) update_capabilities /opt/stack/data/venv/lib/python3.12/site-packages/glance_store/capabilities.py:91}}
Jun 10 19:56:05.813701 np0000002543 devstack@g-api.service[101939]: DEBUG glance_store.backend [-] Registering store http with schemes ('http', 'https') {{(pid=101939) create_stores /opt/stack/data/venv/lib/python3.12/site-packages/glance_store/backend.py:261}}
Jun 10 19:56:05.813751 np0000002543 devstack@g-api.service[101939]: DEBUG glance_store.driver [-] Late loading location class glance_store._drivers.http.StoreLocation {{(pid=101939) get_store_location_class /opt/stack/data/venv/lib/python3.12/site-packages/glance_store/driver.py:134}}
Jun 10 19:56:05.813805 np0000002543 devstack@g-api.service[101939]: DEBUG glance_store.location [-] Registering scheme http with {'store': , 'location_class': , 'store_entry': 'http'} {{(pid=101939) register_scheme_map /opt/stack/data/venv/lib/python3.12/site-packages/glance_store/location.py:146}}
Jun 10 19:56:05.813856 np0000002543 devstack@g-api.service[101939]: DEBUG glance_store.location [-] Registering scheme https with {'store': , 'location_class': , 'store_entry': 'http'} {{(pid=101939) register_scheme_map /opt/stack/data/venv/lib/python3.12/site-packages/glance_store/location.py:146}}
Jun 10 19:56:05.813951 np0000002543 devstack@g-api.service[101939]: DEBUG glance_store.backend [-] Attempting to import store swift {{(pid=101939) _load_store /opt/stack/data/venv/lib/python3.12/site-packages/glance_store/backend.py:215}}
Jun 10 19:56:05.815025 np0000002543 devstack@g-api.service[101939]: DEBUG glance_store.capabilities [-] Store glance_store._drivers.swift.store.SingleTenantStore doesn't support updating dynamic storage capabilities. Please overwrite 'update_capabilities' method of the store to implement updating logics if needed. {{(pid=101939) update_capabilities /opt/stack/data/venv/lib/python3.12/site-packages/glance_store/capabilities.py:91}}
Jun 10 19:56:05.815084 np0000002543 devstack@g-api.service[101939]: DEBUG glance_store.driver [-] Late loading location class glance_store._drivers.swift.store.StoreLocation {{(pid=101939) get_store_location_class /opt/stack/data/venv/lib/python3.12/site-packages/glance_store/driver.py:134}}
Jun 10 19:56:05.815143 np0000002543 devstack@g-api.service[101939]: DEBUG glance_store.location [-] Registering scheme swift+https with {'store': , 'location_class': , 'store_entry': 'swift'} {{(pid=101939) register_scheme_map /opt/stack/data/venv/lib/python3.12/site-packages/glance_store/location.py:146}}
Jun 10 19:56:05.815204 np0000002543 devstack@g-api.service[101939]: DEBUG glance_store.location [-] Registering scheme swift+https with {'store': , 'location_class': , 'store_entry': 'swift'} {{(pid=101939) register_scheme_map /opt/stack/data/venv/lib/python3.12/site-packages/glance_store/location.py:146}}
Jun 10 19:56:05.815273 np0000002543 devstack@g-api.service[101939]: DEBUG glance_store.location [-] Registering scheme swift with {'store': , 'location_class': , 'store_entry': 'swift'} {{(pid=101939) register_scheme_map /opt/stack/data/venv/lib/python3.12/site-packages/glance_store/location.py:146}}
Jun 10 19:56:05.815341 np0000002543 devstack@g-api.service[101939]: DEBUG glance_store.location [-] Registering scheme swift+https with {'store': , 'location_class': , 'store_entry': 'swift'} {{(pid=101939) register_scheme_map /opt/stack/data/venv/lib/python3.12/site-packages/glance_store/location.py:146}}
Jun 10 19:56:05.815399 np0000002543 devstack@g-api.service[101939]: DEBUG glance_store.location [-] Registering scheme swift with {'store': , 'location_class': , 'store_entry': 'swift'} {{(pid=101939) register_scheme_map /opt/stack/data/venv/lib/python3.12/site-packages/glance_store/location.py:146}}
Jun 10 19:56:05.815472 np0000002543 devstack@g-api.service[101939]: DEBUG glance_store.location [-] Registering scheme swift+http with {'store': , 'location_class': , 'store_entry': 'swift'} {{(pid=101939) register_scheme_map /opt/stack/data/venv/lib/python3.12/site-packages/glance_store/location.py:146}}
Jun 10 19:56:05.815522 np0000002543 devstack@g-api.service[101939]: DEBUG glance_store.location [-] Registering scheme swift+https with {'store': , 'location_class': , 'store_entry': 'swift'} {{(pid=101939) register_scheme_map /opt/stack/data/venv/lib/python3.12/site-packages/glance_store/location.py:146}}
Jun 10 19:56:05.815572 np0000002543 devstack@g-api.service[101939]: DEBUG glance_store.location [-] Registering scheme swift with {'store': , 'location_class': , 'store_entry': 'swift'} {{(pid=101939) register_scheme_map /opt/stack/data/venv/lib/python3.12/site-packages/glance_store/location.py:146}}
Jun 10 19:56:05.815626 np0000002543 devstack@g-api.service[101939]: DEBUG glance_store.location [-] Registering scheme swift+http with {'store': , 'location_class': , 'store_entry': 'swift'} {{(pid=101939) register_scheme_map /opt/stack/data/venv/lib/python3.12/site-packages/glance_store/location.py:146}}
Jun 10 19:56:05.815677 np0000002543 devstack@g-api.service[101939]: DEBUG glance_store.location [-] Registering scheme swift+config with {'store': , 'location_class': , 'store_entry': 'swift'} {{(pid=101939) register_scheme_map /opt/stack/data/venv/lib/python3.12/site-packages/glance_store/location.py:146}}
Jun 10 19:56:05.815903 np0000002543 devstack@g-api.service[101939]: DEBUG glance.sqlite_migration [-] SQLite caching database not located, skipping migration {{(pid=101939) get_db_path /opt/stack/glance/glance/sqlite_migration.py:68}}
Jun 10 19:56:05.816100 np0000002543 devstack@g-api.service[101939]: WARNING glance.common.wsgi_app [-] Import methods are enabled but staging directory /tmp/staging/ does not exist; Imports will fail!
Jun 10 19:56:06.046758 np0000002543 devstack@g-api.service[101941]: DEBUG glance.common.config [None req-f5adcb3c-af98-4b5c-badf-b1b54386d52e None None] Loading glance-api-keystone+cachemanagement from /etc/glance/glance-api-paste.ini {{(pid=101941) load_paste_app /opt/stack/glance/glance/common/config.py:758}}
Jun 10 19:56:06.053549 np0000002543 devstack@g-api.service[101940]: DEBUG glance.common.config [None req-236038cc-37f0-48ff-aeb2-55add1f1ab15 None None] Loading glance-api-keystone+cachemanagement from /etc/glance/glance-api-paste.ini {{(pid=101940) load_paste_app /opt/stack/glance/glance/common/config.py:758}}
Jun 10 19:56:06.068992 np0000002543 devstack@g-api.service[101939]: DEBUG glance.common.config [None req-745e19b0-cb51-4b2e-9879-622c105b3228 None None] Loading glance-api-keystone+cachemanagement from /etc/glance/glance-api-paste.ini {{(pid=101939) load_paste_app /opt/stack/glance/glance/common/config.py:758}}
Jun 10 19:56:06.585597 np0000002543 devstack@g-api.service[101940]: INFO glance.image_cache [None req-236038cc-37f0-48ff-aeb2-55add1f1ab15 None None] Image cache loaded driver 'centralized_db'.
Jun 10 19:56:06.586433 np0000002543 devstack@g-api.service[101941]: INFO glance.image_cache [None req-f5adcb3c-af98-4b5c-badf-b1b54386d52e None None] Image cache loaded driver 'centralized_db'.
Jun 10 19:56:06.586827 np0000002543 devstack@g-api.service[101939]: INFO glance.image_cache [None req-745e19b0-cb51-4b2e-9879-622c105b3228 None None] Image cache loaded driver 'centralized_db'.
Jun 10 19:56:06.627332 np0000002543 devstack@g-api.service[101940]: INFO dbcounter [None req-236038cc-37f0-48ff-aeb2-55add1f1ab15 None None] Registered counter for database glance
Jun 10 19:56:06.631152 np0000002543 devstack@g-api.service[101941]: INFO dbcounter [None req-f5adcb3c-af98-4b5c-badf-b1b54386d52e None None] Registered counter for database glance
Jun 10 19:56:06.631980 np0000002543 devstack@g-api.service[101939]: INFO dbcounter [None req-745e19b0-cb51-4b2e-9879-622c105b3228 None None] Registered counter for database glance
Jun 10 19:56:06.668227 np0000002543 devstack@g-api.service[101940]: DEBUG oslo_db.sqlalchemy.engines [None req-236038cc-37f0-48ff-aeb2-55add1f1ab15 None None] MySQL server mode set to STRICT_TRANS_TABLES,STRICT_ALL_TABLES,NO_ZERO_IN_DATE,NO_ZERO_DATE,ERROR_FOR_DIVISION_BY_ZERO,TRADITIONAL,NO_ENGINE_SUBSTITUTION {{(pid=101940) _check_effective_sql_mode /opt/stack/data/venv/lib/python3.12/site-packages/oslo_db/sqlalchemy/engines.py:325}}
Jun 10 19:56:06.674238 np0000002543 devstack@g-api.service[101941]: DEBUG oslo_db.sqlalchemy.engines [None req-f5adcb3c-af98-4b5c-badf-b1b54386d52e None None] MySQL server mode set to STRICT_TRANS_TABLES,STRICT_ALL_TABLES,NO_ZERO_IN_DATE,NO_ZERO_DATE,ERROR_FOR_DIVISION_BY_ZERO,TRADITIONAL,NO_ENGINE_SUBSTITUTION {{(pid=101941) _check_effective_sql_mode /opt/stack/data/venv/lib/python3.12/site-packages/oslo_db/sqlalchemy/engines.py:325}}
Jun 10 19:56:06.674896 np0000002543 devstack@g-api.service[101939]: DEBUG oslo_db.sqlalchemy.engines [None req-745e19b0-cb51-4b2e-9879-622c105b3228 None None] MySQL server mode set to STRICT_TRANS_TABLES,STRICT_ALL_TABLES,NO_ZERO_IN_DATE,NO_ZERO_DATE,ERROR_FOR_DIVISION_BY_ZERO,TRADITIONAL,NO_ENGINE_SUBSTITUTION {{(pid=101939) _check_effective_sql_mode /opt/stack/data/venv/lib/python3.12/site-packages/oslo_db/sqlalchemy/engines.py:325}}
Jun 10 19:56:06.688517 np0000002543 devstack@g-api.service[101940]: DEBUG dbcounter [-] [101940] Writer thread running {{(pid=101940) stat_writer /opt/stack/data/venv/lib/python3.12/site-packages/dbcounter.py:102}}
Jun 10 19:56:06.692173 np0000002543 devstack@g-api.service[101941]: DEBUG dbcounter [-] [101941] Writer thread running {{(pid=101941) stat_writer /opt/stack/data/venv/lib/python3.12/site-packages/dbcounter.py:102}}
Jun 10 19:56:06.694625 np0000002543 devstack@g-api.service[101941]: DEBUG glance.image_cache.drivers.centralized_db [None req-f5adcb3c-af98-4b5c-badf-b1b54386d52e None None] Node reference is already recorded, ignoring it {{(pid=101941) configure /opt/stack/glance/glance/image_cache/drivers/centralized_db.py:71}}
Jun 10 19:56:06.695510 np0000002543 devstack@g-api.service[101939]: DEBUG dbcounter [-] [101939] Writer thread running {{(pid=101939) stat_writer /opt/stack/data/venv/lib/python3.12/site-packages/dbcounter.py:102}}
Jun 10 19:56:06.698171 np0000002543 devstack@g-api.service[101939]: DEBUG glance.image_cache.drivers.centralized_db [None req-745e19b0-cb51-4b2e-9879-622c105b3228 None None] Node reference is already recorded, ignoring it {{(pid=101939) configure /opt/stack/glance/glance/image_cache/drivers/centralized_db.py:71}}
Jun 10 19:56:06.698807 np0000002543 devstack@g-api.service[101940]: INFO glance.image_cache [None req-236038cc-37f0-48ff-aeb2-55add1f1ab15 None None] Image cache loaded driver 'centralized_db'.
Jun 10 19:56:06.699326 np0000002543 devstack@g-api.service[101941]: INFO glance.image_cache [None req-f5adcb3c-af98-4b5c-badf-b1b54386d52e None None] Image cache loaded driver 'centralized_db'.
Jun 10 19:56:06.702996 np0000002543 devstack@g-api.service[101939]: INFO glance.image_cache [None req-745e19b0-cb51-4b2e-9879-622c105b3228 None None] Image cache loaded driver 'centralized_db'.
Jun 10 19:56:06.705223 np0000002543 devstack@g-api.service[101940]: DEBUG glance.image_cache.drivers.centralized_db [None req-236038cc-37f0-48ff-aeb2-55add1f1ab15 None None] Node reference is already recorded, ignoring it {{(pid=101940) configure /opt/stack/glance/glance/image_cache/drivers/centralized_db.py:71}}
Jun 10 19:56:06.705406 np0000002543 devstack@g-api.service[101941]: DEBUG glance.image_cache.drivers.centralized_db [None req-f5adcb3c-af98-4b5c-badf-b1b54386d52e None None] Node reference is already recorded, ignoring it {{(pid=101941) configure /opt/stack/glance/glance/image_cache/drivers/centralized_db.py:71}}
Jun 10 19:56:06.709346 np0000002543 devstack@g-api.service[101941]: DEBUG glance.api.v2.cached_images [None req-f5adcb3c-af98-4b5c-badf-b1b54386d52e None None] Started cache worker thread {{(pid=101941) __init__ /opt/stack/glance/glance/api/v2/cached_images.py:69}}
Jun 10 19:56:06.709403 np0000002543 devstack@g-api.service[101940]: DEBUG glance.api.v2.cached_images [None req-236038cc-37f0-48ff-aeb2-55add1f1ab15 None None] Started cache worker thread {{(pid=101940) __init__ /opt/stack/glance/glance/api/v2/cached_images.py:69}}
Jun 10 19:56:06.709523 np0000002543 devstack@g-api.service[101939]: DEBUG glance.image_cache.drivers.centralized_db [None req-745e19b0-cb51-4b2e-9879-622c105b3228 None None] Node reference is already recorded, ignoring it {{(pid=101939) configure /opt/stack/glance/glance/image_cache/drivers/centralized_db.py:71}}
Jun 10 19:56:06.709854 np0000002543 devstack@g-api.service[101941]: INFO glance.image_cache [None req-f5adcb3c-af98-4b5c-badf-b1b54386d52e None None] Image cache loaded driver 'centralized_db'.
Jun 10 19:56:06.710004 np0000002543 devstack@g-api.service[101940]: INFO glance.image_cache [None req-236038cc-37f0-48ff-aeb2-55add1f1ab15 None None] Image cache loaded driver 'centralized_db'.
Jun 10 19:56:06.713896 np0000002543 devstack@g-api.service[101939]: DEBUG glance.api.v2.cached_images [None req-745e19b0-cb51-4b2e-9879-622c105b3228 None None] Started cache worker thread {{(pid=101939) __init__ /opt/stack/glance/glance/api/v2/cached_images.py:69}}
Jun 10 19:56:06.714516 np0000002543 devstack@g-api.service[101939]: INFO glance.image_cache [None req-745e19b0-cb51-4b2e-9879-622c105b3228 None None] Image cache loaded driver 'centralized_db'.
Jun 10 19:56:06.715441 np0000002543 devstack@g-api.service[101941]: DEBUG glance.image_cache.drivers.centralized_db [None req-f5adcb3c-af98-4b5c-badf-b1b54386d52e None None] Node reference is already recorded, ignoring it {{(pid=101941) configure /opt/stack/glance/glance/image_cache/drivers/centralized_db.py:71}}
Jun 10 19:56:06.715990 np0000002543 devstack@g-api.service[101940]: DEBUG glance.image_cache.drivers.centralized_db [None req-236038cc-37f0-48ff-aeb2-55add1f1ab15 None None] Node reference is already recorded, ignoring it {{(pid=101940) configure /opt/stack/glance/glance/image_cache/drivers/centralized_db.py:71}}
Jun 10 19:56:06.719388 np0000002543 devstack@g-api.service[101941]: INFO glance.api.middleware.cache_manage [None req-f5adcb3c-af98-4b5c-badf-b1b54386d52e None None] Initialized image cache management middleware
Jun 10 19:56:06.719526 np0000002543 devstack@g-api.service[101941]: INFO glance.image_cache [None req-f5adcb3c-af98-4b5c-badf-b1b54386d52e None None] Image cache loaded driver 'centralized_db'.
Jun 10 19:56:06.720060 np0000002543 devstack@g-api.service[101940]: INFO glance.api.middleware.cache_manage [None req-236038cc-37f0-48ff-aeb2-55add1f1ab15 None None] Initialized image cache management middleware
Jun 10 19:56:06.720173 np0000002543 devstack@g-api.service[101940]: INFO glance.image_cache [None req-236038cc-37f0-48ff-aeb2-55add1f1ab15 None None] Image cache loaded driver 'centralized_db'.
Jun 10 19:56:06.720413 np0000002543 devstack@g-api.service[101939]: DEBUG glance.image_cache.drivers.centralized_db [None req-745e19b0-cb51-4b2e-9879-622c105b3228 None None] Node reference is already recorded, ignoring it {{(pid=101939) configure /opt/stack/glance/glance/image_cache/drivers/centralized_db.py:71}}
Jun 10 19:56:06.724413 np0000002543 devstack@g-api.service[101939]: INFO glance.api.middleware.cache_manage [None req-745e19b0-cb51-4b2e-9879-622c105b3228 None None] Initialized image cache management middleware
Jun 10 19:56:06.724546 np0000002543 devstack@g-api.service[101939]: INFO glance.image_cache [None req-745e19b0-cb51-4b2e-9879-622c105b3228 None None] Image cache loaded driver 'centralized_db'.
Jun 10 19:56:06.725096 np0000002543 devstack@g-api.service[101941]: DEBUG glance.image_cache.drivers.centralized_db [None req-f5adcb3c-af98-4b5c-badf-b1b54386d52e None None] Node reference is already recorded, ignoring it {{(pid=101941) configure /opt/stack/glance/glance/image_cache/drivers/centralized_db.py:71}}
Jun 10 19:56:06.725636 np0000002543 devstack@g-api.service[101940]: DEBUG glance.image_cache.drivers.centralized_db [None req-236038cc-37f0-48ff-aeb2-55add1f1ab15 None None] Node reference is already recorded, ignoring it {{(pid=101940) configure /opt/stack/glance/glance/image_cache/drivers/centralized_db.py:71}}
Jun 10 19:56:06.728350 np0000002543 devstack@g-api.service[101941]: INFO glance.api.middleware.cache [None req-f5adcb3c-af98-4b5c-badf-b1b54386d52e None None] Initialized image cache middleware
Jun 10 19:56:06.728687 np0000002543 devstack@g-api.service[101940]: INFO glance.api.middleware.cache [None req-236038cc-37f0-48ff-aeb2-55add1f1ab15 None None] Initialized image cache middleware
Jun 10 19:56:06.730437 np0000002543 devstack@g-api.service[101939]: DEBUG glance.image_cache.drivers.centralized_db [None req-745e19b0-cb51-4b2e-9879-622c105b3228 None None] Node reference is already recorded, ignoring it {{(pid=101939) configure /opt/stack/glance/glance/image_cache/drivers/centralized_db.py:71}}
Jun 10 19:56:06.734792 np0000002543 devstack@g-api.service[101939]: INFO glance.api.middleware.cache [None req-745e19b0-cb51-4b2e-9879-622c105b3228 None None] Initialized image cache middleware
Jun 10 19:56:06.823624 np0000002543 devstack@g-api.service[101941]: DEBUG glance.common.config [None req-f5adcb3c-af98-4b5c-badf-b1b54386d52e None None] ******************************************************************************** {{(pid=101941) log_opt_values /opt/stack/data/venv/lib/python3.12/site-packages/oslo_config/cfg.py:3229}}
Jun 10 19:56:06.823761 np0000002543 devstack@g-api.service[101941]: DEBUG glance.common.config [None req-f5adcb3c-af98-4b5c-badf-b1b54386d52e None None] Configuration options gathered from: {{(pid=101941) log_opt_values /opt/stack/data/venv/lib/python3.12/site-packages/oslo_config/cfg.py:3230}}
Jun 10 19:56:06.823937 np0000002543 devstack@g-api.service[101941]: DEBUG glance.common.config [None req-f5adcb3c-af98-4b5c-badf-b1b54386d52e None None] command line args: [] {{(pid=101941) log_opt_values /opt/stack/data/venv/lib/python3.12/site-packages/oslo_config/cfg.py:3231}}
Jun 10 19:56:06.824051 np0000002543 devstack@g-api.service[101941]: DEBUG glance.common.config [None req-f5adcb3c-af98-4b5c-badf-b1b54386d52e None None] config files: ['/etc/glance/glance-image-import.conf', '/etc/glance/glance-api.conf'] {{(pid=101941) log_opt_values /opt/stack/data/venv/lib/python3.12/site-packages/oslo_config/cfg.py:3232}}
Jun 10 19:56:06.824125 np0000002543 devstack@g-api.service[101941]: DEBUG glance.common.config [None req-f5adcb3c-af98-4b5c-badf-b1b54386d52e None None] ================================================================================ {{(pid=101941) log_opt_values /opt/stack/data/venv/lib/python3.12/site-packages/oslo_config/cfg.py:3237}}
Jun 10 19:56:06.824261 np0000002543 devstack@g-api.service[101941]: DEBUG glance.common.config [None req-f5adcb3c-af98-4b5c-badf-b1b54386d52e None None] allow_anonymous_access = False {{(pid=101941) log_opt_values /opt/stack/data/venv/lib/python3.12/site-packages/oslo_config/cfg.py:3245}}
Jun 10 19:56:06.824370 np0000002543 devstack@g-api.service[101941]: DEBUG glance.common.config [None req-f5adcb3c-af98-4b5c-badf-b1b54386d52e None None] api_limit_max = 1000 {{(pid=101941) log_opt_values /opt/stack/data/venv/lib/python3.12/site-packages/oslo_config/cfg.py:3245}}
Jun 10 19:56:06.824464 np0000002543 devstack@g-api.service[101941]: DEBUG glance.common.config [None req-f5adcb3c-af98-4b5c-badf-b1b54386d52e None None] backlog = 4096 {{(pid=101941) log_opt_values /opt/stack/data/venv/lib/python3.12/site-packages/oslo_config/cfg.py:3245}}
Jun 10 19:56:06.824583 np0000002543 devstack@g-api.service[101941]: DEBUG glance.common.config [None req-f5adcb3c-af98-4b5c-badf-b1b54386d52e None None] bind_host = 0.0.0.0 {{(pid=101941) log_opt_values /opt/stack/data/venv/lib/python3.12/site-packages/oslo_config/cfg.py:3245}}
Jun 10 19:56:06.824689 np0000002543 devstack@g-api.service[101941]: DEBUG glance.common.config [None req-f5adcb3c-af98-4b5c-badf-b1b54386d52e None None] bind_port = 19292 {{(pid=101941) log_opt_values /opt/stack/data/venv/lib/python3.12/site-packages/oslo_config/cfg.py:3245}}
Jun 10 19:56:06.824782 np0000002543 devstack@g-api.service[101941]: DEBUG glance.common.config [None req-f5adcb3c-af98-4b5c-badf-b1b54386d52e None None] client_socket_timeout = 900 {{(pid=101941) log_opt_values /opt/stack/data/venv/lib/python3.12/site-packages/oslo_config/cfg.py:3245}}
Jun 10 19:56:06.824877 np0000002543 devstack@g-api.service[101941]: DEBUG glance.common.config [None req-f5adcb3c-af98-4b5c-badf-b1b54386d52e None None] config_dir = [] {{(pid=101941) log_opt_values /opt/stack/data/venv/lib/python3.12/site-packages/oslo_config/cfg.py:3245}}
Jun 10 19:56:06.824951 np0000002543 devstack@g-api.service[101941]: DEBUG glance.common.config [None req-f5adcb3c-af98-4b5c-badf-b1b54386d52e None None] config_file = ['/etc/glance/glance-image-import.conf', '/etc/glance/glance-api.conf'] {{(pid=101941) log_opt_values /opt/stack/data/venv/lib/python3.12/site-packages/oslo_config/cfg.py:3245}}
Jun 10 19:56:06.825044 np0000002543 devstack@g-api.service[101941]: DEBUG glance.common.config [None req-f5adcb3c-af98-4b5c-badf-b1b54386d52e None None] config_source = [] {{(pid=101941) log_opt_values /opt/stack/data/venv/lib/python3.12/site-packages/oslo_config/cfg.py:3245}}
Jun 10 19:56:06.825140 np0000002543 devstack@g-api.service[101941]: DEBUG glance.common.config [None req-f5adcb3c-af98-4b5c-badf-b1b54386d52e None None] control_exchange = glance {{(pid=101941) log_opt_values /opt/stack/data/venv/lib/python3.12/site-packages/oslo_config/cfg.py:3245}}
Jun 10 19:56:06.825209 np0000002543 devstack@g-api.service[101941]: DEBUG glance.common.config [None req-f5adcb3c-af98-4b5c-badf-b1b54386d52e None None] debug = True {{(pid=101941) log_opt_values /opt/stack/data/venv/lib/python3.12/site-packages/oslo_config/cfg.py:3245}}
Jun 10 19:56:06.825395 np0000002543 devstack@g-api.service[101941]: DEBUG glance.common.config [None req-f5adcb3c-af98-4b5c-badf-b1b54386d52e None None] default_log_levels = ['amqp=WARN', 'boto=WARN', 'sqlalchemy=WARN', 'suds=INFO', 'oslo.messaging=INFO', 'oslo_messaging=INFO', 'iso8601=WARN', 'requests.packages.urllib3.connectionpool=WARN', 'urllib3.connectionpool=WARN', 'websocket=WARN', 'requests.packages.urllib3.util.retry=WARN', 'urllib3.util.retry=WARN', 'keystonemiddleware=WARN', 'routes.middleware=WARN', 'stevedore=WARN', 'taskflow=WARN', 'keystoneauth=WARN', 'oslo.cache=INFO', 'oslo_policy=INFO', 'dogpile.core.dogpile=INFO'] {{(pid=101941) log_opt_values /opt/stack/data/venv/lib/python3.12/site-packages/oslo_config/cfg.py:3245}}
Jun 10 19:56:06.825485 np0000002543 devstack@g-api.service[101941]: DEBUG glance.common.config [None req-f5adcb3c-af98-4b5c-badf-b1b54386d52e None None] default_publisher_id = image.localhost {{(pid=101941) log_opt_values /opt/stack/data/venv/lib/python3.12/site-packages/oslo_config/cfg.py:3245}}
Jun 10 19:56:06.825572 np0000002543 devstack@g-api.service[101941]: DEBUG glance.common.config [None req-f5adcb3c-af98-4b5c-badf-b1b54386d52e None None] delayed_delete = False {{(pid=101941) log_opt_values /opt/stack/data/venv/lib/python3.12/site-packages/oslo_config/cfg.py:3245}}
Jun 10 19:56:06.825665 np0000002543 devstack@g-api.service[101941]: DEBUG glance.common.config [None req-f5adcb3c-af98-4b5c-badf-b1b54386d52e None None] digest_algorithm = sha256 {{(pid=101941) log_opt_values /opt/stack/data/venv/lib/python3.12/site-packages/oslo_config/cfg.py:3245}}
Jun 10 19:56:06.825756 np0000002543 devstack@g-api.service[101941]: DEBUG glance.common.config [None req-f5adcb3c-af98-4b5c-badf-b1b54386d52e None None] disabled_notifications = [] {{(pid=101941) log_opt_values /opt/stack/data/venv/lib/python3.12/site-packages/oslo_config/cfg.py:3245}}
Jun 10 19:56:06.825843 np0000002543 devstack@g-api.service[101941]: DEBUG glance.common.config [None req-f5adcb3c-af98-4b5c-badf-b1b54386d52e None None] do_secure_hash = True {{(pid=101941) log_opt_values /opt/stack/data/venv/lib/python3.12/site-packages/oslo_config/cfg.py:3245}}
Jun 10 19:56:06.825929 np0000002543 devstack@g-api.service[101941]: DEBUG glance.common.config [None req-f5adcb3c-af98-4b5c-badf-b1b54386d52e None None] enabled_backends = None {{(pid=101941) log_opt_values /opt/stack/data/venv/lib/python3.12/site-packages/oslo_config/cfg.py:3245}}
Jun 10 19:56:06.826035 np0000002543 devstack@g-api.service[101941]: DEBUG glance.common.config [None req-f5adcb3c-af98-4b5c-badf-b1b54386d52e None None] enabled_import_methods = ['glance-direct', 'web-download', 'copy-image'] {{(pid=101941) log_opt_values /opt/stack/data/venv/lib/python3.12/site-packages/oslo_config/cfg.py:3245}}
Jun 10 19:56:06.826122 np0000002543 devstack@g-api.service[101941]: DEBUG glance.common.config [None req-f5adcb3c-af98-4b5c-badf-b1b54386d52e None None] fatal_deprecations = False {{(pid=101941) log_opt_values /opt/stack/data/venv/lib/python3.12/site-packages/oslo_config/cfg.py:3245}}
Jun 10 19:56:06.826227 np0000002543 devstack@g-api.service[101941]: DEBUG glance.common.config [None req-f5adcb3c-af98-4b5c-badf-b1b54386d52e None None] hashing_algorithm = sha512 {{(pid=101941) log_opt_values /opt/stack/data/venv/lib/python3.12/site-packages/oslo_config/cfg.py:3245}}
Jun 10 19:56:06.826334 np0000002543 devstack@g-api.service[101941]: DEBUG glance.common.config [None req-f5adcb3c-af98-4b5c-badf-b1b54386d52e None None] http_keepalive = True {{(pid=101941) log_opt_values /opt/stack/data/venv/lib/python3.12/site-packages/oslo_config/cfg.py:3245}}
Jun 10 19:56:06.826423 np0000002543 devstack@g-api.service[101941]: DEBUG glance.common.config [None req-f5adcb3c-af98-4b5c-badf-b1b54386d52e None None] http_retries = 3 {{(pid=101941) log_opt_values /opt/stack/data/venv/lib/python3.12/site-packages/oslo_config/cfg.py:3245}}
Jun 10 19:56:06.826516 np0000002543 devstack@g-api.service[101941]: DEBUG glance.common.config [None req-f5adcb3c-af98-4b5c-badf-b1b54386d52e None None] image_cache_dir = /opt/stack/data/glance/cache/ {{(pid=101941) log_opt_values /opt/stack/data/venv/lib/python3.12/site-packages/oslo_config/cfg.py:3245}}
Jun 10 19:56:06.826608 np0000002543 devstack@g-api.service[101941]: DEBUG glance.common.config [None req-f5adcb3c-af98-4b5c-badf-b1b54386d52e None None] image_cache_driver = centralized_db {{(pid=101941) log_opt_values /opt/stack/data/venv/lib/python3.12/site-packages/oslo_config/cfg.py:3245}}
Jun 10 19:56:06.826929 np0000002543 devstack@g-api.service[101941]: DEBUG glance.common.config [None req-f5adcb3c-af98-4b5c-badf-b1b54386d52e None None] image_cache_max_size = 10737418240 {{(pid=101941) log_opt_values /opt/stack/data/venv/lib/python3.12/site-packages/oslo_config/cfg.py:3245}}
Jun 10 19:56:06.826929 np0000002543 devstack@g-api.service[101941]: DEBUG glance.common.config [None req-f5adcb3c-af98-4b5c-badf-b1b54386d52e None None] image_cache_sqlite_db = cache.db {{(pid=101941) log_opt_values /opt/stack/data/venv/lib/python3.12/site-packages/oslo_config/cfg.py:3245}}
Jun 10 19:56:06.826929 np0000002543 devstack@g-api.service[101941]: DEBUG glance.common.config [None req-f5adcb3c-af98-4b5c-badf-b1b54386d52e None None] image_cache_stall_time = 86400 {{(pid=101941) log_opt_values /opt/stack/data/venv/lib/python3.12/site-packages/oslo_config/cfg.py:3245}}
Jun 10 19:56:06.826929 np0000002543 devstack@g-api.service[101941]: DEBUG glance.common.config [None req-f5adcb3c-af98-4b5c-badf-b1b54386d52e None None] image_location_quota = 10 {{(pid=101941) log_opt_values /opt/stack/data/venv/lib/python3.12/site-packages/oslo_config/cfg.py:3245}}
Jun 10 19:56:06.827022 np0000002543 devstack@g-api.service[101941]: DEBUG glance.common.config [None req-f5adcb3c-af98-4b5c-badf-b1b54386d52e None None] image_member_quota = 128 {{(pid=101941) log_opt_values /opt/stack/data/venv/lib/python3.12/site-packages/oslo_config/cfg.py:3245}}
Jun 10 19:56:06.827108 np0000002543 devstack@g-api.service[101941]: DEBUG glance.common.config [None req-f5adcb3c-af98-4b5c-badf-b1b54386d52e None None] image_property_quota = 128 {{(pid=101941) log_opt_values /opt/stack/data/venv/lib/python3.12/site-packages/oslo_config/cfg.py:3245}}
Jun 10 19:56:06.827195 np0000002543 devstack@g-api.service[101941]: DEBUG glance.common.config [None req-f5adcb3c-af98-4b5c-badf-b1b54386d52e None None] image_size_cap = 1099511627776 {{(pid=101941) log_opt_values /opt/stack/data/venv/lib/python3.12/site-packages/oslo_config/cfg.py:3245}}
Jun 10 19:56:06.827324 np0000002543 devstack@g-api.service[101941]: DEBUG glance.common.config [None req-f5adcb3c-af98-4b5c-badf-b1b54386d52e None None] image_tag_quota = 128 {{(pid=101941) log_opt_values /opt/stack/data/venv/lib/python3.12/site-packages/oslo_config/cfg.py:3245}}
Jun 10 19:56:06.827420 np0000002543 devstack@g-api.service[101941]: DEBUG glance.common.config [None req-f5adcb3c-af98-4b5c-badf-b1b54386d52e None None] instance_format = [instance: %(uuid)s] {{(pid=101941) log_opt_values /opt/stack/data/venv/lib/python3.12/site-packages/oslo_config/cfg.py:3245}}
Jun 10 19:56:06.827513 np0000002543 devstack@g-api.service[101941]: DEBUG glance.common.config [None req-f5adcb3c-af98-4b5c-badf-b1b54386d52e None None] instance_uuid_format = [instance: %(uuid)s] {{(pid=101941) log_opt_values /opt/stack/data/venv/lib/python3.12/site-packages/oslo_config/cfg.py:3245}}
Jun 10 19:56:06.827597 np0000002543 devstack@g-api.service[101941]: DEBUG glance.common.config [None req-f5adcb3c-af98-4b5c-badf-b1b54386d52e None None] limit_param_default = 25 {{(pid=101941) log_opt_values /opt/stack/data/venv/lib/python3.12/site-packages/oslo_config/cfg.py:3245}}
Jun 10 19:56:06.827691 np0000002543 devstack@g-api.service[101941]: DEBUG glance.common.config [None req-f5adcb3c-af98-4b5c-badf-b1b54386d52e None None] log_color = False {{(pid=101941) log_opt_values /opt/stack/data/venv/lib/python3.12/site-packages/oslo_config/cfg.py:3245}}
Jun 10 19:56:06.827782 np0000002543 devstack@g-api.service[101941]: DEBUG glance.common.config [None req-f5adcb3c-af98-4b5c-badf-b1b54386d52e None None] log_config_append = None {{(pid=101941) log_opt_values /opt/stack/data/venv/lib/python3.12/site-packages/oslo_config/cfg.py:3245}}
Jun 10 19:56:06.827874 np0000002543 devstack@g-api.service[101941]: DEBUG glance.common.config [None req-f5adcb3c-af98-4b5c-badf-b1b54386d52e None None] log_date_format = %Y-%m-%d %H:%M:%S {{(pid=101941) log_opt_values /opt/stack/data/venv/lib/python3.12/site-packages/oslo_config/cfg.py:3245}}
Jun 10 19:56:06.827963 np0000002543 devstack@g-api.service[101941]: DEBUG glance.common.config [None req-f5adcb3c-af98-4b5c-badf-b1b54386d52e None None] log_dir = None {{(pid=101941) log_opt_values /opt/stack/data/venv/lib/python3.12/site-packages/oslo_config/cfg.py:3245}}
Jun 10 19:56:06.828051 np0000002543 devstack@g-api.service[101941]: DEBUG glance.common.config [None req-f5adcb3c-af98-4b5c-badf-b1b54386d52e None None] log_file = None {{(pid=101941) log_opt_values /opt/stack/data/venv/lib/python3.12/site-packages/oslo_config/cfg.py:3245}}
Jun 10 19:56:06.828136 np0000002543 devstack@g-api.service[101941]: DEBUG glance.common.config [None req-f5adcb3c-af98-4b5c-badf-b1b54386d52e None None] log_rotate_interval = 1 {{(pid=101941) log_opt_values /opt/stack/data/venv/lib/python3.12/site-packages/oslo_config/cfg.py:3245}}
Jun 10 19:56:06.828258 np0000002543 devstack@g-api.service[101941]: DEBUG glance.common.config [None req-f5adcb3c-af98-4b5c-badf-b1b54386d52e None None] log_rotate_interval_type = days {{(pid=101941) log_opt_values /opt/stack/data/venv/lib/python3.12/site-packages/oslo_config/cfg.py:3245}}
Jun 10 19:56:06.828533 np0000002543 devstack@g-api.service[101941]: DEBUG glance.common.config [None req-f5adcb3c-af98-4b5c-badf-b1b54386d52e None None] log_rotation_type = none {{(pid=101941) log_opt_values /opt/stack/data/venv/lib/python3.12/site-packages/oslo_config/cfg.py:3245}}
Jun 10 19:56:06.828533 np0000002543 devstack@g-api.service[101941]: DEBUG glance.common.config [None req-f5adcb3c-af98-4b5c-badf-b1b54386d52e None None] logging_context_format_string = %(color)s%(levelname)s %(name)s [%(global_request_id)s %(request_id)s %(project_name)s %(user_name)s%(color)s] %(instance)s%(color)s%(message)s {{(pid=101941) log_opt_values /opt/stack/data/venv/lib/python3.12/site-packages/oslo_config/cfg.py:3245}}
Jun 10 19:56:06.828533 np0000002543 devstack@g-api.service[101941]: DEBUG glance.common.config [None req-f5adcb3c-af98-4b5c-badf-b1b54386d52e None None] logging_debug_format_suffix = {{(pid=%(process)d) %(funcName)s %(pathname)s:%(lineno)d}} {{(pid=101941) log_opt_values /opt/stack/data/venv/lib/python3.12/site-packages/oslo_config/cfg.py:3245}}
Jun 10 19:56:06.828627 np0000002543 devstack@g-api.service[101941]: DEBUG glance.common.config [None req-f5adcb3c-af98-4b5c-badf-b1b54386d52e None None] logging_default_format_string = %(color)s%(levelname)s %(name)s [-%(color)s] %(instance)s%(color)s%(message)s {{(pid=101941) log_opt_values /opt/stack/data/venv/lib/python3.12/site-packages/oslo_config/cfg.py:3245}}
Jun 10 19:56:06.828670 np0000002543 devstack@g-api.service[101941]: DEBUG glance.common.config [None req-f5adcb3c-af98-4b5c-badf-b1b54386d52e None None] logging_exception_prefix = ERROR %(name)s %(instance)s {{(pid=101941) log_opt_values /opt/stack/data/venv/lib/python3.12/site-packages/oslo_config/cfg.py:3245}}
Jun 10 19:56:06.828737 np0000002543 devstack@g-api.service[101941]: DEBUG glance.common.config [None req-f5adcb3c-af98-4b5c-badf-b1b54386d52e None None] logging_user_identity_format = %(user)s %(project)s %(domain)s %(system_scope)s %(user_domain)s %(project_domain)s {{(pid=101941) log_opt_values /opt/stack/data/venv/lib/python3.12/site-packages/oslo_config/cfg.py:3245}}
Jun 10 19:56:06.828907 np0000002543 devstack@g-api.service[101941]: DEBUG glance.common.config [None req-f5adcb3c-af98-4b5c-badf-b1b54386d52e None None] max_header_line = 16384 {{(pid=101941) log_opt_values /opt/stack/data/venv/lib/python3.12/site-packages/oslo_config/cfg.py:3245}}
Jun 10 19:56:06.828907 np0000002543 devstack@g-api.service[101941]: DEBUG glance.common.config [None req-f5adcb3c-af98-4b5c-badf-b1b54386d52e None None] max_logfile_count = 30 {{(pid=101941) log_opt_values /opt/stack/data/venv/lib/python3.12/site-packages/oslo_config/cfg.py:3245}}
Jun 10 19:56:06.828980 np0000002543 devstack@g-api.service[101941]: DEBUG glance.common.config [None req-f5adcb3c-af98-4b5c-badf-b1b54386d52e None None] max_logfile_size_mb = 200 {{(pid=101941) log_opt_values /opt/stack/data/venv/lib/python3.12/site-packages/oslo_config/cfg.py:3245}}
Jun 10 19:56:06.829132 np0000002543 devstack@g-api.service[101941]: DEBUG glance.common.config [None req-f5adcb3c-af98-4b5c-badf-b1b54386d52e None None] max_request_id_length = 64 {{(pid=101941) log_opt_values /opt/stack/data/venv/lib/python3.12/site-packages/oslo_config/cfg.py:3245}}
Jun 10 19:56:06.829183 np0000002543 devstack@g-api.service[101941]: DEBUG glance.common.config [None req-f5adcb3c-af98-4b5c-badf-b1b54386d52e None None] metadata_encryption_key = **** {{(pid=101941) log_opt_values /opt/stack/data/venv/lib/python3.12/site-packages/oslo_config/cfg.py:3245}}
Jun 10 19:56:06.829328 np0000002543 devstack@g-api.service[101941]: DEBUG glance.common.config [None req-f5adcb3c-af98-4b5c-badf-b1b54386d52e None None] node_staging_uri = file:///tmp/staging/ {{(pid=101941) log_opt_values /opt/stack/data/venv/lib/python3.12/site-packages/oslo_config/cfg.py:3245}}
Jun 10 19:56:06.829382 np0000002543 devstack@g-api.service[101941]: DEBUG glance.common.config [None req-f5adcb3c-af98-4b5c-badf-b1b54386d52e None None] property_protection_file = None {{(pid=101941) log_opt_values /opt/stack/data/venv/lib/python3.12/site-packages/oslo_config/cfg.py:3245}}
Jun 10 19:56:06.829454 np0000002543 devstack@g-api.service[101941]: DEBUG glance.common.config [None req-f5adcb3c-af98-4b5c-badf-b1b54386d52e None None] property_protection_rule_format = roles {{(pid=101941) log_opt_values /opt/stack/data/venv/lib/python3.12/site-packages/oslo_config/cfg.py:3245}}
Jun 10 19:56:06.829543 np0000002543 devstack@g-api.service[101941]: DEBUG glance.common.config [None req-f5adcb3c-af98-4b5c-badf-b1b54386d52e None None] public_endpoint = https://10.4.3.188/image {{(pid=101941) log_opt_values /opt/stack/data/venv/lib/python3.12/site-packages/oslo_config/cfg.py:3245}}
Jun 10 19:56:06.829624 np0000002543 devstack@g-api.service[101941]: DEBUG glance.common.config [None req-f5adcb3c-af98-4b5c-badf-b1b54386d52e None None] publish_errors = False {{(pid=101941) log_opt_values /opt/stack/data/venv/lib/python3.12/site-packages/oslo_config/cfg.py:3245}}
Jun 10 19:56:06.829712 np0000002543 devstack@g-api.service[101941]: DEBUG glance.common.config [None req-f5adcb3c-af98-4b5c-badf-b1b54386d52e None None] pydev_worker_debug_host = None {{(pid=101941) log_opt_values /opt/stack/data/venv/lib/python3.12/site-packages/oslo_config/cfg.py:3245}}
Jun 10 19:56:06.829797 np0000002543 devstack@g-api.service[101941]: DEBUG glance.common.config [None req-f5adcb3c-af98-4b5c-badf-b1b54386d52e None None] pydev_worker_debug_port = 5678 {{(pid=101941) log_opt_values /opt/stack/data/venv/lib/python3.12/site-packages/oslo_config/cfg.py:3245}}
Jun 10 19:56:06.829894 np0000002543 devstack@g-api.service[101941]: DEBUG glance.common.config [None req-f5adcb3c-af98-4b5c-badf-b1b54386d52e None None] rate_limit_burst = 0 {{(pid=101941) log_opt_values /opt/stack/data/venv/lib/python3.12/site-packages/oslo_config/cfg.py:3245}}
Jun 10 19:56:06.830006 np0000002543 devstack@g-api.service[101941]: DEBUG glance.common.config [None req-f5adcb3c-af98-4b5c-badf-b1b54386d52e None None] rate_limit_except_level = CRITICAL {{(pid=101941) log_opt_values /opt/stack/data/venv/lib/python3.12/site-packages/oslo_config/cfg.py:3245}}
Jun 10 19:56:06.830055 np0000002543 devstack@g-api.service[101941]: DEBUG glance.common.config [None req-f5adcb3c-af98-4b5c-badf-b1b54386d52e None None] rate_limit_interval = 0 {{(pid=101941) log_opt_values /opt/stack/data/venv/lib/python3.12/site-packages/oslo_config/cfg.py:3245}}
Jun 10 19:56:06.830130 np0000002543 devstack@g-api.service[101941]: DEBUG glance.common.config [None req-f5adcb3c-af98-4b5c-badf-b1b54386d52e None None] scrub_pool_size = 1 {{(pid=101941) log_opt_values /opt/stack/data/venv/lib/python3.12/site-packages/oslo_config/cfg.py:3245}}
Jun 10 19:56:06.830211 np0000002543 devstack@g-api.service[101941]: DEBUG glance.common.config [None req-f5adcb3c-af98-4b5c-badf-b1b54386d52e None None] scrub_time = 0 {{(pid=101941) log_opt_values /opt/stack/data/venv/lib/python3.12/site-packages/oslo_config/cfg.py:3245}}
Jun 10 19:56:06.830343 np0000002543 devstack@g-api.service[101941]: DEBUG glance.common.config [None req-f5adcb3c-af98-4b5c-badf-b1b54386d52e None None] shell_completion = None {{(pid=101941) log_opt_values /opt/stack/data/venv/lib/python3.12/site-packages/oslo_config/cfg.py:3245}}
Jun 10 19:56:06.830630 np0000002543 devstack@g-api.service[101941]: DEBUG glance.common.config [None req-f5adcb3c-af98-4b5c-badf-b1b54386d52e None None] show_image_direct_url = False {{(pid=101941) log_opt_values /opt/stack/data/venv/lib/python3.12/site-packages/oslo_config/cfg.py:3245}}
Jun 10 19:56:06.830630 np0000002543 devstack@g-api.service[101941]: WARNING oslo_config.cfg [None req-f5adcb3c-af98-4b5c-badf-b1b54386d52e None None] Deprecated: Option "show_multiple_locations" from group "DEFAULT" is deprecated for removal (Use of this option, deprecated since Newton, is a security risk and will be removed once we figure out a way to satisfy those use cases that currently require it. An earlier announcement that the same functionality can be achieved with greater granularity by using policies is incorrect. You cannot work around this option via policy configuration at the present time, though that is the direction we believe the fix will take. Please keep an eye on the Glance release notes to stay up to date on progress in addressing this issue.). Its value may be silently ignored in the future.
Jun 10 19:56:06.830719 np0000002543 devstack@g-api.service[101941]: DEBUG glance.common.config [None req-f5adcb3c-af98-4b5c-badf-b1b54386d52e None None] show_multiple_locations = False {{(pid=101941) log_opt_values /opt/stack/data/venv/lib/python3.12/site-packages/oslo_config/cfg.py:3245}}
Jun 10 19:56:06.830813 np0000002543 devstack@g-api.service[101941]: DEBUG glance.common.config [None req-f5adcb3c-af98-4b5c-badf-b1b54386d52e None None] syslog_log_facility = LOG_USER {{(pid=101941) log_opt_values /opt/stack/data/venv/lib/python3.12/site-packages/oslo_config/cfg.py:3245}}
Jun 10 19:56:06.830904 np0000002543 devstack@g-api.service[101941]: DEBUG glance.common.config [None req-f5adcb3c-af98-4b5c-badf-b1b54386d52e None None] tcp_keepidle = 600 {{(pid=101941) log_opt_values /opt/stack/data/venv/lib/python3.12/site-packages/oslo_config/cfg.py:3245}}
Jun 10 19:56:06.830998 np0000002543 devstack@g-api.service[101941]: DEBUG glance.common.config [None req-f5adcb3c-af98-4b5c-badf-b1b54386d52e None None] transport_url = **** {{(pid=101941) log_opt_values /opt/stack/data/venv/lib/python3.12/site-packages/oslo_config/cfg.py:3245}}
Jun 10 19:56:06.831101 np0000002543 devstack@g-api.service[101941]: DEBUG glance.common.config [None req-f5adcb3c-af98-4b5c-badf-b1b54386d52e None None] use_journal = False {{(pid=101941) log_opt_values /opt/stack/data/venv/lib/python3.12/site-packages/oslo_config/cfg.py:3245}}
Jun 10 19:56:06.831163 np0000002543 devstack@g-api.service[101941]: DEBUG glance.common.config [None req-f5adcb3c-af98-4b5c-badf-b1b54386d52e None None] use_json = False {{(pid=101941) log_opt_values /opt/stack/data/venv/lib/python3.12/site-packages/oslo_config/cfg.py:3245}}
Jun 10 19:56:06.831307 np0000002543 devstack@g-api.service[101941]: DEBUG glance.common.config [None req-f5adcb3c-af98-4b5c-badf-b1b54386d52e None None] use_keystone_limits = True {{(pid=101941) log_opt_values /opt/stack/data/venv/lib/python3.12/site-packages/oslo_config/cfg.py:3245}}
Jun 10 19:56:06.831451 np0000002543 devstack@g-api.service[101941]: DEBUG glance.common.config [None req-f5adcb3c-af98-4b5c-badf-b1b54386d52e None None] use_stderr = False {{(pid=101941) log_opt_values /opt/stack/data/venv/lib/python3.12/site-packages/oslo_config/cfg.py:3245}}
Jun 10 19:56:06.831503 np0000002543 devstack@g-api.service[101941]: DEBUG glance.common.config [None req-f5adcb3c-af98-4b5c-badf-b1b54386d52e None None] use_syslog = False {{(pid=101941) log_opt_values /opt/stack/data/venv/lib/python3.12/site-packages/oslo_config/cfg.py:3245}}
Jun 10 19:56:06.831570 np0000002543 devstack@g-api.service[101941]: DEBUG glance.common.config [None req-f5adcb3c-af98-4b5c-badf-b1b54386d52e None None] user_storage_quota = 0 {{(pid=101941) log_opt_values /opt/stack/data/venv/lib/python3.12/site-packages/oslo_config/cfg.py:3245}}
Jun 10 19:56:06.831666 np0000002543 devstack@g-api.service[101941]: DEBUG glance.common.config [None req-f5adcb3c-af98-4b5c-badf-b1b54386d52e None None] worker_self_reference_url = http://127.0.0.1:60999 {{(pid=101941) log_opt_values /opt/stack/data/venv/lib/python3.12/site-packages/oslo_config/cfg.py:3245}}
Jun 10 19:56:06.831868 np0000002543 devstack@g-api.service[101941]: DEBUG glance.common.config [None req-f5adcb3c-af98-4b5c-badf-b1b54386d52e None None] workers = None {{(pid=101941) log_opt_values /opt/stack/data/venv/lib/python3.12/site-packages/oslo_config/cfg.py:3245}}
Jun 10 19:56:06.831868 np0000002543 devstack@g-api.service[101941]: DEBUG glance.common.config [None req-f5adcb3c-af98-4b5c-badf-b1b54386d52e None None] oslo_concurrency.disable_process_locking = False {{(pid=101941) log_opt_values /opt/stack/data/venv/lib/python3.12/site-packages/oslo_config/cfg.py:3256}}
Jun 10 19:56:06.831945 np0000002543 devstack@g-api.service[101941]: DEBUG glance.common.config [None req-f5adcb3c-af98-4b5c-badf-b1b54386d52e None None] oslo_concurrency.lock_path = /opt/stack/data/glance/locks {{(pid=101941) log_opt_values /opt/stack/data/venv/lib/python3.12/site-packages/oslo_config/cfg.py:3256}}
Jun 10 19:56:06.832038 np0000002543 devstack@g-api.service[101941]: DEBUG glance.common.config [None req-f5adcb3c-af98-4b5c-badf-b1b54386d52e None None] oslo_middleware.enable_proxy_headers_parsing = False {{(pid=101941) log_opt_values /opt/stack/data/venv/lib/python3.12/site-packages/oslo_config/cfg.py:3256}}
Jun 10 19:56:06.832131 np0000002543 devstack@g-api.service[101941]: DEBUG glance.common.config [None req-f5adcb3c-af98-4b5c-badf-b1b54386d52e None None] oslo_middleware.http_basic_auth_user_file = /etc/htpasswd {{(pid=101941) log_opt_values /opt/stack/data/venv/lib/python3.12/site-packages/oslo_config/cfg.py:3256}}
Jun 10 19:56:06.832236 np0000002543 devstack@g-api.service[101941]: DEBUG glance.common.config [None req-f5adcb3c-af98-4b5c-badf-b1b54386d52e None None] paste_deploy.config_file = None {{(pid=101941) log_opt_values /opt/stack/data/venv/lib/python3.12/site-packages/oslo_config/cfg.py:3256}}
Jun 10 19:56:06.832358 np0000002543 devstack@g-api.service[101941]: DEBUG glance.common.config [None req-f5adcb3c-af98-4b5c-badf-b1b54386d52e None None] paste_deploy.flavor = keystone+cachemanagement {{(pid=101941) log_opt_values /opt/stack/data/venv/lib/python3.12/site-packages/oslo_config/cfg.py:3256}}
Jun 10 19:56:06.832486 np0000002543 devstack@g-api.service[101941]: DEBUG glance.common.config [None req-f5adcb3c-af98-4b5c-badf-b1b54386d52e None None] image_format.container_formats = ['ami', 'ari', 'aki', 'bare', 'ovf', 'ova', 'docker', 'compressed'] {{(pid=101941) log_opt_values /opt/stack/data/venv/lib/python3.12/site-packages/oslo_config/cfg.py:3256}}
Jun 10 19:56:06.832618 np0000002543 devstack@g-api.service[101941]: DEBUG glance.common.config [None req-f5adcb3c-af98-4b5c-badf-b1b54386d52e None None] image_format.disk_formats = ['ami', 'ari', 'aki', 'vhd', 'vhdx', 'vmdk', 'raw', 'qcow2', 'vdi', 'iso', 'ploop'] {{(pid=101941) log_opt_values /opt/stack/data/venv/lib/python3.12/site-packages/oslo_config/cfg.py:3256}}
Jun 10 19:56:06.832707 np0000002543 devstack@g-api.service[101941]: DEBUG glance.common.config [None req-f5adcb3c-af98-4b5c-badf-b1b54386d52e None None] image_format.gpt_safety_checks_nonfatal = [] {{(pid=101941) log_opt_values /opt/stack/data/venv/lib/python3.12/site-packages/oslo_config/cfg.py:3256}}
Jun 10 19:56:06.832799 np0000002543 devstack@g-api.service[101941]: DEBUG glance.common.config [None req-f5adcb3c-af98-4b5c-badf-b1b54386d52e None None] image_format.require_image_format_match = True {{(pid=101941) log_opt_values /opt/stack/data/venv/lib/python3.12/site-packages/oslo_config/cfg.py:3256}}
Jun 10 19:56:06.832902 np0000002543 devstack@g-api.service[101941]: DEBUG glance.common.config [None req-f5adcb3c-af98-4b5c-badf-b1b54386d52e None None] image_format.vmdk_allowed_types = ['streamOptimized', 'monolithicSparse'] {{(pid=101941) log_opt_values /opt/stack/data/venv/lib/python3.12/site-packages/oslo_config/cfg.py:3256}}
Jun 10 19:56:06.832998 np0000002543 devstack@g-api.service[101941]: DEBUG glance.common.config [None req-f5adcb3c-af98-4b5c-badf-b1b54386d52e None None] task.task_executor = taskflow {{(pid=101941) log_opt_values /opt/stack/data/venv/lib/python3.12/site-packages/oslo_config/cfg.py:3256}}
