Jul 28 14:24:07.117470 np0000006011 devstack@g-api.service[99728]: DEBUG glance.api.middleware.version_negotiation [None req-c4f1ce5b-28e0-46db-b4bd-f3394e0d0892 tempest-VolumesBackupsTest-1173911523 tempest-VolumesBackupsTest-1173911523-project-member] Determining version of request: GET /v2/schemas/image Accept: */* {{(pid=99728) process_request /opt/stack/glance/glance/api/middleware/version_negotiation.py:44}}
Jul 28 14:24:07.117729 np0000006011 devstack@g-api.service[99728]: DEBUG glance.api.middleware.version_negotiation [None req-c4f1ce5b-28e0-46db-b4bd-f3394e0d0892 tempest-VolumesBackupsTest-1173911523 tempest-VolumesBackupsTest-1173911523-project-member] Using url versioning {{(pid=99728) process_request /opt/stack/glance/glance/api/middleware/version_negotiation.py:57}}
Jul 28 14:24:07.117942 np0000006011 devstack@g-api.service[99728]: DEBUG glance.api.middleware.version_negotiation [None req-c4f1ce5b-28e0-46db-b4bd-f3394e0d0892 tempest-VolumesBackupsTest-1173911523 tempest-VolumesBackupsTest-1173911523-project-member] Matched version: v2 {{(pid=99728) process_request /opt/stack/glance/glance/api/middleware/version_negotiation.py:69}}
Jul 28 14:24:07.118117 np0000006011 devstack@g-api.service[99728]: DEBUG glance.api.middleware.version_negotiation [None req-c4f1ce5b-28e0-46db-b4bd-f3394e0d0892 tempest-VolumesBackupsTest-1173911523 tempest-VolumesBackupsTest-1173911523-project-member] new path /v2/schemas/image {{(pid=99728) process_request /opt/stack/glance/glance/api/middleware/version_negotiation.py:70}}
Jul 28 14:24:07.122191 np0000006011 devstack@g-api.service[99728]: [pid: 99728|app: 0|req: 113/329] 127.0.0.1 () {44 vars in 1051 bytes} [Tue Jul 28 14:24:07 2026] GET /v2/schemas/image => generated 6083 bytes in 4 msecs (HTTP/1.1 200) 4 headers in 158 bytes (1 switches on core 0)
Jul 28 14:24:07.168450 np0000006011 devstack@g-api.service[99727]: DEBUG glance.api.middleware.version_negotiation [None req-50c9f7a0-33ee-420b-b1e3-4f2113e30fdf tempest-ServerBootFromVolumeStableRescueTest-1415529433 tempest-ServerBootFromVolumeStableRescueTest-1415529433-project-member] Determining version of request: GET /v2/images/5e7b9950-d6d8-406f-8f5f-0d5af6a83d78 Accept: */* {{(pid=99727) process_request /opt/stack/glance/glance/api/middleware/version_negotiation.py:44}}
Jul 28 14:24:07.168860 np0000006011 devstack@g-api.service[99727]: DEBUG glance.api.middleware.version_negotiation [None req-50c9f7a0-33ee-420b-b1e3-4f2113e30fdf tempest-ServerBootFromVolumeStableRescueTest-1415529433 tempest-ServerBootFromVolumeStableRescueTest-1415529433-project-member] Using url versioning {{(pid=99727) process_request /opt/stack/glance/glance/api/middleware/version_negotiation.py:57}}
Jul 28 14:24:07.169020 np0000006011 devstack@g-api.service[99727]: DEBUG glance.api.middleware.version_negotiation [None req-50c9f7a0-33ee-420b-b1e3-4f2113e30fdf tempest-ServerBootFromVolumeStableRescueTest-1415529433 tempest-ServerBootFromVolumeStableRescueTest-1415529433-project-member] Matched version: v2 {{(pid=99727) process_request /opt/stack/glance/glance/api/middleware/version_negotiation.py:69}}
Jul 28 14:24:07.169227 np0000006011 devstack@g-api.service[99727]: DEBUG glance.api.middleware.version_negotiation [None req-50c9f7a0-33ee-420b-b1e3-4f2113e30fdf tempest-ServerBootFromVolumeStableRescueTest-1415529433 tempest-ServerBootFromVolumeStableRescueTest-1415529433-project-member] new path /v2/images/5e7b9950-d6d8-406f-8f5f-0d5af6a83d78 {{(pid=99727) process_request /opt/stack/glance/glance/api/middleware/version_negotiation.py:70}}
Jul 28 14:24:07.192023 np0000006011 devstack@g-api.service[99727]: [pid: 99727|app: 0|req: 112/330] 127.0.0.1 () {44 vars in 1111 bytes} [Tue Jul 28 14:24:07 2026] GET /v2/images/5e7b9950-d6d8-406f-8f5f-0d5af6a83d78 => generated 1044 bytes in 24 msecs (HTTP/1.1 200) 4 headers in 158 bytes (1 switches on core 0)
Jul 28 14:24:07.204264 np0000006011 devstack@g-api.service[99729]: DEBUG glance.api.middleware.version_negotiation [None req-c4f1ce5b-28e0-46db-b4bd-f3394e0d0892 tempest-VolumesBackupsTest-1173911523 tempest-VolumesBackupsTest-1173911523-project-member] Determining version of request: GET /v2/schemas/image Accept: */* {{(pid=99729) process_request /opt/stack/glance/glance/api/middleware/version_negotiation.py:44}}
Jul 28 14:24:07.204264 np0000006011 devstack@g-api.service[99729]: DEBUG glance.api.middleware.version_negotiation [None req-c4f1ce5b-28e0-46db-b4bd-f3394e0d0892 tempest-VolumesBackupsTest-1173911523 tempest-VolumesBackupsTest-1173911523-project-member] Using url versioning {{(pid=99729) process_request /opt/stack/glance/glance/api/middleware/version_negotiation.py:57}}
Jul 28 14:24:07.204429 np0000006011 devstack@g-api.service[99729]: DEBUG glance.api.middleware.version_negotiation [None req-c4f1ce5b-28e0-46db-b4bd-f3394e0d0892 tempest-VolumesBackupsTest-1173911523 tempest-VolumesBackupsTest-1173911523-project-member] Matched version: v2 {{(pid=99729) process_request /opt/stack/glance/glance/api/middleware/version_negotiation.py:69}}
Jul 28 14:24:07.204480 np0000006011 devstack@g-api.service[99729]: DEBUG glance.api.middleware.version_negotiation [None req-c4f1ce5b-28e0-46db-b4bd-f3394e0d0892 tempest-VolumesBackupsTest-1173911523 tempest-VolumesBackupsTest-1173911523-project-member] new path /v2/schemas/image {{(pid=99729) process_request /opt/stack/glance/glance/api/middleware/version_negotiation.py:70}}
Jul 28 14:24:07.207501 np0000006011 devstack@g-api.service[99729]: [pid: 99729|app: 0|req: 106/331] 127.0.0.1 () {44 vars in 1051 bytes} [Tue Jul 28 14:24:07 2026] GET /v2/schemas/image => generated 6083 bytes in 4 msecs (HTTP/1.1 200) 4 headers in 158 bytes (1 switches on core 0)
Jul 28 14:24:07.703778 np0000006011 devstack@g-api.service[99728]: DEBUG glance.api.middleware.version_negotiation [None req-c4f1ce5b-28e0-46db-b4bd-f3394e0d0892 tempest-VolumesBackupsTest-1173911523 tempest-VolumesBackupsTest-1173911523-project-member] Determining version of request: GET /versions Accept: */* {{(pid=99728) process_request /opt/stack/glance/glance/api/middleware/version_negotiation.py:44}}
Jul 28 14:24:07.704687 np0000006011 devstack@g-api.service[99728]: [pid: 99728|app: 0|req: 114/332] 127.0.0.1 () {44 vars in 1035 bytes} [Tue Jul 28 14:24:07 2026] GET /versions => generated 1501 bytes in 1 msecs (HTTP/1.1 200) 3 headers in 92 bytes (1 switches on core 0)
Jul 28 14:24:07.714985 np0000006011 devstack@g-api.service[99727]: DEBUG glance.api.middleware.version_negotiation [None req-c4f1ce5b-28e0-46db-b4bd-f3394e0d0892 tempest-VolumesBackupsTest-1173911523 tempest-VolumesBackupsTest-1173911523-project-member] Determining version of request: GET /v2/images/5e7b9950-d6d8-406f-8f5f-0d5af6a83d78/locations Accept: */* {{(pid=99727) process_request /opt/stack/glance/glance/api/middleware/version_negotiation.py:44}}
Jul 28 14:24:07.715181 np0000006011 devstack@g-api.service[99727]: DEBUG glance.api.middleware.version_negotiation [None req-c4f1ce5b-28e0-46db-b4bd-f3394e0d0892 tempest-VolumesBackupsTest-1173911523 tempest-VolumesBackupsTest-1173911523-project-member] Using url versioning {{(pid=99727) process_request /opt/stack/glance/glance/api/middleware/version_negotiation.py:57}}
Jul 28 14:24:07.715404 np0000006011 devstack@g-api.service[99727]: DEBUG glance.api.middleware.version_negotiation [None req-c4f1ce5b-28e0-46db-b4bd-f3394e0d0892 tempest-VolumesBackupsTest-1173911523 tempest-VolumesBackupsTest-1173911523-project-member] Matched version: v2 {{(pid=99727) process_request /opt/stack/glance/glance/api/middleware/version_negotiation.py:69}}
Jul 28 14:24:07.715575 np0000006011 devstack@g-api.service[99727]: DEBUG glance.api.middleware.version_negotiation [None req-c4f1ce5b-28e0-46db-b4bd-f3394e0d0892 tempest-VolumesBackupsTest-1173911523 tempest-VolumesBackupsTest-1173911523-project-member] new path /v2/images/5e7b9950-d6d8-406f-8f5f-0d5af6a83d78/locations {{(pid=99727) process_request /opt/stack/glance/glance/api/middleware/version_negotiation.py:70}}
Jul 28 14:24:07.779989 np0000006011 devstack@g-api.service[99727]: [pid: 99727|app: 0|req: 113/333] 127.0.0.1 () {44 vars in 1131 bytes} [Tue Jul 28 14:24:07 2026] GET /v2/images/5e7b9950-d6d8-406f-8f5f-0d5af6a83d78/locations => generated 92 bytes in 65 msecs (HTTP/1.1 200) 4 headers in 156 bytes (1 switches on core 0)
Jul 28 14:24:07.790001 np0000006011 devstack@g-api.service[99729]: DEBUG glance.api.middleware.version_negotiation [None req-c4f1ce5b-28e0-46db-b4bd-f3394e0d0892 tempest-VolumesBackupsTest-1173911523 tempest-VolumesBackupsTest-1173911523-project-member] Determining version of request: GET /v2/images/5e7b9950-d6d8-406f-8f5f-0d5af6a83d78 Accept: */* {{(pid=99729) process_request /opt/stack/glance/glance/api/middleware/version_negotiation.py:44}}
Jul 28 14:24:07.790211 np0000006011 devstack@g-api.service[99729]: DEBUG glance.api.middleware.version_negotiation [None req-c4f1ce5b-28e0-46db-b4bd-f3394e0d0892 tempest-VolumesBackupsTest-1173911523 tempest-VolumesBackupsTest-1173911523-project-member] Using url versioning {{(pid=99729) process_request /opt/stack/glance/glance/api/middleware/version_negotiation.py:57}}
Jul 28 14:24:07.790416 np0000006011 devstack@g-api.service[99729]: DEBUG glance.api.middleware.version_negotiation [None req-c4f1ce5b-28e0-46db-b4bd-f3394e0d0892 tempest-VolumesBackupsTest-1173911523 tempest-VolumesBackupsTest-1173911523-project-member] Matched version: v2 {{(pid=99729) process_request /opt/stack/glance/glance/api/middleware/version_negotiation.py:69}}
Jul 28 14:24:07.790583 np0000006011 devstack@g-api.service[99729]: DEBUG glance.api.middleware.version_negotiation [None req-c4f1ce5b-28e0-46db-b4bd-f3394e0d0892 tempest-VolumesBackupsTest-1173911523 tempest-VolumesBackupsTest-1173911523-project-member] new path /v2/images/5e7b9950-d6d8-406f-8f5f-0d5af6a83d78 {{(pid=99729) process_request /opt/stack/glance/glance/api/middleware/version_negotiation.py:70}}
Jul 28 14:24:07.809642 np0000006011 devstack@g-api.service[99729]: [pid: 99729|app: 0|req: 107/334] 127.0.0.1 () {44 vars in 1111 bytes} [Tue Jul 28 14:24:07 2026] GET /v2/images/5e7b9950-d6d8-406f-8f5f-0d5af6a83d78 => generated 1044 bytes in 20 msecs (HTTP/1.1 200) 4 headers in 158 bytes (1 switches on core 0)
Jul 28 14:24:07.823960 np0000006011 devstack@g-api.service[99728]: DEBUG glance.api.middleware.version_negotiation [None req-c4f1ce5b-28e0-46db-b4bd-f3394e0d0892 tempest-VolumesBackupsTest-1173911523 tempest-VolumesBackupsTest-1173911523-project-member] Determining version of request: GET /v2/schemas/image Accept: */* {{(pid=99728) process_request /opt/stack/glance/glance/api/middleware/version_negotiation.py:44}}
Jul 28 14:24:07.823960 np0000006011 devstack@g-api.service[99728]: DEBUG glance.api.middleware.version_negotiation [None req-c4f1ce5b-28e0-46db-b4bd-f3394e0d0892 tempest-VolumesBackupsTest-1173911523 tempest-VolumesBackupsTest-1173911523-project-member] Using url versioning {{(pid=99728) process_request /opt/stack/glance/glance/api/middleware/version_negotiation.py:57}}
Jul 28 14:24:07.823960 np0000006011 devstack@g-api.service[99728]: DEBUG glance.api.middleware.version_negotiation [None req-c4f1ce5b-28e0-46db-b4bd-f3394e0d0892 tempest-VolumesBackupsTest-1173911523 tempest-VolumesBackupsTest-1173911523-project-member] Matched version: v2 {{(pid=99728) process_request /opt/stack/glance/glance/api/middleware/version_negotiation.py:69}}
Jul 28 14:24:07.823960 np0000006011 devstack@g-api.service[99728]: DEBUG glance.api.middleware.version_negotiation [None req-c4f1ce5b-28e0-46db-b4bd-f3394e0d0892 tempest-VolumesBackupsTest-1173911523 tempest-VolumesBackupsTest-1173911523-project-member] new path /v2/schemas/image {{(pid=99728) process_request /opt/stack/glance/glance/api/middleware/version_negotiation.py:70}}
Jul 28 14:24:07.826359 np0000006011 devstack@g-api.service[99728]: [pid: 99728|app: 0|req: 115/335] 127.0.0.1 () {44 vars in 1051 bytes} [Tue Jul 28 14:24:07 2026] GET /v2/schemas/image => generated 6083 bytes in 3 msecs (HTTP/1.1 200) 4 headers in 158 bytes (1 switches on core 0)
Jul 28 14:24:07.832390 np0000006011 devstack@g-api.service[99727]: DEBUG glance.api.middleware.version_negotiation [None req-c4f1ce5b-28e0-46db-b4bd-f3394e0d0892 service glance] Determining version of request: GET /v2/images/973010fe-71bb-4587-a104-87ad2d1f4ac9 Accept: application/json {{(pid=99727) process_request /opt/stack/glance/glance/api/middleware/version_negotiation.py:44}}
Jul 28 14:24:07.832590 np0000006011 devstack@g-api.service[99727]: DEBUG glance.api.middleware.version_negotiation [None req-c4f1ce5b-28e0-46db-b4bd-f3394e0d0892 service glance] Using url versioning {{(pid=99727) process_request /opt/stack/glance/glance/api/middleware/version_negotiation.py:57}}
Jul 28 14:24:07.832722 np0000006011 devstack@g-api.service[99727]: DEBUG glance.api.middleware.version_negotiation [None req-c4f1ce5b-28e0-46db-b4bd-f3394e0d0892 service glance] Matched version: v2 {{(pid=99727) process_request /opt/stack/glance/glance/api/middleware/version_negotiation.py:69}}
Jul 28 14:24:07.832849 np0000006011 devstack@g-api.service[99727]: DEBUG glance.api.middleware.version_negotiation [None req-c4f1ce5b-28e0-46db-b4bd-f3394e0d0892 service glance] new path /v2/images/973010fe-71bb-4587-a104-87ad2d1f4ac9 {{(pid=99727) process_request /opt/stack/glance/glance/api/middleware/version_negotiation.py:70}}
Jul 28 14:24:07.845926 np0000006011 devstack@g-api.service[99727]: [pid: 99727|app: 0|req: 114/336] 127.0.0.1 () {40 vars in 834 bytes} [Tue Jul 28 14:24:07 2026] GET /v2/images/973010fe-71bb-4587-a104-87ad2d1f4ac9 => generated 1359 bytes in 14 msecs (HTTP/1.1 200) 4 headers in 158 bytes (1 switches on core 0)
Jul 28 14:24:07.846250 np0000006011 devstack@g-api.service[99729]: DEBUG glance.api.middleware.version_negotiation [None req-c4f1ce5b-28e0-46db-b4bd-f3394e0d0892 tempest-VolumesBackupsTest-1173911523 tempest-VolumesBackupsTest-1173911523-project-member] Determining version of request: GET /v2/schemas/image Accept: */* {{(pid=99729) process_request /opt/stack/glance/glance/api/middleware/version_negotiation.py:44}}
Jul 28 14:24:07.846461 np0000006011 devstack@g-api.service[99729]: DEBUG glance.api.middleware.version_negotiation [None req-c4f1ce5b-28e0-46db-b4bd-f3394e0d0892 tempest-VolumesBackupsTest-1173911523 tempest-VolumesBackupsTest-1173911523-project-member] Using url versioning {{(pid=99729) process_request /opt/stack/glance/glance/api/middleware/version_negotiation.py:57}}
Jul 28 14:24:07.846634 np0000006011 devstack@g-api.service[99729]: DEBUG glance.api.middleware.version_negotiation [None req-c4f1ce5b-28e0-46db-b4bd-f3394e0d0892 tempest-VolumesBackupsTest-1173911523 tempest-VolumesBackupsTest-1173911523-project-member] Matched version: v2 {{(pid=99729) process_request /opt/stack/glance/glance/api/middleware/version_negotiation.py:69}}
Jul 28 14:24:07.846766 np0000006011 devstack@g-api.service[99729]: DEBUG glance.api.middleware.version_negotiation [None req-c4f1ce5b-28e0-46db-b4bd-f3394e0d0892 tempest-VolumesBackupsTest-1173911523 tempest-VolumesBackupsTest-1173911523-project-member] new path /v2/schemas/image {{(pid=99729) process_request /opt/stack/glance/glance/api/middleware/version_negotiation.py:70}}
Jul 28 14:24:07.852954 np0000006011 devstack@g-api.service[99729]: [pid: 99729|app: 0|req: 108/337] 127.0.0.1 () {44 vars in 1051 bytes} [Tue Jul 28 14:24:07 2026] GET /v2/schemas/image => generated 6083 bytes in 7 msecs (HTTP/1.1 200) 4 headers in 158 bytes (1 switches on core 0)
Jul 28 14:24:08.496260 np0000006011 devstack@g-api.service[99728]: DEBUG glance.api.middleware.version_negotiation [None req-c4f1ce5b-28e0-46db-b4bd-f3394e0d0892 tempest-VolumesBackupsTest-1173911523 tempest-VolumesBackupsTest-1173911523-project-member] Determining version of request: GET /v2/images/973010fe-71bb-4587-a104-87ad2d1f4ac9 Accept: */* {{(pid=99728) process_request /opt/stack/glance/glance/api/middleware/version_negotiation.py:44}}
Jul 28 14:24:08.496673 np0000006011 devstack@g-api.service[99728]: DEBUG glance.api.middleware.version_negotiation [None req-c4f1ce5b-28e0-46db-b4bd-f3394e0d0892 tempest-VolumesBackupsTest-1173911523 tempest-VolumesBackupsTest-1173911523-project-member] Using url versioning {{(pid=99728) process_request /opt/stack/glance/glance/api/middleware/version_negotiation.py:57}}
Jul 28 14:24:08.500501 np0000006011 devstack@g-api.service[99728]: DEBUG glance.api.middleware.version_negotiation [None req-c4f1ce5b-28e0-46db-b4bd-f3394e0d0892 tempest-VolumesBackupsTest-1173911523 tempest-VolumesBackupsTest-1173911523-project-member] Matched version: v2 {{(pid=99728) process_request /opt/stack/glance/glance/api/middleware/version_negotiation.py:69}}
Jul 28 14:24:08.500898 np0000006011 devstack@g-api.service[99728]: DEBUG glance.api.middleware.version_negotiation [None req-c4f1ce5b-28e0-46db-b4bd-f3394e0d0892 tempest-VolumesBackupsTest-1173911523 tempest-VolumesBackupsTest-1173911523-project-member] new path /v2/images/973010fe-71bb-4587-a104-87ad2d1f4ac9 {{(pid=99728) process_request /opt/stack/glance/glance/api/middleware/version_negotiation.py:70}}
Jul 28 14:24:08.529240 np0000006011 devstack@g-api.service[99728]: [pid: 99728|app: 0|req: 116/338] 127.0.0.1 () {44 vars in 1111 bytes} [Tue Jul 28 14:24:08 2026] GET /v2/images/973010fe-71bb-4587-a104-87ad2d1f4ac9 => generated 1359 bytes in 34 msecs (HTTP/1.1 200) 4 headers in 158 bytes (1 switches on core 0)
Jul 28 14:24:08.575137 np0000006011 devstack@g-api.service[99727]: DEBUG glance.api.middleware.version_negotiation [None req-b76eaa6d-82bf-42a7-b36d-b1e627668520 tempest-ServerBootFromVolumeStableRescueTest-1415529433 tempest-ServerBootFromVolumeStableRescueTest-1415529433-project-member] Determining version of request: GET /v2/schemas/image Accept: */* {{(pid=99727) process_request /opt/stack/glance/glance/api/middleware/version_negotiation.py:44}}
Jul 28 14:24:08.575560 np0000006011 devstack@g-api.service[99727]: DEBUG glance.api.middleware.version_negotiation [None req-b76eaa6d-82bf-42a7-b36d-b1e627668520 tempest-ServerBootFromVolumeStableRescueTest-1415529433 tempest-ServerBootFromVolumeStableRescueTest-1415529433-project-member] Using url versioning {{(pid=99727) process_request /opt/stack/glance/glance/api/middleware/version_negotiation.py:57}}
Jul 28 14:24:08.575560 np0000006011 devstack@g-api.service[99727]: DEBUG glance.api.middleware.version_negotiation [None req-b76eaa6d-82bf-42a7-b36d-b1e627668520 tempest-ServerBootFromVolumeStableRescueTest-1415529433 tempest-ServerBootFromVolumeStableRescueTest-1415529433-project-member] Matched version: v2 {{(pid=99727) process_request /opt/stack/glance/glance/api/middleware/version_negotiation.py:69}}
Jul 28 14:24:08.576086 np0000006011 devstack@g-api.service[99727]: DEBUG glance.api.middleware.version_negotiation [None req-b76eaa6d-82bf-42a7-b36d-b1e627668520 tempest-ServerBootFromVolumeStableRescueTest-1415529433 tempest-ServerBootFromVolumeStableRescueTest-1415529433-project-member] new path /v2/schemas/image {{(pid=99727) process_request /opt/stack/glance/glance/api/middleware/version_negotiation.py:70}}
Jul 28 14:24:08.581306 np0000006011 devstack@g-api.service[99727]: [pid: 99727|app: 0|req: 115/339] 127.0.0.1 () {44 vars in 1051 bytes} [Tue Jul 28 14:24:08 2026] GET /v2/schemas/image => generated 6083 bytes in 6 msecs (HTTP/1.1 200) 4 headers in 158 bytes (1 switches on core 0)
Jul 28 14:24:08.631673 np0000006011 devstack@g-api.service[99729]: DEBUG glance.api.middleware.version_negotiation [None req-c4f1ce5b-28e0-46db-b4bd-f3394e0d0892 tempest-VolumesBackupsTest-1173911523 tempest-VolumesBackupsTest-1173911523-project-member] Determining version of request: GET /v2/schemas/image Accept: */* {{(pid=99729) process_request /opt/stack/glance/glance/api/middleware/version_negotiation.py:44}}
Jul 28 14:24:08.632014 np0000006011 devstack@g-api.service[99729]: DEBUG glance.api.middleware.version_negotiation [None req-c4f1ce5b-28e0-46db-b4bd-f3394e0d0892 tempest-VolumesBackupsTest-1173911523 tempest-VolumesBackupsTest-1173911523-project-member] Using url versioning {{(pid=99729) process_request /opt/stack/glance/glance/api/middleware/version_negotiation.py:57}}
Jul 28 14:24:08.632061 np0000006011 devstack@g-api.service[99729]: DEBUG glance.api.middleware.version_negotiation [None req-c4f1ce5b-28e0-46db-b4bd-f3394e0d0892 tempest-VolumesBackupsTest-1173911523 tempest-VolumesBackupsTest-1173911523-project-member] Matched version: v2 {{(pid=99729) process_request /opt/stack/glance/glance/api/middleware/version_negotiation.py:69}}
Jul 28 14:24:08.632447 np0000006011 devstack@g-api.service[99729]: DEBUG glance.api.middleware.version_negotiation [None req-c4f1ce5b-28e0-46db-b4bd-f3394e0d0892 tempest-VolumesBackupsTest-1173911523 tempest-VolumesBackupsTest-1173911523-project-member] new path /v2/schemas/image {{(pid=99729) process_request /opt/stack/glance/glance/api/middleware/version_negotiation.py:70}}
Jul 28 14:24:08.635993 np0000006011 devstack@g-api.service[99729]: [pid: 99729|app: 0|req: 109/340] 127.0.0.1 () {44 vars in 1051 bytes} [Tue Jul 28 14:24:08 2026] GET /v2/schemas/image => generated 6083 bytes in 4 msecs (HTTP/1.1 200) 4 headers in 158 bytes (1 switches on core 0)
Jul 28 14:24:08.683602 np0000006011 devstack@g-api.service[99728]: DEBUG glance.api.middleware.version_negotiation [None req-50c9f7a0-33ee-420b-b1e3-4f2113e30fdf tempest-ServerBootFromVolumeStableRescueTest-1415529433 tempest-ServerBootFromVolumeStableRescueTest-1415529433-project-member] Determining version of request: PATCH /v2/images/973010fe-71bb-4587-a104-87ad2d1f4ac9 Accept: */* {{(pid=99728) process_request /opt/stack/glance/glance/api/middleware/version_negotiation.py:44}}
Jul 28 14:24:08.684751 np0000006011 devstack@g-api.service[99728]: DEBUG glance.api.middleware.version_negotiation [None req-50c9f7a0-33ee-420b-b1e3-4f2113e30fdf tempest-ServerBootFromVolumeStableRescueTest-1415529433 tempest-ServerBootFromVolumeStableRescueTest-1415529433-project-member] Using url versioning {{(pid=99728) process_request /opt/stack/glance/glance/api/middleware/version_negotiation.py:57}}
Jul 28 14:24:08.684751 np0000006011 devstack@g-api.service[99728]: DEBUG glance.api.middleware.version_negotiation [None req-50c9f7a0-33ee-420b-b1e3-4f2113e30fdf tempest-ServerBootFromVolumeStableRescueTest-1415529433 tempest-ServerBootFromVolumeStableRescueTest-1415529433-project-member] Matched version: v2 {{(pid=99728) process_request /opt/stack/glance/glance/api/middleware/version_negotiation.py:69}}
Jul 28 14:24:08.684751 np0000006011 devstack@g-api.service[99728]: DEBUG glance.api.middleware.version_negotiation [None req-50c9f7a0-33ee-420b-b1e3-4f2113e30fdf tempest-ServerBootFromVolumeStableRescueTest-1415529433 tempest-ServerBootFromVolumeStableRescueTest-1415529433-project-member] new path /v2/images/973010fe-71bb-4587-a104-87ad2d1f4ac9 {{(pid=99728) process_request /opt/stack/glance/glance/api/middleware/version_negotiation.py:70}}
Jul 28 14:24:08.857051 np0000006011 devstack@g-api.service[99727]: DEBUG glance.api.middleware.version_negotiation [None req-50c9f7a0-33ee-420b-b1e3-4f2113e30fdf tempest-ServerBootFromVolumeStableRescueTest-1415529433 tempest-ServerBootFromVolumeStableRescueTest-1415529433-project-member] Determining version of request: GET /v2/images/973010fe-71bb-4587-a104-87ad2d1f4ac9 Accept: application/json {{(pid=99727) process_request /opt/stack/glance/glance/api/middleware/version_negotiation.py:44}}
Jul 28 14:24:08.857231 np0000006011 devstack@g-api.service[99727]: DEBUG glance.api.middleware.version_negotiation [None req-50c9f7a0-33ee-420b-b1e3-4f2113e30fdf tempest-ServerBootFromVolumeStableRescueTest-1415529433 tempest-ServerBootFromVolumeStableRescueTest-1415529433-project-member] Using url versioning {{(pid=99727) process_request /opt/stack/glance/glance/api/middleware/version_negotiation.py:57}}
Jul 28 14:24:08.857409 np0000006011 devstack@g-api.service[99727]: DEBUG glance.api.middleware.version_negotiation [None req-50c9f7a0-33ee-420b-b1e3-4f2113e30fdf tempest-ServerBootFromVolumeStableRescueTest-1415529433 tempest-ServerBootFromVolumeStableRescueTest-1415529433-project-member] Matched version: v2 {{(pid=99727) process_request /opt/stack/glance/glance/api/middleware/version_negotiation.py:69}}
Jul 28 14:24:08.857582 np0000006011 devstack@g-api.service[99727]: DEBUG glance.api.middleware.version_negotiation [None req-50c9f7a0-33ee-420b-b1e3-4f2113e30fdf tempest-ServerBootFromVolumeStableRescueTest-1415529433 tempest-ServerBootFromVolumeStableRescueTest-1415529433-project-member] new path /v2/images/973010fe-71bb-4587-a104-87ad2d1f4ac9 {{(pid=99727) process_request /opt/stack/glance/glance/api/middleware/version_negotiation.py:70}}
Jul 28 14:24:08.877075 np0000006011 devstack@g-api.service[99727]: [pid: 99727|app: 0|req: 116/341] 127.0.0.1 () {40 vars in 834 bytes} [Tue Jul 28 14:24:08 2026] GET /v2/images/973010fe-71bb-4587-a104-87ad2d1f4ac9 => generated 1359 bytes in 20 msecs (HTTP/1.1 200) 4 headers in 158 bytes (1 switches on core 0)
Jul 28 14:24:08.915353 np0000006011 devstack@g-api.service[99728]: [pid: 99728|app: 0|req: 117/342] 127.0.0.1 () {46 vars in 1154 bytes} [Tue Jul 28 14:24:08 2026] PATCH /v2/images/973010fe-71bb-4587-a104-87ad2d1f4ac9 => generated 1470 bytes in 232 msecs (HTTP/1.1 200) 4 headers in 158 bytes (1 switches on core 0)
Jul 28 14:24:08.955926 np0000006011 devstack@g-api.service[99729]: DEBUG glance.api.middleware.version_negotiation [None req-50c9f7a0-33ee-420b-b1e3-4f2113e30fdf tempest-ServerBootFromVolumeStableRescueTest-1415529433 tempest-ServerBootFromVolumeStableRescueTest-1415529433-project-member] Determining version of request: GET /v2/images/973010fe-71bb-4587-a104-87ad2d1f4ac9 Accept: */* {{(pid=99729) process_request /opt/stack/glance/glance/api/middleware/version_negotiation.py:44}}
Jul 28 14:24:08.956178 np0000006011 devstack@g-api.service[99729]: DEBUG glance.api.middleware.version_negotiation [None req-50c9f7a0-33ee-420b-b1e3-4f2113e30fdf tempest-ServerBootFromVolumeStableRescueTest-1415529433 tempest-ServerBootFromVolumeStableRescueTest-1415529433-project-member] Using url versioning {{(pid=99729) process_request /opt/stack/glance/glance/api/middleware/version_negotiation.py:57}}
Jul 28 14:24:08.956417 np0000006011 devstack@g-api.service[99729]: DEBUG glance.api.middleware.version_negotiation [None req-50c9f7a0-33ee-420b-b1e3-4f2113e30fdf tempest-ServerBootFromVolumeStableRescueTest-1415529433 tempest-ServerBootFromVolumeStableRescueTest-1415529433-project-member] Matched version: v2 {{(pid=99729) process_request /opt/stack/glance/glance/api/middleware/version_negotiation.py:69}}
Jul 28 14:24:08.956597 np0000006011 devstack@g-api.service[99729]: DEBUG glance.api.middleware.version_negotiation [None req-50c9f7a0-33ee-420b-b1e3-4f2113e30fdf tempest-ServerBootFromVolumeStableRescueTest-1415529433 tempest-ServerBootFromVolumeStableRescueTest-1415529433-project-member] new path /v2/images/973010fe-71bb-4587-a104-87ad2d1f4ac9 {{(pid=99729) process_request /opt/stack/glance/glance/api/middleware/version_negotiation.py:70}}
Jul 28 14:24:08.979920 np0000006011 devstack@g-api.service[99729]: [pid: 99729|app: 0|req: 110/343] 127.0.0.1 () {44 vars in 1111 bytes} [Tue Jul 28 14:24:08 2026] GET /v2/images/973010fe-71bb-4587-a104-87ad2d1f4ac9 => generated 1470 bytes in 24 msecs (HTTP/1.1 200) 4 headers in 158 bytes (1 switches on core 0)
Jul 28 14:24:09.028779 np0000006011 devstack@g-api.service[99727]: DEBUG glance.api.middleware.version_negotiation [None req-aae0249b-fa2c-4ab0-a173-250cf6354a6b tempest-ServerBootFromVolumeStableRescueTest-1415529433 tempest-ServerBootFromVolumeStableRescueTest-1415529433-project-member] Determining version of request: PUT /v2/images/973010fe-71bb-4587-a104-87ad2d1f4ac9/file Accept: */* {{(pid=99727) process_request /opt/stack/glance/glance/api/middleware/version_negotiation.py:44}}
Jul 28 14:24:09.029906 np0000006011 devstack@g-api.service[99727]: DEBUG glance.api.middleware.version_negotiation [None req-aae0249b-fa2c-4ab0-a173-250cf6354a6b tempest-ServerBootFromVolumeStableRescueTest-1415529433 tempest-ServerBootFromVolumeStableRescueTest-1415529433-project-member] Using url versioning {{(pid=99727) process_request /opt/stack/glance/glance/api/middleware/version_negotiation.py:57}}
Jul 28 14:24:09.030153 np0000006011 devstack@g-api.service[99727]: DEBUG glance.api.middleware.version_negotiation [None req-aae0249b-fa2c-4ab0-a173-250cf6354a6b tempest-ServerBootFromVolumeStableRescueTest-1415529433 tempest-ServerBootFromVolumeStableRescueTest-1415529433-project-member] Matched version: v2 {{(pid=99727) process_request /opt/stack/glance/glance/api/middleware/version_negotiation.py:69}}
Jul 28 14:24:09.030378 np0000006011 devstack@g-api.service[99727]: DEBUG glance.api.middleware.version_negotiation [None req-aae0249b-fa2c-4ab0-a173-250cf6354a6b tempest-ServerBootFromVolumeStableRescueTest-1415529433 tempest-ServerBootFromVolumeStableRescueTest-1415529433-project-member] new path /v2/images/973010fe-71bb-4587-a104-87ad2d1f4ac9/file {{(pid=99727) process_request /opt/stack/glance/glance/api/middleware/version_negotiation.py:70}}
Jul 28 14:24:09.677342 np0000006011 devstack@g-api.service[99727]: INFO glance.api.v2.image_data [None req-50c9f7a0-33ee-420b-b1e3-4f2113e30fdf tempest-ServerBootFromVolumeStableRescueTest-1415529433 tempest-ServerBootFromVolumeStableRescueTest-1415529433-project-member] Unable to create trust: no such option collect_timing in group [keystone_authtoken] Use the existing user token.
Jul 28 14:24:09.886847 np0000006011 devstack@g-api.service[99728]: DEBUG glance.api.middleware.version_negotiation [None req-50c9f7a0-33ee-420b-b1e3-4f2113e30fdf tempest-ServerBootFromVolumeStableRescueTest-1415529433 tempest-ServerBootFromVolumeStableRescueTest-1415529433-project-member] Determining version of request: GET /v2/images/973010fe-71bb-4587-a104-87ad2d1f4ac9 Accept: application/json {{(pid=99728) process_request /opt/stack/glance/glance/api/middleware/version_negotiation.py:44}}
Jul 28 14:24:09.887055 np0000006011 devstack@g-api.service[99728]: DEBUG glance.api.middleware.version_negotiation [None req-50c9f7a0-33ee-420b-b1e3-4f2113e30fdf tempest-ServerBootFromVolumeStableRescueTest-1415529433 tempest-ServerBootFromVolumeStableRescueTest-1415529433-project-member] Using url versioning {{(pid=99728) process_request /opt/stack/glance/glance/api/middleware/version_negotiation.py:57}}
Jul 28 14:24:09.887234 np0000006011 devstack@g-api.service[99728]: DEBUG glance.api.middleware.version_negotiation [None req-50c9f7a0-33ee-420b-b1e3-4f2113e30fdf tempest-ServerBootFromVolumeStableRescueTest-1415529433 tempest-ServerBootFromVolumeStableRescueTest-1415529433-project-member] Matched version: v2 {{(pid=99728) process_request /opt/stack/glance/glance/api/middleware/version_negotiation.py:69}}
Jul 28 14:24:09.887371 np0000006011 devstack@g-api.service[99728]: DEBUG glance.api.middleware.version_negotiation [None req-50c9f7a0-33ee-420b-b1e3-4f2113e30fdf tempest-ServerBootFromVolumeStableRescueTest-1415529433 tempest-ServerBootFromVolumeStableRescueTest-1415529433-project-member] new path /v2/images/973010fe-71bb-4587-a104-87ad2d1f4ac9 {{(pid=99728) process_request /opt/stack/glance/glance/api/middleware/version_negotiation.py:70}}
Jul 28 14:24:09.904606 np0000006011 devstack@g-api.service[99728]: [pid: 99728|app: 0|req: 118/344] 127.0.0.1 () {40 vars in 834 bytes} [Tue Jul 28 14:24:09 2026] GET /v2/images/973010fe-71bb-4587-a104-87ad2d1f4ac9 => generated 1470 bytes in 18 msecs (HTTP/1.1 200) 4 headers in 158 bytes (1 switches on core 0)
Jul 28 14:24:10.315727 np0000006011 devstack@g-api.service[99727]: DEBUG glance.location [None req-50c9f7a0-33ee-420b-b1e3-4f2113e30fdf tempest-ServerBootFromVolumeStableRescueTest-1415529433 tempest-ServerBootFromVolumeStableRescueTest-1415529433-project-member] Enabling in-flight format inspection for qcow2 {{(pid=99727) set_data /opt/stack/glance/glance/location.py:596}}
Jul 28 14:24:10.316247 np0000006011 devstack@g-api.service[99727]: DEBUG glance_store.backend [None req-50c9f7a0-33ee-420b-b1e3-4f2113e30fdf tempest-ServerBootFromVolumeStableRescueTest-1415529433 tempest-ServerBootFromVolumeStableRescueTest-1415529433-project-member] Attempting to import store swift {{(pid=99727) _load_store /opt/stack/data/venv/lib/python3.12/site-packages/glance_store/backend.py:215}}
Jul 28 14:24:10.318193 np0000006011 devstack@g-api.service[99727]: DEBUG glance_store.capabilities [None req-50c9f7a0-33ee-420b-b1e3-4f2113e30fdf tempest-ServerBootFromVolumeStableRescueTest-1415529433 tempest-ServerBootFromVolumeStableRescueTest-1415529433-project-member] Store glance_store._drivers.swift.store.SingleTenantStore doesn't support updating dynamic storage capabilities. Please overwrite 'update_capabilities' method of the store to implement updating logics if needed. {{(pid=99727) update_capabilities /opt/stack/data/venv/lib/python3.12/site-packages/glance_store/capabilities.py:91}}
Jul 28 14:24:10.318193 np0000006011 devstack@g-api.service[99727]: DEBUG glance_store.driver [None req-50c9f7a0-33ee-420b-b1e3-4f2113e30fdf tempest-ServerBootFromVolumeStableRescueTest-1415529433 tempest-ServerBootFromVolumeStableRescueTest-1415529433-project-member] Late loading location class glance_store._drivers.swift.store.StoreLocation {{(pid=99727) get_store_location_class /opt/stack/data/venv/lib/python3.12/site-packages/glance_store/driver.py:134}}
Jul 28 14:24:10.318193 np0000006011 devstack@g-api.service[99727]: DEBUG glance_store.location [None req-50c9f7a0-33ee-420b-b1e3-4f2113e30fdf tempest-ServerBootFromVolumeStableRescueTest-1415529433 tempest-ServerBootFromVolumeStableRescueTest-1415529433-project-member] Registering scheme swift+https with {'store': , 'location_class': , 'store_entry': 'swift'} {{(pid=99727) register_scheme_map /opt/stack/data/venv/lib/python3.12/site-packages/glance_store/location.py:146}}
Jul 28 14:24:10.318386 np0000006011 devstack@g-api.service[99727]: DEBUG glance_store.location [None req-50c9f7a0-33ee-420b-b1e3-4f2113e30fdf tempest-ServerBootFromVolumeStableRescueTest-1415529433 tempest-ServerBootFromVolumeStableRescueTest-1415529433-project-member] Registering scheme swift+https with {'store': , 'location_class': , 'store_entry': 'swift'} {{(pid=99727) register_scheme_map /opt/stack/data/venv/lib/python3.12/site-packages/glance_store/location.py:146}}
Jul 28 14:24:10.318386 np0000006011 devstack@g-api.service[99727]: DEBUG glance_store.location [None req-50c9f7a0-33ee-420b-b1e3-4f2113e30fdf tempest-ServerBootFromVolumeStableRescueTest-1415529433 tempest-ServerBootFromVolumeStableRescueTest-1415529433-project-member] Registering scheme swift with {'store': , 'location_class': , 'store_entry': 'swift'} {{(pid=99727) register_scheme_map /opt/stack/data/venv/lib/python3.12/site-packages/glance_store/location.py:146}}
Jul 28 14:24:10.318479 np0000006011 devstack@g-api.service[99727]: DEBUG glance_store.location [None req-50c9f7a0-33ee-420b-b1e3-4f2113e30fdf tempest-ServerBootFromVolumeStableRescueTest-1415529433 tempest-ServerBootFromVolumeStableRescueTest-1415529433-project-member] Registering scheme swift+https with {'store': , 'location_class': , 'store_entry': 'swift'} {{(pid=99727) register_scheme_map /opt/stack/data/venv/lib/python3.12/site-packages/glance_store/location.py:146}}
Jul 28 14:24:10.318479 np0000006011 devstack@g-api.service[99727]: DEBUG glance_store.location [None req-50c9f7a0-33ee-420b-b1e3-4f2113e30fdf tempest-ServerBootFromVolumeStableRescueTest-1415529433 tempest-ServerBootFromVolumeStableRescueTest-1415529433-project-member] Registering scheme swift with {'store': , 'location_class': , 'store_entry': 'swift'} {{(pid=99727) register_scheme_map /opt/stack/data/venv/lib/python3.12/site-packages/glance_store/location.py:146}}
Jul 28 14:24:10.318620 np0000006011 devstack@g-api.service[99727]: DEBUG glance_store.location [None req-50c9f7a0-33ee-420b-b1e3-4f2113e30fdf tempest-ServerBootFromVolumeStableRescueTest-1415529433 tempest-ServerBootFromVolumeStableRescueTest-1415529433-project-member] Registering scheme swift+http with {'store': , 'location_class': , 'store_entry': 'swift'} {{(pid=99727) register_scheme_map /opt/stack/data/venv/lib/python3.12/site-packages/glance_store/location.py:146}}
Jul 28 14:24:10.318672 np0000006011 devstack@g-api.service[99727]: DEBUG glance_store.location [None req-50c9f7a0-33ee-420b-b1e3-4f2113e30fdf tempest-ServerBootFromVolumeStableRescueTest-1415529433 tempest-ServerBootFromVolumeStableRescueTest-1415529433-project-member] Registering scheme swift+https with {'store': , 'location_class': , 'store_entry': 'swift'} {{(pid=99727) register_scheme_map /opt/stack/data/venv/lib/python3.12/site-packages/glance_store/location.py:146}}
Jul 28 14:24:10.318740 np0000006011 devstack@g-api.service[99727]: DEBUG glance_store.location [None req-50c9f7a0-33ee-420b-b1e3-4f2113e30fdf tempest-ServerBootFromVolumeStableRescueTest-1415529433 tempest-ServerBootFromVolumeStableRescueTest-1415529433-project-member] Registering scheme swift with {'store': , 'location_class': , 'store_entry': 'swift'} {{(pid=99727) register_scheme_map /opt/stack/data/venv/lib/python3.12/site-packages/glance_store/location.py:146}}
Jul 28 14:24:10.318822 np0000006011 devstack@g-api.service[99727]: DEBUG glance_store.location [None req-50c9f7a0-33ee-420b-b1e3-4f2113e30fdf tempest-ServerBootFromVolumeStableRescueTest-1415529433 tempest-ServerBootFromVolumeStableRescueTest-1415529433-project-member] Registering scheme swift+http with {'store': , 'location_class': , 'store_entry': 'swift'} {{(pid=99727) register_scheme_map /opt/stack/data/venv/lib/python3.12/site-packages/glance_store/location.py:146}}
Jul 28 14:24:10.318920 np0000006011 devstack@g-api.service[99727]: DEBUG glance_store.location [None req-50c9f7a0-33ee-420b-b1e3-4f2113e30fdf tempest-ServerBootFromVolumeStableRescueTest-1415529433 tempest-ServerBootFromVolumeStableRescueTest-1415529433-project-member] Registering scheme swift+config with {'store': , 'location_class': , 'store_entry': 'swift'} {{(pid=99727) register_scheme_map /opt/stack/data/venv/lib/python3.12/site-packages/glance_store/location.py:146}}
Jul 28 14:24:10.639887 np0000006011 devstack@g-api.service[99727]: DEBUG swiftclient [None req-50c9f7a0-33ee-420b-b1e3-4f2113e30fdf tempest-ServerBootFromVolumeStableRescueTest-1415529433 tempest-ServerBootFromVolumeStableRescueTest-1415529433-project-member] REQ: curl -i https://10.4.3.80:8080/v1/AUTH_8f96dd57fc0a495fb43d8562677afbaa/glance -I -H "X-Auth-Token: gAAAAABqaLuKcpX1..." {{(pid=99727) http_log /opt/stack/data/venv/lib/python3.12/site-packages/swiftclient/client.py:160}}
Jul 28 14:24:10.641314 np0000006011 devstack@g-api.service[99727]: DEBUG swiftclient [None req-50c9f7a0-33ee-420b-b1e3-4f2113e30fdf tempest-ServerBootFromVolumeStableRescueTest-1415529433 tempest-ServerBootFromVolumeStableRescueTest-1415529433-project-member] RESP STATUS: 204 No Content {{(pid=99727) http_log /opt/stack/data/venv/lib/python3.12/site-packages/swiftclient/client.py:161}}
Jul 28 14:24:10.641314 np0000006011 devstack@g-api.service[99727]: DEBUG swiftclient [None req-50c9f7a0-33ee-420b-b1e3-4f2113e30fdf tempest-ServerBootFromVolumeStableRescueTest-1415529433 tempest-ServerBootFromVolumeStableRescueTest-1415529433-project-member] RESP HEADERS: {'Date': 'Tue, 28 Jul 2026 14:24:10 GMT', 'Server': 'Apache/2.4.58 (Ubuntu)', 'Content-Type': 'text/plain; charset=utf-8', 'X-Container-Object-Count': '5', 'X-Container-Bytes-Used': '87883776', 'X-Timestamp': '1785248232.48898', 'Last-Modified': 'Tue, 28 Jul 2026 14:17:13 GMT', 'Accept-Ranges': 'bytes', 'X-Storage-Policy': 'Policy-0', 'X-Container-Sharding': 'False', 'Vary': 'Accept', 'X-Trans-Id': 'tx9ca55e0d7242493a91dc5-006a68bb8a', 'X-Openstack-Request-Id': 'tx9ca55e0d7242493a91dc5-006a68bb8a', 'Connection': 'close'} {{(pid=99727) http_log /opt/stack/data/venv/lib/python3.12/site-packages/swiftclient/client.py:162}}
Jul 28 14:24:10.641314 np0000006011 devstack@g-api.service[99727]: DEBUG glance_store._drivers.swift.store [None req-50c9f7a0-33ee-420b-b1e3-4f2113e30fdf tempest-ServerBootFromVolumeStableRescueTest-1415529433 tempest-ServerBootFromVolumeStableRescueTest-1415529433-project-member] Adding image object '973010fe-71bb-4587-a104-87ad2d1f4ac9' to Swift {{(pid=99727) add /opt/stack/data/venv/lib/python3.12/site-packages/glance_store/_drivers/swift/store.py:970}}
Jul 28 14:24:10.641314 np0000006011 devstack@g-api.service[99727]: DEBUG glance_store._drivers.swift.store [None req-50c9f7a0-33ee-420b-b1e3-4f2113e30fdf tempest-ServerBootFromVolumeStableRescueTest-1415529433 tempest-ServerBootFromVolumeStableRescueTest-1415529433-project-member] Cannot determine image size because it is either not provided in the request or chunked-transfer encoding is used. Adding image as a segmented object to Swift. {{(pid=99727) add /opt/stack/data/venv/lib/python3.12/site-packages/glance_store/_drivers/swift/store.py:994}}
Jul 28 14:24:10.650346 np0000006011 devstack@g-api.service[99727]: DEBUG oslo_utils.imageutils.format_inspector [None req-50c9f7a0-33ee-420b-b1e3-4f2113e30fdf tempest-ServerBootFromVolumeStableRescueTest-1415529433 tempest-ServerBootFromVolumeStableRescueTest-1415529433-project-member] Format inspector for vmdk does not match, excluding from consideration (Signature KDMV not found: b'QFI\xfb') {{(pid=99727) _process_chunk /opt/stack/data/venv/lib/python3.12/site-packages/oslo_utils/imageutils/format_inspector.py:1758}}
Jul 28 14:24:10.653189 np0000006011 devstack@g-api.service[99727]: DEBUG oslo_utils.imageutils.format_inspector [None req-50c9f7a0-33ee-420b-b1e3-4f2113e30fdf tempest-ServerBootFromVolumeStableRescueTest-1415529433 tempest-ServerBootFromVolumeStableRescueTest-1415529433-project-member] Format inspector for vhdx does not match, excluding from consideration (Region signature not found at 30000) {{(pid=99727) _process_chunk /opt/stack/data/venv/lib/python3.12/site-packages/oslo_utils/imageutils/format_inspector.py:1758}}
Jul 28 14:24:10.918331 np0000006011 devstack@g-api.service[99729]: DEBUG glance.api.middleware.version_negotiation [None req-50c9f7a0-33ee-420b-b1e3-4f2113e30fdf tempest-ServerBootFromVolumeStableRescueTest-1415529433 tempest-ServerBootFromVolumeStableRescueTest-1415529433-project-member] Determining version of request: GET /v2/images/973010fe-71bb-4587-a104-87ad2d1f4ac9 Accept: application/json {{(pid=99729) process_request /opt/stack/glance/glance/api/middleware/version_negotiation.py:44}}
Jul 28 14:24:10.918331 np0000006011 devstack@g-api.service[99729]: DEBUG glance.api.middleware.version_negotiation [None req-50c9f7a0-33ee-420b-b1e3-4f2113e30fdf tempest-ServerBootFromVolumeStableRescueTest-1415529433 tempest-ServerBootFromVolumeStableRescueTest-1415529433-project-member] Using url versioning {{(pid=99729) process_request /opt/stack/glance/glance/api/middleware/version_negotiation.py:57}}
Jul 28 14:24:10.918331 np0000006011 devstack@g-api.service[99729]: DEBUG glance.api.middleware.version_negotiation [None req-50c9f7a0-33ee-420b-b1e3-4f2113e30fdf tempest-ServerBootFromVolumeStableRescueTest-1415529433 tempest-ServerBootFromVolumeStableRescueTest-1415529433-project-member] Matched version: v2 {{(pid=99729) process_request /opt/stack/glance/glance/api/middleware/version_negotiation.py:69}}
Jul 28 14:24:10.918331 np0000006011 devstack@g-api.service[99729]: DEBUG glance.api.middleware.version_negotiation [None req-50c9f7a0-33ee-420b-b1e3-4f2113e30fdf tempest-ServerBootFromVolumeStableRescueTest-1415529433 tempest-ServerBootFromVolumeStableRescueTest-1415529433-project-member] new path /v2/images/973010fe-71bb-4587-a104-87ad2d1f4ac9 {{(pid=99729) process_request /opt/stack/glance/glance/api/middleware/version_negotiation.py:70}}
Jul 28 14:24:10.940954 np0000006011 devstack@g-api.service[99729]: [pid: 99729|app: 0|req: 111/345] 127.0.0.1 () {40 vars in 834 bytes} [Tue Jul 28 14:24:10 2026] GET /v2/images/973010fe-71bb-4587-a104-87ad2d1f4ac9 => generated 1470 bytes in 24 msecs (HTTP/1.1 200) 4 headers in 158 bytes (1 switches on core 0)
Jul 28 14:24:10.998688 np0000006011 devstack@g-api.service[99727]: DEBUG swiftclient [None req-50c9f7a0-33ee-420b-b1e3-4f2113e30fdf tempest-ServerBootFromVolumeStableRescueTest-1415529433 tempest-ServerBootFromVolumeStableRescueTest-1415529433-project-member] REQ: curl -i https://10.4.3.80:8080/v1/AUTH_8f96dd57fc0a495fb43d8562677afbaa/glance/973010fe-71bb-4587-a104-87ad2d1f4ac9-00001 -X PUT -H "X-Auth-Token: gAAAAABqaLuKcpX1..." {{(pid=99727) http_log /opt/stack/data/venv/lib/python3.12/site-packages/swiftclient/client.py:160}}
Jul 28 14:24:10.998688 np0000006011 devstack@g-api.service[99727]: DEBUG swiftclient [None req-50c9f7a0-33ee-420b-b1e3-4f2113e30fdf tempest-ServerBootFromVolumeStableRescueTest-1415529433 tempest-ServerBootFromVolumeStableRescueTest-1415529433-project-member] RESP STATUS: 201 Created {{(pid=99727) http_log /opt/stack/data/venv/lib/python3.12/site-packages/swiftclient/client.py:161}}
Jul 28 14:24:10.999264 np0000006011 devstack@g-api.service[99727]: DEBUG swiftclient [None req-50c9f7a0-33ee-420b-b1e3-4f2113e30fdf tempest-ServerBootFromVolumeStableRescueTest-1415529433 tempest-ServerBootFromVolumeStableRescueTest-1415529433-project-member] RESP HEADERS: {'Date': 'Tue, 28 Jul 2026 14:24:10 GMT', 'Server': 'Apache/2.4.58 (Ubuntu)', 'Content-Type': 'text/html; charset=UTF-8', 'Content-Length': '0', 'Etag': '4fa343ee581d8d2e78533191fd1ac3e1', 'Last-Modified': 'Tue, 28 Jul 2026 14:24:11 GMT', 'X-Trans-Id': 'tx0ec4db5ecc27409291cad-006a68bb8a', 'X-Openstack-Request-Id': 'tx0ec4db5ecc27409291cad-006a68bb8a', 'Connection': 'close'} {{(pid=99727) http_log /opt/stack/data/venv/lib/python3.12/site-packages/swiftclient/client.py:162}}
Jul 28 14:24:10.999264 np0000006011 devstack@g-api.service[99727]: DEBUG glance_store._drivers.swift.store [None req-50c9f7a0-33ee-420b-b1e3-4f2113e30fdf tempest-ServerBootFromVolumeStableRescueTest-1415529433 tempest-ServerBootFromVolumeStableRescueTest-1415529433-project-member] Wrote chunk 973010fe-71bb-4587-a104-87ad2d1f4ac9-00001 (1/?) of length 23527424 to Swift returning MD5 of content: 4fa343ee581d8d2e78533191fd1ac3e1 {{(pid=99727) add /opt/stack/data/venv/lib/python3.12/site-packages/glance_store/_drivers/swift/store.py:1059}}
Jul 28 14:24:10.999482 np0000006011 devstack@g-api.service[99727]: DEBUG glance_store._drivers.swift.store [None req-50c9f7a0-33ee-420b-b1e3-4f2113e30fdf tempest-ServerBootFromVolumeStableRescueTest-1415529433 tempest-ServerBootFromVolumeStableRescueTest-1415529433-project-member] Not writing zero-length chunk. {{(pid=99727) add /opt/stack/data/venv/lib/python3.12/site-packages/glance_store/_drivers/swift/store.py:1028}}
Jul 28 14:24:11.032192 np0000006011 devstack@g-api.service[99727]: DEBUG swiftclient [None req-50c9f7a0-33ee-420b-b1e3-4f2113e30fdf tempest-ServerBootFromVolumeStableRescueTest-1415529433 tempest-ServerBootFromVolumeStableRescueTest-1415529433-project-member] REQ: curl -i https://10.4.3.80:8080/v1/AUTH_8f96dd57fc0a495fb43d8562677afbaa/glance/973010fe-71bb-4587-a104-87ad2d1f4ac9 -X PUT -H "X-Object-Manifest: glance/973010fe-71bb-4587-a104-87ad2d1f4ac9-" -H "X-Auth-Token: gAAAAABqaLuKcpX1..." -H "Content-Length: 0" {{(pid=99727) http_log /opt/stack/data/venv/lib/python3.12/site-packages/swiftclient/client.py:160}}
Jul 28 14:24:11.032421 np0000006011 devstack@g-api.service[99727]: DEBUG swiftclient [None req-50c9f7a0-33ee-420b-b1e3-4f2113e30fdf tempest-ServerBootFromVolumeStableRescueTest-1415529433 tempest-ServerBootFromVolumeStableRescueTest-1415529433-project-member] RESP STATUS: 201 Created {{(pid=99727) http_log /opt/stack/data/venv/lib/python3.12/site-packages/swiftclient/client.py:161}}
Jul 28 14:24:11.033607 np0000006011 devstack@g-api.service[99727]: DEBUG swiftclient [None req-50c9f7a0-33ee-420b-b1e3-4f2113e30fdf tempest-ServerBootFromVolumeStableRescueTest-1415529433 tempest-ServerBootFromVolumeStableRescueTest-1415529433-project-member] RESP HEADERS: {'Date': 'Tue, 28 Jul 2026 14:24:11 GMT', 'Server': 'Apache/2.4.58 (Ubuntu)', 'Content-Type': 'text/html; charset=UTF-8', 'Content-Length': '0', 'Etag': 'd41d8cd98f00b204e9800998ecf8427e', 'Last-Modified': 'Tue, 28 Jul 2026 14:24:12 GMT', 'X-Trans-Id': 'txaf34b4646f00497badc49-006a68bb8b', 'X-Openstack-Request-Id': 'txaf34b4646f00497badc49-006a68bb8b', 'Connection': 'close'} {{(pid=99727) http_log /opt/stack/data/venv/lib/python3.12/site-packages/swiftclient/client.py:162}}
Jul 28 14:24:11.033607 np0000006011 devstack@g-api.service[99727]: INFO glance.location [None req-50c9f7a0-33ee-420b-b1e3-4f2113e30fdf tempest-ServerBootFromVolumeStableRescueTest-1415529433 tempest-ServerBootFromVolumeStableRescueTest-1415529433-project-member] Image format matched and virtual size computed: 1073741824
Jul 28 14:24:11.099716 np0000006011 devstack@g-api.service[99727]: DEBUG glance_store.backend [None req-50c9f7a0-33ee-420b-b1e3-4f2113e30fdf tempest-ServerBootFromVolumeStableRescueTest-1415529433 tempest-ServerBootFromVolumeStableRescueTest-1415529433-project-member] Attempting to import store swift {{(pid=99727) _load_store /opt/stack/data/venv/lib/python3.12/site-packages/glance_store/backend.py:215}}
Jul 28 14:24:11.101606 np0000006011 devstack@g-api.service[99727]: DEBUG glance_store.capabilities [None req-50c9f7a0-33ee-420b-b1e3-4f2113e30fdf tempest-ServerBootFromVolumeStableRescueTest-1415529433 tempest-ServerBootFromVolumeStableRescueTest-1415529433-project-member] Store glance_store._drivers.swift.store.SingleTenantStore doesn't support updating dynamic storage capabilities. Please overwrite 'update_capabilities' method of the store to implement updating logics if needed. {{(pid=99727) update_capabilities /opt/stack/data/venv/lib/python3.12/site-packages/glance_store/capabilities.py:91}}
