Jul 28 14:23:35.008815 np0000006011 devstack@g-api.service[99728]: DEBUG glance.api.middleware.version_negotiation [None req-59fd7b57-1761-4aed-8d79-0c38a7c4f932 tempest-ImageDependencyTests-1143100524 tempest-ImageDependencyTests-1143100524-project-member] Determining version of request: DELETE /v2/images/5796b447-efc4-4001-8ad9-9547a443c207 Accept: application/json {{(pid=99728) process_request /opt/stack/glance/glance/api/middleware/version_negotiation.py:44}}
Jul 28 14:23:35.009833 np0000006011 devstack@g-api.service[99728]: DEBUG glance.api.middleware.version_negotiation [None req-59fd7b57-1761-4aed-8d79-0c38a7c4f932 tempest-ImageDependencyTests-1143100524 tempest-ImageDependencyTests-1143100524-project-member] Using url versioning {{(pid=99728) process_request /opt/stack/glance/glance/api/middleware/version_negotiation.py:57}}
Jul 28 14:23:35.010442 np0000006011 devstack@g-api.service[99728]: DEBUG glance.api.middleware.version_negotiation [None req-59fd7b57-1761-4aed-8d79-0c38a7c4f932 tempest-ImageDependencyTests-1143100524 tempest-ImageDependencyTests-1143100524-project-member] Matched version: v2 {{(pid=99728) process_request /opt/stack/glance/glance/api/middleware/version_negotiation.py:69}}
Jul 28 14:23:35.010650 np0000006011 devstack@g-api.service[99728]: DEBUG glance.api.middleware.version_negotiation [None req-59fd7b57-1761-4aed-8d79-0c38a7c4f932 tempest-ImageDependencyTests-1143100524 tempest-ImageDependencyTests-1143100524-project-member] new path /v2/images/5796b447-efc4-4001-8ad9-9547a443c207 {{(pid=99728) process_request /opt/stack/glance/glance/api/middleware/version_negotiation.py:70}}
Jul 28 14:23:35.027258 np0000006011 devstack@g-api.service[99728]: WARNING glance.api.v2.images [None req-eb826583-2aa8-4c1e-85db-f3101a13ecdb tempest-ImageDependencyTests-1143100524 tempest-ImageDependencyTests-1143100524-project-member] After upload to backend, deletion of staged image data has failed because it cannot be found at /tmp/staging//5796b447-efc4-4001-8ad9-9547a443c207
Jul 28 14:23:35.028175 np0000006011 devstack@g-api.service[99728]: DEBUG glance_store.backend [None req-eb826583-2aa8-4c1e-85db-f3101a13ecdb tempest-ImageDependencyTests-1143100524 tempest-ImageDependencyTests-1143100524-project-member] Attempting to import store swift {{(pid=99728) _load_store /opt/stack/data/venv/lib/python3.12/site-packages/glance_store/backend.py:215}}
Jul 28 14:23:35.030563 np0000006011 devstack@g-api.service[99728]: DEBUG glance_store.capabilities [None req-eb826583-2aa8-4c1e-85db-f3101a13ecdb tempest-ImageDependencyTests-1143100524 tempest-ImageDependencyTests-1143100524-project-member] Store glance_store._drivers.swift.store.SingleTenantStore doesn't support updating dynamic storage capabilities. Please overwrite 'update_capabilities' method of the store to implement updating logics if needed. {{(pid=99728) update_capabilities /opt/stack/data/venv/lib/python3.12/site-packages/glance_store/capabilities.py:91}}
Jul 28 14:23:35.031062 np0000006011 devstack@g-api.service[99728]: DEBUG glance_store.driver [None req-eb826583-2aa8-4c1e-85db-f3101a13ecdb tempest-ImageDependencyTests-1143100524 tempest-ImageDependencyTests-1143100524-project-member] Late loading location class glance_store._drivers.swift.store.StoreLocation {{(pid=99728) get_store_location_class /opt/stack/data/venv/lib/python3.12/site-packages/glance_store/driver.py:134}}
Jul 28 14:23:35.031435 np0000006011 devstack@g-api.service[99728]: DEBUG glance_store.location [None req-eb826583-2aa8-4c1e-85db-f3101a13ecdb tempest-ImageDependencyTests-1143100524 tempest-ImageDependencyTests-1143100524-project-member] Registering scheme swift+https with {'store': , 'location_class': , 'store_entry': 'swift'} {{(pid=99728) register_scheme_map /opt/stack/data/venv/lib/python3.12/site-packages/glance_store/location.py:146}}
Jul 28 14:23:35.031661 np0000006011 devstack@g-api.service[99728]: DEBUG glance_store.location [None req-eb826583-2aa8-4c1e-85db-f3101a13ecdb tempest-ImageDependencyTests-1143100524 tempest-ImageDependencyTests-1143100524-project-member] Registering scheme swift+https with {'store': , 'location_class': , 'store_entry': 'swift'} {{(pid=99728) register_scheme_map /opt/stack/data/venv/lib/python3.12/site-packages/glance_store/location.py:146}}
Jul 28 14:23:35.031835 np0000006011 devstack@g-api.service[99728]: DEBUG glance_store.location [None req-eb826583-2aa8-4c1e-85db-f3101a13ecdb tempest-ImageDependencyTests-1143100524 tempest-ImageDependencyTests-1143100524-project-member] Registering scheme swift with {'store': , 'location_class': , 'store_entry': 'swift'} {{(pid=99728) register_scheme_map /opt/stack/data/venv/lib/python3.12/site-packages/glance_store/location.py:146}}
Jul 28 14:23:35.032221 np0000006011 devstack@g-api.service[99728]: DEBUG glance_store.location [None req-eb826583-2aa8-4c1e-85db-f3101a13ecdb tempest-ImageDependencyTests-1143100524 tempest-ImageDependencyTests-1143100524-project-member] Registering scheme swift+https with {'store': , 'location_class': , 'store_entry': 'swift'} {{(pid=99728) register_scheme_map /opt/stack/data/venv/lib/python3.12/site-packages/glance_store/location.py:146}}
Jul 28 14:23:35.032417 np0000006011 devstack@g-api.service[99728]: DEBUG glance_store.location [None req-eb826583-2aa8-4c1e-85db-f3101a13ecdb tempest-ImageDependencyTests-1143100524 tempest-ImageDependencyTests-1143100524-project-member] Registering scheme swift with {'store': , 'location_class': , 'store_entry': 'swift'} {{(pid=99728) register_scheme_map /opt/stack/data/venv/lib/python3.12/site-packages/glance_store/location.py:146}}
Jul 28 14:23:35.032602 np0000006011 devstack@g-api.service[99728]: DEBUG glance_store.location [None req-eb826583-2aa8-4c1e-85db-f3101a13ecdb tempest-ImageDependencyTests-1143100524 tempest-ImageDependencyTests-1143100524-project-member] Registering scheme swift+http with {'store': , 'location_class': , 'store_entry': 'swift'} {{(pid=99728) register_scheme_map /opt/stack/data/venv/lib/python3.12/site-packages/glance_store/location.py:146}}
Jul 28 14:23:35.032785 np0000006011 devstack@g-api.service[99728]: DEBUG glance_store.location [None req-eb826583-2aa8-4c1e-85db-f3101a13ecdb tempest-ImageDependencyTests-1143100524 tempest-ImageDependencyTests-1143100524-project-member] Registering scheme swift+https with {'store': , 'location_class': , 'store_entry': 'swift'} {{(pid=99728) register_scheme_map /opt/stack/data/venv/lib/python3.12/site-packages/glance_store/location.py:146}}
Jul 28 14:23:35.033028 np0000006011 devstack@g-api.service[99728]: DEBUG glance_store.location [None req-eb826583-2aa8-4c1e-85db-f3101a13ecdb tempest-ImageDependencyTests-1143100524 tempest-ImageDependencyTests-1143100524-project-member] Registering scheme swift with {'store': , 'location_class': , 'store_entry': 'swift'} {{(pid=99728) register_scheme_map /opt/stack/data/venv/lib/python3.12/site-packages/glance_store/location.py:146}}
Jul 28 14:23:35.033204 np0000006011 devstack@g-api.service[99728]: DEBUG glance_store.location [None req-eb826583-2aa8-4c1e-85db-f3101a13ecdb tempest-ImageDependencyTests-1143100524 tempest-ImageDependencyTests-1143100524-project-member] Registering scheme swift+http with {'store': , 'location_class': , 'store_entry': 'swift'} {{(pid=99728) register_scheme_map /opt/stack/data/venv/lib/python3.12/site-packages/glance_store/location.py:146}}
Jul 28 14:23:35.033398 np0000006011 devstack@g-api.service[99728]: DEBUG glance_store.location [None req-eb826583-2aa8-4c1e-85db-f3101a13ecdb tempest-ImageDependencyTests-1143100524 tempest-ImageDependencyTests-1143100524-project-member] Registering scheme swift+config with {'store': , 'location_class': , 'store_entry': 'swift'} {{(pid=99728) register_scheme_map /opt/stack/data/venv/lib/python3.12/site-packages/glance_store/location.py:146}}
Jul 28 14:23:35.034311 np0000006011 devstack@g-api.service[99728]: DEBUG keystoneclient.auth.identity.v3.base [None req-eb826583-2aa8-4c1e-85db-f3101a13ecdb tempest-ImageDependencyTests-1143100524 tempest-ImageDependencyTests-1143100524-project-member] Making authentication request to https://10.4.3.80/identity/v3/auth/tokens {{(pid=99728) get_auth_ref /opt/stack/data/venv/lib/python3.12/site-packages/keystoneclient/auth/identity/v3/base.py:185}}
Jul 28 14:23:35.100199 np0000006011 devstack@g-api.service[99728]: DEBUG keystoneclient.auth.identity.v3.base [None req-eb826583-2aa8-4c1e-85db-f3101a13ecdb tempest-ImageDependencyTests-1143100524 tempest-ImageDependencyTests-1143100524-project-member] {"token": {"methods": ["password"], "user": {"domain": {"id": "default", "name": "Default"}, "id": "4a24b8651473464a9d91bacfab1975c0", "name": "glance-swift", "password_expires_at": null}, "audit_ids": ["V1gjWWsXTNezJ96uOj5gow"], "expires_at": "2026-07-28T15:23:35.000000Z", "issued_at": "2026-07-28T14:23:35.000000Z", "project": {"domain": {"id": "default", "name": "Default"}, "id": "8f96dd57fc0a495fb43d8562677afbaa", "name": "service"}, "is_domain": false, "roles": [{"id": "8dc64803725f48a48a0bf35ad5e502b6", "name": "service"}, {"id": "c392797aace940cdaea85e7eee94eaa0", "name": "ResellerAdmin"}], "catalog": [{"endpoints": [{"id": "24d3db8cb802412192741d520bd2986f", "interface": "public", "region_id": "RegionOne", "url": "https://10.4.3.80/image", "region": "RegionOne"}], "id": "645a45763d724b37af95e8f5aa65d7af", "type": "image", "name": "glance"}, {"endpoints": [{"id": "0a1b192aa4a841c0855605c8879d4cc4", "interface": "public", "region_id": "RegionOne", "url": "https://10.4.3.80:8080/v1/AUTH_8f96dd57fc0a495fb43d8562677afbaa", "region": "RegionOne"}, {"id": "7325581d99d04deba947cbf7040693fa", "interface": "admin", "region_id": "RegionOne", "url": "https://10.4.3.80:8080", "region": "RegionOne"}], "id": "6d90cc8736714f13b46ac76c1d539961", "type": "object-store", "name": "swift"}, {"endpoints": [{"id": "5eee8c951e614746a144a86d8b999807", "interface": "public", "region_id": "RegionOne", "url": "https://10.4.3.80/identity", "region": "RegionOne"}], "id": "7ac1b952f81545a69250f8616162ba6f", "type": "identity", "name": "keystone"}, {"endpoints": [{"id": "9ffc94b3c315473e8159efd0227ae0fa", "interface": "public", "region_id": "RegionOne", "url": "https://10.4.3.80/compute/v2/8f96dd57fc0a495fb43d8562677afbaa", "region": "RegionOne"}], "id": "bc37a337f42a4921ad96554790ec2ec8", "type": "compute_legacy", "name": "nova_legacy"}, {"endpoints": [{"id": "3000b5125b264649bdb540846d1d6c31", "interface": "public", "region_id": "RegionOne", "url": "https://10.4.3.80/volume/v3", "region": "RegionOne"}], "id": "be417b4d56cd40769ab1845ab4f63292", "type": "block-storage", "name": "cinder"}, {"endpoints": [{"id": "f805a07db26c405c819fb81f20be4c4f", "interface": "public", "region_id": "RegionOne", "url": "https://10.4.3.80/placement", "region": "RegionOne"}], "id": "bfb3d7cdd4174bb19ba1e7329a6eba0c", "type": "placement", "name": "placement"}, {"endpoints": [{"id": "8029751bc4b249609e0f5e23f738d5e4", "interface": "public", "region_id": "RegionOne", "url": "https://10.4.3.80/compute/v2.1", "region": "RegionOne"}], "id": "c654ec906b164421966114b7efe1a52a", "type": "compute", "name": "nova"}, {"endpoints": [{"id": "20df3b377a514ab6bbf179e0dad4bcc0", "interface": "public", "region_id": "RegionOne", "url": "https://10.4.3.80/networking", "region": "RegionOne"}], "id": "d34d54b0fdd04dcc915c87954c32e455", "type": "network", "name": "neutron"}]}} {{(pid=99728) get_auth_ref /opt/stack/data/venv/lib/python3.12/site-packages/keystoneclient/auth/identity/v3/base.py:190}}
Jul 28 14:23:35.100746 np0000006011 devstack@g-api.service[99728]: DEBUG keystoneclient.httpclient [None req-eb826583-2aa8-4c1e-85db-f3101a13ecdb tempest-ImageDependencyTests-1143100524 tempest-ImageDependencyTests-1143100524-project-member] Failed to find endpoint for management url admin endpoint for identity service not found {{(pid=99728) _process_management_url /opt/stack/data/venv/lib/python3.12/site-packages/keystoneclient/httpclient.py:670}}
Jul 28 14:23:35.194557 np0000006011 devstack@g-api.service[99727]: [pid: 99727|app: 0|req: 94/279] 127.0.0.1 () {40 vars in 834 bytes} [Tue Jul 28 14:23:34 2026] GET /v2/images/5e7b9950-d6d8-406f-8f5f-0d5af6a83d78 => generated 1044 bytes in 291 msecs (HTTP/1.1 200) 4 headers in 158 bytes (1 switches on core 0)
Jul 28 14:23:35.211153 np0000006011 devstack@g-api.service[99728]: DEBUG swiftclient [None req-eb826583-2aa8-4c1e-85db-f3101a13ecdb tempest-ImageDependencyTests-1143100524 tempest-ImageDependencyTests-1143100524-project-member] REQ: curl -i https://10.4.3.80:8080/v1/AUTH_8f96dd57fc0a495fb43d8562677afbaa/glance/5796b447-efc4-4001-8ad9-9547a443c207 -I -H "X-Auth-Token: gAAAAABqaLtnOE-8..." {{(pid=99728) http_log /opt/stack/data/venv/lib/python3.12/site-packages/swiftclient/client.py:160}}
Jul 28 14:23:35.211153 np0000006011 devstack@g-api.service[99728]: DEBUG swiftclient [None req-eb826583-2aa8-4c1e-85db-f3101a13ecdb tempest-ImageDependencyTests-1143100524 tempest-ImageDependencyTests-1143100524-project-member] RESP STATUS: 200 OK {{(pid=99728) http_log /opt/stack/data/venv/lib/python3.12/site-packages/swiftclient/client.py:161}}
Jul 28 14:23:35.211153 np0000006011 devstack@g-api.service[99728]: DEBUG swiftclient [None req-eb826583-2aa8-4c1e-85db-f3101a13ecdb tempest-ImageDependencyTests-1143100524 tempest-ImageDependencyTests-1143100524-project-member] RESP HEADERS: {'Date': 'Tue, 28 Jul 2026 14:23:35 GMT', 'Server': 'Apache/2.4.58 (Ubuntu)', 'Content-Type': 'application/octet-stream', 'Content-Length': '1024', 'Etag': '22334cf959616a7bd704f4280df9dc83', 'Last-Modified': 'Tue, 28 Jul 2026 14:23:10 GMT', 'X-Timestamp': '1785248589.87555', 'Accept-Ranges': 'bytes', 'X-Trans-Id': 'tx9ee1ada6fb2149cfb8665-006a68bb67', 'X-Openstack-Request-Id': 'tx9ee1ada6fb2149cfb8665-006a68bb67', 'Connection': 'close'} {{(pid=99728) http_log /opt/stack/data/venv/lib/python3.12/site-packages/swiftclient/client.py:162}}
Jul 28 14:23:35.219766 np0000006011 devstack@g-api.service[99729]: DEBUG glance.api.middleware.version_negotiation [None req-150e9c9d-fe89-4d19-8f32-15f2e39461ba tempest-ImageDependencyTests-1143100524 tempest-ImageDependencyTests-1143100524-project-member] Determining version of request: GET /v2/images/5e7b9950-d6d8-406f-8f5f-0d5af6a83d78 Accept: */* {{(pid=99729) process_request /opt/stack/glance/glance/api/middleware/version_negotiation.py:44}}
Jul 28 14:23:35.220098 np0000006011 devstack@g-api.service[99729]: DEBUG glance.api.middleware.version_negotiation [None req-150e9c9d-fe89-4d19-8f32-15f2e39461ba tempest-ImageDependencyTests-1143100524 tempest-ImageDependencyTests-1143100524-project-member] Using url versioning {{(pid=99729) process_request /opt/stack/glance/glance/api/middleware/version_negotiation.py:57}}
Jul 28 14:23:35.220365 np0000006011 devstack@g-api.service[99729]: DEBUG glance.api.middleware.version_negotiation [None req-150e9c9d-fe89-4d19-8f32-15f2e39461ba tempest-ImageDependencyTests-1143100524 tempest-ImageDependencyTests-1143100524-project-member] Matched version: v2 {{(pid=99729) process_request /opt/stack/glance/glance/api/middleware/version_negotiation.py:69}}
Jul 28 14:23:35.221568 np0000006011 devstack@g-api.service[99729]: DEBUG glance.api.middleware.version_negotiation [None req-150e9c9d-fe89-4d19-8f32-15f2e39461ba tempest-ImageDependencyTests-1143100524 tempest-ImageDependencyTests-1143100524-project-member] new path /v2/images/5e7b9950-d6d8-406f-8f5f-0d5af6a83d78 {{(pid=99729) process_request /opt/stack/glance/glance/api/middleware/version_negotiation.py:70}}
Jul 28 14:23:35.243679 np0000006011 devstack@g-api.service[99729]: [pid: 99729|app: 0|req: 88/280] 127.0.0.1 () {44 vars in 1111 bytes} [Tue Jul 28 14:23:35 2026] GET /v2/images/5e7b9950-d6d8-406f-8f5f-0d5af6a83d78 => generated 1044 bytes in 24 msecs (HTTP/1.1 200) 4 headers in 158 bytes (1 switches on core 0)
Jul 28 14:23:35.251613 np0000006011 devstack@g-api.service[99728]: DEBUG swiftclient [None req-eb826583-2aa8-4c1e-85db-f3101a13ecdb tempest-ImageDependencyTests-1143100524 tempest-ImageDependencyTests-1143100524-project-member] REQ: curl -i https://10.4.3.80:8080/v1/AUTH_8f96dd57fc0a495fb43d8562677afbaa/glance/5796b447-efc4-4001-8ad9-9547a443c207 DELETE -H "X-Auth-Token: gAAAAABqaLtnOE-8..." {{(pid=99728) http_log /opt/stack/data/venv/lib/python3.12/site-packages/swiftclient/client.py:160}}
Jul 28 14:23:35.251613 np0000006011 devstack@g-api.service[99728]: DEBUG swiftclient [None req-eb826583-2aa8-4c1e-85db-f3101a13ecdb tempest-ImageDependencyTests-1143100524 tempest-ImageDependencyTests-1143100524-project-member] RESP STATUS: 204 No Content {{(pid=99728) http_log /opt/stack/data/venv/lib/python3.12/site-packages/swiftclient/client.py:161}}
Jul 28 14:23:35.251792 np0000006011 devstack@g-api.service[99728]: DEBUG swiftclient [None req-eb826583-2aa8-4c1e-85db-f3101a13ecdb tempest-ImageDependencyTests-1143100524 tempest-ImageDependencyTests-1143100524-project-member] RESP HEADERS: {'Date': 'Tue, 28 Jul 2026 14:23:35 GMT', 'Server': 'Apache/2.4.58 (Ubuntu)', 'Content-Type': 'text/html; charset=UTF-8', 'X-Trans-Id': 'txf1ae4b2562774cb3bc651-006a68bb67', 'X-Openstack-Request-Id': 'txf1ae4b2562774cb3bc651-006a68bb67', 'Connection': 'close'} {{(pid=99728) http_log /opt/stack/data/venv/lib/python3.12/site-packages/swiftclient/client.py:162}}
Jul 28 14:23:35.259389 np0000006011 devstack@g-api.service[99727]: DEBUG glance.api.middleware.version_negotiation [None req-3d834b6d-d16e-4f87-b432-0da8d7192b2b tempest-TestVolumeBootPatternV346-906818917 tempest-TestVolumeBootPatternV346-906818917-project-member] Determining version of request: GET /v2/schemas/image Accept: */* {{(pid=99727) process_request /opt/stack/glance/glance/api/middleware/version_negotiation.py:44}}
Jul 28 14:23:35.259389 np0000006011 devstack@g-api.service[99727]: DEBUG glance.api.middleware.version_negotiation [None req-3d834b6d-d16e-4f87-b432-0da8d7192b2b tempest-TestVolumeBootPatternV346-906818917 tempest-TestVolumeBootPatternV346-906818917-project-member] Using url versioning {{(pid=99727) process_request /opt/stack/glance/glance/api/middleware/version_negotiation.py:57}}
Jul 28 14:23:35.259389 np0000006011 devstack@g-api.service[99727]: DEBUG glance.api.middleware.version_negotiation [None req-3d834b6d-d16e-4f87-b432-0da8d7192b2b tempest-TestVolumeBootPatternV346-906818917 tempest-TestVolumeBootPatternV346-906818917-project-member] Matched version: v2 {{(pid=99727) process_request /opt/stack/glance/glance/api/middleware/version_negotiation.py:69}}
Jul 28 14:23:35.259389 np0000006011 devstack@g-api.service[99727]: DEBUG glance.api.middleware.version_negotiation [None req-3d834b6d-d16e-4f87-b432-0da8d7192b2b tempest-TestVolumeBootPatternV346-906818917 tempest-TestVolumeBootPatternV346-906818917-project-member] new path /v2/schemas/image {{(pid=99727) process_request /opt/stack/glance/glance/api/middleware/version_negotiation.py:70}}
Jul 28 14:23:35.265608 np0000006011 devstack@g-api.service[99727]: [pid: 99727|app: 0|req: 95/281] 127.0.0.1 () {44 vars in 1051 bytes} [Tue Jul 28 14:23:35 2026] GET /v2/schemas/image => generated 6083 bytes in 9 msecs (HTTP/1.1 200) 4 headers in 158 bytes (1 switches on core 0)
Jul 28 14:23:35.281120 np0000006011 devstack@g-api.service[99729]: DEBUG glance.api.middleware.version_negotiation [None req-f3fd3575-ab60-47fe-afa7-6af710b78fd1 tempest-TestVolumeBootPatternV346-906818917 tempest-TestVolumeBootPatternV346-906818917-project-member] Determining version of request: GET /v2/schemas/image Accept: */* {{(pid=99729) process_request /opt/stack/glance/glance/api/middleware/version_negotiation.py:44}}
Jul 28 14:23:35.284435 np0000006011 devstack@g-api.service[99729]: DEBUG glance.api.middleware.version_negotiation [None req-f3fd3575-ab60-47fe-afa7-6af710b78fd1 tempest-TestVolumeBootPatternV346-906818917 tempest-TestVolumeBootPatternV346-906818917-project-member] Using url versioning {{(pid=99729) process_request /opt/stack/glance/glance/api/middleware/version_negotiation.py:57}}
Jul 28 14:23:35.284725 np0000006011 devstack@g-api.service[99729]: DEBUG glance.api.middleware.version_negotiation [None req-f3fd3575-ab60-47fe-afa7-6af710b78fd1 tempest-TestVolumeBootPatternV346-906818917 tempest-TestVolumeBootPatternV346-906818917-project-member] Matched version: v2 {{(pid=99729) process_request /opt/stack/glance/glance/api/middleware/version_negotiation.py:69}}
Jul 28 14:23:35.285013 np0000006011 devstack@g-api.service[99729]: DEBUG glance.api.middleware.version_negotiation [None req-f3fd3575-ab60-47fe-afa7-6af710b78fd1 tempest-TestVolumeBootPatternV346-906818917 tempest-TestVolumeBootPatternV346-906818917-project-member] new path /v2/schemas/image {{(pid=99729) process_request /opt/stack/glance/glance/api/middleware/version_negotiation.py:70}}
Jul 28 14:23:35.289355 np0000006011 devstack@g-api.service[99729]: [pid: 99729|app: 0|req: 89/282] 127.0.0.1 () {44 vars in 1051 bytes} [Tue Jul 28 14:23:35 2026] GET /v2/schemas/image => generated 6083 bytes in 8 msecs (HTTP/1.1 200) 4 headers in 158 bytes (1 switches on core 0)
Jul 28 14:23:35.306706 np0000006011 devstack@g-api.service[99727]: DEBUG glance.api.middleware.version_negotiation [None req-f3fd3575-ab60-47fe-afa7-6af710b78fd1 tempest-TestVolumeBootPatternV346-906818917 tempest-TestVolumeBootPatternV346-906818917-project-member] Determining version of request: GET /v2/images/5e7b9950-d6d8-406f-8f5f-0d5af6a83d78 Accept: */* {{(pid=99727) process_request /opt/stack/glance/glance/api/middleware/version_negotiation.py:44}}
Jul 28 14:23:35.306706 np0000006011 devstack@g-api.service[99727]: DEBUG glance.api.middleware.version_negotiation [None req-f3fd3575-ab60-47fe-afa7-6af710b78fd1 tempest-TestVolumeBootPatternV346-906818917 tempest-TestVolumeBootPatternV346-906818917-project-member] Using url versioning {{(pid=99727) process_request /opt/stack/glance/glance/api/middleware/version_negotiation.py:57}}
Jul 28 14:23:35.306706 np0000006011 devstack@g-api.service[99727]: DEBUG glance.api.middleware.version_negotiation [None req-f3fd3575-ab60-47fe-afa7-6af710b78fd1 tempest-TestVolumeBootPatternV346-906818917 tempest-TestVolumeBootPatternV346-906818917-project-member] Matched version: v2 {{(pid=99727) process_request /opt/stack/glance/glance/api/middleware/version_negotiation.py:69}}
Jul 28 14:23:35.306706 np0000006011 devstack@g-api.service[99727]: DEBUG glance.api.middleware.version_negotiation [None req-f3fd3575-ab60-47fe-afa7-6af710b78fd1 tempest-TestVolumeBootPatternV346-906818917 tempest-TestVolumeBootPatternV346-906818917-project-member] new path /v2/images/5e7b9950-d6d8-406f-8f5f-0d5af6a83d78 {{(pid=99727) process_request /opt/stack/glance/glance/api/middleware/version_negotiation.py:70}}
Jul 28 14:23:35.314976 np0000006011 devstack@g-api.service[99728]: DEBUG glance.api.middleware.cache [None req-eb826583-2aa8-4c1e-85db-f3101a13ecdb tempest-ImageDependencyTests-1143100524 tempest-ImageDependencyTests-1143100524-project-member] Removing image 5796b447-efc4-4001-8ad9-9547a443c207 from cache {{(pid=99728) _process_DELETE_response /opt/stack/glance/glance/api/middleware/cache.py:264}}
Jul 28 14:23:35.315863 np0000006011 devstack@g-api.service[99728]: DEBUG glance.image_cache.drivers.centralized_db [None req-eb826583-2aa8-4c1e-85db-f3101a13ecdb tempest-ImageDependencyTests-1143100524 tempest-ImageDependencyTests-1143100524-project-member] Deleting image cache file '/opt/stack/data/glance/cache/5796b447-efc4-4001-8ad9-9547a443c207' {{(pid=99728) delete_cached_file /opt/stack/glance/glance/image_cache/drivers/centralized_db.py:400}}
Jul 28 14:23:35.322014 np0000006011 devstack@g-api.service[99727]: [pid: 99727|app: 0|req: 96/283] 127.0.0.1 () {44 vars in 1111 bytes} [Tue Jul 28 14:23:35 2026] GET /v2/images/5e7b9950-d6d8-406f-8f5f-0d5af6a83d78 => generated 1044 bytes in 16 msecs (HTTP/1.1 200) 4 headers in 158 bytes (1 switches on core 0)
Jul 28 14:23:35.326861 np0000006011 devstack@g-api.service[99728]: [pid: 99728|app: 0|req: 99/284] 127.0.0.1 () {40 vars in 837 bytes} [Tue Jul 28 14:23:35 2026] DELETE /v2/images/5796b447-efc4-4001-8ad9-9547a443c207 => generated 0 bytes in 317 msecs (HTTP/1.1 204) 4 headers in 171 bytes (1 switches on core 0)
Jul 28 14:23:35.332827 np0000006011 devstack@g-api.service[99729]: DEBUG glance.api.middleware.version_negotiation [None req-f3fd3575-ab60-47fe-afa7-6af710b78fd1 tempest-TestVolumeBootPatternV346-906818917 tempest-TestVolumeBootPatternV346-906818917-project-member] Determining version of request: GET /v2/schemas/image Accept: */* {{(pid=99729) process_request /opt/stack/glance/glance/api/middleware/version_negotiation.py:44}}
Jul 28 14:23:35.333079 np0000006011 devstack@g-api.service[99729]: DEBUG glance.api.middleware.version_negotiation [None req-f3fd3575-ab60-47fe-afa7-6af710b78fd1 tempest-TestVolumeBootPatternV346-906818917 tempest-TestVolumeBootPatternV346-906818917-project-member] Using url versioning {{(pid=99729) process_request /opt/stack/glance/glance/api/middleware/version_negotiation.py:57}}
Jul 28 14:23:35.334164 np0000006011 devstack@g-api.service[99729]: DEBUG glance.api.middleware.version_negotiation [None req-f3fd3575-ab60-47fe-afa7-6af710b78fd1 tempest-TestVolumeBootPatternV346-906818917 tempest-TestVolumeBootPatternV346-906818917-project-member] Matched version: v2 {{(pid=99729) process_request /opt/stack/glance/glance/api/middleware/version_negotiation.py:69}}
Jul 28 14:23:35.334164 np0000006011 devstack@g-api.service[99729]: DEBUG glance.api.middleware.version_negotiation [None req-f3fd3575-ab60-47fe-afa7-6af710b78fd1 tempest-TestVolumeBootPatternV346-906818917 tempest-TestVolumeBootPatternV346-906818917-project-member] new path /v2/schemas/image {{(pid=99729) process_request /opt/stack/glance/glance/api/middleware/version_negotiation.py:70}}
Jul 28 14:23:35.336977 np0000006011 devstack@g-api.service[99727]: DEBUG glance.api.middleware.version_negotiation [None req-f3fd3575-ab60-47fe-afa7-6af710b78fd1 tempest-TestVolumeBootPatternV346-906818917 tempest-TestVolumeBootPatternV346-906818917-project-member] Determining version of request: GET /v2/images/5796b447-efc4-4001-8ad9-9547a443c207 Accept: application/json {{(pid=99727) process_request /opt/stack/glance/glance/api/middleware/version_negotiation.py:44}}
Jul 28 14:23:35.337181 np0000006011 devstack@g-api.service[99727]: DEBUG glance.api.middleware.version_negotiation [None req-f3fd3575-ab60-47fe-afa7-6af710b78fd1 tempest-TestVolumeBootPatternV346-906818917 tempest-TestVolumeBootPatternV346-906818917-project-member] Using url versioning {{(pid=99727) process_request /opt/stack/glance/glance/api/middleware/version_negotiation.py:57}}
Jul 28 14:23:35.337362 np0000006011 devstack@g-api.service[99727]: DEBUG glance.api.middleware.version_negotiation [None req-f3fd3575-ab60-47fe-afa7-6af710b78fd1 tempest-TestVolumeBootPatternV346-906818917 tempest-TestVolumeBootPatternV346-906818917-project-member] Matched version: v2 {{(pid=99727) process_request /opt/stack/glance/glance/api/middleware/version_negotiation.py:69}}
Jul 28 14:23:35.337519 np0000006011 devstack@g-api.service[99727]: DEBUG glance.api.middleware.version_negotiation [None req-f3fd3575-ab60-47fe-afa7-6af710b78fd1 tempest-TestVolumeBootPatternV346-906818917 tempest-TestVolumeBootPatternV346-906818917-project-member] new path /v2/images/5796b447-efc4-4001-8ad9-9547a443c207 {{(pid=99727) process_request /opt/stack/glance/glance/api/middleware/version_negotiation.py:70}}
Jul 28 14:23:35.341374 np0000006011 devstack@g-api.service[99729]: [pid: 99729|app: 0|req: 90/285] 127.0.0.1 () {44 vars in 1051 bytes} [Tue Jul 28 14:23:35 2026] GET /v2/schemas/image => generated 6083 bytes in 8 msecs (HTTP/1.1 200) 4 headers in 158 bytes (1 switches on core 0)
Jul 28 14:23:35.343387 np0000006011 devstack@g-api.service[99727]: DEBUG glance.db.sqlalchemy.api [None req-b91f3128-fce5-479f-a25e-0ca7f288c644 tempest-ImageDependencyTests-1143100524 tempest-ImageDependencyTests-1143100524-project-member] No image found with ID 5796b447-efc4-4001-8ad9-9547a443c207 {{(pid=99727) _image_get /opt/stack/glance/glance/db/sqlalchemy/api.py:303}}
Jul 28 14:23:35.345720 np0000006011 devstack@g-api.service[99727]: [pid: 99727|app: 0|req: 97/286] 127.0.0.1 () {40 vars in 834 bytes} [Tue Jul 28 14:23:35 2026] GET /v2/images/5796b447-efc4-4001-8ad9-9547a443c207 => generated 139 bytes in 9 msecs (HTTP/1.1 404) 4 headers in 164 bytes (1 switches on core 0)
Jul 28 14:23:35.355076 np0000006011 devstack@g-api.service[99728]: DEBUG glance.api.middleware.version_negotiation [None req-eb826583-2aa8-4c1e-85db-f3101a13ecdb tempest-ImageDependencyTests-1143100524 tempest-ImageDependencyTests-1143100524-project-member] Determining version of request: GET /v2/images Accept: application/json {{(pid=99728) process_request /opt/stack/glance/glance/api/middleware/version_negotiation.py:44}}
Jul 28 14:23:35.355305 np0000006011 devstack@g-api.service[99728]: DEBUG glance.api.middleware.version_negotiation [None req-eb826583-2aa8-4c1e-85db-f3101a13ecdb tempest-ImageDependencyTests-1143100524 tempest-ImageDependencyTests-1143100524-project-member] Using url versioning {{(pid=99728) process_request /opt/stack/glance/glance/api/middleware/version_negotiation.py:57}}
Jul 28 14:23:35.355796 np0000006011 devstack@g-api.service[99728]: DEBUG glance.api.middleware.version_negotiation [None req-eb826583-2aa8-4c1e-85db-f3101a13ecdb tempest-ImageDependencyTests-1143100524 tempest-ImageDependencyTests-1143100524-project-member] Matched version: v2 {{(pid=99728) process_request /opt/stack/glance/glance/api/middleware/version_negotiation.py:69}}
Jul 28 14:23:35.356316 np0000006011 devstack@g-api.service[99728]: DEBUG glance.api.middleware.version_negotiation [None req-eb826583-2aa8-4c1e-85db-f3101a13ecdb tempest-ImageDependencyTests-1143100524 tempest-ImageDependencyTests-1143100524-project-member] new path /v2/images {{(pid=99728) process_request /opt/stack/glance/glance/api/middleware/version_negotiation.py:70}}
Jul 28 14:23:35.357618 np0000006011 devstack@g-api.service[99729]: DEBUG glance.api.middleware.version_negotiation [None req-f3fd3575-ab60-47fe-afa7-6af710b78fd1 tempest-TestVolumeBootPatternV346-906818917 tempest-TestVolumeBootPatternV346-906818917-project-member] Determining version of request: GET /v2/schemas/image Accept: */* {{(pid=99729) process_request /opt/stack/glance/glance/api/middleware/version_negotiation.py:44}}
Jul 28 14:23:35.357960 np0000006011 devstack@g-api.service[99729]: DEBUG glance.api.middleware.version_negotiation [None req-f3fd3575-ab60-47fe-afa7-6af710b78fd1 tempest-TestVolumeBootPatternV346-906818917 tempest-TestVolumeBootPatternV346-906818917-project-member] Using url versioning {{(pid=99729) process_request /opt/stack/glance/glance/api/middleware/version_negotiation.py:57}}
Jul 28 14:23:35.358386 np0000006011 devstack@g-api.service[99729]: DEBUG glance.api.middleware.version_negotiation [None req-f3fd3575-ab60-47fe-afa7-6af710b78fd1 tempest-TestVolumeBootPatternV346-906818917 tempest-TestVolumeBootPatternV346-906818917-project-member] Matched version: v2 {{(pid=99729) process_request /opt/stack/glance/glance/api/middleware/version_negotiation.py:69}}
Jul 28 14:23:35.358386 np0000006011 devstack@g-api.service[99729]: DEBUG glance.api.middleware.version_negotiation [None req-f3fd3575-ab60-47fe-afa7-6af710b78fd1 tempest-TestVolumeBootPatternV346-906818917 tempest-TestVolumeBootPatternV346-906818917-project-member] new path /v2/schemas/image {{(pid=99729) process_request /opt/stack/glance/glance/api/middleware/version_negotiation.py:70}}
Jul 28 14:23:35.362502 np0000006011 devstack@g-api.service[99729]: [pid: 99729|app: 0|req: 91/287] 127.0.0.1 () {44 vars in 1051 bytes} [Tue Jul 28 14:23:35 2026] GET /v2/schemas/image => generated 6083 bytes in 6 msecs (HTTP/1.1 200) 4 headers in 158 bytes (1 switches on core 0)
Jul 28 14:23:35.405183 np0000006011 devstack@g-api.service[99727]: DEBUG glance.api.middleware.version_negotiation [None req-b91f3128-fce5-479f-a25e-0ca7f288c644 tempest-ImageDependencyTests-1143100524 tempest-ImageDependencyTests-1143100524-project-member] Determining version of request: GET /v2/images/5e7b9950-d6d8-406f-8f5f-0d5af6a83d78 Accept: */* {{(pid=99727) process_request /opt/stack/glance/glance/api/middleware/version_negotiation.py:44}}
Jul 28 14:23:35.405371 np0000006011 devstack@g-api.service[99727]: DEBUG glance.api.middleware.version_negotiation [None req-b91f3128-fce5-479f-a25e-0ca7f288c644 tempest-ImageDependencyTests-1143100524 tempest-ImageDependencyTests-1143100524-project-member] Using url versioning {{(pid=99727) process_request /opt/stack/glance/glance/api/middleware/version_negotiation.py:57}}
Jul 28 14:23:35.405629 np0000006011 devstack@g-api.service[99727]: DEBUG glance.api.middleware.version_negotiation [None req-b91f3128-fce5-479f-a25e-0ca7f288c644 tempest-ImageDependencyTests-1143100524 tempest-ImageDependencyTests-1143100524-project-member] Matched version: v2 {{(pid=99727) process_request /opt/stack/glance/glance/api/middleware/version_negotiation.py:69}}
Jul 28 14:23:35.405752 np0000006011 devstack@g-api.service[99727]: DEBUG glance.api.middleware.version_negotiation [None req-b91f3128-fce5-479f-a25e-0ca7f288c644 tempest-ImageDependencyTests-1143100524 tempest-ImageDependencyTests-1143100524-project-member] new path /v2/images/5e7b9950-d6d8-406f-8f5f-0d5af6a83d78 {{(pid=99727) process_request /opt/stack/glance/glance/api/middleware/version_negotiation.py:70}}
Jul 28 14:23:35.441227 np0000006011 devstack@g-api.service[99727]: [pid: 99727|app: 0|req: 98/288] 127.0.0.1 () {44 vars in 1111 bytes} [Tue Jul 28 14:23:35 2026] GET /v2/images/5e7b9950-d6d8-406f-8f5f-0d5af6a83d78 => generated 1044 bytes in 36 msecs (HTTP/1.1 200) 4 headers in 158 bytes (1 switches on core 0)
Jul 28 14:23:35.449374 np0000006011 devstack@g-api.service[99729]: DEBUG glance.api.middleware.version_negotiation [None req-f3fd3575-ab60-47fe-afa7-6af710b78fd1 tempest-TestVolumeBootPatternV346-906818917 tempest-TestVolumeBootPatternV346-906818917-project-member] Determining version of request: GET /v2/schemas/image Accept: */* {{(pid=99729) process_request /opt/stack/glance/glance/api/middleware/version_negotiation.py:44}}
Jul 28 14:23:35.449520 np0000006011 devstack@g-api.service[99729]: DEBUG glance.api.middleware.version_negotiation [None req-f3fd3575-ab60-47fe-afa7-6af710b78fd1 tempest-TestVolumeBootPatternV346-906818917 tempest-TestVolumeBootPatternV346-906818917-project-member] Using url versioning {{(pid=99729) process_request /opt/stack/glance/glance/api/middleware/version_negotiation.py:57}}
Jul 28 14:23:35.449863 np0000006011 devstack@g-api.service[99729]: DEBUG glance.api.middleware.version_negotiation [None req-f3fd3575-ab60-47fe-afa7-6af710b78fd1 tempest-TestVolumeBootPatternV346-906818917 tempest-TestVolumeBootPatternV346-906818917-project-member] Matched version: v2 {{(pid=99729) process_request /opt/stack/glance/glance/api/middleware/version_negotiation.py:69}}
Jul 28 14:23:35.450076 np0000006011 devstack@g-api.service[99729]: DEBUG glance.api.middleware.version_negotiation [None req-f3fd3575-ab60-47fe-afa7-6af710b78fd1 tempest-TestVolumeBootPatternV346-906818917 tempest-TestVolumeBootPatternV346-906818917-project-member] new path /v2/schemas/image {{(pid=99729) process_request /opt/stack/glance/glance/api/middleware/version_negotiation.py:70}}
Jul 28 14:23:35.455576 np0000006011 devstack@g-api.service[99729]: [pid: 99729|app: 0|req: 92/289] 127.0.0.1 () {44 vars in 1051 bytes} [Tue Jul 28 14:23:35 2026] GET /v2/schemas/image => generated 6083 bytes in 6 msecs (HTTP/1.1 200) 4 headers in 158 bytes (1 switches on core 0)
Jul 28 14:23:35.575154 np0000006011 devstack@g-api.service[99728]: [pid: 99728|app: 0|req: 100/290] 127.0.0.1 () {40 vars in 760 bytes} [Tue Jul 28 14:23:35 2026] GET /v2/images => generated 4970 bytes in 221 msecs (HTTP/1.1 200) 4 headers in 158 bytes (1 switches on core 0)
Jul 28 14:23:36.085840 np0000006011 devstack@g-api.service[99727]: DEBUG glance.api.middleware.version_negotiation [None req-f3fd3575-ab60-47fe-afa7-6af710b78fd1 tempest-TestVolumeBootPatternV346-906818917 tempest-TestVolumeBootPatternV346-906818917-project-member] Determining version of request: GET /versions Accept: */* {{(pid=99727) process_request /opt/stack/glance/glance/api/middleware/version_negotiation.py:44}}
Jul 28 14:23:36.086664 np0000006011 devstack@g-api.service[99727]: [pid: 99727|app: 0|req: 99/291] 127.0.0.1 () {44 vars in 1035 bytes} [Tue Jul 28 14:23:36 2026] GET /versions => generated 1501 bytes in 1 msecs (HTTP/1.1 200) 3 headers in 92 bytes (1 switches on core 0)
Jul 28 14:23:36.102067 np0000006011 devstack@g-api.service[99729]: DEBUG glance.api.middleware.version_negotiation [None req-f3fd3575-ab60-47fe-afa7-6af710b78fd1 tempest-TestVolumeBootPatternV346-906818917 tempest-TestVolumeBootPatternV346-906818917-project-member] Determining version of request: GET /v2/images/5e7b9950-d6d8-406f-8f5f-0d5af6a83d78/locations Accept: */* {{(pid=99729) process_request /opt/stack/glance/glance/api/middleware/version_negotiation.py:44}}
Jul 28 14:23:36.108615 np0000006011 devstack@g-api.service[99729]: DEBUG glance.api.middleware.version_negotiation [None req-f3fd3575-ab60-47fe-afa7-6af710b78fd1 tempest-TestVolumeBootPatternV346-906818917 tempest-TestVolumeBootPatternV346-906818917-project-member] Using url versioning {{(pid=99729) process_request /opt/stack/glance/glance/api/middleware/version_negotiation.py:57}}
Jul 28 14:23:36.113214 np0000006011 devstack@g-api.service[99729]: DEBUG glance.api.middleware.version_negotiation [None req-f3fd3575-ab60-47fe-afa7-6af710b78fd1 tempest-TestVolumeBootPatternV346-906818917 tempest-TestVolumeBootPatternV346-906818917-project-member] Matched version: v2 {{(pid=99729) process_request /opt/stack/glance/glance/api/middleware/version_negotiation.py:69}}
Jul 28 14:23:36.113304 np0000006011 devstack@g-api.service[99729]: DEBUG glance.api.middleware.version_negotiation [None req-f3fd3575-ab60-47fe-afa7-6af710b78fd1 tempest-TestVolumeBootPatternV346-906818917 tempest-TestVolumeBootPatternV346-906818917-project-member] new path /v2/images/5e7b9950-d6d8-406f-8f5f-0d5af6a83d78/locations {{(pid=99729) process_request /opt/stack/glance/glance/api/middleware/version_negotiation.py:70}}
Jul 28 14:23:36.188110 np0000006011 devstack@g-api.service[99729]: [pid: 99729|app: 0|req: 93/292] 127.0.0.1 () {44 vars in 1131 bytes} [Tue Jul 28 14:23:36 2026] GET /v2/images/5e7b9950-d6d8-406f-8f5f-0d5af6a83d78/locations => generated 92 bytes in 91 msecs (HTTP/1.1 200) 4 headers in 156 bytes (1 switches on core 0)
Jul 28 14:23:36.200411 np0000006011 devstack@g-api.service[99728]: DEBUG glance.api.middleware.version_negotiation [None req-a2776687-358c-48bd-a3a6-19c14009ff66 tempest-ImageDependencyTests-1143100524 tempest-ImageDependencyTests-1143100524-project-reader] Determining version of request: GET /v2/images/5e7b9950-d6d8-406f-8f5f-0d5af6a83d78 Accept: */* {{(pid=99728) process_request /opt/stack/glance/glance/api/middleware/version_negotiation.py:44}}
Jul 28 14:23:36.203397 np0000006011 devstack@g-api.service[99728]: DEBUG glance.api.middleware.version_negotiation [None req-a2776687-358c-48bd-a3a6-19c14009ff66 tempest-ImageDependencyTests-1143100524 tempest-ImageDependencyTests-1143100524-project-reader] Using url versioning {{(pid=99728) process_request /opt/stack/glance/glance/api/middleware/version_negotiation.py:57}}
Jul 28 14:23:36.203397 np0000006011 devstack@g-api.service[99728]: DEBUG glance.api.middleware.version_negotiation [None req-a2776687-358c-48bd-a3a6-19c14009ff66 tempest-ImageDependencyTests-1143100524 tempest-ImageDependencyTests-1143100524-project-reader] Matched version: v2 {{(pid=99728) process_request /opt/stack/glance/glance/api/middleware/version_negotiation.py:69}}
Jul 28 14:23:36.203397 np0000006011 devstack@g-api.service[99728]: DEBUG glance.api.middleware.version_negotiation [None req-a2776687-358c-48bd-a3a6-19c14009ff66 tempest-ImageDependencyTests-1143100524 tempest-ImageDependencyTests-1143100524-project-reader] new path /v2/images/5e7b9950-d6d8-406f-8f5f-0d5af6a83d78 {{(pid=99728) process_request /opt/stack/glance/glance/api/middleware/version_negotiation.py:70}}
Jul 28 14:23:36.212575 np0000006011 devstack@g-api.service[99728]: [pid: 99728|app: 0|req: 101/293] 127.0.0.1 () {44 vars in 1111 bytes} [Tue Jul 28 14:23:36 2026] GET /v2/images/5e7b9950-d6d8-406f-8f5f-0d5af6a83d78 => generated 1044 bytes in 12 msecs (HTTP/1.1 200) 4 headers in 158 bytes (1 switches on core 0)
Jul 28 14:23:36.223836 np0000006011 devstack@g-api.service[99727]: DEBUG glance.api.middleware.version_negotiation [None req-f3fd3575-ab60-47fe-afa7-6af710b78fd1 tempest-TestVolumeBootPatternV346-906818917 tempest-TestVolumeBootPatternV346-906818917-project-member] Determining version of request: GET /v2/schemas/image Accept: */* {{(pid=99727) process_request /opt/stack/glance/glance/api/middleware/version_negotiation.py:44}}
Jul 28 14:23:36.225677 np0000006011 devstack@g-api.service[99727]: DEBUG glance.api.middleware.version_negotiation [None req-f3fd3575-ab60-47fe-afa7-6af710b78fd1 tempest-TestVolumeBootPatternV346-906818917 tempest-TestVolumeBootPatternV346-906818917-project-member] Using url versioning {{(pid=99727) process_request /opt/stack/glance/glance/api/middleware/version_negotiation.py:57}}
Jul 28 14:23:36.225677 np0000006011 devstack@g-api.service[99727]: DEBUG glance.api.middleware.version_negotiation [None req-f3fd3575-ab60-47fe-afa7-6af710b78fd1 tempest-TestVolumeBootPatternV346-906818917 tempest-TestVolumeBootPatternV346-906818917-project-member] Matched version: v2 {{(pid=99727) process_request /opt/stack/glance/glance/api/middleware/version_negotiation.py:69}}
Jul 28 14:23:36.225677 np0000006011 devstack@g-api.service[99727]: DEBUG glance.api.middleware.version_negotiation [None req-f3fd3575-ab60-47fe-afa7-6af710b78fd1 tempest-TestVolumeBootPatternV346-906818917 tempest-TestVolumeBootPatternV346-906818917-project-member] new path /v2/schemas/image {{(pid=99727) process_request /opt/stack/glance/glance/api/middleware/version_negotiation.py:70}}
Jul 28 14:23:36.229249 np0000006011 devstack@g-api.service[99727]: [pid: 99727|app: 0|req: 100/294] 127.0.0.1 () {44 vars in 1051 bytes} [Tue Jul 28 14:23:36 2026] GET /v2/schemas/image => generated 6083 bytes in 6 msecs (HTTP/1.1 200) 4 headers in 158 bytes (1 switches on core 0)
Jul 28 14:23:36.242158 np0000006011 devstack@g-api.service[99729]: DEBUG glance.api.middleware.version_negotiation [None req-f3fd3575-ab60-47fe-afa7-6af710b78fd1 service glance] Determining version of request: GET /v2/schemas/image Accept: */* {{(pid=99729) process_request /opt/stack/glance/glance/api/middleware/version_negotiation.py:44}}
Jul 28 14:23:36.242402 np0000006011 devstack@g-api.service[99729]: DEBUG glance.api.middleware.version_negotiation [None req-f3fd3575-ab60-47fe-afa7-6af710b78fd1 service glance] Using url versioning {{(pid=99729) process_request /opt/stack/glance/glance/api/middleware/version_negotiation.py:57}}
Jul 28 14:23:36.242508 np0000006011 devstack@g-api.service[99729]: DEBUG glance.api.middleware.version_negotiation [None req-f3fd3575-ab60-47fe-afa7-6af710b78fd1 service glance] Matched version: v2 {{(pid=99729) process_request /opt/stack/glance/glance/api/middleware/version_negotiation.py:69}}
Jul 28 14:23:36.242594 np0000006011 devstack@g-api.service[99729]: DEBUG glance.api.middleware.version_negotiation [None req-f3fd3575-ab60-47fe-afa7-6af710b78fd1 service glance] new path /v2/schemas/image {{(pid=99729) process_request /opt/stack/glance/glance/api/middleware/version_negotiation.py:70}}
Jul 28 14:23:36.248393 np0000006011 devstack@g-api.service[99729]: [pid: 99729|app: 0|req: 94/295] 127.0.0.1 () {44 vars in 1051 bytes} [Tue Jul 28 14:23:36 2026] GET /v2/schemas/image => generated 6083 bytes in 3 msecs (HTTP/1.1 200) 4 headers in 158 bytes (1 switches on core 0)
Jul 28 14:23:36.720423 np0000006011 devstack@g-api.service[99728]: DEBUG glance.api.middleware.version_negotiation [None req-f3fd3575-ab60-47fe-afa7-6af710b78fd1 tempest-TestVolumeBootPatternV346-906818917 tempest-TestVolumeBootPatternV346-906818917-project-member] Determining version of request: DELETE /v2/images/ae70b37c-0980-4ba7-b140-ec801e9358ac Accept: application/json {{(pid=99728) process_request /opt/stack/glance/glance/api/middleware/version_negotiation.py:44}}
Jul 28 14:23:36.720617 np0000006011 devstack@g-api.service[99728]: DEBUG glance.api.middleware.version_negotiation [None req-f3fd3575-ab60-47fe-afa7-6af710b78fd1 tempest-TestVolumeBootPatternV346-906818917 tempest-TestVolumeBootPatternV346-906818917-project-member] Using url versioning {{(pid=99728) process_request /opt/stack/glance/glance/api/middleware/version_negotiation.py:57}}
Jul 28 14:23:36.720698 np0000006011 devstack@g-api.service[99728]: DEBUG glance.api.middleware.version_negotiation [None req-f3fd3575-ab60-47fe-afa7-6af710b78fd1 tempest-TestVolumeBootPatternV346-906818917 tempest-TestVolumeBootPatternV346-906818917-project-member] Matched version: v2 {{(pid=99728) process_request /opt/stack/glance/glance/api/middleware/version_negotiation.py:69}}
Jul 28 14:23:36.720800 np0000006011 devstack@g-api.service[99728]: DEBUG glance.api.middleware.version_negotiation [None req-f3fd3575-ab60-47fe-afa7-6af710b78fd1 tempest-TestVolumeBootPatternV346-906818917 tempest-TestVolumeBootPatternV346-906818917-project-member] new path /v2/images/ae70b37c-0980-4ba7-b140-ec801e9358ac {{(pid=99728) process_request /opt/stack/glance/glance/api/middleware/version_negotiation.py:70}}
Jul 28 14:23:36.731345 np0000006011 devstack@g-api.service[99728]: WARNING glance.api.v2.images [None req-daeca4b9-eec5-4733-905c-2bf0d2bc9047 tempest-ImageDependencyTests-1143100524 tempest-ImageDependencyTests-1143100524-project-member] After upload to backend, deletion of staged image data has failed because it cannot be found at /tmp/staging//ae70b37c-0980-4ba7-b140-ec801e9358ac
Jul 28 14:23:36.731883 np0000006011 devstack@g-api.service[99728]: DEBUG glance_store.backend [None req-daeca4b9-eec5-4733-905c-2bf0d2bc9047 tempest-ImageDependencyTests-1143100524 tempest-ImageDependencyTests-1143100524-project-member] Attempting to import store swift {{(pid=99728) _load_store /opt/stack/data/venv/lib/python3.12/site-packages/glance_store/backend.py:215}}
Jul 28 14:23:36.733344 np0000006011 devstack@g-api.service[99728]: DEBUG glance_store.capabilities [None req-daeca4b9-eec5-4733-905c-2bf0d2bc9047 tempest-ImageDependencyTests-1143100524 tempest-ImageDependencyTests-1143100524-project-member] Store glance_store._drivers.swift.store.SingleTenantStore doesn't support updating dynamic storage capabilities. Please overwrite 'update_capabilities' method of the store to implement updating logics if needed. {{(pid=99728) update_capabilities /opt/stack/data/venv/lib/python3.12/site-packages/glance_store/capabilities.py:91}}
Jul 28 14:23:36.733534 np0000006011 devstack@g-api.service[99728]: DEBUG glance_store.driver [None req-daeca4b9-eec5-4733-905c-2bf0d2bc9047 tempest-ImageDependencyTests-1143100524 tempest-ImageDependencyTests-1143100524-project-member] Late loading location class glance_store._drivers.swift.store.StoreLocation {{(pid=99728) get_store_location_class /opt/stack/data/venv/lib/python3.12/site-packages/glance_store/driver.py:134}}
Jul 28 14:23:36.734578 np0000006011 devstack@g-api.service[99728]: DEBUG glance_store.location [None req-daeca4b9-eec5-4733-905c-2bf0d2bc9047 tempest-ImageDependencyTests-1143100524 tempest-ImageDependencyTests-1143100524-project-member] Registering scheme swift+https with {'store': , 'location_class': , 'store_entry': 'swift'} {{(pid=99728) register_scheme_map /opt/stack/data/venv/lib/python3.12/site-packages/glance_store/location.py:146}}
Jul 28 14:23:36.734578 np0000006011 devstack@g-api.service[99728]: DEBUG glance_store.location [None req-daeca4b9-eec5-4733-905c-2bf0d2bc9047 tempest-ImageDependencyTests-1143100524 tempest-ImageDependencyTests-1143100524-project-member] Registering scheme swift+https with {'store': , 'location_class': , 'store_entry': 'swift'} {{(pid=99728) register_scheme_map /opt/stack/data/venv/lib/python3.12/site-packages/glance_store/location.py:146}}
Jul 28 14:23:36.734578 np0000006011 devstack@g-api.service[99728]: DEBUG glance_store.location [None req-daeca4b9-eec5-4733-905c-2bf0d2bc9047 tempest-ImageDependencyTests-1143100524 tempest-ImageDependencyTests-1143100524-project-member] Registering scheme swift with {'store': , 'location_class': , 'store_entry': 'swift'} {{(pid=99728) register_scheme_map /opt/stack/data/venv/lib/python3.12/site-packages/glance_store/location.py:146}}
Jul 28 14:23:36.734578 np0000006011 devstack@g-api.service[99728]: DEBUG glance_store.location [None req-daeca4b9-eec5-4733-905c-2bf0d2bc9047 tempest-ImageDependencyTests-1143100524 tempest-ImageDependencyTests-1143100524-project-member] Registering scheme swift+https with {'store': , 'location_class': , 'store_entry': 'swift'} {{(pid=99728) register_scheme_map /opt/stack/data/venv/lib/python3.12/site-packages/glance_store/location.py:146}}
Jul 28 14:23:36.734578 np0000006011 devstack@g-api.service[99728]: DEBUG glance_store.location [None req-daeca4b9-eec5-4733-905c-2bf0d2bc9047 tempest-ImageDependencyTests-1143100524 tempest-ImageDependencyTests-1143100524-project-member] Registering scheme swift with {'store': , 'location_class': , 'store_entry': 'swift'} {{(pid=99728) register_scheme_map /opt/stack/data/venv/lib/python3.12/site-packages/glance_store/location.py:146}}
Jul 28 14:23:36.734578 np0000006011 devstack@g-api.service[99728]: DEBUG glance_store.location [None req-daeca4b9-eec5-4733-905c-2bf0d2bc9047 tempest-ImageDependencyTests-1143100524 tempest-ImageDependencyTests-1143100524-project-member] Registering scheme swift+http with {'store': , 'location_class': , 'store_entry': 'swift'} {{(pid=99728) register_scheme_map /opt/stack/data/venv/lib/python3.12/site-packages/glance_store/location.py:146}}
