Jul 28 14:18:52.497087 np0000006011 devstack@neutron-api.service[87586]: DEBUG ovsdbapp.backend.ovs_idl.transaction [None req-6bedc621-931e-43c2-8cd7-afbbd314b7d9 None None] Running txn n=1 command(idx=4): PgAclAddCommand(_result=None, entity=pg_dbc49666_b2ad_4a4c_8905_e6febac48960, direction=to-lport, priority=1002, match=outport == @pg_dbc49666_b2ad_4a4c_8905_e6febac48960 && ip4 && ip4.src == $pg_dbc49666_b2ad_4a4c_8905_e6febac48960_ip4, action=allow-related, log=False, may_exist=True, severity=[], name=[], meter=[], external_ids={'neutron:security_group_rule_id': 'fca2fb43-f2c4-44c4-bad7-6db6293d8aec'}) {{(pid=87586) do_commit /opt/stack/data/venv/lib/python3.12/site-packages/ovsdbapp/backend/ovs_idl/transaction.py:89}}
Jul 28 14:18:52.498367 np0000006011 devstack@neutron-api.service[87586]: INFO neutron.plugins.ml2.drivers.ovn.mech_driver.mech_driver [None req-89d04c3b-2c21-44ea-9725-4a9fed9e5da9 None None] OVN reports status down for port: fe7007a3-5249-4d9d-a281-c42aff1e2933
Jul 28 14:18:52.500935 np0000006011 devstack@neutron-api.service[87587]: DEBUG neutron.plugins.ml2.drivers.ovn.mech_driver.ovsdb.ovsdb_monitor [None req-0fa702ea-00dc-4bba-aab8-3211d2fdaa2e None None] Hash Ring: Node baac8ccde2a35adfb280e911c10ca354 (host: np0000006011) handling event "create" for row 6efa7c21-298a-4a41-9b18-1711e539ee03 (table: Logical_Switch) {{(pid=87587) notify /opt/stack/neutron/neutron/plugins/ml2/drivers/ovn/mech_driver/ovsdb/ovsdb_monitor.py:1013}}
Jul 28 14:18:52.506864 np0000006011 devstack@neutron-api.service[87586]: DEBUG neutron.plugins.ml2.drivers.ovn.mech_driver.ovsdb.ovsdb_monitor [None req-6bedc621-931e-43c2-8cd7-afbbd314b7d9 None None] Hash Ring: Node 7fe3190436425cb0ade3789da41aeeca (host: np0000006011) handling event "create" for row bec75d93-4eae-4b70-9e4b-a9354ca2c6ea (table: ACL) {{(pid=87586) notify /opt/stack/neutron/neutron/plugins/ml2/drivers/ovn/mech_driver/ovsdb/ovsdb_monitor.py:1013}}
Jul 28 14:18:52.507177 np0000006011 devstack@neutron-api.service[87586]: DEBUG neutron.plugins.ml2.drivers.ovn.mech_driver.ovsdb.ovsdb_monitor [None req-6bedc621-931e-43c2-8cd7-afbbd314b7d9 None None] Hash Ring: Node 7fe3190436425cb0ade3789da41aeeca (host: np0000006011) handling event "create" for row 03e2eb70-2c48-468e-955c-10616b916319 (table: Port_Group) {{(pid=87586) notify /opt/stack/neutron/neutron/plugins/ml2/drivers/ovn/mech_driver/ovsdb/ovsdb_monitor.py:1013}}
Jul 28 14:18:52.509553 np0000006011 devstack@neutron-api.service[87587]: DEBUG neutron.plugins.ml2.drivers.ovn.mech_driver.ovsdb.ovsdb_monitor [None req-0fa702ea-00dc-4bba-aab8-3211d2fdaa2e None None] Hash Ring: Node baac8ccde2a35adfb280e911c10ca354 (host: np0000006011) handling event "create" for row b1f8d563-e9e2-4236-8dfc-5225bda26251 (table: ACL) {{(pid=87587) notify /opt/stack/neutron/neutron/plugins/ml2/drivers/ovn/mech_driver/ovsdb/ovsdb_monitor.py:1013}}
Jul 28 14:18:52.511569 np0000006011 devstack@neutron-api.service[87585]: DEBUG neutron.plugins.ml2.drivers.ovn.mech_driver.ovsdb.ovsdb_monitor [None req-5f69cc9c-1820-40ed-baab-ccb3920efdd6 None None] Hash Ring: Node 3221ddafaa1652698f2c22972a01d74a (host: np0000006011) handling event "create" for row 33b3a678-1ba9-49e1-b821-0c951a9f0505 (table: ACL) {{(pid=87585) notify /opt/stack/neutron/neutron/plugins/ml2/drivers/ovn/mech_driver/ovsdb/ovsdb_monitor.py:1013}}
Jul 28 14:18:52.511866 np0000006011 devstack@neutron-api.service[87585]: DEBUG neutron.plugins.ml2.drivers.ovn.mech_driver.ovsdb.ovsdb_monitor [None req-5f69cc9c-1820-40ed-baab-ccb3920efdd6 None None] Hash Ring: Node 3221ddafaa1652698f2c22972a01d74a (host: np0000006011) handling event "create" for row 386ea067-b344-4fae-9689-a79f1974aada (table: ACL) {{(pid=87585) notify /opt/stack/neutron/neutron/plugins/ml2/drivers/ovn/mech_driver/ovsdb/ovsdb_monitor.py:1013}}
Jul 28 14:18:52.533213 np0000006011 devstack@neutron-api.service[87587]: INFO neutron.db.ovn_revision_numbers_db [None req-7066571e-3cf8-4e1d-8944-3248e8aa9d6d admin admin] Successfully bumped revision number for resource 6efa7c21-298a-4a41-9b18-1711e539ee03 (type: networks) to 1
Jul 28 14:18:52.535049 np0000006011 devstack@neutron-api.service[87585]: INFO neutron.db.ovn_revision_numbers_db [None req-d241d573-68d4-452d-9104-1d4e1e8decb9 admin admin] Successfully bumped revision number for resource fe7007a3-5249-4d9d-a281-c42aff1e2933 (type: ports) to 1
Jul 28 14:18:52.544329 np0000006011 devstack@neutron-api.service[87585]: DEBUG neutron.pecan_wsgi.hooks.policy_enforcement [None req-d241d573-68d4-452d-9104-1d4e1e8decb9 admin admin] Attributes excluded by policy engine: ['standard_attr_id'] {{(pid=87585) _exclude_attributes_by_policy /opt/stack/neutron/neutron/pecan_wsgi/hooks/policy_enforcement.py:259}}
Jul 28 14:18:52.545815 np0000006011 devstack@neutron-api.service[87585]: DEBUG neutron_lib.callbacks.manager [None req-d241d573-68d4-452d-9104-1d4e1e8decb9 admin admin] Publish callbacks [] for network (None), before_response {{(pid=87585) _notify_loop /opt/stack/data/venv/lib/python3.12/site-packages/neutron_lib/callbacks/manager.py:184}}
Jul 28 14:18:52.546483 np0000006011 devstack@neutron-api.service[87586]: INFO neutron.db.ovn_revision_numbers_db [None req-6c55963b-a58d-4b27-adc3-9ac24f078555 admin admin] Successfully bumped revision number for resource dbc49666-b2ad-4a4c-8905-e6febac48960 (type: security_groups) to 1
Jul 28 14:18:52.563582 np0000006011 devstack@neutron-api.service[87586]: DEBUG neutron.db.provisioning_blocks [None req-89d04c3b-2c21-44ea-9725-4a9fed9e5da9 None None] Transition to ACTIVE for port object fe7007a3-5249-4d9d-a281-c42aff1e2933 will not be triggered until provisioned by entity L2. {{(pid=87586) add_provisioning_component /opt/stack/neutron/neutron/db/provisioning_blocks.py:74}}
Jul 28 14:18:52.564074 np0000006011 devstack@neutron-api.service[87585]: [pid: 87585|app: 0|req: 16/44] 10.4.3.80 () {68 vars in 1270 bytes} [Tue Jul 28 14:18:51 2026] POST /networking/v2.0/networks => generated 729 bytes in 1107 msecs (HTTP/1.1 201) 4 headers in 162 bytes (1 switches on core 0)
Jul 28 14:18:52.591312 np0000006011 devstack@neutron-api.service[87587]: DEBUG neutron_lib.callbacks.manager [None req-7066571e-3cf8-4e1d-8944-3248e8aa9d6d admin admin] Publish callbacks ['neutron.plugins.ml2.plugin.SecurityGroupDbMixin._ensure_default_security_group_handler-1281453'] for port (None), before_create {{(pid=87587) _notify_loop /opt/stack/data/venv/lib/python3.12/site-packages/neutron_lib/callbacks/manager.py:184}}
Jul 28 14:18:52.606107 np0000006011 devstack@neutron-api.service[87586]: INFO neutron.db.ovn_revision_numbers_db [None req-6c55963b-a58d-4b27-adc3-9ac24f078555 admin admin] Successfully bumped revision number for resource 8febc4f1-527a-4ca6-b799-62809cd0e69b (type: security_group_rules) to 0
Jul 28 14:18:52.607054 np0000006011 devstack@neutron-api.service[87586]: DEBUG neutron.plugins.ml2.plugin [None req-89d04c3b-2c21-44ea-9725-4a9fed9e5da9 None None] Current status of the port fe7007a3-5249-4d9d-a281-c42aff1e2933 is: DOWN; New status is: DOWN {{(pid=87586) _update_individual_port_db_status /opt/stack/neutron/neutron/plugins/ml2/plugin.py:2473}}
Jul 28 14:18:52.610570 np0000006011 devstack@neutron-api.service[87586]: DEBUG ovsdbapp.backend.ovs_idl.transaction [None req-6bedc621-931e-43c2-8cd7-afbbd314b7d9 None None] Running txn n=1 command(idx=0): DbRemoveCommand(_result=None, table=Logical_Switch_Port, record=fe7007a3-5249-4d9d-a281-c42aff1e2933, column=external_ids, values=('neutron:host_id',), keyvalues={}, if_exists=True) {{(pid=87586) do_commit /opt/stack/data/venv/lib/python3.12/site-packages/ovsdbapp/backend/ovs_idl/transaction.py:89}}
Jul 28 14:18:52.629109 np0000006011 devstack@neutron-api.service[87586]: INFO neutron.db.ovn_revision_numbers_db [None req-6c55963b-a58d-4b27-adc3-9ac24f078555 admin admin] Successfully bumped revision number for resource a20e3f24-d1a9-4887-a0e3-c79a258c231e (type: security_group_rules) to 0
Jul 28 14:18:52.644156 np0000006011 devstack@neutron-api.service[87586]: INFO neutron.db.ovn_revision_numbers_db [None req-6c55963b-a58d-4b27-adc3-9ac24f078555 admin admin] Successfully bumped revision number for resource bd836f34-21b6-4df0-bd54-0183663d8868 (type: security_group_rules) to 0
Jul 28 14:18:52.656647 np0000006011 devstack@neutron-api.service[87586]: INFO neutron.db.ovn_revision_numbers_db [None req-6c55963b-a58d-4b27-adc3-9ac24f078555 admin admin] Successfully bumped revision number for resource fca2fb43-f2c4-44c4-bad7-6db6293d8aec (type: security_group_rules) to 0
Jul 28 14:18:52.692962 np0000006011 devstack@neutron-api.service[87586]: DEBUG neutron.api.rpc.handlers.resources_rpc [None req-6c55963b-a58d-4b27-adc3-9ac24f078555 admin admin] Pushing event updated for resources: {'SecurityGroup': ['ID=dbc49666-b2ad-4a4c-8905-e6febac48960,revision_number=1']} {{(pid=87586) push /opt/stack/neutron/neutron/api/rpc/handlers/resources_rpc.py:237}}
Jul 28 14:18:52.695101 np0000006011 devstack@neutron-api.service[87587]: DEBUG neutron_lib.callbacks.manager [None req-7066571e-3cf8-4e1d-8944-3248e8aa9d6d admin admin] Publish callbacks ['neutron.plugins.ml2.drivers.ovn.mech_driver.mech_driver.OVNMechanismDriver._validate_allowed_address_pairs-474310'] for allowed_address_pair (74867d55-74b1-43d7-a1f6-5c16d421da54), before_create {{(pid=87587) _notify_loop /opt/stack/data/venv/lib/python3.12/site-packages/neutron_lib/callbacks/manager.py:184}}
Jul 28 14:18:52.695924 np0000006011 devstack@neutron-api.service[87587]: DEBUG neutron_lib.callbacks.manager [None req-7066571e-3cf8-4e1d-8944-3248e8aa9d6d admin admin] Publish callbacks [] for port (74867d55-74b1-43d7-a1f6-5c16d421da54), precommit_create {{(pid=87587) _notify_loop /opt/stack/data/venv/lib/python3.12/site-packages/neutron_lib/callbacks/manager.py:184}}
Jul 28 14:18:52.696155 np0000006011 devstack@neutron-api.service[87587]: DEBUG neutron.plugins.ml2.drivers.ovn.mech_driver.mech_driver [None req-7066571e-3cf8-4e1d-8944-3248e8aa9d6d admin admin] No provisioning block for port 74867d55-74b1-43d7-a1f6-5c16d421da54 since it does not have a host {{(pid=87587) _is_port_provisioning_required /opt/stack/neutron/neutron/plugins/ml2/drivers/ovn/mech_driver/mech_driver.py:899}}
Jul 28 14:18:52.696403 np0000006011 devstack@neutron-api.service[87587]: DEBUG neutron.db.ovn_revision_numbers_db [None req-7066571e-3cf8-4e1d-8944-3248e8aa9d6d admin admin] create_initial_revision uuid=74867d55-74b1-43d7-a1f6-5c16d421da54, type=ports, rev=-1 {{(pid=87587) create_initial_revision /opt/stack/neutron/neutron/db/ovn_revision_numbers_db.py:98}}
Jul 28 14:18:52.700618 np0000006011 devstack@neutron-api.service[87586]: DEBUG neutron.api.rpc.callbacks.version_manager [None req-6c55963b-a58d-4b27-adc3-9ac24f078555 admin admin] Tracked resource versions report:
Jul 28 14:18:52.700618 np0000006011 devstack@neutron-api.service[87586]: pushed versions:
Jul 28 14:18:52.700618 np0000006011 devstack@neutron-api.service[87586]: { 'AddressGroup': {'1.2'},
Jul 28 14:18:52.700618 np0000006011 devstack@neutron-api.service[87586]: 'Agent': {'1.1'},
Jul 28 14:18:52.700618 np0000006011 devstack@neutron-api.service[87586]: 'ConntrackHelper': {'1.0'},
Jul 28 14:18:52.700618 np0000006011 devstack@neutron-api.service[87586]: 'LocalIPAssociation': {'1.0'},
Jul 28 14:18:52.700618 np0000006011 devstack@neutron-api.service[87586]: 'Log': {'1.0'},
Jul 28 14:18:52.700618 np0000006011 devstack@neutron-api.service[87586]: 'NDPProxy': {'1.0'},
Jul 28 14:18:52.700618 np0000006011 devstack@neutron-api.service[87586]: 'Network': {'1.3'},
Jul 28 14:18:52.700618 np0000006011 devstack@neutron-api.service[87586]: 'Port': {'1.11'},
Jul 28 14:18:52.700618 np0000006011 devstack@neutron-api.service[87586]: 'PortForwarding': {'1.3'},
Jul 28 14:18:52.700618 np0000006011 devstack@neutron-api.service[87586]: 'QosPolicy': {'1.10'},
Jul 28 14:18:52.700618 np0000006011 devstack@neutron-api.service[87586]: 'SecurityGroup': {'1.6'},
Jul 28 14:18:52.700618 np0000006011 devstack@neutron-api.service[87586]: 'SecurityGroupRule': {'1.3'},
Jul 28 14:18:52.700618 np0000006011 devstack@neutron-api.service[87586]: 'SubPort': {'1.0'},
Jul 28 14:18:52.700618 np0000006011 devstack@neutron-api.service[87586]: 'Subnet': {'1.2'},
Jul 28 14:18:52.700618 np0000006011 devstack@neutron-api.service[87586]: 'Trunk': {'1.1'}}
Jul 28 14:18:52.700618 np0000006011 devstack@neutron-api.service[87586]: consumer versions:
Jul 28 14:18:52.700618 np0000006011 devstack@neutron-api.service[87586]: { OVN Controller Gateway agent@np0000006011: {},
Jul 28 14:18:52.700618 np0000006011 devstack@neutron-api.service[87586]: OVN Neutron agent@np0000006011: {}}
Jul 28 14:18:52.700618 np0000006011 devstack@neutron-api.service[87586]: {{(pid=87586) report /opt/stack/neutron/neutron/api/rpc/callbacks/version_manager.py:183}}
Jul 28 14:18:52.748993 np0000006011 devstack@neutron-api.service[87586]: DEBUG neutron.plugins.ml2.drivers.helpers [None req-6c55963b-a58d-4b27-adc3-9ac24f078555 admin admin] geneve segment allocate from pool success with {'geneve_vni': 27674} {{(pid=87586) allocate_partially_specified_segment /opt/stack/neutron/neutron/plugins/ml2/drivers/helpers.py:142}}
Jul 28 14:18:52.754213 np0000006011 devstack@neutron-api.service[87586]: DEBUG neutron_lib.callbacks.manager [None req-6c55963b-a58d-4b27-adc3-9ac24f078555 admin admin] Publish callbacks ['neutron.plugins.ml2.plugin.Ml2Plugin._handle_segment_change-228954'] for segment (bb4c1abb-e705-4b7f-8494-b23dc39d9e57), precommit_create {{(pid=87586) _notify_loop /opt/stack/data/venv/lib/python3.12/site-packages/neutron_lib/callbacks/manager.py:184}}
Jul 28 14:18:52.754449 np0000006011 devstack@neutron-api.service[87586]: INFO neutron.db.segments_db [None req-6c55963b-a58d-4b27-adc3-9ac24f078555 admin admin] Added segment bb4c1abb-e705-4b7f-8494-b23dc39d9e57 of type geneve for network 342b2b92-0502-4bff-a9aa-74bfe7dbfe97
Jul 28 14:18:52.761474 np0000006011 devstack@neutron-api.service[87587]: DEBUG neutron_lib.callbacks.manager [None req-7066571e-3cf8-4e1d-8944-3248e8aa9d6d admin admin] Publish callbacks ['neutron.plugins.ml2.ovo_rpc._ObjectChangeHandler.handle_event-2503576'] for port (74867d55-74b1-43d7-a1f6-5c16d421da54), after_create {{(pid=87587) _notify_loop /opt/stack/data/venv/lib/python3.12/site-packages/neutron_lib/callbacks/manager.py:184}}
Jul 28 14:18:52.779085 np0000006011 devstack@neutron-api.service[87586]: DEBUG neutron_lib.callbacks.manager [None req-6c55963b-a58d-4b27-adc3-9ac24f078555 admin admin] Publish callbacks ['neutron.services.auto_allocate.db._ensure_external_network_default_value_callback-7788211669426'] for network (342b2b92-0502-4bff-a9aa-74bfe7dbfe97), precommit_create {{(pid=87586) _notify_loop /opt/stack/data/venv/lib/python3.12/site-packages/neutron_lib/callbacks/manager.py:184}}
Jul 28 14:18:52.794621 np0000006011 devstack@neutron-api.service[87586]: DEBUG neutron.plugins.ml2.drivers.ovn.mech_driver.mech_driver [None req-6c55963b-a58d-4b27-adc3-9ac24f078555 admin admin] Validating network segment with type geneve, segmentation ID 27674, physical network None {{(pid=87586) _validate_network_segments /opt/stack/neutron/neutron/plugins/ml2/drivers/ovn/mech_driver/mech_driver.py:646}}
Jul 28 14:18:52.794835 np0000006011 devstack@neutron-api.service[87586]: DEBUG neutron.db.ovn_revision_numbers_db [None req-6c55963b-a58d-4b27-adc3-9ac24f078555 admin admin] create_initial_revision uuid=342b2b92-0502-4bff-a9aa-74bfe7dbfe97, type=networks, rev=-1 {{(pid=87586) create_initial_revision /opt/stack/neutron/neutron/db/ovn_revision_numbers_db.py:98}}
Jul 28 14:18:52.805636 np0000006011 devstack@neutron-api.service[87586]: DEBUG neutron_lib.callbacks.manager [None req-6c55963b-a58d-4b27-adc3-9ac24f078555 admin admin] Publish callbacks ['neutron.plugins.ml2.ovo_rpc._ObjectChangeHandler.handle_event-4089908'] for network (342b2b92-0502-4bff-a9aa-74bfe7dbfe97), after_create {{(pid=87586) _notify_loop /opt/stack/data/venv/lib/python3.12/site-packages/neutron_lib/callbacks/manager.py:184}}
Jul 28 14:18:52.827392 np0000006011 devstack@neutron-api.service[87586]: DEBUG neutron.api.rpc.handlers.resources_rpc [None req-6c55963b-a58d-4b27-adc3-9ac24f078555 admin admin] Pushing event updated for resources: {'Network': ['ID=342b2b92-0502-4bff-a9aa-74bfe7dbfe97,revision_number=1']} {{(pid=87586) push /opt/stack/neutron/neutron/api/rpc/handlers/resources_rpc.py:237}}
Jul 28 14:18:52.829303 np0000006011 devstack@neutron-api.service[87587]: DEBUG neutron.api.rpc.handlers.resources_rpc [None req-7066571e-3cf8-4e1d-8944-3248e8aa9d6d admin admin] Pushing event updated for resources: {'Port': ['ID=74867d55-74b1-43d7-a1f6-5c16d421da54,revision_number=1']} {{(pid=87587) push /opt/stack/neutron/neutron/api/rpc/handlers/resources_rpc.py:237}}
Jul 28 14:18:52.836035 np0000006011 devstack@neutron-api.service[87586]: DEBUG ovsdbapp.backend.ovs_idl.transaction [None req-6bedc621-931e-43c2-8cd7-afbbd314b7d9 None None] Running txn n=1 command(idx=0): AddNetworkCommand(_result=None, network_uuid=342b2b92-0502-4bff-a9aa-74bfe7dbfe97, may_exist=True, columns={'external_ids': {'neutron:network_name': 'tempest-TaggedBootDevicesTest-932367209-network', 'neutron:mtu': '1372', 'neutron:revision_number': '1', 'neutron:availability_zone_hints': '', 'neutron:provnet-network-type': 'geneve'}, 'other_config': {'mcast_snoop': 'false', 'mcast_flood_unregistered': 'false', 'vlan-passthru': 'false'}}) {{(pid=87586) do_commit /opt/stack/data/venv/lib/python3.12/site-packages/ovsdbapp/backend/ovs_idl/transaction.py:89}}
Jul 28 14:18:52.848727 np0000006011 devstack@neutron-api.service[87587]: DEBUG neutron.plugins.ml2.drivers.ovn.mech_driver.ovsdb.ovsdb_monitor [None req-0fa702ea-00dc-4bba-aab8-3211d2fdaa2e None None] Hash Ring: Node baac8ccde2a35adfb280e911c10ca354 (host: np0000006011) handling event "create" for row 342b2b92-0502-4bff-a9aa-74bfe7dbfe97 (table: Logical_Switch) {{(pid=87587) notify /opt/stack/neutron/neutron/plugins/ml2/drivers/ovn/mech_driver/ovsdb/ovsdb_monitor.py:1013}}
Jul 28 14:18:52.849989 np0000006011 devstack@neutron-api.service[87585]: DEBUG neutron.plugins.ml2.drivers.ovn.mech_driver.ovsdb.ovsdb_monitor [None req-584fc5ae-33ef-4a33-a36e-1b370156a0c3 None None] Hash Ring: Node 3221ddafaa1652698f2c22972a01d74a (host: np0000006011) handling event "create" for row 7e3bcbd9-2adc-48b2-bbd5-f172bc6b482f (table: Datapath_Binding) {{(pid=87585) notify /opt/stack/neutron/neutron/plugins/ml2/drivers/ovn/mech_driver/ovsdb/ovsdb_monitor.py:1013}}
Jul 28 14:18:52.852841 np0000006011 devstack@neutron-api.service[87585]: DEBUG neutron.api.v2.base [None req-3fdcb926-a23c-4da1-a8ad-025d432e1097 admin admin] Request body: {'network': {'name': 'tempest-AttachVolumeTestJSON-17480108-network', 'project_id': 'c8d2602da0424a83ba9b88e7d3c245ec'}} {{(pid=87585) prepare_request_body /opt/stack/neutron/neutron/api/v2/base.py:727}}
Jul 28 14:18:52.868153 np0000006011 devstack@neutron-api.service[87586]: INFO neutron.db.ovn_revision_numbers_db [None req-6c55963b-a58d-4b27-adc3-9ac24f078555 admin admin] Successfully bumped revision number for resource 342b2b92-0502-4bff-a9aa-74bfe7dbfe97 (type: networks) to 1
Jul 28 14:18:52.874463 np0000006011 devstack@neutron-api.service[87585]: DEBUG neutron.pecan_wsgi.hooks.quota_enforcement [None req-3fdcb926-a23c-4da1-a8ad-025d432e1097 admin admin] Made reservation on behalf of c8d2602da0424a83ba9b88e7d3c245ec for: {'network': 1} {{(pid=87585) before /opt/stack/neutron/neutron/pecan_wsgi/hooks/quota_enforcement.py:66}}
Jul 28 14:18:52.875994 np0000006011 devstack@neutron-api.service[87587]: DEBUG neutron.plugins.ml2.drivers.ovn.mech_driver.ovsdb.commands [None req-7066571e-3cf8-4e1d-8944-3248e8aa9d6d admin admin] Converting tag [] to a tag_request {{(pid=87587) _tag_column_to_tag_request /opt/stack/neutron/neutron/plugins/ml2/drivers/ovn/mech_driver/ovsdb/commands.py:205}}
Jul 28 14:18:52.877030 np0000006011 devstack@neutron-api.service[87587]: DEBUG ovsdbapp.backend.ovs_idl.transaction [None req-0fa702ea-00dc-4bba-aab8-3211d2fdaa2e None None] Running txn n=1 command(idx=0): AddLSwitchPortCommand(_result=None, lport=74867d55-74b1-43d7-a1f6-5c16d421da54, lswitch=neutron-6efa7c21-298a-4a41-9b18-1711e539ee03, may_exist=True, network_uuid=6efa7c21-298a-4a41-9b18-1711e539ee03, columns={'addresses': ['fa:16:3e:16:0e:72'], 'external_ids': {'neutron:port_name': '', 'neutron:device_id': 'ovnmeta-6efa7c21-298a-4a41-9b18-1711e539ee03', 'neutron:project_id': '4000473c55bb4acf95d65d3416160ddd', 'neutron:cidrs': '', 'neutron:device_owner': 'network:distributed', 'neutron:subnet_pool_addr_scope4': '', 'neutron:subnet_pool_addr_scope6': '', 'neutron:network_name': 'neutron-6efa7c21-298a-4a41-9b18-1711e539ee03', 'neutron:security_group_ids': '', 'neutron:revision_number': '1', 'neutron:vnic_type': 'normal', 'neutron:port_capabilities': '', 'neutron:mtu': '1372'}, 'parent_name': [], 'enabled': True, 'options': {}, 'type': 'localport', 'port_security': [], 'dhcpv4_options': [], 'dhcpv6_options': [], 'tag_request': []}) {{(pid=87587) do_commit /opt/stack/data/venv/lib/python3.12/site-packages/ovsdbapp/backend/ovs_idl/transaction.py:89}}
Jul 28 14:18:52.878017 np0000006011 devstack@neutron-api.service[87587]: DEBUG ovsdbapp.backend.ovs_idl.transaction [None req-0fa702ea-00dc-4bba-aab8-3211d2fdaa2e None None] Running txn n=1 command(idx=1): QoSDelCommand(_result=None, switch=neutron-6efa7c21-298a-4a41-9b18-1711e539ee03, conditions=[('direction', '=', 'to-lport'), ('priority', '=', 2002), ('match', '=', 'outport == "74867d55-74b1-43d7-a1f6-5c16d421da54"')], if_exists=True) {{(pid=87587) do_commit /opt/stack/data/venv/lib/python3.12/site-packages/ovsdbapp/backend/ovs_idl/transaction.py:89}}
Jul 28 14:18:52.878297 np0000006011 devstack@neutron-api.service[87585]: DEBUG neutron_lib.callbacks.manager [None req-3fdcb926-a23c-4da1-a8ad-025d432e1097 admin admin] Publish callbacks ['neutron.plugins.ml2.plugin.SecurityGroupDbMixin._ensure_default_security_group_handler-242895'] for network (None), before_create {{(pid=87585) _notify_loop /opt/stack/data/venv/lib/python3.12/site-packages/neutron_lib/callbacks/manager.py:184}}
Jul 28 14:18:52.878414 np0000006011 devstack@neutron-api.service[87587]: DEBUG ovsdbapp.backend.ovs_idl.transaction [None req-0fa702ea-00dc-4bba-aab8-3211d2fdaa2e None None] Running txn n=1 command(idx=2): QoSDelCommand(_result=None, switch=neutron-6efa7c21-298a-4a41-9b18-1711e539ee03, conditions=[('direction', '=', 'from-lport'), ('priority', '=', 2002), ('match', '=', 'inport == "74867d55-74b1-43d7-a1f6-5c16d421da54"')], if_exists=True) {{(pid=87587) do_commit /opt/stack/data/venv/lib/python3.12/site-packages/ovsdbapp/backend/ovs_idl/transaction.py:89}}
Jul 28 14:18:52.892547 np0000006011 devstack@neutron-api.service[87587]: DEBUG neutron.plugins.ml2.drivers.ovn.mech_driver.ovsdb.ovsdb_monitor [None req-0fa702ea-00dc-4bba-aab8-3211d2fdaa2e None None] Hash Ring: Node baac8ccde2a35adfb280e911c10ca354 (host: np0000006011) handling event "update" for row 6efa7c21-298a-4a41-9b18-1711e539ee03 (table: Logical_Switch) {{(pid=87587) notify /opt/stack/neutron/neutron/plugins/ml2/drivers/ovn/mech_driver/ovsdb/ovsdb_monitor.py:1013}}
Jul 28 14:18:52.892547 np0000006011 devstack@neutron-api.service[87587]: DEBUG neutron.plugins.ml2.drivers.ovn.mech_driver.ovsdb.ovsdb_monitor [None req-0fa702ea-00dc-4bba-aab8-3211d2fdaa2e None None] Hash Ring: Node baac8ccde2a35adfb280e911c10ca354 (host: np0000006011) handling event "create" for row 028ad915-f056-481a-9526-b901fc271a8e (table: Logical_Switch_Port) {{(pid=87587) notify /opt/stack/neutron/neutron/plugins/ml2/drivers/ovn/mech_driver/ovsdb/ovsdb_monitor.py:1013}}
Jul 28 14:18:52.892651 np0000006011 devstack@neutron-api.service[87585]: DEBUG neutron_lib.callbacks.manager [None req-3fdcb926-a23c-4da1-a8ad-025d432e1097 admin admin] Publish callbacks [] for security_group (None), before_create {{(pid=87585) _notify_loop /opt/stack/data/venv/lib/python3.12/site-packages/neutron_lib/callbacks/manager.py:184}}
Jul 28 14:18:52.893071 np0000006011 devstack@neutron-api.service[87587]: DEBUG ovsdbapp.backend.ovs_idl.event [None req-0fa702ea-00dc-4bba-aab8-3211d2fdaa2e None None] Matched CREATE: LogicalSwitchPortCreateEvent(events=('create',), table='Logical_Switch_Port', conditions=[], old_conditions=None), priority=20 to row=Logical_Switch_Port(uuid=028ad915-f056-481a-9526-b901fc271a8e, addresses=['fa:16:3e:16:0e:72'], dhcpv4_options=[], dhcpv6_options=[], dynamic_addresses=[], enabled=True, external_ids={'neutron:cidrs': '', 'neutron:device_id': 'ovnmeta-6efa7c21-298a-4a41-9b18-1711e539ee03', 'neutron:device_owner': 'network:distributed', 'neutron:mtu': '1372', 'neutron:network_name': 'neutron-6efa7c21-298a-4a41-9b18-1711e539ee03', 'neutron:port_capabilities': '', 'neutron:port_name': '', 'neutron:project_id': '4000473c55bb4acf95d65d3416160ddd', 'neutron:revision_number': '1', 'neutron:security_group_ids': '', 'neutron:subnet_pool_addr_scope4': '', 'neutron:subnet_pool_addr_scope6': '', 'neutron:vnic_type': 'normal'}, ha_chassis_group=[], mirror_rules=[], name='74867d55-74b1-43d7-a1f6-5c16d421da54', options={}, parent_name=[], port_security=[], tag=[], tag_request=[], type='localport', up=[]) old= {{(pid=87587) matches /opt/stack/data/venv/lib/python3.12/site-packages/ovsdbapp/backend/ovs_idl/event.py:55}}
Jul 28 14:18:52.895371 np0000006011 devstack@neutron-api.service[87586]: DEBUG neutron_lib.callbacks.manager [None req-6c55963b-a58d-4b27-adc3-9ac24f078555 admin admin] Publish callbacks ['neutron.plugins.ml2.plugin.SecurityGroupDbMixin._ensure_default_security_group_handler-826960'] for port (None), before_create {{(pid=87586) _notify_loop /opt/stack/data/venv/lib/python3.12/site-packages/neutron_lib/callbacks/manager.py:184}}
Jul 28 14:18:52.898569 np0000006011 devstack@neutron-api.service[87587]: DEBUG neutron.plugins.ml2.drivers.ovn.mech_driver.ovsdb.ovsdb_monitor [None req-0fa702ea-00dc-4bba-aab8-3211d2fdaa2e None None] Hash Ring: Node baac8ccde2a35adfb280e911c10ca354 (host: np0000006011) handling event "update" for row 028ad915-f056-481a-9526-b901fc271a8e (table: Logical_Switch_Port) {{(pid=87587) notify /opt/stack/neutron/neutron/plugins/ml2/drivers/ovn/mech_driver/ovsdb/ovsdb_monitor.py:1013}}
Jul 28 14:18:52.899973 np0000006011 devstack@neutron-api.service[87587]: INFO neutron.plugins.ml2.drivers.ovn.mech_driver.mech_driver [None req-add48c6b-be79-4170-99c6-f1971daa9cc8 None None] OVN reports status down for port: 74867d55-74b1-43d7-a1f6-5c16d421da54
Jul 28 14:18:52.903894 np0000006011 devstack@neutron-api.service[87587]: DEBUG neutron.plugins.ml2.drivers.ovn.mech_driver.ovsdb.ovsdb_monitor [None req-404f3e3e-1508-48f3-801b-9c284c1a9cc7 None None] Hash Ring: Node baac8ccde2a35adfb280e911c10ca354 (host: np0000006011) handling event "create" for row ebc7056e-95cf-4d90-b489-89b16640e0ce (table: Port_Binding) {{(pid=87587) notify /opt/stack/neutron/neutron/plugins/ml2/drivers/ovn/mech_driver/ovsdb/ovsdb_monitor.py:1013}}
Jul 28 14:18:52.972467 np0000006011 devstack@neutron-api.service[87585]: DEBUG neutron_lib.callbacks.manager [None req-3fdcb926-a23c-4da1-a8ad-025d432e1097 admin admin] Publish callbacks ['neutron.plugins.ml2.drivers.ovn.mech_driver.mech_driver.OVNMechanismDriver._create_security_group_precommit-532710'] for security_group (1b1005f8-4e82-4cf3-86dc-678b29828e55), precommit_create {{(pid=87585) _notify_loop /opt/stack/data/venv/lib/python3.12/site-packages/neutron_lib/callbacks/manager.py:184}}
Jul 28 14:18:52.972855 np0000006011 devstack@neutron-api.service[87585]: DEBUG neutron.db.ovn_revision_numbers_db [None req-3fdcb926-a23c-4da1-a8ad-025d432e1097 admin admin] create_initial_revision uuid=1b1005f8-4e82-4cf3-86dc-678b29828e55, type=security_groups, rev=-1 {{(pid=87585) create_initial_revision /opt/stack/neutron/neutron/db/ovn_revision_numbers_db.py:98}}
Jul 28 14:18:52.974958 np0000006011 devstack@neutron-api.service[87585]: DEBUG neutron.db.ovn_revision_numbers_db [None req-3fdcb926-a23c-4da1-a8ad-025d432e1097 admin admin] create_initial_revision uuid=3adf70db-dbbd-4fe8-91a4-b7d381c3164f, type=security_group_rules, rev=-1 {{(pid=87585) create_initial_revision /opt/stack/neutron/neutron/db/ovn_revision_numbers_db.py:98}}
Jul 28 14:18:52.977084 np0000006011 devstack@neutron-api.service[87585]: DEBUG neutron.db.ovn_revision_numbers_db [None req-3fdcb926-a23c-4da1-a8ad-025d432e1097 admin admin] create_initial_revision uuid=54a270ff-58c0-41ff-b428-428747af6725, type=security_group_rules, rev=-1 {{(pid=87585) create_initial_revision /opt/stack/neutron/neutron/db/ovn_revision_numbers_db.py:98}}
Jul 28 14:18:52.979543 np0000006011 devstack@neutron-api.service[87585]: DEBUG neutron.db.ovn_revision_numbers_db [None req-3fdcb926-a23c-4da1-a8ad-025d432e1097 admin admin] create_initial_revision uuid=6cd8387e-c149-4875-b670-1db6a2536c8b, type=security_group_rules, rev=-1 {{(pid=87585) create_initial_revision /opt/stack/neutron/neutron/db/ovn_revision_numbers_db.py:98}}
Jul 28 14:18:52.980554 np0000006011 devstack@neutron-api.service[87587]: DEBUG neutron.db.provisioning_blocks [None req-add48c6b-be79-4170-99c6-f1971daa9cc8 None None] Transition to ACTIVE for port object 74867d55-74b1-43d7-a1f6-5c16d421da54 will not be triggered until provisioned by entity L2. {{(pid=87587) add_provisioning_component /opt/stack/neutron/neutron/db/provisioning_blocks.py:74}}
Jul 28 14:18:52.981635 np0000006011 devstack@neutron-api.service[87585]: DEBUG neutron.db.ovn_revision_numbers_db [None req-3fdcb926-a23c-4da1-a8ad-025d432e1097 admin admin] create_initial_revision uuid=879953ad-00b5-491e-9dfd-c50faf5341f6, type=security_group_rules, rev=-1 {{(pid=87585) create_initial_revision /opt/stack/neutron/neutron/db/ovn_revision_numbers_db.py:98}}
Jul 28 14:18:52.986148 np0000006011 devstack@neutron-api.service[87587]: INFO neutron.db.ovn_revision_numbers_db [None req-7066571e-3cf8-4e1d-8944-3248e8aa9d6d admin admin] Successfully bumped revision number for resource 74867d55-74b1-43d7-a1f6-5c16d421da54 (type: ports) to 1
Jul 28 14:18:52.986518 np0000006011 devstack@neutron-api.service[87586]: DEBUG neutron_lib.callbacks.manager [None req-6c55963b-a58d-4b27-adc3-9ac24f078555 admin admin] Publish callbacks ['neutron.plugins.ml2.drivers.ovn.mech_driver.mech_driver.OVNMechanismDriver._validate_allowed_address_pairs-1726250'] for allowed_address_pair (f3f3940a-14b4-453c-a2b7-036efdc11da8), before_create {{(pid=87586) _notify_loop /opt/stack/data/venv/lib/python3.12/site-packages/neutron_lib/callbacks/manager.py:184}}
Jul 28 14:18:52.987545 np0000006011 devstack@neutron-api.service[87586]: DEBUG neutron_lib.callbacks.manager [None req-6c55963b-a58d-4b27-adc3-9ac24f078555 admin admin] Publish callbacks [] for port (f3f3940a-14b4-453c-a2b7-036efdc11da8), precommit_create {{(pid=87586) _notify_loop /opt/stack/data/venv/lib/python3.12/site-packages/neutron_lib/callbacks/manager.py:184}}
Jul 28 14:18:52.988034 np0000006011 devstack@neutron-api.service[87586]: DEBUG neutron.plugins.ml2.drivers.ovn.mech_driver.mech_driver [None req-6c55963b-a58d-4b27-adc3-9ac24f078555 admin admin] No provisioning block for port f3f3940a-14b4-453c-a2b7-036efdc11da8 since it does not have a host {{(pid=87586) _is_port_provisioning_required /opt/stack/neutron/neutron/plugins/ml2/drivers/ovn/mech_driver/mech_driver.py:899}}
Jul 28 14:18:52.988211 np0000006011 devstack@neutron-api.service[87586]: DEBUG neutron.db.ovn_revision_numbers_db [None req-6c55963b-a58d-4b27-adc3-9ac24f078555 admin admin] create_initial_revision uuid=f3f3940a-14b4-453c-a2b7-036efdc11da8, type=ports, rev=-1 {{(pid=87586) create_initial_revision /opt/stack/neutron/neutron/db/ovn_revision_numbers_db.py:98}}
Jul 28 14:18:52.988400 np0000006011 devstack@neutron-api.service[87585]: DEBUG neutron_lib.callbacks.manager [None req-3fdcb926-a23c-4da1-a8ad-025d432e1097 admin admin] Publish callbacks ['neutron.plugins.ml2.drivers.ovn.mech_driver.mech_driver.OVNMechanismDriver._create_security_group-532732', 'neutron.plugins.ml2.ovo_rpc._ObjectChangeHandler.handle_event-3156125'] for security_group (1b1005f8-4e82-4cf3-86dc-678b29828e55), after_create {{(pid=87585) _notify_loop /opt/stack/data/venv/lib/python3.12/site-packages/neutron_lib/callbacks/manager.py:184}}
Jul 28 14:18:52.989776 np0000006011 devstack@neutron-api.service[87585]: DEBUG ovsdbapp.backend.ovs_idl.transaction [None req-5f69cc9c-1820-40ed-baab-ccb3920efdd6 None None] Running txn n=1 command(idx=0): PgAddCommand(_result=None, name=pg_1b1005f8_4e82_4cf3_86dc_678b29828e55, may_exist=False, columns={'acls': [], 'external_ids': {'neutron:security_group_id': '1b1005f8-4e82-4cf3-86dc-678b29828e55'}}) {{(pid=87585) do_commit /opt/stack/data/venv/lib/python3.12/site-packages/ovsdbapp/backend/ovs_idl/transaction.py:89}}
Jul 28 14:18:52.990761 np0000006011 devstack@neutron-api.service[87585]: DEBUG ovsdbapp.backend.ovs_idl.transaction [None req-5f69cc9c-1820-40ed-baab-ccb3920efdd6 None None] Running txn n=1 command(idx=1): PgAclAddCommand(_result=None, entity=pg_1b1005f8_4e82_4cf3_86dc_678b29828e55, direction=to-lport, priority=1002, match=outport == @pg_1b1005f8_4e82_4cf3_86dc_678b29828e55 && ip6 && ip6.src == $pg_1b1005f8_4e82_4cf3_86dc_678b29828e55_ip6, action=allow-related, log=False, may_exist=True, severity=[], name=[], meter=[], external_ids={'neutron:security_group_rule_id': '3adf70db-dbbd-4fe8-91a4-b7d381c3164f'}) {{(pid=87585) do_commit /opt/stack/data/venv/lib/python3.12/site-packages/ovsdbapp/backend/ovs_idl/transaction.py:89}}
Jul 28 14:18:52.990761 np0000006011 devstack@neutron-api.service[87585]: DEBUG ovsdbapp.backend.ovs_idl.transaction [None req-5f69cc9c-1820-40ed-baab-ccb3920efdd6 None None] Running txn n=1 command(idx=2): PgAclAddCommand(_result=None, entity=pg_1b1005f8_4e82_4cf3_86dc_678b29828e55, direction=to-lport, priority=1002, match=outport == @pg_1b1005f8_4e82_4cf3_86dc_678b29828e55 && ip4 && ip4.src == $pg_1b1005f8_4e82_4cf3_86dc_678b29828e55_ip4, action=allow-related, log=False, may_exist=True, severity=[], name=[], meter=[], external_ids={'neutron:security_group_rule_id': '54a270ff-58c0-41ff-b428-428747af6725'}) {{(pid=87585) do_commit /opt/stack/data/venv/lib/python3.12/site-packages/ovsdbapp/backend/ovs_idl/transaction.py:89}}
Jul 28 14:18:52.991983 np0000006011 devstack@neutron-api.service[87585]: DEBUG ovsdbapp.backend.ovs_idl.transaction [None req-5f69cc9c-1820-40ed-baab-ccb3920efdd6 None None] Running txn n=1 command(idx=3): PgAclAddCommand(_result=None, entity=pg_1b1005f8_4e82_4cf3_86dc_678b29828e55, direction=from-lport, priority=1002, match=inport == @pg_1b1005f8_4e82_4cf3_86dc_678b29828e55 && ip6, action=allow-related, log=False, may_exist=True, severity=[], name=[], meter=[], external_ids={'neutron:security_group_rule_id': '6cd8387e-c149-4875-b670-1db6a2536c8b'}) {{(pid=87585) do_commit /opt/stack/data/venv/lib/python3.12/site-packages/ovsdbapp/backend/ovs_idl/transaction.py:89}}
Jul 28 14:18:52.992272 np0000006011 devstack@neutron-api.service[87585]: DEBUG ovsdbapp.backend.ovs_idl.transaction [None req-5f69cc9c-1820-40ed-baab-ccb3920efdd6 None None] Running txn n=1 command(idx=4): PgAclAddCommand(_result=None, entity=pg_1b1005f8_4e82_4cf3_86dc_678b29828e55, direction=from-lport, priority=1002, match=inport == @pg_1b1005f8_4e82_4cf3_86dc_678b29828e55 && ip4, action=allow-related, log=False, may_exist=True, severity=[], name=[], meter=[], external_ids={'neutron:security_group_rule_id': '879953ad-00b5-491e-9dfd-c50faf5341f6'}) {{(pid=87585) do_commit /opt/stack/data/venv/lib/python3.12/site-packages/ovsdbapp/backend/ovs_idl/transaction.py:89}}
Jul 28 14:18:53.002511 np0000006011 devstack@neutron-api.service[87585]: DEBUG neutron.plugins.ml2.drivers.ovn.mech_driver.ovsdb.ovsdb_monitor [None req-5f69cc9c-1820-40ed-baab-ccb3920efdd6 None None] Hash Ring: Node 3221ddafaa1652698f2c22972a01d74a (host: np0000006011) handling event "create" for row a4891b1b-69d8-4b0a-a0a8-80ab29d9f5d0 (table: ACL) {{(pid=87585) notify /opt/stack/neutron/neutron/plugins/ml2/drivers/ovn/mech_driver/ovsdb/ovsdb_monitor.py:1013}}
Jul 28 14:18:53.006121 np0000006011 devstack@neutron-api.service[87587]: DEBUG neutron.plugins.ml2.drivers.ovn.mech_driver.ovsdb.ovsdb_monitor [None req-0fa702ea-00dc-4bba-aab8-3211d2fdaa2e None None] Hash Ring: Node baac8ccde2a35adfb280e911c10ca354 (host: np0000006011) handling event "create" for row ae85248e-ae4e-4691-9801-9ce2f31f5b74 (table: ACL) {{(pid=87587) notify /opt/stack/neutron/neutron/plugins/ml2/drivers/ovn/mech_driver/ovsdb/ovsdb_monitor.py:1013}}
Jul 28 14:18:53.006498 np0000006011 devstack@neutron-api.service[87587]: DEBUG neutron.plugins.ml2.drivers.ovn.mech_driver.ovsdb.ovsdb_monitor [None req-0fa702ea-00dc-4bba-aab8-3211d2fdaa2e None None] Hash Ring: Node baac8ccde2a35adfb280e911c10ca354 (host: np0000006011) handling event "create" for row 7c4b58eb-d78d-448a-8200-21fdb582053a (table: Port_Group) {{(pid=87587) notify /opt/stack/neutron/neutron/plugins/ml2/drivers/ovn/mech_driver/ovsdb/ovsdb_monitor.py:1013}}
Jul 28 14:18:53.007524 np0000006011 devstack@neutron-api.service[87586]: DEBUG neutron.plugins.ml2.drivers.ovn.mech_driver.ovsdb.ovsdb_monitor [None req-6bedc621-931e-43c2-8cd7-afbbd314b7d9 None None] Hash Ring: Node 7fe3190436425cb0ade3789da41aeeca (host: np0000006011) handling event "create" for row a56373a3-c4f9-4b13-9161-3573217335b5 (table: ACL) {{(pid=87586) notify /opt/stack/neutron/neutron/plugins/ml2/drivers/ovn/mech_driver/ovsdb/ovsdb_monitor.py:1013}}
Jul 28 14:18:53.009106 np0000006011 devstack@neutron-api.service[87586]: DEBUG neutron.plugins.ml2.drivers.ovn.mech_driver.ovsdb.ovsdb_monitor [None req-6bedc621-931e-43c2-8cd7-afbbd314b7d9 None None] Hash Ring: Node 7fe3190436425cb0ade3789da41aeeca (host: np0000006011) handling event "create" for row d871f4c6-f383-4580-a7e9-1428df00aa4d (table: ACL) {{(pid=87586) notify /opt/stack/neutron/neutron/plugins/ml2/drivers/ovn/mech_driver/ovsdb/ovsdb_monitor.py:1013}}
Jul 28 14:18:53.010044 np0000006011 devstack@neutron-api.service[87587]: DEBUG neutron.pecan_wsgi.hooks.policy_enforcement [None req-7066571e-3cf8-4e1d-8944-3248e8aa9d6d admin admin] Attributes excluded by policy engine: ['standard_attr_id'] {{(pid=87587) _exclude_attributes_by_policy /opt/stack/neutron/neutron/pecan_wsgi/hooks/policy_enforcement.py:259}}
Jul 28 14:18:53.010414 np0000006011 devstack@neutron-api.service[87587]: DEBUG neutron_lib.callbacks.manager [None req-7066571e-3cf8-4e1d-8944-3248e8aa9d6d admin admin] Publish callbacks [] for network (None), before_response {{(pid=87587) _notify_loop /opt/stack/data/venv/lib/python3.12/site-packages/neutron_lib/callbacks/manager.py:184}}
Jul 28 14:18:53.041110 np0000006011 devstack@neutron-api.service[87587]: [pid: 87587|app: 0|req: 15/45] 10.4.3.80 () {68 vars in 1270 bytes} [Tue Jul 28 14:18:51 2026] POST /networking/v2.0/networks => generated 723 bytes in 1379 msecs (HTTP/1.1 201) 4 headers in 162 bytes (1 switches on core 0)
Jul 28 14:18:53.045180 np0000006011 devstack@neutron-api.service[87585]: INFO neutron.db.ovn_revision_numbers_db [None req-3fdcb926-a23c-4da1-a8ad-025d432e1097 admin admin] Successfully bumped revision number for resource 1b1005f8-4e82-4cf3-86dc-678b29828e55 (type: security_groups) to 1
Jul 28 14:18:53.056780 np0000006011 devstack@neutron-api.service[87587]: DEBUG neutron.plugins.ml2.plugin [None req-add48c6b-be79-4170-99c6-f1971daa9cc8 None None] Current status of the port 74867d55-74b1-43d7-a1f6-5c16d421da54 is: DOWN; New status is: DOWN {{(pid=87587) _update_individual_port_db_status /opt/stack/neutron/neutron/plugins/ml2/plugin.py:2473}}
Jul 28 14:18:53.056993 np0000006011 devstack@neutron-api.service[87586]: DEBUG neutron_lib.callbacks.manager [None req-6c55963b-a58d-4b27-adc3-9ac24f078555 admin admin] Publish callbacks ['neutron.plugins.ml2.ovo_rpc._ObjectChangeHandler.handle_event-4090315'] for port (f3f3940a-14b4-453c-a2b7-036efdc11da8), after_create {{(pid=87586) _notify_loop /opt/stack/data/venv/lib/python3.12/site-packages/neutron_lib/callbacks/manager.py:184}}
Jul 28 14:18:53.057609 np0000006011 devstack@neutron-api.service[87587]: DEBUG ovsdbapp.backend.ovs_idl.transaction [None req-0fa702ea-00dc-4bba-aab8-3211d2fdaa2e None None] Running txn n=1 command(idx=0): DbRemoveCommand(_result=None, table=Logical_Switch_Port, record=74867d55-74b1-43d7-a1f6-5c16d421da54, column=external_ids, values=('neutron:host_id',), keyvalues={}, if_exists=True) {{(pid=87587) do_commit /opt/stack/data/venv/lib/python3.12/site-packages/ovsdbapp/backend/ovs_idl/transaction.py:89}}
Jul 28 14:18:53.066579 np0000006011 devstack@neutron-api.service[87585]: INFO neutron.db.ovn_revision_numbers_db [None req-3fdcb926-a23c-4da1-a8ad-025d432e1097 admin admin] Successfully bumped revision number for resource 3adf70db-dbbd-4fe8-91a4-b7d381c3164f (type: security_group_rules) to 0
Jul 28 14:18:53.081622 np0000006011 devstack@neutron-api.service[87585]: INFO neutron.db.ovn_revision_numbers_db [None req-3fdcb926-a23c-4da1-a8ad-025d432e1097 admin admin] Successfully bumped revision number for resource 54a270ff-58c0-41ff-b428-428747af6725 (type: security_group_rules) to 0
Jul 28 14:18:53.093147 np0000006011 devstack@neutron-api.service[87586]: DEBUG neutron.api.rpc.handlers.resources_rpc [None req-6c55963b-a58d-4b27-adc3-9ac24f078555 admin admin] Pushing event updated for resources: {'Port': ['ID=f3f3940a-14b4-453c-a2b7-036efdc11da8,revision_number=1']} {{(pid=87586) push /opt/stack/neutron/neutron/api/rpc/handlers/resources_rpc.py:237}}
Jul 28 14:18:53.097588 np0000006011 devstack@neutron-api.service[87585]: INFO neutron.db.ovn_revision_numbers_db [None req-3fdcb926-a23c-4da1-a8ad-025d432e1097 admin admin] Successfully bumped revision number for resource 6cd8387e-c149-4875-b670-1db6a2536c8b (type: security_group_rules) to 0
Jul 28 14:18:53.100252 np0000006011 devstack@neutron-api.service[87586]: DEBUG neutron.plugins.ml2.drivers.ovn.mech_driver.ovsdb.commands [None req-6c55963b-a58d-4b27-adc3-9ac24f078555 admin admin] Converting tag [] to a tag_request {{(pid=87586) _tag_column_to_tag_request /opt/stack/neutron/neutron/plugins/ml2/drivers/ovn/mech_driver/ovsdb/commands.py:205}}
Jul 28 14:18:53.101348 np0000006011 devstack@neutron-api.service[87586]: DEBUG ovsdbapp.backend.ovs_idl.transaction [None req-6bedc621-931e-43c2-8cd7-afbbd314b7d9 None None] Running txn n=1 command(idx=0): AddLSwitchPortCommand(_result=None, lport=f3f3940a-14b4-453c-a2b7-036efdc11da8, lswitch=neutron-342b2b92-0502-4bff-a9aa-74bfe7dbfe97, may_exist=True, network_uuid=342b2b92-0502-4bff-a9aa-74bfe7dbfe97, columns={'addresses': ['fa:16:3e:67:74:60'], 'external_ids': {'neutron:port_name': '', 'neutron:device_id': 'ovnmeta-342b2b92-0502-4bff-a9aa-74bfe7dbfe97', 'neutron:project_id': 'a354340651e744d7bb94ebf75d56ce7f', 'neutron:cidrs': '', 'neutron:device_owner': 'network:distributed', 'neutron:subnet_pool_addr_scope4': '', 'neutron:subnet_pool_addr_scope6': '', 'neutron:network_name': 'neutron-342b2b92-0502-4bff-a9aa-74bfe7dbfe97', 'neutron:security_group_ids': '', 'neutron:revision_number': '1', 'neutron:vnic_type': 'normal', 'neutron:port_capabilities': '', 'neutron:mtu': '1372'}, 'parent_name': [], 'enabled': True, 'options': {}, 'type': 'localport', 'port_security': [], 'dhcpv4_options': [], 'dhcpv6_options': [], 'tag_request': []}) {{(pid=87586) do_commit /opt/stack/data/venv/lib/python3.12/site-packages/ovsdbapp/backend/ovs_idl/transaction.py:89}}
Jul 28 14:18:53.102026 np0000006011 devstack@neutron-api.service[87586]: DEBUG ovsdbapp.backend.ovs_idl.transaction [None req-6bedc621-931e-43c2-8cd7-afbbd314b7d9 None None] Running txn n=1 command(idx=1): QoSDelCommand(_result=None, switch=neutron-342b2b92-0502-4bff-a9aa-74bfe7dbfe97, conditions=[('direction', '=', 'to-lport'), ('priority', '=', 2002), ('match', '=', 'outport == "f3f3940a-14b4-453c-a2b7-036efdc11da8"')], if_exists=True) {{(pid=87586) do_commit /opt/stack/data/venv/lib/python3.12/site-packages/ovsdbapp/backend/ovs_idl/transaction.py:89}}
Jul 28 14:18:53.102325 np0000006011 devstack@neutron-api.service[87586]: DEBUG ovsdbapp.backend.ovs_idl.transaction [None req-6bedc621-931e-43c2-8cd7-afbbd314b7d9 None None] Running txn n=1 command(idx=2): QoSDelCommand(_result=None, switch=neutron-342b2b92-0502-4bff-a9aa-74bfe7dbfe97, conditions=[('direction', '=', 'from-lport'), ('priority', '=', 2002), ('match', '=', 'inport == "f3f3940a-14b4-453c-a2b7-036efdc11da8"')], if_exists=True) {{(pid=87586) do_commit /opt/stack/data/venv/lib/python3.12/site-packages/ovsdbapp/backend/ovs_idl/transaction.py:89}}
Jul 28 14:18:53.106800 np0000006011 devstack@neutron-api.service[87586]: DEBUG neutron.plugins.ml2.drivers.ovn.mech_driver.ovsdb.ovsdb_monitor [None req-6bedc621-931e-43c2-8cd7-afbbd314b7d9 None None] Hash Ring: Node 7fe3190436425cb0ade3789da41aeeca (host: np0000006011) handling event "create" for row 7c6e3273-c633-490b-ab5f-f76acb0bf206 (table: Logical_Switch_Port) {{(pid=87586) notify /opt/stack/neutron/neutron/plugins/ml2/drivers/ovn/mech_driver/ovsdb/ovsdb_monitor.py:1013}}
Jul 28 14:18:53.108139 np0000006011 devstack@neutron-api.service[87587]: DEBUG neutron.plugins.ml2.drivers.ovn.mech_driver.ovsdb.ovsdb_monitor [None req-0fa702ea-00dc-4bba-aab8-3211d2fdaa2e None None] Hash Ring: Node baac8ccde2a35adfb280e911c10ca354 (host: np0000006011) handling event "update" for row 342b2b92-0502-4bff-a9aa-74bfe7dbfe97 (table: Logical_Switch) {{(pid=87587) notify /opt/stack/neutron/neutron/plugins/ml2/drivers/ovn/mech_driver/ovsdb/ovsdb_monitor.py:1013}}
Jul 28 14:18:53.108414 np0000006011 devstack@neutron-api.service[87586]: DEBUG ovsdbapp.backend.ovs_idl.event [None req-6bedc621-931e-43c2-8cd7-afbbd314b7d9 None None] Matched CREATE: LogicalSwitchPortCreateEvent(events=('create',), table='Logical_Switch_Port', conditions=[], old_conditions=None), priority=20 to row=Logical_Switch_Port(uuid=7c6e3273-c633-490b-ab5f-f76acb0bf206, addresses=['fa:16:3e:67:74:60'], dhcpv4_options=[], dhcpv6_options=[], dynamic_addresses=[], enabled=True, external_ids={'neutron:cidrs': '', 'neutron:device_id': 'ovnmeta-342b2b92-0502-4bff-a9aa-74bfe7dbfe97', 'neutron:device_owner': 'network:distributed', 'neutron:mtu': '1372', 'neutron:network_name': 'neutron-342b2b92-0502-4bff-a9aa-74bfe7dbfe97', 'neutron:port_capabilities': '', 'neutron:port_name': '', 'neutron:project_id': 'a354340651e744d7bb94ebf75d56ce7f', 'neutron:revision_number': '1', 'neutron:security_group_ids': '', 'neutron:subnet_pool_addr_scope4': '', 'neutron:subnet_pool_addr_scope6': '', 'neutron:vnic_type': 'normal'}, ha_chassis_group=[], mirror_rules=[], name='f3f3940a-14b4-453c-a2b7-036efdc11da8', options={}, parent_name=[], port_security=[], tag=[], tag_request=[], type='localport', up=[]) old= {{(pid=87586) matches /opt/stack/data/venv/lib/python3.12/site-packages/ovsdbapp/backend/ovs_idl/event.py:55}}
Jul 28 14:18:53.110381 np0000006011 devstack@neutron-api.service[87586]: INFO neutron.plugins.ml2.drivers.ovn.mech_driver.mech_driver [None req-89d04c3b-2c21-44ea-9725-4a9fed9e5da9 None None] OVN reports status down for port: f3f3940a-14b4-453c-a2b7-036efdc11da8
Jul 28 14:18:53.112108 np0000006011 devstack@neutron-api.service[87587]: DEBUG neutron.plugins.ml2.drivers.ovn.mech_driver.ovsdb.ovsdb_monitor [None req-404f3e3e-1508-48f3-801b-9c284c1a9cc7 None None] Hash Ring: Node baac8ccde2a35adfb280e911c10ca354 (host: np0000006011) handling event "create" for row 430abb3b-b90e-4690-a80f-df85dacba61d (table: Port_Binding) {{(pid=87587) notify /opt/stack/neutron/neutron/plugins/ml2/drivers/ovn/mech_driver/ovsdb/ovsdb_monitor.py:1013}}
Jul 28 14:18:53.115786 np0000006011 devstack@neutron-api.service[87586]: DEBUG neutron.plugins.ml2.drivers.ovn.mech_driver.ovsdb.ovsdb_monitor [None req-6bedc621-931e-43c2-8cd7-afbbd314b7d9 None None] Hash Ring: Node 7fe3190436425cb0ade3789da41aeeca (host: np0000006011) handling event "update" for row 7c6e3273-c633-490b-ab5f-f76acb0bf206 (table: Logical_Switch_Port) {{(pid=87586) notify /opt/stack/neutron/neutron/plugins/ml2/drivers/ovn/mech_driver/ovsdb/ovsdb_monitor.py:1013}}
Jul 28 14:18:53.120347 np0000006011 devstack@neutron-api.service[87585]: INFO neutron.db.ovn_revision_numbers_db [None req-3fdcb926-a23c-4da1-a8ad-025d432e1097 admin admin] Successfully bumped revision number for resource 879953ad-00b5-491e-9dfd-c50faf5341f6 (type: security_group_rules) to 0
Jul 28 14:18:53.148257 np0000006011 devstack@neutron-api.service[87585]: DEBUG neutron.api.rpc.handlers.resources_rpc [None req-3fdcb926-a23c-4da1-a8ad-025d432e1097 admin admin] Pushing event updated for resources: {'SecurityGroup': ['ID=1b1005f8-4e82-4cf3-86dc-678b29828e55,revision_number=1']} {{(pid=87585) push /opt/stack/neutron/neutron/api/rpc/handlers/resources_rpc.py:237}}
Jul 28 14:18:53.174228 np0000006011 devstack@neutron-api.service[87586]: DEBUG neutron.db.provisioning_blocks [None req-89d04c3b-2c21-44ea-9725-4a9fed9e5da9 None None] Transition to ACTIVE for port object f3f3940a-14b4-453c-a2b7-036efdc11da8 will not be triggered until provisioned by entity L2. {{(pid=87586) add_provisioning_component /opt/stack/neutron/neutron/db/provisioning_blocks.py:74}}
Jul 28 14:18:53.175137 np0000006011 devstack@neutron-api.service[87586]: INFO neutron.db.ovn_revision_numbers_db [None req-6c55963b-a58d-4b27-adc3-9ac24f078555 admin admin] Successfully bumped revision number for resource f3f3940a-14b4-453c-a2b7-036efdc11da8 (type: ports) to 1
Jul 28 14:18:53.176740 np0000006011 devstack@neutron-api.service[87585]: DEBUG neutron.plugins.ml2.drivers.helpers [None req-3fdcb926-a23c-4da1-a8ad-025d432e1097 admin admin] geneve segment allocate from pool success with {'geneve_vni': 34730} {{(pid=87585) allocate_partially_specified_segment /opt/stack/neutron/neutron/plugins/ml2/drivers/helpers.py:142}}
