Jun 17 06:50:46.121735 np0000003008 devstack@g-api.service[98808]: DEBUG glance.api.middleware.version_negotiation [None req-bd4c3514-2071-4fb4-89db-fc483f6453c4 tempest-TaggedBootDevicesTest_v242-1590632225 tempest-TaggedBootDevicesTest_v242-1590632225-project-member] new path /v2/schemas/image {{(pid=98808) process_request /opt/stack/glance/glance/api/middleware/version_negotiation.py:70}}
Jun 17 06:50:46.124242 np0000003008 devstack@g-api.service[98808]: [pid: 98808|app: 0|req: 21/34] 127.0.0.1 () {44 vars in 1051 bytes} [Wed Jun 17 06:50:46 2026] GET /v2/schemas/image => generated 6083 bytes in 3 msecs (HTTP/1.1 200) 4 headers in 158 bytes (1 switches on core 0)
Jun 17 06:50:46.135322 np0000003008 devstack@g-api.service[98808]: DEBUG glance.api.middleware.version_negotiation [None req-bd4c3514-2071-4fb4-89db-fc483f6453c4 tempest-TaggedBootDevicesTest_v242-1590632225 tempest-TaggedBootDevicesTest_v242-1590632225-project-member] Determining version of request: GET /v2/schemas/image Accept: */* {{(pid=98808) process_request /opt/stack/glance/glance/api/middleware/version_negotiation.py:44}}
Jun 17 06:50:46.135322 np0000003008 devstack@g-api.service[98808]: DEBUG glance.api.middleware.version_negotiation [None req-bd4c3514-2071-4fb4-89db-fc483f6453c4 tempest-TaggedBootDevicesTest_v242-1590632225 tempest-TaggedBootDevicesTest_v242-1590632225-project-member] Using url versioning {{(pid=98808) process_request /opt/stack/glance/glance/api/middleware/version_negotiation.py:57}}
Jun 17 06:50:46.135322 np0000003008 devstack@g-api.service[98808]: DEBUG glance.api.middleware.version_negotiation [None req-bd4c3514-2071-4fb4-89db-fc483f6453c4 tempest-TaggedBootDevicesTest_v242-1590632225 tempest-TaggedBootDevicesTest_v242-1590632225-project-member] Matched version: v2 {{(pid=98808) process_request /opt/stack/glance/glance/api/middleware/version_negotiation.py:69}}
Jun 17 06:50:46.135322 np0000003008 devstack@g-api.service[98808]: DEBUG glance.api.middleware.version_negotiation [None req-bd4c3514-2071-4fb4-89db-fc483f6453c4 tempest-TaggedBootDevicesTest_v242-1590632225 tempest-TaggedBootDevicesTest_v242-1590632225-project-member] new path /v2/schemas/image {{(pid=98808) process_request /opt/stack/glance/glance/api/middleware/version_negotiation.py:70}}
Jun 17 06:50:46.137862 np0000003008 devstack@g-api.service[98808]: [pid: 98808|app: 0|req: 22/35] 127.0.0.1 () {44 vars in 1051 bytes} [Wed Jun 17 06:50:46 2026] GET /v2/schemas/image => generated 6083 bytes in 3 msecs (HTTP/1.1 200) 4 headers in 158 bytes (1 switches on core 0)
Jun 17 06:50:46.727196 np0000003008 devstack@g-api.service[98807]: DEBUG swiftclient [None req-99098c70-d9ef-49b6-9b47-75d4553801ff tempest-AttachSCSIVolumeTestJSON-1441533986 tempest-AttachSCSIVolumeTestJSON-1441533986-project-admin] REQ: curl -i https://10.4.3.81:8080/v1/AUTH_4347ebdeaa214e45b4a76e6bcb643b98/glance -I -H "X-Auth-Token: gAAAAABqMkPG1s-5..." {{(pid=98807) http_log /opt/stack/data/venv/lib/python3.12/site-packages/swiftclient/client.py:160}}
Jun 17 06:50:46.727350 np0000003008 devstack@g-api.service[98807]: DEBUG swiftclient [None req-99098c70-d9ef-49b6-9b47-75d4553801ff tempest-AttachSCSIVolumeTestJSON-1441533986 tempest-AttachSCSIVolumeTestJSON-1441533986-project-admin] RESP STATUS: 204 No Content {{(pid=98807) http_log /opt/stack/data/venv/lib/python3.12/site-packages/swiftclient/client.py:161}}
Jun 17 06:50:46.727598 np0000003008 devstack@g-api.service[98807]: DEBUG swiftclient [None req-99098c70-d9ef-49b6-9b47-75d4553801ff tempest-AttachSCSIVolumeTestJSON-1441533986 tempest-AttachSCSIVolumeTestJSON-1441533986-project-admin] RESP HEADERS: {'Date': 'Wed, 17 Jun 2026 06:50:46 GMT', 'Server': 'Apache/2.4.58 (Ubuntu)', 'Content-Type': 'text/plain; charset=utf-8', 'X-Container-Object-Count': '3', 'X-Container-Bytes-Used': '64356352', 'X-Timestamp': '1781678911.83320', 'Last-Modified': 'Wed, 17 Jun 2026 06:48:32 GMT', 'Accept-Ranges': 'bytes', 'X-Storage-Policy': 'Policy-0', 'X-Container-Sharding': 'False', 'Vary': 'Accept', 'X-Trans-Id': 'tx4997f3b17dc94a8ba236f-006a3243c6', 'X-Openstack-Request-Id': 'tx4997f3b17dc94a8ba236f-006a3243c6', 'Connection': 'close'} {{(pid=98807) http_log /opt/stack/data/venv/lib/python3.12/site-packages/swiftclient/client.py:162}}
Jun 17 06:50:46.727791 np0000003008 devstack@g-api.service[98807]: DEBUG glance_store._drivers.swift.store [None req-99098c70-d9ef-49b6-9b47-75d4553801ff tempest-AttachSCSIVolumeTestJSON-1441533986 tempest-AttachSCSIVolumeTestJSON-1441533986-project-admin] Adding image object '7118633a-7382-4312-8b8d-d3180ebe5a3c' to Swift {{(pid=98807) add /opt/stack/data/venv/lib/python3.12/site-packages/glance_store/_drivers/swift/store.py:970}}
Jun 17 06:50:46.727936 np0000003008 devstack@g-api.service[98807]: DEBUG glance_store._drivers.swift.store [None req-99098c70-d9ef-49b6-9b47-75d4553801ff tempest-AttachSCSIVolumeTestJSON-1441533986 tempest-AttachSCSIVolumeTestJSON-1441533986-project-admin] Cannot determine image size because it is either not provided in the request or chunked-transfer encoding is used. Adding image as a segmented object to Swift. {{(pid=98807) add /opt/stack/data/venv/lib/python3.12/site-packages/glance_store/_drivers/swift/store.py:994}}
Jun 17 06:50:46.734151 np0000003008 devstack@g-api.service[98807]: DEBUG oslo_utils.imageutils.format_inspector [None req-99098c70-d9ef-49b6-9b47-75d4553801ff tempest-AttachSCSIVolumeTestJSON-1441533986 tempest-AttachSCSIVolumeTestJSON-1441533986-project-admin] Format inspector for vmdk does not match, excluding from consideration (Signature KDMV not found: b'QFI\xfb') {{(pid=98807) _process_chunk /opt/stack/data/venv/lib/python3.12/site-packages/oslo_utils/imageutils/format_inspector.py:1758}}
Jun 17 06:50:46.736945 np0000003008 devstack@g-api.service[98807]: DEBUG oslo_utils.imageutils.format_inspector [None req-99098c70-d9ef-49b6-9b47-75d4553801ff tempest-AttachSCSIVolumeTestJSON-1441533986 tempest-AttachSCSIVolumeTestJSON-1441533986-project-admin] Format inspector for vhdx does not match, excluding from consideration (Region signature not found at 30000) {{(pid=98807) _process_chunk /opt/stack/data/venv/lib/python3.12/site-packages/oslo_utils/imageutils/format_inspector.py:1758}}
Jun 17 06:50:46.907109 np0000003008 devstack@g-api.service[98808]: DEBUG glance.api.middleware.version_negotiation [None req-bd4c3514-2071-4fb4-89db-fc483f6453c4 tempest-TaggedBootDevicesTest_v242-1590632225 tempest-TaggedBootDevicesTest_v242-1590632225-project-member] Determining version of request: GET /versions Accept: */* {{(pid=98808) process_request /opt/stack/glance/glance/api/middleware/version_negotiation.py:44}}
Jun 17 06:50:46.909008 np0000003008 devstack@g-api.service[98808]: [pid: 98808|app: 0|req: 23/36] 127.0.0.1 () {44 vars in 1035 bytes} [Wed Jun 17 06:50:46 2026] GET /versions => generated 1394 bytes in 2 msecs (HTTP/1.1 200) 3 headers in 92 bytes (1 switches on core 0)
Jun 17 06:50:46.919860 np0000003008 devstack@g-api.service[98808]: DEBUG glance.api.middleware.version_negotiation [None req-bd4c3514-2071-4fb4-89db-fc483f6453c4 tempest-TaggedBootDevicesTest_v242-1590632225 tempest-TaggedBootDevicesTest_v242-1590632225-project-member] Determining version of request: GET /v2/images/36d1e748-3b12-432c-be21-8c53ce463a8a/locations Accept: */* {{(pid=98808) process_request /opt/stack/glance/glance/api/middleware/version_negotiation.py:44}}
Jun 17 06:50:46.920103 np0000003008 devstack@g-api.service[98808]: DEBUG glance.api.middleware.version_negotiation [None req-bd4c3514-2071-4fb4-89db-fc483f6453c4 tempest-TaggedBootDevicesTest_v242-1590632225 tempest-TaggedBootDevicesTest_v242-1590632225-project-member] Using url versioning {{(pid=98808) process_request /opt/stack/glance/glance/api/middleware/version_negotiation.py:57}}
Jun 17 06:50:46.920317 np0000003008 devstack@g-api.service[98808]: DEBUG glance.api.middleware.version_negotiation [None req-bd4c3514-2071-4fb4-89db-fc483f6453c4 tempest-TaggedBootDevicesTest_v242-1590632225 tempest-TaggedBootDevicesTest_v242-1590632225-project-member] Matched version: v2 {{(pid=98808) process_request /opt/stack/glance/glance/api/middleware/version_negotiation.py:69}}
Jun 17 06:50:46.920490 np0000003008 devstack@g-api.service[98808]: DEBUG glance.api.middleware.version_negotiation [None req-bd4c3514-2071-4fb4-89db-fc483f6453c4 tempest-TaggedBootDevicesTest_v242-1590632225 tempest-TaggedBootDevicesTest_v242-1590632225-project-member] new path /v2/images/36d1e748-3b12-432c-be21-8c53ce463a8a/locations {{(pid=98808) process_request /opt/stack/glance/glance/api/middleware/version_negotiation.py:70}}
Jun 17 06:50:46.966467 np0000003008 devstack@g-api.service[98807]: DEBUG swiftclient [None req-99098c70-d9ef-49b6-9b47-75d4553801ff tempest-AttachSCSIVolumeTestJSON-1441533986 tempest-AttachSCSIVolumeTestJSON-1441533986-project-admin] REQ: curl -i https://10.4.3.81:8080/v1/AUTH_4347ebdeaa214e45b4a76e6bcb643b98/glance/7118633a-7382-4312-8b8d-d3180ebe5a3c-00001 -X PUT -H "X-Auth-Token: gAAAAABqMkPG1s-5..." {{(pid=98807) http_log /opt/stack/data/venv/lib/python3.12/site-packages/swiftclient/client.py:160}}
Jun 17 06:50:46.967528 np0000003008 devstack@g-api.service[98807]: DEBUG swiftclient [None req-99098c70-d9ef-49b6-9b47-75d4553801ff tempest-AttachSCSIVolumeTestJSON-1441533986 tempest-AttachSCSIVolumeTestJSON-1441533986-project-admin] RESP STATUS: 201 Created {{(pid=98807) http_log /opt/stack/data/venv/lib/python3.12/site-packages/swiftclient/client.py:161}}
Jun 17 06:50:46.969185 np0000003008 devstack@g-api.service[98807]: DEBUG swiftclient [None req-99098c70-d9ef-49b6-9b47-75d4553801ff tempest-AttachSCSIVolumeTestJSON-1441533986 tempest-AttachSCSIVolumeTestJSON-1441533986-project-admin] RESP HEADERS: {'Date': 'Wed, 17 Jun 2026 06:50:46 GMT', 'Server': 'Apache/2.4.58 (Ubuntu)', 'Content-Type': 'text/html; charset=UTF-8', 'Content-Length': '0', 'Etag': '87617e24a5e30cb3b87fda8c0764838f', 'Last-Modified': 'Wed, 17 Jun 2026 06:50:47 GMT', 'X-Trans-Id': 'tx3b2641c65a0a4b4bb1d68-006a3243c6', 'X-Openstack-Request-Id': 'tx3b2641c65a0a4b4bb1d68-006a3243c6', 'Connection': 'close'} {{(pid=98807) http_log /opt/stack/data/venv/lib/python3.12/site-packages/swiftclient/client.py:162}}
Jun 17 06:50:46.969185 np0000003008 devstack@g-api.service[98807]: DEBUG glance_store._drivers.swift.store [None req-99098c70-d9ef-49b6-9b47-75d4553801ff tempest-AttachSCSIVolumeTestJSON-1441533986 tempest-AttachSCSIVolumeTestJSON-1441533986-project-admin] Wrote chunk 7118633a-7382-4312-8b8d-d3180ebe5a3c-00001 (1/?) of length 21692416 to Swift returning MD5 of content: 87617e24a5e30cb3b87fda8c0764838f {{(pid=98807) add /opt/stack/data/venv/lib/python3.12/site-packages/glance_store/_drivers/swift/store.py:1059}}
Jun 17 06:50:46.969185 np0000003008 devstack@g-api.service[98807]: DEBUG glance_store._drivers.swift.store [None req-99098c70-d9ef-49b6-9b47-75d4553801ff tempest-AttachSCSIVolumeTestJSON-1441533986 tempest-AttachSCSIVolumeTestJSON-1441533986-project-admin] Not writing zero-length chunk. {{(pid=98807) add /opt/stack/data/venv/lib/python3.12/site-packages/glance_store/_drivers/swift/store.py:1028}}
Jun 17 06:50:47.003884 np0000003008 devstack@g-api.service[98807]: DEBUG swiftclient [None req-99098c70-d9ef-49b6-9b47-75d4553801ff tempest-AttachSCSIVolumeTestJSON-1441533986 tempest-AttachSCSIVolumeTestJSON-1441533986-project-admin] REQ: curl -i https://10.4.3.81:8080/v1/AUTH_4347ebdeaa214e45b4a76e6bcb643b98/glance/7118633a-7382-4312-8b8d-d3180ebe5a3c -X PUT -H "X-Object-Manifest: glance/7118633a-7382-4312-8b8d-d3180ebe5a3c-" -H "X-Auth-Token: gAAAAABqMkPG1s-5..." -H "Content-Length: 0" {{(pid=98807) http_log /opt/stack/data/venv/lib/python3.12/site-packages/swiftclient/client.py:160}}
Jun 17 06:50:47.003884 np0000003008 devstack@g-api.service[98807]: DEBUG swiftclient [None req-99098c70-d9ef-49b6-9b47-75d4553801ff tempest-AttachSCSIVolumeTestJSON-1441533986 tempest-AttachSCSIVolumeTestJSON-1441533986-project-admin] RESP STATUS: 201 Created {{(pid=98807) http_log /opt/stack/data/venv/lib/python3.12/site-packages/swiftclient/client.py:161}}
Jun 17 06:50:47.003884 np0000003008 devstack@g-api.service[98807]: DEBUG swiftclient [None req-99098c70-d9ef-49b6-9b47-75d4553801ff tempest-AttachSCSIVolumeTestJSON-1441533986 tempest-AttachSCSIVolumeTestJSON-1441533986-project-admin] RESP HEADERS: {'Date': 'Wed, 17 Jun 2026 06:50:47 GMT', 'Server': 'Apache/2.4.58 (Ubuntu)', 'Content-Type': 'text/html; charset=UTF-8', 'Content-Length': '0', 'Etag': 'd41d8cd98f00b204e9800998ecf8427e', 'Last-Modified': 'Wed, 17 Jun 2026 06:50:47 GMT', 'X-Trans-Id': 'tx27ac5e4cc79340afbd33e-006a3243c6', 'X-Openstack-Request-Id': 'tx27ac5e4cc79340afbd33e-006a3243c6', 'Connection': 'close'} {{(pid=98807) http_log /opt/stack/data/venv/lib/python3.12/site-packages/swiftclient/client.py:162}}
Jun 17 06:50:47.003884 np0000003008 devstack@g-api.service[98807]: INFO glance.location [None req-99098c70-d9ef-49b6-9b47-75d4553801ff tempest-AttachSCSIVolumeTestJSON-1441533986 tempest-AttachSCSIVolumeTestJSON-1441533986-project-admin] Image format matched and virtual size computed: 117440512
Jun 17 06:50:47.033981 np0000003008 devstack@g-api.service[98807]: DEBUG glance_store.backend [None req-99098c70-d9ef-49b6-9b47-75d4553801ff tempest-AttachSCSIVolumeTestJSON-1441533986 tempest-AttachSCSIVolumeTestJSON-1441533986-project-admin] Attempting to import store swift {{(pid=98807) _load_store /opt/stack/data/venv/lib/python3.12/site-packages/glance_store/backend.py:215}}
Jun 17 06:50:47.035271 np0000003008 devstack@g-api.service[98807]: DEBUG glance_store.capabilities [None req-99098c70-d9ef-49b6-9b47-75d4553801ff tempest-AttachSCSIVolumeTestJSON-1441533986 tempest-AttachSCSIVolumeTestJSON-1441533986-project-admin] Store glance_store._drivers.swift.store.SingleTenantStore doesn't support updating dynamic storage capabilities. Please overwrite 'update_capabilities' method of the store to implement updating logics if needed. {{(pid=98807) update_capabilities /opt/stack/data/venv/lib/python3.12/site-packages/glance_store/capabilities.py:91}}
Jun 17 06:50:47.035447 np0000003008 devstack@g-api.service[98807]: DEBUG glance_store.driver [None req-99098c70-d9ef-49b6-9b47-75d4553801ff tempest-AttachSCSIVolumeTestJSON-1441533986 tempest-AttachSCSIVolumeTestJSON-1441533986-project-admin] Late loading location class glance_store._drivers.swift.store.StoreLocation {{(pid=98807) get_store_location_class /opt/stack/data/venv/lib/python3.12/site-packages/glance_store/driver.py:134}}
Jun 17 06:50:47.035523 np0000003008 devstack@g-api.service[98807]: DEBUG glance_store.location [None req-99098c70-d9ef-49b6-9b47-75d4553801ff tempest-AttachSCSIVolumeTestJSON-1441533986 tempest-AttachSCSIVolumeTestJSON-1441533986-project-admin] Registering scheme swift+https with {'store': , 'location_class': , 'store_entry': 'swift'} {{(pid=98807) register_scheme_map /opt/stack/data/venv/lib/python3.12/site-packages/glance_store/location.py:146}}
Jun 17 06:50:47.035847 np0000003008 devstack@g-api.service[98807]: DEBUG glance_store.location [None req-99098c70-d9ef-49b6-9b47-75d4553801ff tempest-AttachSCSIVolumeTestJSON-1441533986 tempest-AttachSCSIVolumeTestJSON-1441533986-project-admin] Registering scheme swift+https with {'store': , 'location_class': , 'store_entry': 'swift'} {{(pid=98807) register_scheme_map /opt/stack/data/venv/lib/python3.12/site-packages/glance_store/location.py:146}}
Jun 17 06:50:47.035847 np0000003008 devstack@g-api.service[98807]: DEBUG glance_store.location [None req-99098c70-d9ef-49b6-9b47-75d4553801ff tempest-AttachSCSIVolumeTestJSON-1441533986 tempest-AttachSCSIVolumeTestJSON-1441533986-project-admin] Registering scheme swift with {'store': , 'location_class': , 'store_entry': 'swift'} {{(pid=98807) register_scheme_map /opt/stack/data/venv/lib/python3.12/site-packages/glance_store/location.py:146}}
Jun 17 06:50:47.035989 np0000003008 devstack@g-api.service[98807]: DEBUG glance_store.location [None req-99098c70-d9ef-49b6-9b47-75d4553801ff tempest-AttachSCSIVolumeTestJSON-1441533986 tempest-AttachSCSIVolumeTestJSON-1441533986-project-admin] Registering scheme swift+https with {'store': , 'location_class': , 'store_entry': 'swift'} {{(pid=98807) register_scheme_map /opt/stack/data/venv/lib/python3.12/site-packages/glance_store/location.py:146}}
Jun 17 06:50:47.036057 np0000003008 devstack@g-api.service[98807]: DEBUG glance_store.location [None req-99098c70-d9ef-49b6-9b47-75d4553801ff tempest-AttachSCSIVolumeTestJSON-1441533986 tempest-AttachSCSIVolumeTestJSON-1441533986-project-admin] Registering scheme swift with {'store': , 'location_class': , 'store_entry': 'swift'} {{(pid=98807) register_scheme_map /opt/stack/data/venv/lib/python3.12/site-packages/glance_store/location.py:146}}
Jun 17 06:50:47.036239 np0000003008 devstack@g-api.service[98807]: DEBUG glance_store.location [None req-99098c70-d9ef-49b6-9b47-75d4553801ff tempest-AttachSCSIVolumeTestJSON-1441533986 tempest-AttachSCSIVolumeTestJSON-1441533986-project-admin] Registering scheme swift+http with {'store': , 'location_class': , 'store_entry': 'swift'} {{(pid=98807) register_scheme_map /opt/stack/data/venv/lib/python3.12/site-packages/glance_store/location.py:146}}
Jun 17 06:50:47.036360 np0000003008 devstack@g-api.service[98807]: DEBUG glance_store.location [None req-99098c70-d9ef-49b6-9b47-75d4553801ff tempest-AttachSCSIVolumeTestJSON-1441533986 tempest-AttachSCSIVolumeTestJSON-1441533986-project-admin] Registering scheme swift+https with {'store': , 'location_class': , 'store_entry': 'swift'} {{(pid=98807) register_scheme_map /opt/stack/data/venv/lib/python3.12/site-packages/glance_store/location.py:146}}
Jun 17 06:50:47.036698 np0000003008 devstack@g-api.service[98807]: DEBUG glance_store.location [None req-99098c70-d9ef-49b6-9b47-75d4553801ff tempest-AttachSCSIVolumeTestJSON-1441533986 tempest-AttachSCSIVolumeTestJSON-1441533986-project-admin] Registering scheme swift with {'store': , 'location_class': , 'store_entry': 'swift'} {{(pid=98807) register_scheme_map /opt/stack/data/venv/lib/python3.12/site-packages/glance_store/location.py:146}}
Jun 17 06:50:47.036698 np0000003008 devstack@g-api.service[98807]: DEBUG glance_store.location [None req-99098c70-d9ef-49b6-9b47-75d4553801ff tempest-AttachSCSIVolumeTestJSON-1441533986 tempest-AttachSCSIVolumeTestJSON-1441533986-project-admin] Registering scheme swift+http with {'store': , 'location_class': , 'store_entry': 'swift'} {{(pid=98807) register_scheme_map /opt/stack/data/venv/lib/python3.12/site-packages/glance_store/location.py:146}}
Jun 17 06:50:47.036698 np0000003008 devstack@g-api.service[98807]: DEBUG glance_store.location [None req-99098c70-d9ef-49b6-9b47-75d4553801ff tempest-AttachSCSIVolumeTestJSON-1441533986 tempest-AttachSCSIVolumeTestJSON-1441533986-project-admin] Registering scheme swift+config with {'store': , 'location_class': , 'store_entry': 'swift'} {{(pid=98807) register_scheme_map /opt/stack/data/venv/lib/python3.12/site-packages/glance_store/location.py:146}}
Jun 17 06:50:47.036854 np0000003008 devstack@g-api.service[98807]: DEBUG glance_store.backend [None req-99098c70-d9ef-49b6-9b47-75d4553801ff tempest-AttachSCSIVolumeTestJSON-1441533986 tempest-AttachSCSIVolumeTestJSON-1441533986-project-admin] Skipping store.set_acls... not implemented. {{(pid=98807) set_acls /opt/stack/data/venv/lib/python3.12/site-packages/glance_store/backend.py:507}}
Jun 17 06:50:47.038807 np0000003008 devstack@g-api.service[98807]: [pid: 98807|app: 0|req: 14/37] 127.0.0.1 () {40 vars in 854 bytes} [Wed Jun 17 06:50:44 2026] PUT /v2/images/7118633a-7382-4312-8b8d-d3180ebe5a3c/file => generated 0 bytes in 2723 msecs (HTTP/1.1 204) 4 headers in 171 bytes (1 switches on core 0)
Jun 17 06:50:47.442113 np0000003008 devstack@g-api.service[98808]: [pid: 98808|app: 0|req: 24/38] 127.0.0.1 () {44 vars in 1131 bytes} [Wed Jun 17 06:50:46 2026] GET /v2/images/36d1e748-3b12-432c-be21-8c53ce463a8a/locations => generated 92 bytes in 522 msecs (HTTP/1.1 200) 4 headers in 156 bytes (1 switches on core 0)
Jun 17 06:50:47.453633 np0000003008 devstack@g-api.service[98807]: DEBUG glance.api.middleware.version_negotiation [None req-99098c70-d9ef-49b6-9b47-75d4553801ff tempest-AttachSCSIVolumeTestJSON-1441533986 tempest-AttachSCSIVolumeTestJSON-1441533986-project-admin] Determining version of request: GET /v2/images/36d1e748-3b12-432c-be21-8c53ce463a8a Accept: */* {{(pid=98807) process_request /opt/stack/glance/glance/api/middleware/version_negotiation.py:44}}
Jun 17 06:50:47.453633 np0000003008 devstack@g-api.service[98807]: DEBUG glance.api.middleware.version_negotiation [None req-99098c70-d9ef-49b6-9b47-75d4553801ff tempest-AttachSCSIVolumeTestJSON-1441533986 tempest-AttachSCSIVolumeTestJSON-1441533986-project-admin] Using url versioning {{(pid=98807) process_request /opt/stack/glance/glance/api/middleware/version_negotiation.py:57}}
Jun 17 06:50:47.453633 np0000003008 devstack@g-api.service[98807]: DEBUG glance.api.middleware.version_negotiation [None req-99098c70-d9ef-49b6-9b47-75d4553801ff tempest-AttachSCSIVolumeTestJSON-1441533986 tempest-AttachSCSIVolumeTestJSON-1441533986-project-admin] Matched version: v2 {{(pid=98807) process_request /opt/stack/glance/glance/api/middleware/version_negotiation.py:69}}
Jun 17 06:50:47.453633 np0000003008 devstack@g-api.service[98807]: DEBUG glance.api.middleware.version_negotiation [None req-99098c70-d9ef-49b6-9b47-75d4553801ff tempest-AttachSCSIVolumeTestJSON-1441533986 tempest-AttachSCSIVolumeTestJSON-1441533986-project-admin] new path /v2/images/36d1e748-3b12-432c-be21-8c53ce463a8a {{(pid=98807) process_request /opt/stack/glance/glance/api/middleware/version_negotiation.py:70}}
Jun 17 06:50:47.466967 np0000003008 devstack@g-api.service[98807]: [pid: 98807|app: 0|req: 15/39] 127.0.0.1 () {44 vars in 1111 bytes} [Wed Jun 17 06:50:47 2026] GET /v2/images/36d1e748-3b12-432c-be21-8c53ce463a8a => generated 1044 bytes in 14 msecs (HTTP/1.1 200) 4 headers in 158 bytes (1 switches on core 0)
Jun 17 06:50:47.473826 np0000003008 devstack@g-api.service[98808]: DEBUG glance.api.middleware.version_negotiation [None req-bd4c3514-2071-4fb4-89db-fc483f6453c4 service glance] Determining version of request: GET /v2/schemas/image Accept: */* {{(pid=98808) process_request /opt/stack/glance/glance/api/middleware/version_negotiation.py:44}}
Jun 17 06:50:47.474009 np0000003008 devstack@g-api.service[98808]: DEBUG glance.api.middleware.version_negotiation [None req-bd4c3514-2071-4fb4-89db-fc483f6453c4 service glance] Using url versioning {{(pid=98808) process_request /opt/stack/glance/glance/api/middleware/version_negotiation.py:57}}
Jun 17 06:50:47.474147 np0000003008 devstack@g-api.service[98808]: DEBUG glance.api.middleware.version_negotiation [None req-bd4c3514-2071-4fb4-89db-fc483f6453c4 service glance] Matched version: v2 {{(pid=98808) process_request /opt/stack/glance/glance/api/middleware/version_negotiation.py:69}}
Jun 17 06:50:47.474271 np0000003008 devstack@g-api.service[98808]: DEBUG glance.api.middleware.version_negotiation [None req-bd4c3514-2071-4fb4-89db-fc483f6453c4 service glance] new path /v2/schemas/image {{(pid=98808) process_request /opt/stack/glance/glance/api/middleware/version_negotiation.py:70}}
Jun 17 06:50:47.477025 np0000003008 devstack@g-api.service[98808]: [pid: 98808|app: 0|req: 25/40] 127.0.0.1 () {44 vars in 1051 bytes} [Wed Jun 17 06:50:47 2026] GET /v2/schemas/image => generated 6083 bytes in 3 msecs (HTTP/1.1 200) 4 headers in 158 bytes (1 switches on core 0)
Jun 17 06:50:47.492443 np0000003008 devstack@g-api.service[98807]: DEBUG glance.api.middleware.version_negotiation [None req-bd4c3514-2071-4fb4-89db-fc483f6453c4 tempest-TaggedBootDevicesTest_v242-1590632225 tempest-TaggedBootDevicesTest_v242-1590632225-project-member] Determining version of request: GET /v2/schemas/image Accept: */* {{(pid=98807) process_request /opt/stack/glance/glance/api/middleware/version_negotiation.py:44}}
Jun 17 06:50:47.492443 np0000003008 devstack@g-api.service[98807]: DEBUG glance.api.middleware.version_negotiation [None req-bd4c3514-2071-4fb4-89db-fc483f6453c4 tempest-TaggedBootDevicesTest_v242-1590632225 tempest-TaggedBootDevicesTest_v242-1590632225-project-member] Using url versioning {{(pid=98807) process_request /opt/stack/glance/glance/api/middleware/version_negotiation.py:57}}
Jun 17 06:50:47.492443 np0000003008 devstack@g-api.service[98807]: DEBUG glance.api.middleware.version_negotiation [None req-bd4c3514-2071-4fb4-89db-fc483f6453c4 tempest-TaggedBootDevicesTest_v242-1590632225 tempest-TaggedBootDevicesTest_v242-1590632225-project-member] Matched version: v2 {{(pid=98807) process_request /opt/stack/glance/glance/api/middleware/version_negotiation.py:69}}
Jun 17 06:50:47.492443 np0000003008 devstack@g-api.service[98807]: DEBUG glance.api.middleware.version_negotiation [None req-bd4c3514-2071-4fb4-89db-fc483f6453c4 tempest-TaggedBootDevicesTest_v242-1590632225 tempest-TaggedBootDevicesTest_v242-1590632225-project-member] new path /v2/schemas/image {{(pid=98807) process_request /opt/stack/glance/glance/api/middleware/version_negotiation.py:70}}
Jun 17 06:50:47.495822 np0000003008 devstack@g-api.service[98807]: [pid: 98807|app: 0|req: 16/41] 127.0.0.1 () {44 vars in 1051 bytes} [Wed Jun 17 06:50:47 2026] GET /v2/schemas/image => generated 6083 bytes in 4 msecs (HTTP/1.1 200) 4 headers in 158 bytes (1 switches on core 0)
Jun 17 06:50:47.524626 np0000003008 devstack@g-api.service[98808]: DEBUG glance.api.middleware.version_negotiation [None req-bd4c3514-2071-4fb4-89db-fc483f6453c4 tempest-TaggedBootDevicesTest_v242-1590632225 tempest-TaggedBootDevicesTest_v242-1590632225-project-member] Determining version of request: GET /v2/images/36d1e748-3b12-432c-be21-8c53ce463a8a Accept: */* {{(pid=98808) process_request /opt/stack/glance/glance/api/middleware/version_negotiation.py:44}}
Jun 17 06:50:47.524751 np0000003008 devstack@g-api.service[98808]: DEBUG glance.api.middleware.version_negotiation [None req-bd4c3514-2071-4fb4-89db-fc483f6453c4 tempest-TaggedBootDevicesTest_v242-1590632225 tempest-TaggedBootDevicesTest_v242-1590632225-project-member] Using url versioning {{(pid=98808) process_request /opt/stack/glance/glance/api/middleware/version_negotiation.py:57}}
Jun 17 06:50:47.526786 np0000003008 devstack@g-api.service[98808]: DEBUG glance.api.middleware.version_negotiation [None req-bd4c3514-2071-4fb4-89db-fc483f6453c4 tempest-TaggedBootDevicesTest_v242-1590632225 tempest-TaggedBootDevicesTest_v242-1590632225-project-member] Matched version: v2 {{(pid=98808) process_request /opt/stack/glance/glance/api/middleware/version_negotiation.py:69}}
Jun 17 06:50:47.526786 np0000003008 devstack@g-api.service[98808]: DEBUG glance.api.middleware.version_negotiation [None req-bd4c3514-2071-4fb4-89db-fc483f6453c4 tempest-TaggedBootDevicesTest_v242-1590632225 tempest-TaggedBootDevicesTest_v242-1590632225-project-member] new path /v2/images/36d1e748-3b12-432c-be21-8c53ce463a8a {{(pid=98808) process_request /opt/stack/glance/glance/api/middleware/version_negotiation.py:70}}
Jun 17 06:50:47.538595 np0000003008 devstack@g-api.service[98808]: [pid: 98808|app: 0|req: 26/42] 127.0.0.1 () {44 vars in 1111 bytes} [Wed Jun 17 06:50:47 2026] GET /v2/images/36d1e748-3b12-432c-be21-8c53ce463a8a => generated 1044 bytes in 14 msecs (HTTP/1.1 200) 4 headers in 158 bytes (1 switches on core 0)
Jun 17 06:50:47.548099 np0000003008 devstack@g-api.service[98807]: DEBUG glance.api.middleware.version_negotiation [None req-bd4c3514-2071-4fb4-89db-fc483f6453c4 tempest-TaggedBootDevicesTest_v242-1590632225 tempest-TaggedBootDevicesTest_v242-1590632225-project-member] Determining version of request: GET /v2/images/36d1e748-3b12-432c-be21-8c53ce463a8a/file Accept: */* {{(pid=98807) process_request /opt/stack/glance/glance/api/middleware/version_negotiation.py:44}}
Jun 17 06:50:47.548099 np0000003008 devstack@g-api.service[98807]: DEBUG glance.api.middleware.version_negotiation [None req-bd4c3514-2071-4fb4-89db-fc483f6453c4 tempest-TaggedBootDevicesTest_v242-1590632225 tempest-TaggedBootDevicesTest_v242-1590632225-project-member] Using url versioning {{(pid=98807) process_request /opt/stack/glance/glance/api/middleware/version_negotiation.py:57}}
Jun 17 06:50:47.549057 np0000003008 devstack@g-api.service[98807]: DEBUG glance.api.middleware.version_negotiation [None req-bd4c3514-2071-4fb4-89db-fc483f6453c4 tempest-TaggedBootDevicesTest_v242-1590632225 tempest-TaggedBootDevicesTest_v242-1590632225-project-member] Matched version: v2 {{(pid=98807) process_request /opt/stack/glance/glance/api/middleware/version_negotiation.py:69}}
Jun 17 06:50:47.549057 np0000003008 devstack@g-api.service[98807]: DEBUG glance.api.middleware.version_negotiation [None req-bd4c3514-2071-4fb4-89db-fc483f6453c4 tempest-TaggedBootDevicesTest_v242-1590632225 tempest-TaggedBootDevicesTest_v242-1590632225-project-member] new path /v2/images/36d1e748-3b12-432c-be21-8c53ce463a8a/file {{(pid=98807) process_request /opt/stack/glance/glance/api/middleware/version_negotiation.py:70}}
Jun 17 06:50:47.572403 np0000003008 devstack@g-api.service[98807]: DEBUG glance.api.middleware.cache [None req-bd4c3514-2071-4fb4-89db-fc483f6453c4 tempest-TaggedBootDevicesTest_v242-1590632225 tempest-TaggedBootDevicesTest_v242-1590632225-project-member] Cache hit for image '36d1e748-3b12-432c-be21-8c53ce463a8a' {{(pid=98807) process_request /opt/stack/glance/glance/api/middleware/cache.py:160}}
Jun 17 06:50:47.671377 np0000003008 devstack@g-api.service[98807]: [pid: 98807|app: 0|req: 17/43] 127.0.0.1 () {44 vars in 1121 bytes} [Wed Jun 17 06:50:47 2026] GET /v2/images/36d1e748-3b12-432c-be21-8c53ce463a8a/file => generated 21692416 bytes in 123 msecs (HTTP/1.1 200) 5 headers in 217 bytes (340 switches on core 0)
Jun 17 06:50:47.763867 np0000003008 devstack@g-api.service[98808]: DEBUG glance.api.middleware.version_negotiation [None req-bd4c3514-2071-4fb4-89db-fc483f6453c4 tempest-TaggedBootDevicesTest_v242-1590632225 tempest-TaggedBootDevicesTest_v242-1590632225-project-member] Determining version of request: GET /v2/images/36d1e748-3b12-432c-be21-8c53ce463a8a Accept: */* {{(pid=98808) process_request /opt/stack/glance/glance/api/middleware/version_negotiation.py:44}}
Jun 17 06:50:47.764052 np0000003008 devstack@g-api.service[98808]: DEBUG glance.api.middleware.version_negotiation [None req-bd4c3514-2071-4fb4-89db-fc483f6453c4 tempest-TaggedBootDevicesTest_v242-1590632225 tempest-TaggedBootDevicesTest_v242-1590632225-project-member] Using url versioning {{(pid=98808) process_request /opt/stack/glance/glance/api/middleware/version_negotiation.py:57}}
Jun 17 06:50:47.764800 np0000003008 devstack@g-api.service[98808]: DEBUG glance.api.middleware.version_negotiation [None req-bd4c3514-2071-4fb4-89db-fc483f6453c4 tempest-TaggedBootDevicesTest_v242-1590632225 tempest-TaggedBootDevicesTest_v242-1590632225-project-member] Matched version: v2 {{(pid=98808) process_request /opt/stack/glance/glance/api/middleware/version_negotiation.py:69}}
Jun 17 06:50:47.764800 np0000003008 devstack@g-api.service[98808]: DEBUG glance.api.middleware.version_negotiation [None req-bd4c3514-2071-4fb4-89db-fc483f6453c4 tempest-TaggedBootDevicesTest_v242-1590632225 tempest-TaggedBootDevicesTest_v242-1590632225-project-member] new path /v2/images/36d1e748-3b12-432c-be21-8c53ce463a8a {{(pid=98808) process_request /opt/stack/glance/glance/api/middleware/version_negotiation.py:70}}
Jun 17 06:50:47.774599 np0000003008 devstack@g-api.service[98808]: [pid: 98808|app: 0|req: 27/44] 127.0.0.1 () {44 vars in 1111 bytes} [Wed Jun 17 06:50:47 2026] GET /v2/images/36d1e748-3b12-432c-be21-8c53ce463a8a => generated 1044 bytes in 11 msecs (HTTP/1.1 200) 4 headers in 158 bytes (1 switches on core 0)
Jun 17 06:50:47.783260 np0000003008 devstack@g-api.service[98807]: DEBUG glance.api.middleware.version_negotiation [None req-bd4c3514-2071-4fb4-89db-fc483f6453c4 tempest-TaggedBootDevicesTest_v242-1590632225 tempest-TaggedBootDevicesTest_v242-1590632225-project-member] Determining version of request: GET /v2/schemas/image Accept: */* {{(pid=98807) process_request /opt/stack/glance/glance/api/middleware/version_negotiation.py:44}}
Jun 17 06:50:47.783430 np0000003008 devstack@g-api.service[98807]: DEBUG glance.api.middleware.version_negotiation [None req-bd4c3514-2071-4fb4-89db-fc483f6453c4 tempest-TaggedBootDevicesTest_v242-1590632225 tempest-TaggedBootDevicesTest_v242-1590632225-project-member] Using url versioning {{(pid=98807) process_request /opt/stack/glance/glance/api/middleware/version_negotiation.py:57}}
Jun 17 06:50:47.783650 np0000003008 devstack@g-api.service[98807]: DEBUG glance.api.middleware.version_negotiation [None req-bd4c3514-2071-4fb4-89db-fc483f6453c4 tempest-TaggedBootDevicesTest_v242-1590632225 tempest-TaggedBootDevicesTest_v242-1590632225-project-member] Matched version: v2 {{(pid=98807) process_request /opt/stack/glance/glance/api/middleware/version_negotiation.py:69}}
Jun 17 06:50:47.783853 np0000003008 devstack@g-api.service[98807]: DEBUG glance.api.middleware.version_negotiation [None req-bd4c3514-2071-4fb4-89db-fc483f6453c4 tempest-TaggedBootDevicesTest_v242-1590632225 tempest-TaggedBootDevicesTest_v242-1590632225-project-member] new path /v2/schemas/image {{(pid=98807) process_request /opt/stack/glance/glance/api/middleware/version_negotiation.py:70}}
Jun 17 06:50:47.787111 np0000003008 devstack@g-api.service[98807]: [pid: 98807|app: 0|req: 18/45] 127.0.0.1 () {44 vars in 1051 bytes} [Wed Jun 17 06:50:47 2026] GET /v2/schemas/image => generated 6083 bytes in 4 msecs (HTTP/1.1 200) 4 headers in 158 bytes (1 switches on core 0)
Jun 17 06:50:49.264083 np0000003008 devstack@g-api.service[98808]: DEBUG glance.api.middleware.version_negotiation [None req-bd4c3514-2071-4fb4-89db-fc483f6453c4 tempest-TaggedBootDevicesTest_v242-1590632225 tempest-TaggedBootDevicesTest_v242-1590632225-project-member] Determining version of request: GET /v2/images/36d1e748-3b12-432c-be21-8c53ce463a8a Accept: */* {{(pid=98808) process_request /opt/stack/glance/glance/api/middleware/version_negotiation.py:44}}
Jun 17 06:50:49.264579 np0000003008 devstack@g-api.service[98808]: DEBUG glance.api.middleware.version_negotiation [None req-bd4c3514-2071-4fb4-89db-fc483f6453c4 tempest-TaggedBootDevicesTest_v242-1590632225 tempest-TaggedBootDevicesTest_v242-1590632225-project-member] Using url versioning {{(pid=98808) process_request /opt/stack/glance/glance/api/middleware/version_negotiation.py:57}}
Jun 17 06:50:49.264579 np0000003008 devstack@g-api.service[98808]: DEBUG glance.api.middleware.version_negotiation [None req-bd4c3514-2071-4fb4-89db-fc483f6453c4 tempest-TaggedBootDevicesTest_v242-1590632225 tempest-TaggedBootDevicesTest_v242-1590632225-project-member] Matched version: v2 {{(pid=98808) process_request /opt/stack/glance/glance/api/middleware/version_negotiation.py:69}}
Jun 17 06:50:49.264579 np0000003008 devstack@g-api.service[98808]: DEBUG glance.api.middleware.version_negotiation [None req-bd4c3514-2071-4fb4-89db-fc483f6453c4 tempest-TaggedBootDevicesTest_v242-1590632225 tempest-TaggedBootDevicesTest_v242-1590632225-project-member] new path /v2/images/36d1e748-3b12-432c-be21-8c53ce463a8a {{(pid=98808) process_request /opt/stack/glance/glance/api/middleware/version_negotiation.py:70}}
Jun 17 06:50:49.282598 np0000003008 devstack@g-api.service[98808]: [pid: 98808|app: 0|req: 28/46] 127.0.0.1 () {44 vars in 1111 bytes} [Wed Jun 17 06:50:49 2026] GET /v2/images/36d1e748-3b12-432c-be21-8c53ce463a8a => generated 1044 bytes in 19 msecs (HTTP/1.1 200) 4 headers in 158 bytes (1 switches on core 0)
Jun 17 06:50:49.292161 np0000003008 devstack@g-api.service[98807]: DEBUG glance.api.middleware.version_negotiation [None req-bd4c3514-2071-4fb4-89db-fc483f6453c4 tempest-TaggedBootDevicesTest_v242-1590632225 tempest-TaggedBootDevicesTest_v242-1590632225-project-member] Determining version of request: GET /v2/schemas/image Accept: */* {{(pid=98807) process_request /opt/stack/glance/glance/api/middleware/version_negotiation.py:44}}
Jun 17 06:50:49.292161 np0000003008 devstack@g-api.service[98807]: DEBUG glance.api.middleware.version_negotiation [None req-bd4c3514-2071-4fb4-89db-fc483f6453c4 tempest-TaggedBootDevicesTest_v242-1590632225 tempest-TaggedBootDevicesTest_v242-1590632225-project-member] Using url versioning {{(pid=98807) process_request /opt/stack/glance/glance/api/middleware/version_negotiation.py:57}}
Jun 17 06:50:49.292161 np0000003008 devstack@g-api.service[98807]: DEBUG glance.api.middleware.version_negotiation [None req-bd4c3514-2071-4fb4-89db-fc483f6453c4 tempest-TaggedBootDevicesTest_v242-1590632225 tempest-TaggedBootDevicesTest_v242-1590632225-project-member] Matched version: v2 {{(pid=98807) process_request /opt/stack/glance/glance/api/middleware/version_negotiation.py:69}}
Jun 17 06:50:49.292161 np0000003008 devstack@g-api.service[98807]: DEBUG glance.api.middleware.version_negotiation [None req-bd4c3514-2071-4fb4-89db-fc483f6453c4 tempest-TaggedBootDevicesTest_v242-1590632225 tempest-TaggedBootDevicesTest_v242-1590632225-project-member] new path /v2/schemas/image {{(pid=98807) process_request /opt/stack/glance/glance/api/middleware/version_negotiation.py:70}}
Jun 17 06:50:49.294175 np0000003008 devstack@g-api.service[98807]: [pid: 98807|app: 0|req: 19/47] 127.0.0.1 () {44 vars in 1051 bytes} [Wed Jun 17 06:50:49 2026] GET /v2/schemas/image => generated 6083 bytes in 3 msecs (HTTP/1.1 200) 4 headers in 158 bytes (1 switches on core 0)
Jun 17 06:50:49.510658 np0000003008 devstack@g-api.service[98808]: DEBUG glance.api.middleware.version_negotiation [None req-bd4c3514-2071-4fb4-89db-fc483f6453c4 tempest-TaggedBootDevicesTest_v242-1590632225 tempest-TaggedBootDevicesTest_v242-1590632225-project-member] Determining version of request: GET /v2/images/36d1e748-3b12-432c-be21-8c53ce463a8a Accept: */* {{(pid=98808) process_request /opt/stack/glance/glance/api/middleware/version_negotiation.py:44}}
Jun 17 06:50:49.511748 np0000003008 devstack@g-api.service[98808]: DEBUG glance.api.middleware.version_negotiation [None req-bd4c3514-2071-4fb4-89db-fc483f6453c4 tempest-TaggedBootDevicesTest_v242-1590632225 tempest-TaggedBootDevicesTest_v242-1590632225-project-member] Using url versioning {{(pid=98808) process_request /opt/stack/glance/glance/api/middleware/version_negotiation.py:57}}
Jun 17 06:50:49.512026 np0000003008 devstack@g-api.service[98808]: DEBUG glance.api.middleware.version_negotiation [None req-bd4c3514-2071-4fb4-89db-fc483f6453c4 tempest-TaggedBootDevicesTest_v242-1590632225 tempest-TaggedBootDevicesTest_v242-1590632225-project-member] Matched version: v2 {{(pid=98808) process_request /opt/stack/glance/glance/api/middleware/version_negotiation.py:69}}
Jun 17 06:50:49.512132 np0000003008 devstack@g-api.service[98808]: DEBUG glance.api.middleware.version_negotiation [None req-bd4c3514-2071-4fb4-89db-fc483f6453c4 tempest-TaggedBootDevicesTest_v242-1590632225 tempest-TaggedBootDevicesTest_v242-1590632225-project-member] new path /v2/images/36d1e748-3b12-432c-be21-8c53ce463a8a {{(pid=98808) process_request /opt/stack/glance/glance/api/middleware/version_negotiation.py:70}}
Jun 17 06:50:49.530787 np0000003008 devstack@g-api.service[98808]: [pid: 98808|app: 0|req: 29/48] 127.0.0.1 () {44 vars in 1111 bytes} [Wed Jun 17 06:50:49 2026] GET /v2/images/36d1e748-3b12-432c-be21-8c53ce463a8a => generated 1044 bytes in 20 msecs (HTTP/1.1 200) 4 headers in 158 bytes (1 switches on core 0)
Jun 17 06:50:49.564927 np0000003008 devstack@g-api.service[98807]: DEBUG glance.api.middleware.version_negotiation [None req-bd4c3514-2071-4fb4-89db-fc483f6453c4 tempest-TaggedBootDevicesTest_v242-1590632225 tempest-TaggedBootDevicesTest_v242-1590632225-project-member] Determining version of request: GET /v2/images/36d1e748-3b12-432c-be21-8c53ce463a8a/file Accept: */* {{(pid=98807) process_request /opt/stack/glance/glance/api/middleware/version_negotiation.py:44}}
Jun 17 06:50:49.565098 np0000003008 devstack@g-api.service[98807]: DEBUG glance.api.middleware.version_negotiation [None req-bd4c3514-2071-4fb4-89db-fc483f6453c4 tempest-TaggedBootDevicesTest_v242-1590632225 tempest-TaggedBootDevicesTest_v242-1590632225-project-member] Using url versioning {{(pid=98807) process_request /opt/stack/glance/glance/api/middleware/version_negotiation.py:57}}
Jun 17 06:50:49.565301 np0000003008 devstack@g-api.service[98807]: DEBUG glance.api.middleware.version_negotiation [None req-bd4c3514-2071-4fb4-89db-fc483f6453c4 tempest-TaggedBootDevicesTest_v242-1590632225 tempest-TaggedBootDevicesTest_v242-1590632225-project-member] Matched version: v2 {{(pid=98807) process_request /opt/stack/glance/glance/api/middleware/version_negotiation.py:69}}
Jun 17 06:50:49.565413 np0000003008 devstack@g-api.service[98807]: DEBUG glance.api.middleware.version_negotiation [None req-bd4c3514-2071-4fb4-89db-fc483f6453c4 tempest-TaggedBootDevicesTest_v242-1590632225 tempest-TaggedBootDevicesTest_v242-1590632225-project-member] new path /v2/images/36d1e748-3b12-432c-be21-8c53ce463a8a/file {{(pid=98807) process_request /opt/stack/glance/glance/api/middleware/version_negotiation.py:70}}
Jun 17 06:50:49.577648 np0000003008 devstack@g-api.service[98807]: DEBUG glance.api.middleware.cache [None req-1285420c-1159-4abf-983b-aaa5139e51db tempest-DeleteServersTestJSON-644967719 tempest-DeleteServersTestJSON-644967719-project-member] Cache hit for image '36d1e748-3b12-432c-be21-8c53ce463a8a' {{(pid=98807) process_request /opt/stack/glance/glance/api/middleware/cache.py:160}}
Jun 17 06:50:49.653585 np0000003008 devstack@g-api.service[98807]: [pid: 98807|app: 0|req: 20/49] 127.0.0.1 () {44 vars in 1121 bytes} [Wed Jun 17 06:50:49 2026] GET /v2/images/36d1e748-3b12-432c-be21-8c53ce463a8a/file => generated 21692416 bytes in 87 msecs (HTTP/1.1 200) 5 headers in 217 bytes (337 switches on core 0)
Jun 17 06:50:49.755795 np0000003008 devstack@g-api.service[98808]: DEBUG glance.api.middleware.version_negotiation [None req-1285420c-1159-4abf-983b-aaa5139e51db tempest-DeleteServersTestJSON-644967719 tempest-DeleteServersTestJSON-644967719-project-member] Determining version of request: GET /v2/images/36d1e748-3b12-432c-be21-8c53ce463a8a Accept: */* {{(pid=98808) process_request /opt/stack/glance/glance/api/middleware/version_negotiation.py:44}}
Jun 17 06:50:49.755795 np0000003008 devstack@g-api.service[98808]: DEBUG glance.api.middleware.version_negotiation [None req-1285420c-1159-4abf-983b-aaa5139e51db tempest-DeleteServersTestJSON-644967719 tempest-DeleteServersTestJSON-644967719-project-member] Using url versioning {{(pid=98808) process_request /opt/stack/glance/glance/api/middleware/version_negotiation.py:57}}
Jun 17 06:50:49.755795 np0000003008 devstack@g-api.service[98808]: DEBUG glance.api.middleware.version_negotiation [None req-1285420c-1159-4abf-983b-aaa5139e51db tempest-DeleteServersTestJSON-644967719 tempest-DeleteServersTestJSON-644967719-project-member] Matched version: v2 {{(pid=98808) process_request /opt/stack/glance/glance/api/middleware/version_negotiation.py:69}}
Jun 17 06:50:49.755795 np0000003008 devstack@g-api.service[98808]: DEBUG glance.api.middleware.version_negotiation [None req-1285420c-1159-4abf-983b-aaa5139e51db tempest-DeleteServersTestJSON-644967719 tempest-DeleteServersTestJSON-644967719-project-member] new path /v2/images/36d1e748-3b12-432c-be21-8c53ce463a8a {{(pid=98808) process_request /opt/stack/glance/glance/api/middleware/version_negotiation.py:70}}
Jun 17 06:50:49.771687 np0000003008 devstack@g-api.service[98808]: [pid: 98808|app: 0|req: 30/50] 127.0.0.1 () {44 vars in 1111 bytes} [Wed Jun 17 06:50:49 2026] GET /v2/images/36d1e748-3b12-432c-be21-8c53ce463a8a => generated 1044 bytes in 17 msecs (HTTP/1.1 200) 4 headers in 158 bytes (1 switches on core 0)
Jun 17 06:50:49.800155 np0000003008 devstack@g-api.service[98807]: DEBUG glance.api.middleware.version_negotiation [None req-1285420c-1159-4abf-983b-aaa5139e51db tempest-DeleteServersTestJSON-644967719 tempest-DeleteServersTestJSON-644967719-project-member] Determining version of request: GET /v2/schemas/image Accept: */* {{(pid=98807) process_request /opt/stack/glance/glance/api/middleware/version_negotiation.py:44}}
Jun 17 06:50:49.800672 np0000003008 devstack@g-api.service[98807]: DEBUG glance.api.middleware.version_negotiation [None req-1285420c-1159-4abf-983b-aaa5139e51db tempest-DeleteServersTestJSON-644967719 tempest-DeleteServersTestJSON-644967719-project-member] Using url versioning {{(pid=98807) process_request /opt/stack/glance/glance/api/middleware/version_negotiation.py:57}}
Jun 17 06:50:49.800672 np0000003008 devstack@g-api.service[98807]: DEBUG glance.api.middleware.version_negotiation [None req-1285420c-1159-4abf-983b-aaa5139e51db tempest-DeleteServersTestJSON-644967719 tempest-DeleteServersTestJSON-644967719-project-member] Matched version: v2 {{(pid=98807) process_request /opt/stack/glance/glance/api/middleware/version_negotiation.py:69}}
Jun 17 06:50:49.800672 np0000003008 devstack@g-api.service[98807]: DEBUG glance.api.middleware.version_negotiation [None req-1285420c-1159-4abf-983b-aaa5139e51db tempest-DeleteServersTestJSON-644967719 tempest-DeleteServersTestJSON-644967719-project-member] new path /v2/schemas/image {{(pid=98807) process_request /opt/stack/glance/glance/api/middleware/version_negotiation.py:70}}
Jun 17 06:50:49.804200 np0000003008 devstack@g-api.service[98807]: [pid: 98807|app: 0|req: 21/51] 127.0.0.1 () {44 vars in 1051 bytes} [Wed Jun 17 06:50:49 2026] GET /v2/schemas/image => generated 6083 bytes in 4 msecs (HTTP/1.1 200) 4 headers in 158 bytes (1 switches on core 0)
Jun 17 06:50:51.011569 np0000003008 devstack@g-api.service[98808]: DEBUG glance.api.middleware.version_negotiation [None req-1285420c-1159-4abf-983b-aaa5139e51db tempest-DeleteServersTestJSON-644967719 tempest-DeleteServersTestJSON-644967719-project-member] Determining version of request: GET /v2/images/36d1e748-3b12-432c-be21-8c53ce463a8a Accept: */* {{(pid=98808) process_request /opt/stack/glance/glance/api/middleware/version_negotiation.py:44}}
Jun 17 06:50:51.012348 np0000003008 devstack@g-api.service[98808]: DEBUG glance.api.middleware.version_negotiation [None req-1285420c-1159-4abf-983b-aaa5139e51db tempest-DeleteServersTestJSON-644967719 tempest-DeleteServersTestJSON-644967719-project-member] Using url versioning {{(pid=98808) process_request /opt/stack/glance/glance/api/middleware/version_negotiation.py:57}}
Jun 17 06:50:51.012348 np0000003008 devstack@g-api.service[98808]: DEBUG glance.api.middleware.version_negotiation [None req-1285420c-1159-4abf-983b-aaa5139e51db tempest-DeleteServersTestJSON-644967719 tempest-DeleteServersTestJSON-644967719-project-member] Matched version: v2 {{(pid=98808) process_request /opt/stack/glance/glance/api/middleware/version_negotiation.py:69}}
Jun 17 06:50:51.012348 np0000003008 devstack@g-api.service[98808]: DEBUG glance.api.middleware.version_negotiation [None req-1285420c-1159-4abf-983b-aaa5139e51db tempest-DeleteServersTestJSON-644967719 tempest-DeleteServersTestJSON-644967719-project-member] new path /v2/images/36d1e748-3b12-432c-be21-8c53ce463a8a {{(pid=98808) process_request /opt/stack/glance/glance/api/middleware/version_negotiation.py:70}}
Jun 17 06:50:51.030372 np0000003008 devstack@g-api.service[98808]: [pid: 98808|app: 0|req: 31/52] 127.0.0.1 () {44 vars in 1111 bytes} [Wed Jun 17 06:50:51 2026] GET /v2/images/36d1e748-3b12-432c-be21-8c53ce463a8a => generated 1044 bytes in 19 msecs (HTTP/1.1 200) 4 headers in 158 bytes (1 switches on core 0)
Jun 17 06:50:51.039791 np0000003008 devstack@g-api.service[98807]: DEBUG glance.api.middleware.version_negotiation [None req-1285420c-1159-4abf-983b-aaa5139e51db tempest-DeleteServersTestJSON-644967719 tempest-DeleteServersTestJSON-644967719-project-member] Determining version of request: GET /v2/schemas/image Accept: */* {{(pid=98807) process_request /opt/stack/glance/glance/api/middleware/version_negotiation.py:44}}
Jun 17 06:50:51.040174 np0000003008 devstack@g-api.service[98807]: DEBUG glance.api.middleware.version_negotiation [None req-1285420c-1159-4abf-983b-aaa5139e51db tempest-DeleteServersTestJSON-644967719 tempest-DeleteServersTestJSON-644967719-project-member] Using url versioning {{(pid=98807) process_request /opt/stack/glance/glance/api/middleware/version_negotiation.py:57}}
Jun 17 06:50:51.040174 np0000003008 devstack@g-api.service[98807]: DEBUG glance.api.middleware.version_negotiation [None req-1285420c-1159-4abf-983b-aaa5139e51db tempest-DeleteServersTestJSON-644967719 tempest-DeleteServersTestJSON-644967719-project-member] Matched version: v2 {{(pid=98807) process_request /opt/stack/glance/glance/api/middleware/version_negotiation.py:69}}
Jun 17 06:50:51.040255 np0000003008 devstack@g-api.service[98807]: DEBUG glance.api.middleware.version_negotiation [None req-1285420c-1159-4abf-983b-aaa5139e51db tempest-DeleteServersTestJSON-644967719 tempest-DeleteServersTestJSON-644967719-project-member] new path /v2/schemas/image {{(pid=98807) process_request /opt/stack/glance/glance/api/middleware/version_negotiation.py:70}}
Jun 17 06:50:51.042738 np0000003008 devstack@g-api.service[98807]: [pid: 98807|app: 0|req: 22/53] 127.0.0.1 () {44 vars in 1051 bytes} [Wed Jun 17 06:50:51 2026] GET /v2/schemas/image => generated 6083 bytes in 3 msecs (HTTP/1.1 200) 4 headers in 158 bytes (1 switches on core 0)
Jun 17 06:50:53.567257 np0000003008 devstack@g-api.service[98808]: DEBUG glance.api.middleware.version_negotiation [None req-bd4c3514-2071-4fb4-89db-fc483f6453c4 tempest-TaggedBootDevicesTest_v242-1590632225 tempest-TaggedBootDevicesTest_v242-1590632225-project-member] Determining version of request: GET /v2/images/7118633a-7382-4312-8b8d-d3180ebe5a3c Accept: */* {{(pid=98808) process_request /opt/stack/glance/glance/api/middleware/version_negotiation.py:44}}
