Jul 10 18:50:16.651098 np0000005042 devstack@g-api.service[102874]: DEBUG glance.common.config [None req-1e8a8623-5b34-4995-bf4e-24cd60f07eb6 None None] database.connection_parameters = {{(pid=102874) log_opt_values /opt/stack/data/venv/lib/python3.12/site-packages/oslo_config/cfg.py:3253}}
Jul 10 18:50:16.651132 np0000005042 devstack@g-api.service[102873]: DEBUG glance.common.config [None req-89e12839-1d80-419b-9ef3-584d842d3b9a None None] database.connection_trace = False {{(pid=102873) log_opt_values /opt/stack/data/venv/lib/python3.12/site-packages/oslo_config/cfg.py:3253}}
Jul 10 18:50:16.651173 np0000005042 devstack@g-api.service[102874]: DEBUG glance.common.config [None req-1e8a8623-5b34-4995-bf4e-24cd60f07eb6 None None] database.connection_recycle_time = 3600 {{(pid=102874) log_opt_values /opt/stack/data/venv/lib/python3.12/site-packages/oslo_config/cfg.py:3253}}
Jul 10 18:50:16.651214 np0000005042 devstack@g-api.service[102873]: DEBUG glance.common.config [None req-89e12839-1d80-419b-9ef3-584d842d3b9a None None] database.db_inc_retry_interval = True {{(pid=102873) log_opt_values /opt/stack/data/venv/lib/python3.12/site-packages/oslo_config/cfg.py:3253}}
Jul 10 18:50:16.651258 np0000005042 devstack@g-api.service[102874]: DEBUG glance.common.config [None req-1e8a8623-5b34-4995-bf4e-24cd60f07eb6 None None] database.connection_trace = False {{(pid=102874) log_opt_values /opt/stack/data/venv/lib/python3.12/site-packages/oslo_config/cfg.py:3253}}
Jul 10 18:50:16.651293 np0000005042 devstack@g-api.service[102873]: DEBUG glance.common.config [None req-89e12839-1d80-419b-9ef3-584d842d3b9a None None] database.db_max_retries = 20 {{(pid=102873) log_opt_values /opt/stack/data/venv/lib/python3.12/site-packages/oslo_config/cfg.py:3253}}
Jul 10 18:50:16.651325 np0000005042 devstack@g-api.service[102874]: DEBUG glance.common.config [None req-1e8a8623-5b34-4995-bf4e-24cd60f07eb6 None None] database.db_inc_retry_interval = True {{(pid=102874) log_opt_values /opt/stack/data/venv/lib/python3.12/site-packages/oslo_config/cfg.py:3253}}
Jul 10 18:50:16.651356 np0000005042 devstack@g-api.service[102873]: DEBUG glance.common.config [None req-89e12839-1d80-419b-9ef3-584d842d3b9a None None] database.db_max_retry_interval = 10 {{(pid=102873) log_opt_values /opt/stack/data/venv/lib/python3.12/site-packages/oslo_config/cfg.py:3253}}
Jul 10 18:50:16.651386 np0000005042 devstack@g-api.service[102874]: DEBUG glance.common.config [None req-1e8a8623-5b34-4995-bf4e-24cd60f07eb6 None None] database.db_max_retries = 20 {{(pid=102874) log_opt_values /opt/stack/data/venv/lib/python3.12/site-packages/oslo_config/cfg.py:3253}}
Jul 10 18:50:16.651427 np0000005042 devstack@g-api.service[102873]: DEBUG glance.common.config [None req-89e12839-1d80-419b-9ef3-584d842d3b9a None None] database.db_retry_interval = 1 {{(pid=102873) log_opt_values /opt/stack/data/venv/lib/python3.12/site-packages/oslo_config/cfg.py:3253}}
Jul 10 18:50:16.651473 np0000005042 devstack@g-api.service[102874]: DEBUG glance.common.config [None req-1e8a8623-5b34-4995-bf4e-24cd60f07eb6 None None] database.db_max_retry_interval = 10 {{(pid=102874) log_opt_values /opt/stack/data/venv/lib/python3.12/site-packages/oslo_config/cfg.py:3253}}
Jul 10 18:50:16.651508 np0000005042 devstack@g-api.service[102873]: DEBUG glance.common.config [None req-89e12839-1d80-419b-9ef3-584d842d3b9a None None] database.max_overflow = 50 {{(pid=102873) log_opt_values /opt/stack/data/venv/lib/python3.12/site-packages/oslo_config/cfg.py:3253}}
Jul 10 18:50:16.651508 np0000005042 devstack@g-api.service[102873]: DEBUG glance.common.config [None req-89e12839-1d80-419b-9ef3-584d842d3b9a None None] database.max_pool_size = 5 {{(pid=102873) log_opt_values /opt/stack/data/venv/lib/python3.12/site-packages/oslo_config/cfg.py:3253}}
Jul 10 18:50:16.651571 np0000005042 devstack@g-api.service[102874]: DEBUG glance.common.config [None req-1e8a8623-5b34-4995-bf4e-24cd60f07eb6 None None] database.db_retry_interval = 1 {{(pid=102874) log_opt_values /opt/stack/data/venv/lib/python3.12/site-packages/oslo_config/cfg.py:3253}}
Jul 10 18:50:16.651616 np0000005042 devstack@g-api.service[102873]: DEBUG glance.common.config [None req-89e12839-1d80-419b-9ef3-584d842d3b9a None None] database.max_retries = 10 {{(pid=102873) log_opt_values /opt/stack/data/venv/lib/python3.12/site-packages/oslo_config/cfg.py:3253}}
Jul 10 18:50:16.651656 np0000005042 devstack@g-api.service[102874]: DEBUG glance.common.config [None req-1e8a8623-5b34-4995-bf4e-24cd60f07eb6 None None] database.max_overflow = 50 {{(pid=102874) log_opt_values /opt/stack/data/venv/lib/python3.12/site-packages/oslo_config/cfg.py:3253}}
Jul 10 18:50:16.651692 np0000005042 devstack@g-api.service[102873]: DEBUG glance.common.config [None req-89e12839-1d80-419b-9ef3-584d842d3b9a None None] database.mysql_sql_mode = TRADITIONAL {{(pid=102873) log_opt_values /opt/stack/data/venv/lib/python3.12/site-packages/oslo_config/cfg.py:3253}}
Jul 10 18:50:16.651728 np0000005042 devstack@g-api.service[102874]: DEBUG glance.common.config [None req-1e8a8623-5b34-4995-bf4e-24cd60f07eb6 None None] database.max_pool_size = 5 {{(pid=102874) log_opt_values /opt/stack/data/venv/lib/python3.12/site-packages/oslo_config/cfg.py:3253}}
Jul 10 18:50:16.651764 np0000005042 devstack@g-api.service[102873]: DEBUG glance.common.config [None req-89e12839-1d80-419b-9ef3-584d842d3b9a None None] database.mysql_wsrep_sync_wait = None {{(pid=102873) log_opt_values /opt/stack/data/venv/lib/python3.12/site-packages/oslo_config/cfg.py:3253}}
Jul 10 18:50:16.651831 np0000005042 devstack@g-api.service[102874]: DEBUG glance.common.config [None req-1e8a8623-5b34-4995-bf4e-24cd60f07eb6 None None] database.max_retries = 10 {{(pid=102874) log_opt_values /opt/stack/data/venv/lib/python3.12/site-packages/oslo_config/cfg.py:3253}}
Jul 10 18:50:16.651869 np0000005042 devstack@g-api.service[102873]: DEBUG glance.common.config [None req-89e12839-1d80-419b-9ef3-584d842d3b9a None None] database.pool_timeout = None {{(pid=102873) log_opt_values /opt/stack/data/venv/lib/python3.12/site-packages/oslo_config/cfg.py:3253}}
Jul 10 18:50:16.651905 np0000005042 devstack@g-api.service[102874]: DEBUG glance.common.config [None req-1e8a8623-5b34-4995-bf4e-24cd60f07eb6 None None] database.mysql_sql_mode = TRADITIONAL {{(pid=102874) log_opt_values /opt/stack/data/venv/lib/python3.12/site-packages/oslo_config/cfg.py:3253}}
Jul 10 18:50:16.651943 np0000005042 devstack@g-api.service[102873]: DEBUG glance.common.config [None req-89e12839-1d80-419b-9ef3-584d842d3b9a None None] database.retry_interval = 10 {{(pid=102873) log_opt_values /opt/stack/data/venv/lib/python3.12/site-packages/oslo_config/cfg.py:3253}}
Jul 10 18:50:16.651982 np0000005042 devstack@g-api.service[102874]: DEBUG glance.common.config [None req-1e8a8623-5b34-4995-bf4e-24cd60f07eb6 None None] database.mysql_wsrep_sync_wait = None {{(pid=102874) log_opt_values /opt/stack/data/venv/lib/python3.12/site-packages/oslo_config/cfg.py:3253}}
Jul 10 18:50:16.652023 np0000005042 devstack@g-api.service[102873]: DEBUG glance.common.config [None req-89e12839-1d80-419b-9ef3-584d842d3b9a None None] database.slave_connection = **** {{(pid=102873) log_opt_values /opt/stack/data/venv/lib/python3.12/site-packages/oslo_config/cfg.py:3253}}
Jul 10 18:50:16.652057 np0000005042 devstack@g-api.service[102874]: DEBUG glance.common.config [None req-1e8a8623-5b34-4995-bf4e-24cd60f07eb6 None None] database.pool_timeout = None {{(pid=102874) log_opt_values /opt/stack/data/venv/lib/python3.12/site-packages/oslo_config/cfg.py:3253}}
Jul 10 18:50:16.652093 np0000005042 devstack@g-api.service[102873]: DEBUG glance.common.config [None req-89e12839-1d80-419b-9ef3-584d842d3b9a None None] database.sqlite_synchronous = True {{(pid=102873) log_opt_values /opt/stack/data/venv/lib/python3.12/site-packages/oslo_config/cfg.py:3253}}
Jul 10 18:50:16.652133 np0000005042 devstack@g-api.service[102874]: DEBUG glance.common.config [None req-1e8a8623-5b34-4995-bf4e-24cd60f07eb6 None None] database.retry_interval = 10 {{(pid=102874) log_opt_values /opt/stack/data/venv/lib/python3.12/site-packages/oslo_config/cfg.py:3253}}
Jul 10 18:50:16.652167 np0000005042 devstack@g-api.service[102873]: DEBUG glance.common.config [None req-89e12839-1d80-419b-9ef3-584d842d3b9a None None] database.synchronous_reader = True {{(pid=102873) log_opt_values /opt/stack/data/venv/lib/python3.12/site-packages/oslo_config/cfg.py:3253}}
Jul 10 18:50:16.652200 np0000005042 devstack@g-api.service[102874]: DEBUG glance.common.config [None req-1e8a8623-5b34-4995-bf4e-24cd60f07eb6 None None] database.slave_connection = **** {{(pid=102874) log_opt_values /opt/stack/data/venv/lib/python3.12/site-packages/oslo_config/cfg.py:3253}}
Jul 10 18:50:16.652233 np0000005042 devstack@g-api.service[102873]: DEBUG glance.common.config [None req-89e12839-1d80-419b-9ef3-584d842d3b9a None None] database.use_db_reconnect = False {{(pid=102873) log_opt_values /opt/stack/data/venv/lib/python3.12/site-packages/oslo_config/cfg.py:3253}}
Jul 10 18:50:16.652274 np0000005042 devstack@g-api.service[102874]: DEBUG glance.common.config [None req-1e8a8623-5b34-4995-bf4e-24cd60f07eb6 None None] database.sqlite_synchronous = True {{(pid=102874) log_opt_values /opt/stack/data/venv/lib/python3.12/site-packages/oslo_config/cfg.py:3253}}
Jul 10 18:50:16.652310 np0000005042 devstack@g-api.service[102873]: DEBUG glance.common.config [None req-89e12839-1d80-419b-9ef3-584d842d3b9a None None] healthcheck.allowed_source_ranges = [] {{(pid=102873) log_opt_values /opt/stack/data/venv/lib/python3.12/site-packages/oslo_config/cfg.py:3253}}
Jul 10 18:50:16.652348 np0000005042 devstack@g-api.service[102874]: DEBUG glance.common.config [None req-1e8a8623-5b34-4995-bf4e-24cd60f07eb6 None None] database.synchronous_reader = True {{(pid=102874) log_opt_values /opt/stack/data/venv/lib/python3.12/site-packages/oslo_config/cfg.py:3253}}
Jul 10 18:50:16.652383 np0000005042 devstack@g-api.service[102873]: DEBUG glance.common.config [None req-89e12839-1d80-419b-9ef3-584d842d3b9a None None] healthcheck.backends = ['disable_by_file'] {{(pid=102873) log_opt_values /opt/stack/data/venv/lib/python3.12/site-packages/oslo_config/cfg.py:3253}}
Jul 10 18:50:16.652435 np0000005042 devstack@g-api.service[102874]: DEBUG glance.common.config [None req-1e8a8623-5b34-4995-bf4e-24cd60f07eb6 None None] database.use_db_reconnect = False {{(pid=102874) log_opt_values /opt/stack/data/venv/lib/python3.12/site-packages/oslo_config/cfg.py:3253}}
Jul 10 18:50:16.652470 np0000005042 devstack@g-api.service[102873]: DEBUG glance.common.config [None req-89e12839-1d80-419b-9ef3-584d842d3b9a None None] healthcheck.detailed = False {{(pid=102873) log_opt_values /opt/stack/data/venv/lib/python3.12/site-packages/oslo_config/cfg.py:3253}}
Jul 10 18:50:16.652504 np0000005042 devstack@g-api.service[102874]: DEBUG glance.common.config [None req-1e8a8623-5b34-4995-bf4e-24cd60f07eb6 None None] healthcheck.allowed_source_ranges = [] {{(pid=102874) log_opt_values /opt/stack/data/venv/lib/python3.12/site-packages/oslo_config/cfg.py:3253}}
Jul 10 18:50:16.652504 np0000005042 devstack@g-api.service[102874]: DEBUG glance.common.config [None req-1e8a8623-5b34-4995-bf4e-24cd60f07eb6 None None] healthcheck.backends = ['disable_by_file'] {{(pid=102874) log_opt_values /opt/stack/data/venv/lib/python3.12/site-packages/oslo_config/cfg.py:3253}}
Jul 10 18:50:16.652564 np0000005042 devstack@g-api.service[102873]: DEBUG glance.common.config [None req-89e12839-1d80-419b-9ef3-584d842d3b9a None None] healthcheck.disable_by_file_path = None {{(pid=102873) log_opt_values /opt/stack/data/venv/lib/python3.12/site-packages/oslo_config/cfg.py:3253}}
Jul 10 18:50:16.652604 np0000005042 devstack@g-api.service[102874]: DEBUG glance.common.config [None req-1e8a8623-5b34-4995-bf4e-24cd60f07eb6 None None] healthcheck.detailed = False {{(pid=102874) log_opt_values /opt/stack/data/venv/lib/python3.12/site-packages/oslo_config/cfg.py:3253}}
Jul 10 18:50:16.652638 np0000005042 devstack@g-api.service[102873]: DEBUG glance.common.config [None req-89e12839-1d80-419b-9ef3-584d842d3b9a None None] healthcheck.ignore_proxied_requests = False {{(pid=102873) log_opt_values /opt/stack/data/venv/lib/python3.12/site-packages/oslo_config/cfg.py:3253}}
Jul 10 18:50:16.652638 np0000005042 devstack@g-api.service[102873]: DEBUG glance.common.config [None req-89e12839-1d80-419b-9ef3-584d842d3b9a None None] ******************************************************************************** {{(pid=102873) log_opt_values /opt/stack/data/venv/lib/python3.12/site-packages/oslo_config/cfg.py:3260}}
Jul 10 18:50:16.652712 np0000005042 devstack@g-api.service[102874]: DEBUG glance.common.config [None req-1e8a8623-5b34-4995-bf4e-24cd60f07eb6 None None] healthcheck.disable_by_file_path = None {{(pid=102874) log_opt_values /opt/stack/data/venv/lib/python3.12/site-packages/oslo_config/cfg.py:3253}}
Jul 10 18:50:16.652747 np0000005042 devstack@g-api.service[102873]: WSGI app 0 (mountpoint='') ready in 2 seconds on interpreter 0x78919f8a4668 pid: 102873 (default app)
Jul 10 18:50:16.652788 np0000005042 devstack@g-api.service[102874]: DEBUG glance.common.config [None req-1e8a8623-5b34-4995-bf4e-24cd60f07eb6 None None] healthcheck.ignore_proxied_requests = False {{(pid=102874) log_opt_values /opt/stack/data/venv/lib/python3.12/site-packages/oslo_config/cfg.py:3253}}
Jul 10 18:50:16.652788 np0000005042 devstack@g-api.service[102874]: DEBUG glance.common.config [None req-1e8a8623-5b34-4995-bf4e-24cd60f07eb6 None None] ******************************************************************************** {{(pid=102874) log_opt_values /opt/stack/data/venv/lib/python3.12/site-packages/oslo_config/cfg.py:3260}}
Jul 10 18:50:16.652788 np0000005042 devstack@g-api.service[102874]: WSGI app 0 (mountpoint='') ready in 2 seconds on interpreter 0x78919f8a4668 pid: 102874 (default app)
Jul 10 18:50:18.997769 np0000005042 devstack@g-api.service[102872]: DEBUG glance.api.middleware.version_negotiation [None req-2722f802-c1fd-436d-86a3-17ea287ab1bc None None] Determining version of request: GET / Accept: application/json {{(pid=102872) process_request /opt/stack/glance/glance/api/middleware/version_negotiation.py:44}}
Jul 10 18:50:18.998155 np0000005042 devstack@g-api.service[102872]: DEBUG glance.api.middleware.version_negotiation [None req-2722f802-c1fd-436d-86a3-17ea287ab1bc None None] Using url versioning {{(pid=102872) process_request /opt/stack/glance/glance/api/middleware/version_negotiation.py:57}}
Jul 10 18:50:18.998155 np0000005042 devstack@g-api.service[102872]: DEBUG glance.api.middleware.version_negotiation [None req-2722f802-c1fd-436d-86a3-17ea287ab1bc None None] Unknown version. Returning version choices. {{(pid=102872) process_request /opt/stack/glance/glance/api/middleware/version_negotiation.py:64}}
Jul 10 18:50:18.998593 np0000005042 devstack@g-api.service[102872]: [pid: 102872|app: 0|req: 2/2] 127.0.0.1 () {36 vars in 573 bytes} [Fri Jul 10 18:50:18 2026] GET / => generated 1515 bytes in 1 msecs (HTTP/1.1 300) 3 headers in 106 bytes (1 switches on core 0)
Jul 10 18:50:19.009220 np0000005042 devstack@g-api.service[102871]: DEBUG glance.api.middleware.version_negotiation [None req-6d6e276b-e4ee-47d5-ac16-d8073812b523 None None] Determining version of request: POST /v2/images Accept: */* {{(pid=102871) process_request /opt/stack/glance/glance/api/middleware/version_negotiation.py:44}}
Jul 10 18:50:19.009543 np0000005042 devstack@g-api.service[102871]: DEBUG glance.api.middleware.version_negotiation [None req-6d6e276b-e4ee-47d5-ac16-d8073812b523 None None] Using url versioning {{(pid=102871) process_request /opt/stack/glance/glance/api/middleware/version_negotiation.py:57}}
Jul 10 18:50:19.009900 np0000005042 devstack@g-api.service[102871]: DEBUG glance.api.middleware.version_negotiation [None req-6d6e276b-e4ee-47d5-ac16-d8073812b523 None None] Matched version: v2 {{(pid=102871) process_request /opt/stack/glance/glance/api/middleware/version_negotiation.py:69}}
Jul 10 18:50:19.009997 np0000005042 devstack@g-api.service[102871]: DEBUG glance.api.middleware.version_negotiation [None req-6d6e276b-e4ee-47d5-ac16-d8073812b523 None None] new path /v2/images {{(pid=102871) process_request /opt/stack/glance/glance/api/middleware/version_negotiation.py:70}}
Jul 10 18:50:20.047114 np0000005042 devstack@g-api.service[102871]: [pid: 102871|app: 0|req: 1/3] 127.0.0.1 () {42 vars in 836 bytes} [Fri Jul 10 18:50:19 2026] POST /v2/images => generated 807 bytes in 1038 msecs (HTTP/1.1 201) 6 headers in 315 bytes (1 switches on core 0)
Jul 10 18:50:20.055214 np0000005042 devstack@g-api.service[102873]: DEBUG glance.api.middleware.version_negotiation [None req-89e12839-1d80-419b-9ef3-584d842d3b9a None None] Determining version of request: PUT /v2/images/1fe0856b-d2e4-4b2b-9d7c-7015a33fb03d/stage Accept: {{(pid=102873) process_request /opt/stack/glance/glance/api/middleware/version_negotiation.py:44}}
Jul 10 18:50:20.055598 np0000005042 devstack@g-api.service[102873]: DEBUG glance.api.middleware.version_negotiation [None req-89e12839-1d80-419b-9ef3-584d842d3b9a None None] Using url versioning {{(pid=102873) process_request /opt/stack/glance/glance/api/middleware/version_negotiation.py:57}}
Jul 10 18:50:20.055828 np0000005042 devstack@g-api.service[102873]: DEBUG glance.api.middleware.version_negotiation [None req-89e12839-1d80-419b-9ef3-584d842d3b9a None None] Matched version: v2 {{(pid=102873) process_request /opt/stack/glance/glance/api/middleware/version_negotiation.py:69}}
Jul 10 18:50:20.055946 np0000005042 devstack@g-api.service[102873]: DEBUG glance.api.middleware.version_negotiation [None req-89e12839-1d80-419b-9ef3-584d842d3b9a None None] new path /v2/images/1fe0856b-d2e4-4b2b-9d7c-7015a33fb03d/stage {{(pid=102873) process_request /opt/stack/glance/glance/api/middleware/version_negotiation.py:70}}
Jul 10 18:50:20.650921 np0000005042 devstack@g-api.service[102873]: DEBUG glance_store.backend [None req-ae10f4a5-33b4-47ad-9a7c-4327c513d14d admin admin] Attempting to import store cinder {{(pid=102873) _load_store /opt/stack/data/venv/lib/python3.12/site-packages/glance_store/backend.py:215}}
Jul 10 18:50:20.651048 np0000005042 devstack@g-api.service[102873]: DEBUG glance_store.backend [None req-ae10f4a5-33b4-47ad-9a7c-4327c513d14d admin admin] Attempting to import store file {{(pid=102873) _load_store /opt/stack/data/venv/lib/python3.12/site-packages/glance_store/backend.py:215}}
Jul 10 18:50:20.651199 np0000005042 devstack@g-api.service[102873]: DEBUG glance_store.backend [None req-ae10f4a5-33b4-47ad-9a7c-4327c513d14d admin admin] Attempting to import store glance.store.cinder.Store {{(pid=102873) _load_store /opt/stack/data/venv/lib/python3.12/site-packages/glance_store/backend.py:215}}
Jul 10 18:50:20.651320 np0000005042 devstack@g-api.service[102873]: DEBUG glance_store.backend [None req-ae10f4a5-33b4-47ad-9a7c-4327c513d14d admin admin] Attempting to import store glance.store.filesystem.Store {{(pid=102873) _load_store /opt/stack/data/venv/lib/python3.12/site-packages/glance_store/backend.py:215}}
Jul 10 18:50:20.651442 np0000005042 devstack@g-api.service[102873]: DEBUG glance_store.backend [None req-ae10f4a5-33b4-47ad-9a7c-4327c513d14d admin admin] Attempting to import store glance.store.http.Store {{(pid=102873) _load_store /opt/stack/data/venv/lib/python3.12/site-packages/glance_store/backend.py:215}}
Jul 10 18:50:20.651585 np0000005042 devstack@g-api.service[102873]: DEBUG glance_store.backend [None req-ae10f4a5-33b4-47ad-9a7c-4327c513d14d admin admin] Attempting to import store glance.store.rbd.Store {{(pid=102873) _load_store /opt/stack/data/venv/lib/python3.12/site-packages/glance_store/backend.py:215}}
Jul 10 18:50:20.651706 np0000005042 devstack@g-api.service[102873]: DEBUG glance_store.backend [None req-ae10f4a5-33b4-47ad-9a7c-4327c513d14d admin admin] Attempting to import store glance.store.s3.Store {{(pid=102873) _load_store /opt/stack/data/venv/lib/python3.12/site-packages/glance_store/backend.py:215}}
Jul 10 18:50:20.651857 np0000005042 devstack@g-api.service[102873]: DEBUG glance_store.backend [None req-ae10f4a5-33b4-47ad-9a7c-4327c513d14d admin admin] Attempting to import store glance.store.swift.Store {{(pid=102873) _load_store /opt/stack/data/venv/lib/python3.12/site-packages/glance_store/backend.py:215}}
Jul 10 18:50:20.651975 np0000005042 devstack@g-api.service[102873]: DEBUG glance_store.backend [None req-ae10f4a5-33b4-47ad-9a7c-4327c513d14d admin admin] Attempting to import store glance.store.vmware_datastore.Store {{(pid=102873) _load_store /opt/stack/data/venv/lib/python3.12/site-packages/glance_store/backend.py:215}}
Jul 10 18:50:20.652109 np0000005042 devstack@g-api.service[102873]: DEBUG glance_store.backend [None req-ae10f4a5-33b4-47ad-9a7c-4327c513d14d admin admin] Attempting to import store http {{(pid=102873) _load_store /opt/stack/data/venv/lib/python3.12/site-packages/glance_store/backend.py:215}}
Jul 10 18:50:20.652235 np0000005042 devstack@g-api.service[102873]: DEBUG glance_store.backend [None req-ae10f4a5-33b4-47ad-9a7c-4327c513d14d admin admin] Attempting to import store no_conf {{(pid=102873) _load_store /opt/stack/data/venv/lib/python3.12/site-packages/glance_store/backend.py:215}}
Jul 10 18:50:20.652360 np0000005042 devstack@g-api.service[102873]: DEBUG glance_store.backend [None req-ae10f4a5-33b4-47ad-9a7c-4327c513d14d admin admin] Attempting to import store rbd {{(pid=102873) _load_store /opt/stack/data/venv/lib/python3.12/site-packages/glance_store/backend.py:215}}
Jul 10 18:50:20.652490 np0000005042 devstack@g-api.service[102873]: DEBUG glance_store.backend [None req-ae10f4a5-33b4-47ad-9a7c-4327c513d14d admin admin] Attempting to import store s3 {{(pid=102873) _load_store /opt/stack/data/venv/lib/python3.12/site-packages/glance_store/backend.py:215}}
Jul 10 18:50:20.652635 np0000005042 devstack@g-api.service[102873]: DEBUG glance_store.backend [None req-ae10f4a5-33b4-47ad-9a7c-4327c513d14d admin admin] Attempting to import store swift {{(pid=102873) _load_store /opt/stack/data/venv/lib/python3.12/site-packages/glance_store/backend.py:215}}
Jul 10 18:50:20.652760 np0000005042 devstack@g-api.service[102873]: DEBUG glance_store.backend [None req-ae10f4a5-33b4-47ad-9a7c-4327c513d14d admin admin] Attempting to import store vmware {{(pid=102873) _load_store /opt/stack/data/venv/lib/python3.12/site-packages/glance_store/backend.py:215}}
Jul 10 18:50:20.652980 np0000005042 devstack@g-api.service[102873]: DEBUG glance_store.backend [None req-ae10f4a5-33b4-47ad-9a7c-4327c513d14d admin admin] Registering options for group glance_store {{(pid=102873) register_opts /opt/stack/data/venv/lib/python3.12/site-packages/glance_store/backend.py:144}}
Jul 10 18:50:20.653223 np0000005042 devstack@g-api.service[102873]: DEBUG glance_store.backend [None req-ae10f4a5-33b4-47ad-9a7c-4327c513d14d admin admin] Registering options for group glance_store {{(pid=102873) register_opts /opt/stack/data/venv/lib/python3.12/site-packages/glance_store/backend.py:144}}
Jul 10 18:50:20.653554 np0000005042 devstack@g-api.service[102873]: DEBUG glance_store.backend [None req-ae10f4a5-33b4-47ad-9a7c-4327c513d14d admin admin] Attempting to import store file {{(pid=102873) _load_store /opt/stack/data/venv/lib/python3.12/site-packages/glance_store/backend.py:215}}
Jul 10 18:50:20.653934 np0000005042 devstack@g-api.service[102873]: INFO glance_store._drivers.filesystem [None req-ae10f4a5-33b4-47ad-9a7c-4327c513d14d admin admin] Directory to write image files does not exist (/tmp/staging/). Creating.
Jul 10 18:50:20.654348 np0000005042 devstack@g-api.service[102873]: DEBUG glance_store.capabilities [None req-ae10f4a5-33b4-47ad-9a7c-4327c513d14d admin admin] Store glance_store._drivers.filesystem.Store doesn't support updating dynamic storage capabilities. Please overwrite 'update_capabilities' method of the store to implement updating logics if needed. {{(pid=102873) update_capabilities /opt/stack/data/venv/lib/python3.12/site-packages/glance_store/capabilities.py:91}}
Jul 10 18:50:21.269473 np0000005042 devstack@g-api.service[102873]: DEBUG glance_store._drivers.filesystem [None req-ae10f4a5-33b4-47ad-9a7c-4327c513d14d admin admin] Wrote 21430272 bytes to /tmp/staging/1fe0856b-d2e4-4b2b-9d7c-7015a33fb03d with checksum c8fc807773e5354afe61636071771906 and multihash c8fc807773e5354afe61636071771906 {{(pid=102873) add /opt/stack/data/venv/lib/python3.12/site-packages/glance_store/_drivers/filesystem.py:899}}
Jul 10 18:50:21.291970 np0000005042 devstack@g-api.service[102873]: [pid: 102873|app: 0|req: 1/4] 127.0.0.1 () {42 vars in 931 bytes} [Fri Jul 10 18:50:20 2026] PUT /v2/images/1fe0856b-d2e4-4b2b-9d7c-7015a33fb03d/stage => generated 0 bytes in 1237 msecs (HTTP/1.1 204) 4 headers in 171 bytes (1 switches on core 0)
Jul 10 18:50:21.302165 np0000005042 devstack@g-api.service[102874]: DEBUG glance.api.middleware.version_negotiation [None req-1e8a8623-5b34-4995-bf4e-24cd60f07eb6 None None] Determining version of request: POST /v2/images/1fe0856b-d2e4-4b2b-9d7c-7015a33fb03d/import Accept: */* {{(pid=102874) process_request /opt/stack/glance/glance/api/middleware/version_negotiation.py:44}}
Jul 10 18:50:21.302491 np0000005042 devstack@g-api.service[102874]: DEBUG glance.api.middleware.version_negotiation [None req-1e8a8623-5b34-4995-bf4e-24cd60f07eb6 None None] Using url versioning {{(pid=102874) process_request /opt/stack/glance/glance/api/middleware/version_negotiation.py:57}}
Jul 10 18:50:21.302906 np0000005042 devstack@g-api.service[102874]: DEBUG glance.api.middleware.version_negotiation [None req-1e8a8623-5b34-4995-bf4e-24cd60f07eb6 None None] Matched version: v2 {{(pid=102874) process_request /opt/stack/glance/glance/api/middleware/version_negotiation.py:69}}
Jul 10 18:50:21.303022 np0000005042 devstack@g-api.service[102874]: DEBUG glance.api.middleware.version_negotiation [None req-1e8a8623-5b34-4995-bf4e-24cd60f07eb6 None None] new path /v2/images/1fe0856b-d2e4-4b2b-9d7c-7015a33fb03d/import {{(pid=102874) process_request /opt/stack/glance/glance/api/middleware/version_negotiation.py:70}}
Jul 10 18:50:21.947111 np0000005042 devstack@g-api.service[102874]: DEBUG glance.domain [None req-f2bd998c-b2de-4923-a14b-c4ebd90eb9aa admin admin] Loading taskflow executor {{(pid=102874) new_task_executor /opt/stack/glance/glance/domain/__init__.py:515}}
Jul 10 18:50:22.125064 np0000005042 devstack@g-api.service[102874]: DEBUG oslo_concurrency.lockutils [None req-f2bd998c-b2de-4923-a14b-c4ebd90eb9aa admin admin] Acquiring lock "tasks_pool" by "glance.api.common.memoize..memoizer_wrapper..memoizer" {{(pid=102874) inner /opt/stack/data/venv/lib/python3.12/site-packages/oslo_concurrency/lockutils.py:511}}
Jul 10 18:50:22.125229 np0000005042 devstack@g-api.service[102874]: DEBUG oslo_concurrency.lockutils [None req-f2bd998c-b2de-4923-a14b-c4ebd90eb9aa admin admin] Lock "tasks_pool" acquired by "glance.api.common.memoize..memoizer_wrapper..memoizer" :: waited 0.001s {{(pid=102874) inner /opt/stack/data/venv/lib/python3.12/site-packages/oslo_concurrency/lockutils.py:524}}
Jul 10 18:50:22.125680 np0000005042 devstack@g-api.service[102874]: DEBUG glance.api.common [None req-f2bd998c-b2de-4923-a14b-c4ebd90eb9aa admin admin] Initializing named threadpool 'tasks_pool' {{(pid=102874) _get_thread_pool /opt/stack/glance/glance/api/common.py:242}}
Jul 10 18:50:22.126152 np0000005042 devstack@g-api.service[102874]: DEBUG glance.async_ [None req-f2bd998c-b2de-4923-a14b-c4ebd90eb9aa admin admin] Creating threadpool model 'ThreadPoolExecutor' with size 16 {{(pid=102874) __init__ /opt/stack/glance/glance/async_/__init__.py:100}}
Jul 10 18:50:22.126275 np0000005042 devstack@g-api.service[102874]: DEBUG oslo_concurrency.lockutils [None req-f2bd998c-b2de-4923-a14b-c4ebd90eb9aa admin admin] Lock "tasks_pool" "released" by "glance.api.common.memoize..memoizer_wrapper..memoizer" :: held 0.001s {{(pid=102874) inner /opt/stack/data/venv/lib/python3.12/site-packages/oslo_concurrency/lockutils.py:543}}
Jul 10 18:50:22.126381 np0000005042 devstack@g-api.service[102874]: DEBUG glance.async_ [None req-f2bd998c-b2de-4923-a14b-c4ebd90eb9aa admin admin] Spawning with ThreadPoolExecutor: >((,), {}) {{(pid=102874) spawn /opt/stack/glance/glance/async_/__init__.py:106}}
Jul 10 18:50:22.128392 np0000005042 devstack@g-api.service[102874]: [pid: 102874|app: 0|req: 1/5] 127.0.0.1 () {42 vars in 923 bytes} [Fri Jul 10 18:50:21 2026] POST /v2/images/1fe0856b-d2e4-4b2b-9d7c-7015a33fb03d/import => generated 0 bytes in 826 msecs (HTTP/1.1 202) 4 headers in 169 bytes (1 switches on core 0)
Jul 10 18:50:22.130779 np0000005042 devstack@g-api.service[102874]: INFO glance.domain [-] Task [cc86ffea-1169-4ac1-b971-25f135787143] status changing from pending to processing
Jul 10 18:50:22.136546 np0000005042 devstack@g-api.service[102872]: DEBUG glance.api.middleware.version_negotiation [None req-2722f802-c1fd-436d-86a3-17ea287ab1bc None None] Determining version of request: GET /v2/images/1fe0856b-d2e4-4b2b-9d7c-7015a33fb03d Accept: */* {{(pid=102872) process_request /opt/stack/glance/glance/api/middleware/version_negotiation.py:44}}
Jul 10 18:50:22.136797 np0000005042 devstack@g-api.service[102872]: DEBUG glance.api.middleware.version_negotiation [None req-2722f802-c1fd-436d-86a3-17ea287ab1bc None None] Using url versioning {{(pid=102872) process_request /opt/stack/glance/glance/api/middleware/version_negotiation.py:57}}
Jul 10 18:50:22.137114 np0000005042 devstack@g-api.service[102872]: DEBUG glance.api.middleware.version_negotiation [None req-2722f802-c1fd-436d-86a3-17ea287ab1bc None None] Matched version: v2 {{(pid=102872) process_request /opt/stack/glance/glance/api/middleware/version_negotiation.py:69}}
Jul 10 18:50:22.137218 np0000005042 devstack@g-api.service[102872]: DEBUG glance.api.middleware.version_negotiation [None req-2722f802-c1fd-436d-86a3-17ea287ab1bc None None] new path /v2/images/1fe0856b-d2e4-4b2b-9d7c-7015a33fb03d {{(pid=102872) process_request /opt/stack/glance/glance/api/middleware/version_negotiation.py:70}}
Jul 10 18:50:22.141797 np0000005042 devstack@g-api.service[102874]: DEBUG glance.async_.taskflow_executor [-] Taskflow executor picked up the execution of task ID cc86ffea-1169-4ac1-b971-25f135787143 of task type api_image_import {{(pid=102874) _run /opt/stack/glance/glance/async_/taskflow_executor.py:175}}
Jul 10 18:50:22.162594 np0000005042 devstack@g-api.service[102874]: DEBUG glance_store.backend [-] Attempting to import store cinder {{(pid=102874) _load_store /opt/stack/data/venv/lib/python3.12/site-packages/glance_store/backend.py:215}}
Jul 10 18:50:22.162724 np0000005042 devstack@g-api.service[102874]: DEBUG glance_store.backend [-] Attempting to import store file {{(pid=102874) _load_store /opt/stack/data/venv/lib/python3.12/site-packages/glance_store/backend.py:215}}
Jul 10 18:50:22.162764 np0000005042 devstack@g-api.service[102874]: DEBUG glance_store.backend [-] Attempting to import store glance.store.cinder.Store {{(pid=102874) _load_store /opt/stack/data/venv/lib/python3.12/site-packages/glance_store/backend.py:215}}
Jul 10 18:50:22.162848 np0000005042 devstack@g-api.service[102874]: DEBUG glance_store.backend [-] Attempting to import store glance.store.filesystem.Store {{(pid=102874) _load_store /opt/stack/data/venv/lib/python3.12/site-packages/glance_store/backend.py:215}}
Jul 10 18:50:22.162945 np0000005042 devstack@g-api.service[102874]: DEBUG glance_store.backend [-] Attempting to import store glance.store.http.Store {{(pid=102874) _load_store /opt/stack/data/venv/lib/python3.12/site-packages/glance_store/backend.py:215}}
Jul 10 18:50:22.163051 np0000005042 devstack@g-api.service[102874]: DEBUG glance_store.backend [-] Attempting to import store glance.store.rbd.Store {{(pid=102874) _load_store /opt/stack/data/venv/lib/python3.12/site-packages/glance_store/backend.py:215}}
Jul 10 18:50:22.163143 np0000005042 devstack@g-api.service[102874]: DEBUG glance_store.backend [-] Attempting to import store glance.store.s3.Store {{(pid=102874) _load_store /opt/stack/data/venv/lib/python3.12/site-packages/glance_store/backend.py:215}}
Jul 10 18:50:22.163219 np0000005042 devstack@g-api.service[102874]: DEBUG glance_store.backend [-] Attempting to import store glance.store.swift.Store {{(pid=102874) _load_store /opt/stack/data/venv/lib/python3.12/site-packages/glance_store/backend.py:215}}
Jul 10 18:50:22.163294 np0000005042 devstack@g-api.service[102874]: DEBUG glance_store.backend [-] Attempting to import store glance.store.vmware_datastore.Store {{(pid=102874) _load_store /opt/stack/data/venv/lib/python3.12/site-packages/glance_store/backend.py:215}}
Jul 10 18:50:22.163373 np0000005042 devstack@g-api.service[102874]: DEBUG glance_store.backend [-] Attempting to import store http {{(pid=102874) _load_store /opt/stack/data/venv/lib/python3.12/site-packages/glance_store/backend.py:215}}
Jul 10 18:50:22.163467 np0000005042 devstack@g-api.service[102874]: DEBUG glance_store.backend [-] Attempting to import store no_conf {{(pid=102874) _load_store /opt/stack/data/venv/lib/python3.12/site-packages/glance_store/backend.py:215}}
Jul 10 18:50:22.163551 np0000005042 devstack@g-api.service[102874]: DEBUG glance_store.backend [-] Attempting to import store rbd {{(pid=102874) _load_store /opt/stack/data/venv/lib/python3.12/site-packages/glance_store/backend.py:215}}
Jul 10 18:50:22.163622 np0000005042 devstack@g-api.service[102874]: DEBUG glance_store.backend [-] Attempting to import store s3 {{(pid=102874) _load_store /opt/stack/data/venv/lib/python3.12/site-packages/glance_store/backend.py:215}}
Jul 10 18:50:22.163692 np0000005042 devstack@g-api.service[102874]: DEBUG glance_store.backend [-] Attempting to import store swift {{(pid=102874) _load_store /opt/stack/data/venv/lib/python3.12/site-packages/glance_store/backend.py:215}}
Jul 10 18:50:22.163763 np0000005042 devstack@g-api.service[102874]: DEBUG glance_store.backend [-] Attempting to import store vmware {{(pid=102874) _load_store /opt/stack/data/venv/lib/python3.12/site-packages/glance_store/backend.py:215}}
Jul 10 18:50:22.163870 np0000005042 devstack@g-api.service[102874]: DEBUG glance_store.backend [-] Registering options for group glance_store {{(pid=102874) register_opts /opt/stack/data/venv/lib/python3.12/site-packages/glance_store/backend.py:144}}
Jul 10 18:50:22.163963 np0000005042 devstack@g-api.service[102874]: DEBUG glance_store.backend [-] Registering options for group glance_store {{(pid=102874) register_opts /opt/stack/data/venv/lib/python3.12/site-packages/glance_store/backend.py:144}}
Jul 10 18:50:22.164226 np0000005042 devstack@g-api.service[102874]: DEBUG glance_store.backend [-] Attempting to import store file {{(pid=102874) _load_store /opt/stack/data/venv/lib/python3.12/site-packages/glance_store/backend.py:215}}
Jul 10 18:50:22.164574 np0000005042 devstack@g-api.service[102874]: DEBUG glance_store.capabilities [-] Store glance_store._drivers.filesystem.Store doesn't support updating dynamic storage capabilities. Please overwrite 'update_capabilities' method of the store to implement updating logics if needed. {{(pid=102874) update_capabilities /opt/stack/data/venv/lib/python3.12/site-packages/glance_store/capabilities.py:91}}
Jul 10 18:50:22.172351 np0000005042 devstack@g-api.service[102874]: DEBUG glance.async_.flows.api_image_import [-] Image 1fe0856b-d2e4-4b2b-9d7c-7015a33fb03d os_glance_importing_to_stores= {{(pid=102874) merge_store_list /opt/stack/glance/glance/async_/flows/api_image_import.py:297}}
Jul 10 18:50:22.172455 np0000005042 devstack@g-api.service[102874]: DEBUG glance.async_.flows.api_image_import [-] Image 1fe0856b-d2e4-4b2b-9d7c-7015a33fb03d os_glance_failed_import= {{(pid=102874) merge_store_list /opt/stack/glance/glance/async_/flows/api_image_import.py:297}}
Jul 10 18:50:22.173602 np0000005042 devstack@g-api.service[102872]: [pid: 102872|app: 0|req: 3/6] 127.0.0.1 () {38 vars in 856 bytes} [Fri Jul 10 18:50:22 2026] GET /v2/images/1fe0856b-d2e4-4b2b-9d7c-7015a33fb03d => generated 879 bytes in 37 msecs (HTTP/1.1 200) 4 headers in 157 bytes (1 switches on core 0)
Jul 10 18:50:22.176996 np0000005042 devstack@g-api.service[102874]: DEBUG glance.async_.flows.api_image_import [-] Image 1fe0856b-d2e4-4b2b-9d7c-7015a33fb03d status changing from uploading to importing {{(pid=102874) __exit__ /opt/stack/glance/glance/async_/flows/api_image_import.py:184}}
Jul 10 18:50:22.660332 np0000005042 devstack@g-api.service[102874]: DEBUG glance.async_ [-] Creating threadpool model 'ThreadPoolExecutor' with size 10 {{(pid=102874) __init__ /opt/stack/glance/glance/async_/__init__.py:100}}
Jul 10 18:50:22.673747 np0000005042 devstack@g-api.service[102874]: DEBUG glance.async_.taskflow_executor [-] Flow 'api_image_import' (41dea9ea-095a-481b-95aa-c7791e13de9b) transitioned into state 'RUNNING' from state 'PENDING' {{(pid=102874) _flow_receiver /opt/stack/data/venv/lib/python3.12/site-packages/taskflow/listeners/logging.py:160}}
Jul 10 18:50:22.675583 np0000005042 devstack@g-api.service[102874]: DEBUG glance.async_.taskflow_executor [-] Task 'api_image_import-ImageLock-cc86ffea-1169-4ac1-b971-25f135787143' (1dad24eb-2f18-4009-a4de-31c9c7fef465) transitioned into state 'RUNNING' from state 'PENDING' {{(pid=102874) _task_receiver /opt/stack/data/venv/lib/python3.12/site-packages/taskflow/listeners/logging.py:242}}
Jul 10 18:50:22.682471 np0000005042 devstack@g-api.service[102874]: DEBUG glance.async_.flows.api_image_import [-] Image 1fe0856b-d2e4-4b2b-9d7c-7015a33fb03d import task cc86ffea-1169-4ac1-b971-25f135787143 lock confirmed {{(pid=102874) execute /opt/stack/glance/glance/async_/flows/api_image_import.py:497}}
Jul 10 18:50:22.683162 np0000005042 devstack@g-api.service[102874]: DEBUG glance.async_.taskflow_executor [-] Task 'api_image_import-ImageLock-cc86ffea-1169-4ac1-b971-25f135787143' (1dad24eb-2f18-4009-a4de-31c9c7fef465) transitioned into state 'SUCCESS' from state 'RUNNING' with result 'None' {{(pid=102874) _task_receiver /opt/stack/data/venv/lib/python3.12/site-packages/taskflow/listeners/logging.py:218}}
Jul 10 18:50:22.683890 np0000005042 devstack@g-api.service[102874]: DEBUG glance.async_.taskflow_executor [-] Task 'api_image_import-ConfigureStaging-cc86ffea-1169-4ac1-b971-25f135787143' (759763b6-487e-491b-afb4-65c16bfffbae) transitioned into state 'RUNNING' from state 'PENDING' {{(pid=102874) _task_receiver /opt/stack/data/venv/lib/python3.12/site-packages/taskflow/listeners/logging.py:242}}
Jul 10 18:50:22.684552 np0000005042 devstack@g-api.service[102874]: DEBUG glance.async_.taskflow_executor [-] Task 'api_image_import-ConfigureStaging-cc86ffea-1169-4ac1-b971-25f135787143' (759763b6-487e-491b-afb4-65c16bfffbae) transitioned into state 'SUCCESS' from state 'RUNNING' with result 'file:///tmp/staging/1fe0856b-d2e4-4b2b-9d7c-7015a33fb03d' {{(pid=102874) _task_receiver /opt/stack/data/venv/lib/python3.12/site-packages/taskflow/listeners/logging.py:218}}
Jul 10 18:50:22.685220 np0000005042 devstack@g-api.service[102874]: DEBUG glance.async_.taskflow_executor [-] Task 'api_image_import--ImportToStore-cc86ffea-1169-4ac1-b971-25f135787143' (966a673a-7775-4a64-a45c-bbadf3f036b3) transitioned into state 'RUNNING' from state 'PENDING' {{(pid=102874) _task_receiver /opt/stack/data/venv/lib/python3.12/site-packages/taskflow/listeners/logging.py:242}}
Jul 10 18:50:22.689648 np0000005042 devstack@g-api.service[102874]: INFO glance.common.scripts.image_import.main [-] Task cc86ffea-1169-4ac1-b971-25f135787143: Got image data uri file:///tmp/staging/1fe0856b-d2e4-4b2b-9d7c-7015a33fb03d to be imported
Jul 10 18:50:22.690965 np0000005042 devstack@g-api.service[102874]: DEBUG glance.location [-] Enabling in-flight format inspection for qcow2 {{(pid=102874) set_data /opt/stack/glance/glance/location.py:596}}
Jul 10 18:50:22.691286 np0000005042 devstack@g-api.service[102874]: DEBUG glance_store.backend [-] Attempting to import store swift {{(pid=102874) _load_store /opt/stack/data/venv/lib/python3.12/site-packages/glance_store/backend.py:215}}
Jul 10 18:50:22.692658 np0000005042 devstack@g-api.service[102874]: DEBUG glance_store.capabilities [-] Store glance_store._drivers.swift.store.SingleTenantStore doesn't support updating dynamic storage capabilities. Please overwrite 'update_capabilities' method of the store to implement updating logics if needed. {{(pid=102874) update_capabilities /opt/stack/data/venv/lib/python3.12/site-packages/glance_store/capabilities.py:91}}
Jul 10 18:50:22.692759 np0000005042 devstack@g-api.service[102874]: DEBUG glance_store.driver [-] Late loading location class glance_store._drivers.swift.store.StoreLocation {{(pid=102874) get_store_location_class /opt/stack/data/venv/lib/python3.12/site-packages/glance_store/driver.py:134}}
Jul 10 18:50:22.692875 np0000005042 devstack@g-api.service[102874]: DEBUG glance_store.location [-] Registering scheme swift+https with {'store': , 'location_class': , 'store_entry': 'swift'} {{(pid=102874) register_scheme_map /opt/stack/data/venv/lib/python3.12/site-packages/glance_store/location.py:146}}
Jul 10 18:50:22.692976 np0000005042 devstack@g-api.service[102874]: DEBUG glance_store.location [-] Registering scheme swift+https with {'store': , 'location_class': , 'store_entry': 'swift'} {{(pid=102874) register_scheme_map /opt/stack/data/venv/lib/python3.12/site-packages/glance_store/location.py:146}}
Jul 10 18:50:22.693054 np0000005042 devstack@g-api.service[102874]: DEBUG glance_store.location [-] Registering scheme swift with {'store': , 'location_class': , 'store_entry': 'swift'} {{(pid=102874) register_scheme_map /opt/stack/data/venv/lib/python3.12/site-packages/glance_store/location.py:146}}
Jul 10 18:50:22.693127 np0000005042 devstack@g-api.service[102874]: DEBUG glance_store.location [-] Registering scheme swift+https with {'store': , 'location_class': , 'store_entry': 'swift'} {{(pid=102874) register_scheme_map /opt/stack/data/venv/lib/python3.12/site-packages/glance_store/location.py:146}}
Jul 10 18:50:22.693194 np0000005042 devstack@g-api.service[102874]: DEBUG glance_store.location [-] Registering scheme swift with {'store': , 'location_class': , 'store_entry': 'swift'} {{(pid=102874) register_scheme_map /opt/stack/data/venv/lib/python3.12/site-packages/glance_store/location.py:146}}
Jul 10 18:50:22.693265 np0000005042 devstack@g-api.service[102874]: DEBUG glance_store.location [-] Registering scheme swift+http with {'store': , 'location_class': , 'store_entry': 'swift'} {{(pid=102874) register_scheme_map /opt/stack/data/venv/lib/python3.12/site-packages/glance_store/location.py:146}}
Jul 10 18:50:22.693363 np0000005042 devstack@g-api.service[102874]: DEBUG glance_store.location [-] Registering scheme swift+https with {'store': , 'location_class': , 'store_entry': 'swift'} {{(pid=102874) register_scheme_map /opt/stack/data/venv/lib/python3.12/site-packages/glance_store/location.py:146}}
Jul 10 18:50:22.693452 np0000005042 devstack@g-api.service[102874]: DEBUG glance_store.location [-] Registering scheme swift with {'store': , 'location_class': , 'store_entry': 'swift'} {{(pid=102874) register_scheme_map /opt/stack/data/venv/lib/python3.12/site-packages/glance_store/location.py:146}}
Jul 10 18:50:22.693546 np0000005042 devstack@g-api.service[102874]: DEBUG glance_store.location [-] Registering scheme swift+http with {'store': , 'location_class': , 'store_entry': 'swift'} {{(pid=102874) register_scheme_map /opt/stack/data/venv/lib/python3.12/site-packages/glance_store/location.py:146}}
Jul 10 18:50:22.693612 np0000005042 devstack@g-api.service[102874]: DEBUG glance_store.location [-] Registering scheme swift+config with {'store': , 'location_class': , 'store_entry': 'swift'} {{(pid=102874) register_scheme_map /opt/stack/data/venv/lib/python3.12/site-packages/glance_store/location.py:146}}
Jul 10 18:50:23.119414 np0000005042 devstack@g-api.service[102874]: INFO swiftclient [-] REQ: curl -i https://10.4.3.225:8080/v1/AUTH_2d3e79d23ea342a6a087bd6fbe0bd456/glance -I -H "X-Auth-Token: gAAAAABqUT7uhZq_..."
Jul 10 18:50:23.119483 np0000005042 devstack@g-api.service[102874]: INFO swiftclient [-] RESP STATUS: 404 Not Found
Jul 10 18:50:23.119612 np0000005042 devstack@g-api.service[102874]: INFO swiftclient [-] RESP HEADERS: {'Date': 'Fri, 10 Jul 2026 18:50:23 GMT', 'Server': 'Apache/2.4.58 (Ubuntu)', 'Content-Type': 'text/html; charset=UTF-8', 'X-Trans-Id': 'txb19a7f0c9fc34783980ce-006a513eee', 'X-Openstack-Request-Id': 'txb19a7f0c9fc34783980ce-006a513eee', 'Connection': 'close'}
Jul 10 18:50:23.119875 np0000005042 devstack@g-api.service[102874]: INFO glance_store._drivers.swift.store [-] Creating swift container glance
Jul 10 18:50:23.178525 np0000005042 devstack@g-api.service[102874]: DEBUG swiftclient [-] REQ: curl -i https://10.4.3.225:8080/v1/AUTH_2d3e79d23ea342a6a087bd6fbe0bd456/glance -X PUT -H "X-Auth-Token: gAAAAABqUT7uhZq_..." -H "Content-Length: 0" {{(pid=102874) http_log /opt/stack/data/venv/lib/python3.12/site-packages/swiftclient/client.py:160}}
Jul 10 18:50:23.178694 np0000005042 devstack@g-api.service[102874]: DEBUG swiftclient [-] RESP STATUS: 201 Created {{(pid=102874) http_log /opt/stack/data/venv/lib/python3.12/site-packages/swiftclient/client.py:161}}
Jul 10 18:50:23.178694 np0000005042 devstack@g-api.service[102874]: DEBUG swiftclient [-] RESP HEADERS: {'Date': 'Fri, 10 Jul 2026 18:50:23 GMT', 'Server': 'Apache/2.4.58 (Ubuntu)', 'Content-Type': 'text/html; charset=UTF-8', 'Content-Length': '0', 'X-Trans-Id': 'tx96fba15bb4834d8f97407-006a513eef', 'X-Openstack-Request-Id': 'tx96fba15bb4834d8f97407-006a513eef', 'Connection': 'close'} {{(pid=102874) http_log /opt/stack/data/venv/lib/python3.12/site-packages/swiftclient/client.py:162}}
Jul 10 18:50:23.178852 np0000005042 devstack@g-api.service[102874]: DEBUG glance_store._drivers.swift.store [-] Adding image object '1fe0856b-d2e4-4b2b-9d7c-7015a33fb03d' to Swift {{(pid=102874) add /opt/stack/data/venv/lib/python3.12/site-packages/glance_store/_drivers/swift/store.py:970}}
Jul 10 18:50:23.183888 np0000005042 devstack@g-api.service[102874]: DEBUG oslo_utils.imageutils.format_inspector [-] Format inspector for vmdk does not match, excluding from consideration (Signature KDMV not found: b'QFI\xfb') {{(pid=102874) _process_chunk /opt/stack/data/venv/lib/python3.12/site-packages/oslo_utils/imageutils/format_inspector.py:1758}}
Jul 10 18:50:23.188502 np0000005042 devstack@g-api.service[102874]: DEBUG oslo_utils.imageutils.format_inspector [-] Format inspector for vhdx does not match, excluding from consideration (Region signature not found at 30000) {{(pid=102874) _process_chunk /opt/stack/data/venv/lib/python3.12/site-packages/oslo_utils/imageutils/format_inspector.py:1758}}
Jul 10 18:50:23.493349 np0000005042 devstack@g-api.service[102874]: DEBUG swiftclient [-] REQ: curl -i https://10.4.3.225:8080/v1/AUTH_2d3e79d23ea342a6a087bd6fbe0bd456/glance/1fe0856b-d2e4-4b2b-9d7c-7015a33fb03d -X PUT -H "X-Auth-Token: gAAAAABqUT7uhZq_..." -H "Content-Length: 21430272" {{(pid=102874) http_log /opt/stack/data/venv/lib/python3.12/site-packages/swiftclient/client.py:160}}
Jul 10 18:50:23.493415 np0000005042 devstack@g-api.service[102874]: DEBUG swiftclient [-] RESP STATUS: 201 Created {{(pid=102874) http_log /opt/stack/data/venv/lib/python3.12/site-packages/swiftclient/client.py:161}}
Jul 10 18:50:23.493579 np0000005042 devstack@g-api.service[102874]: DEBUG swiftclient [-] RESP HEADERS: {'Date': 'Fri, 10 Jul 2026 18:50:23 GMT', 'Server': 'Apache/2.4.58 (Ubuntu)', 'Content-Type': 'text/html; charset=UTF-8', 'Content-Length': '0', 'Etag': 'c8fc807773e5354afe61636071771906', 'Last-Modified': 'Fri, 10 Jul 2026 18:50:24 GMT', 'X-Trans-Id': 'tx51dbe2dc4d9543be81f58-006a513eef', 'X-Openstack-Request-Id': 'tx51dbe2dc4d9543be81f58-006a513eef', 'Connection': 'close'} {{(pid=102874) http_log /opt/stack/data/venv/lib/python3.12/site-packages/swiftclient/client.py:162}}
Jul 10 18:50:23.506586 np0000005042 devstack@g-api.service[102874]: INFO glance.location [-] Image format matched and virtual size computed: 117440512
Jul 10 18:50:23.513867 np0000005042 devstack@g-api.service[102874]: DEBUG glance.async_.flows.api_image_import [-] Image 1fe0856b-d2e4-4b2b-9d7c-7015a33fb03d status changing from importing to active {{(pid=102874) __exit__ /opt/stack/glance/glance/async_/flows/api_image_import.py:184}}
Jul 10 18:50:23.533165 np0000005042 devstack@g-api.service[102874]: DEBUG glance_store.backend [-] Attempting to import store swift {{(pid=102874) _load_store /opt/stack/data/venv/lib/python3.12/site-packages/glance_store/backend.py:215}}
Jul 10 18:50:23.534332 np0000005042 devstack@g-api.service[102874]: DEBUG glance_store.capabilities [-] Store glance_store._drivers.swift.store.SingleTenantStore doesn't support updating dynamic storage capabilities. Please overwrite 'update_capabilities' method of the store to implement updating logics if needed. {{(pid=102874) update_capabilities /opt/stack/data/venv/lib/python3.12/site-packages/glance_store/capabilities.py:91}}
Jul 10 18:50:23.534390 np0000005042 devstack@g-api.service[102874]: DEBUG glance_store.driver [-] Late loading location class glance_store._drivers.swift.store.StoreLocation {{(pid=102874) get_store_location_class /opt/stack/data/venv/lib/python3.12/site-packages/glance_store/driver.py:134}}
Jul 10 18:50:23.534490 np0000005042 devstack@g-api.service[102874]: DEBUG glance_store.location [-] Registering scheme swift+https with {'store': , 'location_class': , 'store_entry': 'swift'} {{(pid=102874) register_scheme_map /opt/stack/data/venv/lib/python3.12/site-packages/glance_store/location.py:146}}
