May 27 05:51:47.573910 np0000001493 nova-scheduler[95731]: DEBUG cotyledon.oslo_config_glue [-] oslo_limit.connect_retry_delay = None {{(pid=95731) log_opt_values /opt/stack/data/venv/lib/python3.12/site-packages/oslo_config/cfg.py:3256}}
May 27 05:51:47.574213 np0000001493 nova-scheduler[95731]: DEBUG cotyledon.oslo_config_glue [-] oslo_limit.endpoint_id = None {{(pid=95731) log_opt_values /opt/stack/data/venv/lib/python3.12/site-packages/oslo_config/cfg.py:3256}}
May 27 05:51:47.574213 np0000001493 nova-scheduler[95731]: DEBUG cotyledon.oslo_config_glue [-] oslo_limit.endpoint_interface = public {{(pid=95731) log_opt_values /opt/stack/data/venv/lib/python3.12/site-packages/oslo_config/cfg.py:3256}}
May 27 05:51:47.574213 np0000001493 nova-scheduler[95731]: DEBUG cotyledon.oslo_config_glue [-] oslo_limit.endpoint_override = None {{(pid=95731) log_opt_values /opt/stack/data/venv/lib/python3.12/site-packages/oslo_config/cfg.py:3256}}
May 27 05:51:47.574213 np0000001493 nova-scheduler[95731]: DEBUG cotyledon.oslo_config_glue [-] oslo_limit.endpoint_region_name = None {{(pid=95731) log_opt_values /opt/stack/data/venv/lib/python3.12/site-packages/oslo_config/cfg.py:3256}}
May 27 05:51:47.574213 np0000001493 nova-scheduler[95731]: DEBUG cotyledon.oslo_config_glue [-] oslo_limit.endpoint_service_name = None {{(pid=95731) log_opt_values /opt/stack/data/venv/lib/python3.12/site-packages/oslo_config/cfg.py:3256}}
May 27 05:51:47.574213 np0000001493 nova-scheduler[95731]: DEBUG cotyledon.oslo_config_glue [-] oslo_limit.endpoint_service_type = None {{(pid=95731) log_opt_values /opt/stack/data/venv/lib/python3.12/site-packages/oslo_config/cfg.py:3256}}
May 27 05:51:47.574213 np0000001493 nova-scheduler[95731]: DEBUG cotyledon.oslo_config_glue [-] oslo_limit.insecure = False {{(pid=95731) log_opt_values /opt/stack/data/venv/lib/python3.12/site-packages/oslo_config/cfg.py:3256}}
May 27 05:51:47.574213 np0000001493 nova-scheduler[95731]: DEBUG cotyledon.oslo_config_glue [-] oslo_limit.keyfile = None {{(pid=95731) log_opt_values /opt/stack/data/venv/lib/python3.12/site-packages/oslo_config/cfg.py:3256}}
May 27 05:51:47.574213 np0000001493 nova-scheduler[95731]: DEBUG cotyledon.oslo_config_glue [-] oslo_limit.max_version = None {{(pid=95731) log_opt_values /opt/stack/data/venv/lib/python3.12/site-packages/oslo_config/cfg.py:3256}}
May 27 05:51:47.574519 np0000001493 nova-scheduler[95731]: DEBUG cotyledon.oslo_config_glue [-] oslo_limit.min_version = None {{(pid=95731) log_opt_values /opt/stack/data/venv/lib/python3.12/site-packages/oslo_config/cfg.py:3256}}
May 27 05:51:47.574519 np0000001493 nova-scheduler[95731]: DEBUG cotyledon.oslo_config_glue [-] oslo_limit.region_name = None {{(pid=95731) log_opt_values /opt/stack/data/venv/lib/python3.12/site-packages/oslo_config/cfg.py:3256}}
May 27 05:51:47.574519 np0000001493 nova-scheduler[95731]: DEBUG cotyledon.oslo_config_glue [-] oslo_limit.retriable_status_codes = None {{(pid=95731) log_opt_values /opt/stack/data/venv/lib/python3.12/site-packages/oslo_config/cfg.py:3256}}
May 27 05:51:47.574519 np0000001493 nova-scheduler[95731]: DEBUG cotyledon.oslo_config_glue [-] oslo_limit.service_name = None {{(pid=95731) log_opt_values /opt/stack/data/venv/lib/python3.12/site-packages/oslo_config/cfg.py:3256}}
May 27 05:51:47.574519 np0000001493 nova-scheduler[95731]: DEBUG cotyledon.oslo_config_glue [-] oslo_limit.service_type = None {{(pid=95731) log_opt_values /opt/stack/data/venv/lib/python3.12/site-packages/oslo_config/cfg.py:3256}}
May 27 05:51:47.574519 np0000001493 nova-scheduler[95731]: DEBUG cotyledon.oslo_config_glue [-] oslo_limit.split_loggers = False {{(pid=95731) log_opt_values /opt/stack/data/venv/lib/python3.12/site-packages/oslo_config/cfg.py:3256}}
May 27 05:51:47.574519 np0000001493 nova-scheduler[95731]: DEBUG cotyledon.oslo_config_glue [-] oslo_limit.status_code_retries = None {{(pid=95731) log_opt_values /opt/stack/data/venv/lib/python3.12/site-packages/oslo_config/cfg.py:3256}}
May 27 05:51:47.574519 np0000001493 nova-scheduler[95731]: DEBUG cotyledon.oslo_config_glue [-] oslo_limit.status_code_retry_delay = None {{(pid=95731) log_opt_values /opt/stack/data/venv/lib/python3.12/site-packages/oslo_config/cfg.py:3256}}
May 27 05:51:47.574519 np0000001493 nova-scheduler[95731]: DEBUG cotyledon.oslo_config_glue [-] oslo_limit.timeout = None {{(pid=95731) log_opt_values /opt/stack/data/venv/lib/python3.12/site-packages/oslo_config/cfg.py:3256}}
May 27 05:51:47.574886 np0000001493 nova-scheduler[95731]: DEBUG cotyledon.oslo_config_glue [-] oslo_limit.valid_interfaces = None {{(pid=95731) log_opt_values /opt/stack/data/venv/lib/python3.12/site-packages/oslo_config/cfg.py:3256}}
May 27 05:51:47.574886 np0000001493 nova-scheduler[95731]: DEBUG cotyledon.oslo_config_glue [-] oslo_limit.version = None {{(pid=95731) log_opt_values /opt/stack/data/venv/lib/python3.12/site-packages/oslo_config/cfg.py:3256}}
May 27 05:51:47.574886 np0000001493 nova-scheduler[95731]: DEBUG cotyledon.oslo_config_glue [-] oslo_reports.file_event_handler = None {{(pid=95731) log_opt_values /opt/stack/data/venv/lib/python3.12/site-packages/oslo_config/cfg.py:3256}}
May 27 05:51:47.574886 np0000001493 nova-scheduler[95731]: DEBUG cotyledon.oslo_config_glue [-] oslo_reports.file_event_handler_interval = 1 {{(pid=95731) log_opt_values /opt/stack/data/venv/lib/python3.12/site-packages/oslo_config/cfg.py:3256}}
May 27 05:51:47.574886 np0000001493 nova-scheduler[95731]: DEBUG cotyledon.oslo_config_glue [-] oslo_reports.log_dir = None {{(pid=95731) log_opt_values /opt/stack/data/venv/lib/python3.12/site-packages/oslo_config/cfg.py:3256}}
May 27 05:51:47.574886 np0000001493 nova-scheduler[95731]: DEBUG cotyledon.oslo_config_glue [-] ******************************************************************************** {{(pid=95731) log_opt_values /opt/stack/data/venv/lib/python3.12/site-packages/oslo_config/cfg.py:3263}}
May 27 05:51:47.574886 np0000001493 nova-scheduler[95731]: DEBUG cotyledon._service_worker [-] Run service ServiceWrapper(2) [95731] {{(pid=95731) wait_forever /opt/stack/data/venv/lib/python3.12/site-packages/cotyledon/_service_worker.py:218}}
May 27 05:51:47.574886 np0000001493 nova-scheduler[95731]: INFO nova.service [-] Starting scheduler node (version 33.1.0)
May 27 05:51:47.575165 np0000001493 nova-scheduler[95727]: DEBUG oslo_db.sqlalchemy.engines [None req-d2de85f2-823c-4b3e-ac31-e6ca6aa17711 None None] MySQL server mode set to STRICT_TRANS_TABLES,STRICT_ALL_TABLES,NO_ZERO_IN_DATE,NO_ZERO_DATE,ERROR_FOR_DIVISION_BY_ZERO,TRADITIONAL,NO_ENGINE_SUBSTITUTION {{(pid=95727) _check_effective_sql_mode /opt/stack/data/venv/lib/python3.12/site-packages/oslo_db/sqlalchemy/engines.py:325}}
May 27 05:51:47.575211 np0000001493 nova-scheduler[95731]: INFO dbcounter [None req-f02858a7-d228-4b61-bac1-1b4c0b727621 None None] Registered counter for database nova_cell0
May 27 05:51:47.575252 np0000001493 nova-scheduler[95727]: DEBUG dbcounter [-] [95727] Writer thread running {{(pid=95727) stat_writer /opt/stack/data/venv/lib/python3.12/site-packages/dbcounter.py:102}}
May 27 05:51:47.575293 np0000001493 nova-scheduler[95729]: DEBUG oslo_db.sqlalchemy.engines [None req-40283adf-9371-40f9-918d-dd381b986ec9 None None] MySQL server mode set to STRICT_TRANS_TABLES,STRICT_ALL_TABLES,NO_ZERO_IN_DATE,NO_ZERO_DATE,ERROR_FOR_DIVISION_BY_ZERO,TRADITIONAL,NO_ENGINE_SUBSTITUTION {{(pid=95729) _check_effective_sql_mode /opt/stack/data/venv/lib/python3.12/site-packages/oslo_db/sqlalchemy/engines.py:325}}
May 27 05:51:47.575293 np0000001493 nova-scheduler[95729]: DEBUG dbcounter [-] [95729] Writer thread running {{(pid=95729) stat_writer /opt/stack/data/venv/lib/python3.12/site-packages/dbcounter.py:102}}
May 27 05:51:47.581435 np0000001493 nova-scheduler[95727]: DEBUG nova.service [None req-d2de85f2-823c-4b3e-ac31-e6ca6aa17711 None None] Creating RPC server for service: nova-scheduler on topic: scheduler {{(pid=95727) start /opt/stack/nova/nova/service.py:195}}
May 27 05:51:47.589032 np0000001493 nova-scheduler[95729]: DEBUG nova.service [None req-40283adf-9371-40f9-918d-dd381b986ec9 None None] Creating RPC server for service: nova-scheduler on topic: scheduler {{(pid=95729) start /opt/stack/nova/nova/service.py:195}}
May 27 05:51:47.610849 np0000001493 nova-scheduler[95727]: DEBUG nova.service [None req-d2de85f2-823c-4b3e-ac31-e6ca6aa17711 None None] Join ServiceGroup membership for this service scheduler {{(pid=95727) start /opt/stack/nova/nova/service.py:221}}
May 27 05:51:47.611035 np0000001493 nova-scheduler[95729]: DEBUG nova.service [None req-40283adf-9371-40f9-918d-dd381b986ec9 None None] Join ServiceGroup membership for this service scheduler {{(pid=95729) start /opt/stack/nova/nova/service.py:221}}
May 27 05:51:47.611095 np0000001493 nova-scheduler[95727]: DEBUG nova.servicegroup.drivers.db [None req-d2de85f2-823c-4b3e-ac31-e6ca6aa17711 None None] DB_Driver: join new ServiceGroup member np0000001493 to the scheduler group, service = {{(pid=95727) join /opt/stack/nova/nova/servicegroup/drivers/db.py:44}}
May 27 05:51:47.611517 np0000001493 nova-scheduler[95729]: DEBUG nova.servicegroup.drivers.db [None req-40283adf-9371-40f9-918d-dd381b986ec9 None None] DB_Driver: join new ServiceGroup member np0000001493 to the scheduler group, service = {{(pid=95729) join /opt/stack/nova/nova/servicegroup/drivers/db.py:44}}
May 27 05:51:47.621300 np0000001493 nova-scheduler[95731]: DEBUG oslo_db.sqlalchemy.engines [None req-f02858a7-d228-4b61-bac1-1b4c0b727621 None None] MySQL server mode set to STRICT_TRANS_TABLES,STRICT_ALL_TABLES,NO_ZERO_IN_DATE,NO_ZERO_DATE,ERROR_FOR_DIVISION_BY_ZERO,TRADITIONAL,NO_ENGINE_SUBSTITUTION {{(pid=95731) _check_effective_sql_mode /opt/stack/data/venv/lib/python3.12/site-packages/oslo_db/sqlalchemy/engines.py:325}}
May 27 05:51:47.629936 np0000001493 nova-scheduler[95731]: DEBUG dbcounter [-] [95731] Writer thread running {{(pid=95731) stat_writer /opt/stack/data/venv/lib/python3.12/site-packages/dbcounter.py:102}}
May 27 05:51:47.632490 np0000001493 nova-scheduler[95731]: DEBUG nova.service [None req-f02858a7-d228-4b61-bac1-1b4c0b727621 None None] Creating RPC server for service: nova-scheduler on topic: scheduler {{(pid=95731) start /opt/stack/nova/nova/service.py:195}}
May 27 05:51:47.648118 np0000001493 nova-scheduler[95731]: DEBUG nova.service [None req-f02858a7-d228-4b61-bac1-1b4c0b727621 None None] Join ServiceGroup membership for this service scheduler {{(pid=95731) start /opt/stack/nova/nova/service.py:221}}
May 27 05:51:47.648249 np0000001493 nova-scheduler[95731]: DEBUG nova.servicegroup.drivers.db [None req-f02858a7-d228-4b61-bac1-1b4c0b727621 None None] DB_Driver: join new ServiceGroup member np0000001493 to the scheduler group, service = {{(pid=95731) join /opt/stack/nova/nova/servicegroup/drivers/db.py:44}}
May 27 05:51:50.650159 np0000001493 nova-scheduler[95731]: DEBUG oslo.service.backend._threading.loopingcall [None req-85b0717c-a367-455e-b01e-4d71d42e0be1 None None] Dynamic interval looping call 'nova.service.Service.periodic_tasks' sleeping for 60.00 seconds {{(pid=95731) _run_loop /opt/stack/data/venv/lib/python3.12/site-packages/oslo_service/backend/_threading/loopingcall.py:125}}
May 27 05:51:52.624423 np0000001493 nova-scheduler[95727]: DEBUG oslo.service.backend._threading.loopingcall [-] Fixed interval looping call 'nova.servicegroup.drivers.db.DbDriver._report_state' sleeping for 119.99 seconds {{(pid=95727) _run_loop /opt/stack/data/venv/lib/python3.12/site-packages/oslo_service/backend/_threading/loopingcall.py:125}}
May 27 05:51:52.625052 np0000001493 nova-scheduler[95729]: DEBUG oslo.service.backend._threading.loopingcall [-] Fixed interval looping call 'nova.servicegroup.drivers.db.DbDriver._report_state' sleeping for 119.99 seconds {{(pid=95729) _run_loop /opt/stack/data/venv/lib/python3.12/site-packages/oslo_service/backend/_threading/loopingcall.py:125}}
May 27 05:51:52.658137 np0000001493 nova-scheduler[95731]: DEBUG oslo.service.backend._threading.loopingcall [-] Fixed interval looping call 'nova.servicegroup.drivers.db.DbDriver._report_state' sleeping for 119.99 seconds {{(pid=95731) _run_loop /opt/stack/data/venv/lib/python3.12/site-packages/oslo_service/backend/_threading/loopingcall.py:125}}
May 27 05:51:53.613257 np0000001493 nova-scheduler[95727]: DEBUG oslo.service.backend._threading.loopingcall [None req-aa96282e-a485-446e-8c47-badea1a91936 None None] Dynamic interval looping call 'nova.service.Service.periodic_tasks' sleeping for 60.00 seconds {{(pid=95727) _run_loop /opt/stack/data/venv/lib/python3.12/site-packages/oslo_service/backend/_threading/loopingcall.py:125}}
May 27 05:51:56.168702 np0000001493 nova-scheduler[94454]: DEBUG dbcounter [-] [94454] Writing DB stats nova_api:SELECT=3 {{(pid=94454) stat_writer /opt/stack/data/venv/lib/python3.12/site-packages/dbcounter.py:115}}
May 27 05:51:56.313436 np0000001493 nova-scheduler[94454]: DEBUG dbcounter [-] [94454] Writing DB stats nova_cell1:SELECT=1 {{(pid=94454) stat_writer /opt/stack/data/venv/lib/python3.12/site-packages/dbcounter.py:115}}
May 27 05:51:56.318933 np0000001493 nova-scheduler[94454]: DEBUG dbcounter [-] [94454] Writing DB stats nova_cell0:SELECT=1 {{(pid=94454) stat_writer /opt/stack/data/venv/lib/python3.12/site-packages/dbcounter.py:115}}
May 27 05:52:02.622879 np0000001493 nova-scheduler[95729]: DEBUG dbcounter [-] [95729] Writing DB stats nova_cell0:SELECT=5,nova_cell0:INSERT=1,nova_cell0:UPDATE=1 {{(pid=95729) stat_writer /opt/stack/data/venv/lib/python3.12/site-packages/dbcounter.py:115}}
May 27 05:52:02.625852 np0000001493 nova-scheduler[95727]: DEBUG dbcounter [-] [95727] Writing DB stats nova_cell0:SELECT=4,nova_cell0:INSERT=1,nova_cell0:UPDATE=1 {{(pid=95727) stat_writer /opt/stack/data/venv/lib/python3.12/site-packages/dbcounter.py:115}}
May 27 05:52:02.657429 np0000001493 nova-scheduler[95731]: DEBUG dbcounter [-] [95731] Writing DB stats nova_cell0:SELECT=3 {{(pid=95731) stat_writer /opt/stack/data/venv/lib/python3.12/site-packages/dbcounter.py:115}}
May 27 05:52:42.613673 np0000001493 nova-scheduler[95729]: DEBUG oslo.service.backend._threading.loopingcall [None req-e2bbb79b-20f1-4480-8a00-486e33c4b253 None None] Dynamic interval looping call 'nova.service.Service.periodic_tasks' sleeping for 60.00 seconds {{(pid=95729) _run_loop /opt/stack/data/venv/lib/python3.12/site-packages/oslo_service/backend/_threading/loopingcall.py:125}}
May 27 05:52:50.650627 np0000001493 nova-scheduler[95731]: DEBUG oslo.service.backend._threading.loopingcall [None req-85b0717c-a367-455e-b01e-4d71d42e0be1 None None] Dynamic interval looping call 'nova.service.Service.periodic_tasks' sleeping for 60.00 seconds {{(pid=95731) _run_loop /opt/stack/data/venv/lib/python3.12/site-packages/oslo_service/backend/_threading/loopingcall.py:125}}
May 27 05:52:53.613736 np0000001493 nova-scheduler[95727]: DEBUG oslo.service.backend._threading.loopingcall [None req-aa96282e-a485-446e-8c47-badea1a91936 None None] Dynamic interval looping call 'nova.service.Service.periodic_tasks' sleeping for 60.00 seconds {{(pid=95727) _run_loop /opt/stack/data/venv/lib/python3.12/site-packages/oslo_service/backend/_threading/loopingcall.py:125}}
May 27 05:53:42.614139 np0000001493 nova-scheduler[95729]: DEBUG oslo.service.backend._threading.loopingcall [None req-e2bbb79b-20f1-4480-8a00-486e33c4b253 None None] Dynamic interval looping call 'nova.service.Service.periodic_tasks' sleeping for 60.00 seconds {{(pid=95729) _run_loop /opt/stack/data/venv/lib/python3.12/site-packages/oslo_service/backend/_threading/loopingcall.py:125}}
May 27 05:53:50.651102 np0000001493 nova-scheduler[95731]: DEBUG oslo.service.backend._threading.loopingcall [None req-85b0717c-a367-455e-b01e-4d71d42e0be1 None None] Dynamic interval looping call 'nova.service.Service.periodic_tasks' sleeping for 60.00 seconds {{(pid=95731) _run_loop /opt/stack/data/venv/lib/python3.12/site-packages/oslo_service/backend/_threading/loopingcall.py:125}}
May 27 05:53:52.624221 np0000001493 nova-scheduler[95727]: DEBUG oslo.service.backend._threading.loopingcall [-] Fixed interval looping call 'nova.servicegroup.drivers.db.DbDriver._report_state' sleeping for 119.99 seconds {{(pid=95727) _run_loop /opt/stack/data/venv/lib/python3.12/site-packages/oslo_service/backend/_threading/loopingcall.py:125}}
May 27 05:53:52.624750 np0000001493 nova-scheduler[95729]: DEBUG oslo.service.backend._threading.loopingcall [-] Fixed interval looping call 'nova.servicegroup.drivers.db.DbDriver._report_state' sleeping for 119.99 seconds {{(pid=95729) _run_loop /opt/stack/data/venv/lib/python3.12/site-packages/oslo_service/backend/_threading/loopingcall.py:125}}
May 27 05:53:52.651836 np0000001493 nova-scheduler[95731]: DEBUG oslo.service.backend._threading.loopingcall [-] Fixed interval looping call 'nova.servicegroup.drivers.db.DbDriver._report_state' sleeping for 120.00 seconds {{(pid=95731) _run_loop /opt/stack/data/venv/lib/python3.12/site-packages/oslo_service/backend/_threading/loopingcall.py:125}}
May 27 05:53:53.614190 np0000001493 nova-scheduler[95727]: DEBUG oslo.service.backend._threading.loopingcall [None req-aa96282e-a485-446e-8c47-badea1a91936 None None] Dynamic interval looping call 'nova.service.Service.periodic_tasks' sleeping for 60.00 seconds {{(pid=95727) _run_loop /opt/stack/data/venv/lib/python3.12/site-packages/oslo_service/backend/_threading/loopingcall.py:125}}
May 27 05:54:02.618318 np0000001493 nova-scheduler[95729]: DEBUG dbcounter [-] [95729] Writing DB stats nova_cell0:SELECT=1,nova_cell0:UPDATE=1 {{(pid=95729) stat_writer /opt/stack/data/venv/lib/python3.12/site-packages/dbcounter.py:115}}
May 27 05:54:02.618784 np0000001493 nova-scheduler[95727]: DEBUG dbcounter [-] [95727] Writing DB stats nova_cell0:SELECT=1,nova_cell0:UPDATE=1 {{(pid=95727) stat_writer /opt/stack/data/venv/lib/python3.12/site-packages/dbcounter.py:115}}
May 27 05:54:02.649887 np0000001493 nova-scheduler[95731]: DEBUG dbcounter [-] [95731] Writing DB stats nova_cell0:SELECT=1 {{(pid=95731) stat_writer /opt/stack/data/venv/lib/python3.12/site-packages/dbcounter.py:115}}
May 27 05:54:34.016526 np0000001493 nova-scheduler[95727]: DEBUG nova.scheduler.manager [None req-a3e3c4e7-588f-424a-8049-1ed3b9fd5463 tempest-ServerActionsTestOtherB-533636288 tempest-ServerActionsTestOtherB-533636288-project-member] Starting to schedule for instances: ['ebbbfd2b-4c71-4612-a3d6-2e1548b5802e'] {{(pid=95727) select_destinations /opt/stack/nova/nova/scheduler/manager.py:210}}
May 27 05:54:34.017214 np0000001493 nova-scheduler[95727]: DEBUG nova.scheduler.request_filter [None req-a3e3c4e7-588f-424a-8049-1ed3b9fd5463 tempest-ServerActionsTestOtherB-533636288 tempest-ServerActionsTestOtherB-533636288-project-member] compute_status_filter request filter added forbidden trait COMPUTE_STATUS_DISABLED {{(pid=95727) compute_status_filter /opt/stack/nova/nova/scheduler/request_filter.py:253}}
May 27 05:54:34.017331 np0000001493 nova-scheduler[95727]: DEBUG nova.scheduler.request_filter [None req-a3e3c4e7-588f-424a-8049-1ed3b9fd5463 tempest-ServerActionsTestOtherB-533636288 tempest-ServerActionsTestOtherB-533636288-project-member] Request filter 'compute_status_filter' took 0.0 seconds {{(pid=95727) wrapper /opt/stack/nova/nova/scheduler/request_filter.py:46}}
May 27 05:54:34.017526 np0000001493 nova-scheduler[95727]: DEBUG nova.scheduler.request_filter [None req-a3e3c4e7-588f-424a-8049-1ed3b9fd5463 tempest-ServerActionsTestOtherB-533636288 tempest-ServerActionsTestOtherB-533636288-project-member] Request filter 'accelerators_filter' took 0.0 seconds {{(pid=95727) wrapper /opt/stack/nova/nova/scheduler/request_filter.py:46}}
May 27 05:54:34.017736 np0000001493 nova-scheduler[95727]: DEBUG nova.scheduler.request_filter [None req-a3e3c4e7-588f-424a-8049-1ed3b9fd5463 tempest-ServerActionsTestOtherB-533636288 tempest-ServerActionsTestOtherB-533636288-project-member] Request filter 'packed_virtqueue_filter' took 0.0 seconds {{(pid=95727) wrapper /opt/stack/nova/nova/scheduler/request_filter.py:46}}
May 27 05:54:34.017986 np0000001493 nova-scheduler[95727]: DEBUG nova.scheduler.request_filter [None req-a3e3c4e7-588f-424a-8049-1ed3b9fd5463 tempest-ServerActionsTestOtherB-533636288 tempest-ServerActionsTestOtherB-533636288-project-member] Request filter 'remote_managed_ports_filter' took 0.0 seconds {{(pid=95727) wrapper /opt/stack/nova/nova/scheduler/request_filter.py:46}}
May 27 05:54:34.018114 np0000001493 nova-scheduler[95727]: DEBUG nova.scheduler.request_filter [None req-a3e3c4e7-588f-424a-8049-1ed3b9fd5463 tempest-ServerActionsTestOtherB-533636288 tempest-ServerActionsTestOtherB-533636288-project-member] ephemeral_encryption_filter skipped {{(pid=95727) ephemeral_encryption_filter /opt/stack/nova/nova/scheduler/request_filter.py:426}}
May 27 05:54:34.018237 np0000001493 nova-scheduler[95727]: DEBUG nova.scheduler.request_filter [None req-a3e3c4e7-588f-424a-8049-1ed3b9fd5463 tempest-ServerActionsTestOtherB-533636288 tempest-ServerActionsTestOtherB-533636288-project-member] virtio_sound_filter skipped {{(pid=95727) virtio_sound_filter /opt/stack/nova/nova/scheduler/request_filter.py:460}}
May 27 05:54:34.018353 np0000001493 nova-scheduler[95727]: DEBUG nova.scheduler.request_filter [None req-a3e3c4e7-588f-424a-8049-1ed3b9fd5463 tempest-ServerActionsTestOtherB-533636288 tempest-ServerActionsTestOtherB-533636288-project-member] tpm_secret_security_filter skipped {{(pid=95727) tpm_secret_security_filter /opt/stack/nova/nova/scheduler/request_filter.py:477}}
May 27 05:54:34.545773 np0000001493 nova-scheduler[95727]: INFO nova.utils [None req-a3e3c4e7-588f-424a-8049-1ed3b9fd5463 tempest-ServerActionsTestOtherB-533636288 tempest-ServerActionsTestOtherB-533636288-project-member] The cell worker thread pool ForkProcess-1.cell_worker is initialized
May 27 05:54:34.546198 np0000001493 nova-scheduler[95727]: DEBUG oslo_concurrency.lockutils [None req-a3e3c4e7-588f-424a-8049-1ed3b9fd5463 tempest-ServerActionsTestOtherB-533636288 tempest-ServerActionsTestOtherB-533636288-project-member] Acquiring lock "cba765c3-4243-4218-86a0-7da134dcecbb" by "nova.context.set_target_cell..get_or_set_cached_cell_and_set_connections" {{(pid=95727) inner /opt/stack/data/venv/lib/python3.12/site-packages/oslo_concurrency/lockutils.py:511}}
May 27 05:54:34.546714 np0000001493 nova-scheduler[95727]: DEBUG oslo_concurrency.lockutils [None req-a3e3c4e7-588f-424a-8049-1ed3b9fd5463 tempest-ServerActionsTestOtherB-533636288 tempest-ServerActionsTestOtherB-533636288-project-member] Lock "cba765c3-4243-4218-86a0-7da134dcecbb" acquired by "nova.context.set_target_cell..get_or_set_cached_cell_and_set_connections" :: waited 0.000s {{(pid=95727) inner /opt/stack/data/venv/lib/python3.12/site-packages/oslo_concurrency/lockutils.py:524}}
May 27 05:54:34.548437 np0000001493 nova-scheduler[95727]: DEBUG oslo_concurrency.lockutils [None req-a3e3c4e7-588f-424a-8049-1ed3b9fd5463 tempest-ServerActionsTestOtherB-533636288 tempest-ServerActionsTestOtherB-533636288-project-member] Lock "cba765c3-4243-4218-86a0-7da134dcecbb" "released" by "nova.context.set_target_cell..get_or_set_cached_cell_and_set_connections" :: held 0.002s {{(pid=95727) inner /opt/stack/data/venv/lib/python3.12/site-packages/oslo_concurrency/lockutils.py:543}}
May 27 05:54:34.550667 np0000001493 nova-scheduler[95727]: INFO dbcounter [None req-a3e3c4e7-588f-424a-8049-1ed3b9fd5463 tempest-ServerActionsTestOtherB-533636288 tempest-ServerActionsTestOtherB-533636288-project-member] Registered counter for database nova_cell1
May 27 05:54:34.594974 np0000001493 nova-scheduler[95727]: DEBUG oslo_db.sqlalchemy.engines [None req-a3e3c4e7-588f-424a-8049-1ed3b9fd5463 tempest-ServerActionsTestOtherB-533636288 tempest-ServerActionsTestOtherB-533636288-project-member] MySQL server mode set to STRICT_TRANS_TABLES,STRICT_ALL_TABLES,NO_ZERO_IN_DATE,NO_ZERO_DATE,ERROR_FOR_DIVISION_BY_ZERO,TRADITIONAL,NO_ENGINE_SUBSTITUTION {{(pid=95727) _check_effective_sql_mode /opt/stack/data/venv/lib/python3.12/site-packages/oslo_db/sqlalchemy/engines.py:325}}
May 27 05:54:34.601440 np0000001493 nova-scheduler[95727]: DEBUG dbcounter [-] [95727] Writer thread running {{(pid=95727) stat_writer /opt/stack/data/venv/lib/python3.12/site-packages/dbcounter.py:102}}
May 27 05:54:34.615286 np0000001493 nova-scheduler[95727]: DEBUG oslo_db.sqlalchemy.engines [None req-a3e3c4e7-588f-424a-8049-1ed3b9fd5463 tempest-ServerActionsTestOtherB-533636288 tempest-ServerActionsTestOtherB-533636288-project-member] Parent process 94454 forked (95727) with an open database connection, which is being discarded and recreated. {{(pid=95727) checkout /opt/stack/data/venv/lib/python3.12/site-packages/oslo_db/sqlalchemy/engines.py:402}}
May 27 05:54:34.658749 np0000001493 nova-scheduler[95727]: DEBUG dbcounter [-] [95727] Writer thread running {{(pid=95727) stat_writer /opt/stack/data/venv/lib/python3.12/site-packages/dbcounter.py:102}}
May 27 05:54:34.661284 np0000001493 nova-scheduler[95727]: DEBUG oslo_concurrency.lockutils [None req-a3e3c4e7-588f-424a-8049-1ed3b9fd5463 tempest-ServerActionsTestOtherB-533636288 tempest-ServerActionsTestOtherB-533636288-project-member] Acquiring lock "cba765c3-4243-4218-86a0-7da134dcecbb" by "nova.context.set_target_cell..get_or_set_cached_cell_and_set_connections" {{(pid=95727) inner /opt/stack/data/venv/lib/python3.12/site-packages/oslo_concurrency/lockutils.py:511}}
May 27 05:54:34.661514 np0000001493 nova-scheduler[95727]: DEBUG oslo_concurrency.lockutils [None req-a3e3c4e7-588f-424a-8049-1ed3b9fd5463 tempest-ServerActionsTestOtherB-533636288 tempest-ServerActionsTestOtherB-533636288-project-member] Lock "cba765c3-4243-4218-86a0-7da134dcecbb" acquired by "nova.context.set_target_cell..get_or_set_cached_cell_and_set_connections" :: waited 0.000s {{(pid=95727) inner /opt/stack/data/venv/lib/python3.12/site-packages/oslo_concurrency/lockutils.py:524}}
May 27 05:54:34.661811 np0000001493 nova-scheduler[95727]: DEBUG oslo_concurrency.lockutils [None req-a3e3c4e7-588f-424a-8049-1ed3b9fd5463 tempest-ServerActionsTestOtherB-533636288 tempest-ServerActionsTestOtherB-533636288-project-member] Lock "cba765c3-4243-4218-86a0-7da134dcecbb" "released" by "nova.context.set_target_cell..get_or_set_cached_cell_and_set_connections" :: held 0.000s {{(pid=95727) inner /opt/stack/data/venv/lib/python3.12/site-packages/oslo_concurrency/lockutils.py:543}}
May 27 05:54:34.666297 np0000001493 nova-scheduler[95727]: DEBUG oslo_concurrency.lockutils [None req-a3e3c4e7-588f-424a-8049-1ed3b9fd5463 tempest-ServerActionsTestOtherB-533636288 tempest-ServerActionsTestOtherB-533636288-project-member] Acquiring lock "('np0000001493', 'np0000001493')" by "nova.scheduler.host_manager.HostState.update.._locked_update" {{(pid=95727) inner /opt/stack/data/venv/lib/python3.12/site-packages/oslo_concurrency/lockutils.py:511}}
May 27 05:54:34.666515 np0000001493 nova-scheduler[95727]: DEBUG oslo_concurrency.lockutils [None req-a3e3c4e7-588f-424a-8049-1ed3b9fd5463 tempest-ServerActionsTestOtherB-533636288 tempest-ServerActionsTestOtherB-533636288-project-member] Lock "('np0000001493', 'np0000001493')" acquired by "nova.scheduler.host_manager.HostState.update.._locked_update" :: waited 0.000s {{(pid=95727) inner /opt/stack/data/venv/lib/python3.12/site-packages/oslo_concurrency/lockutils.py:524}}
May 27 05:54:34.667815 np0000001493 nova-scheduler[95727]: DEBUG nova.scheduler.host_manager [None req-a3e3c4e7-588f-424a-8049-1ed3b9fd5463 tempest-ServerActionsTestOtherB-533636288 tempest-ServerActionsTestOtherB-533636288-project-member] Update host state from compute node: ComputeNode(cpu_allocation_ratio=4.0,cpu_info='{"arch": "x86_64", "model": "EPYC-Milan", "vendor": "AMD", "topology": {"cells": 1, "sockets": 12, "cores": 1, "threads": 1}, "maxphysaddr": {"mode": "emulate", "bits": 40}, "features": ["osvw", "xsavec", "nx", "tsc_adjust", "pfthreshold", "pku", "aes", "avx2", "pni", "lahf_lm", "mtrr", "pae", "fpu", "ssbd", "adx", "amd-stibp", "wbnoinvd", "hypervisor", "msr", "stibp-always-on", "arch-capabilities", "avx", "fxsr", "fma", "fsgsbase", "spec-ctrl", "sha-ni", "sse4.2", "v-vmsave-vmload", "pschange-mc-no", "lfence-always-serializing", "no-nested-data-bp", "pse36", "erms", "rdrand", "sep", "popcnt", "virt-ssbd", "ibrs", "3dnowprefetch", "arat", "f16c", "pat", "bmi1", "lbrv", "ssse3", "misalignsse", "xsave", "clwb", "clzero", "mce", "de", "null-sel-clr-base", "apic", "pclmuldq", "cx16", "vaes", "pge", "rdpid", "tsc-scale", "mds-no", "amd-psfd", "tsc-deadline", "smap", "sse4.1", "vgif", "smep", "cmp_legacy", "svme-addr-chk", "flushbyasid", "pcid", "cx8", "sse", "mmxext", "stibp", "mmx", "pdpe1gb", "umip", "clflush", "rdtscp", "sse2", "syscall", "invpcid", "movbe", "vpclmulqdq", "xsaves", "nrip-save", "npt", "bmi2", "pause-filter", "perfctr_core", "amd-ssbd", "x2apic", "xsaveopt", "fsrm", "cr8legacy", "rdseed", "topoext", "abm", "xsaveerptr", "tsc", "vmcb-clean", "rdctl-no", "cmov", "clflushopt", "mca", "pse", "ibpb", "vme", "skip-l1dfl-vmentry", "sse4a", "fxsr_opt", "svm", "lm", "gds-no", "xgetbv1"]}',created_at=2026-05-27T05:52:12Z,current_workload=0,deleted=False,deleted_at=None,disk_allocation_ratio=1.0,disk_available_least=74,free_disk_gb=95,free_ram_mb=23518,host='np0000001493',host_ip=10.4.3.250,hypervisor_hostname='np0000001493',hypervisor_type='QEMU',hypervisor_version=8002002,id=1,local_gb=95,local_gb_used=0,mapped=1,memory_mb=24030,memory_mb_used=512,metrics='[]',numa_topology='{"nova_object.name": "NUMATopology", "nova_object.namespace": "nova", "nova_object.version": "1.2", "nova_object.data": {"cells": [{"nova_object.name": "NUMACell", "nova_object.namespace": "nova", "nova_object.version": "1.5", "nova_object.data": {"id": 0, "cpuset": [0, 1, 2, 3, 4, 5, 6, 7, 8, 9, 10, 11], "pcpuset": [0, 1, 2, 3, 4, 5, 6, 7, 8, 9, 10, 11], "memory": 24030, "cpu_usage": 0, "memory_usage": 0, "pinned_cpus": [], "siblings": [[6], [2], [5], [11], [8], [4], [1], [7], [10], [0], [3], [9]], "mempages": [{"nova_object.name": "NUMAPagesTopology", "nova_object.namespace": "nova", "nova_object.version": "1.1", "nova_object.data": {"size_kb": 4, "total": 6151796, "used": 0, "reserved": 0}, "nova_object.changes": ["size_kb", "total", "reserved", "used"]}, {"nova_object.name": "NUMAPagesTopology", "nova_object.namespace": "nova", "nova_object.version": "1.1", "nova_object.data": {"size_kb": 2048, "total": 0, "used": 0, "reserved": 0}, "nova_object.changes": ["size_kb", "total", "reserved", "used"]}, {"nova_object.name": "NUMAPagesTopology", "nova_object.namespace": "nova", "nova_object.version": "1.1", "nova_object.data": {"size_kb": 1048576, "total": 0, "used": 0, "reserved": 0}, "nova_object.changes": ["size_kb", "total", "reserved", "used"]}], "network_metadata": {"nova_object.name": "NetworkMetadata", "nova_object.namespace": "nova", "nova_object.version": "1.0", "nova_object.data": {"physnets": [], "tunneled": false}, "nova_object.changes": ["physnets", "tunneled"]}, "socket": null}, "nova_object.changes": ["pcpuset", "cpu_usage", "cpuset", "memory_usage", "network_metadata", "id", "socket", "pinned_cpus", "siblings", "memory", "mempages"]}]}, "nova_object.changes": ["cells"]}',pci_device_pools=PciDevicePoolList,ram_allocation_ratio=1.0,running_vms=0,service_id=2,stats={failed_builds='0',uptime=' 05:53:58 up 27 min, 2 users, load average: 1.20, 1.37, 0.83
May 27 05:54:34.667815 np0000001493 nova-scheduler[95727]: '},supported_hv_specs=[HVSpec,HVSpec,HVSpec,HVSpec,HVSpec,HVSpec,HVSpec,HVSpec,HVSpec,HVSpec,HVSpec,HVSpec,HVSpec,HVSpec,HVSpec,HVSpec,HVSpec,HVSpec,HVSpec,HVSpec,HVSpec,HVSpec,HVSpec,HVSpec,HVSpec],updated_at=2026-05-27T05:54:00Z,uuid=1638acc5-a537-442b-b0cc-0ad31b0d5bd4,vcpus=12,vcpus_used=0) {{(pid=95727) _locked_update /opt/stack/nova/nova/scheduler/host_manager.py:168}}
May 27 05:54:34.668734 np0000001493 nova-scheduler[95727]: DEBUG nova.scheduler.host_manager [None req-a3e3c4e7-588f-424a-8049-1ed3b9fd5463 tempest-ServerActionsTestOtherB-533636288 tempest-ServerActionsTestOtherB-533636288-project-member] Update host state with aggregates: [] {{(pid=95727) _locked_update /opt/stack/nova/nova/scheduler/host_manager.py:171}}
May 27 05:54:34.668898 np0000001493 nova-scheduler[95727]: DEBUG nova.scheduler.host_manager [None req-a3e3c4e7-588f-424a-8049-1ed3b9fd5463 tempest-ServerActionsTestOtherB-533636288 tempest-ServerActionsTestOtherB-533636288-project-member] Update host state with service dict: {'id': 2, 'uuid': 'a6780039-c62c-4c7f-915c-9a3d9dee494b', 'host': 'np0000001493', 'binary': 'nova-compute', 'topic': 'compute', 'report_count': 2, 'disabled': False, 'disabled_reason': None, 'last_seen_up': datetime.datetime(2026, 5, 27, 5, 54, 20, tzinfo=datetime.timezone.utc), 'forced_down': False, 'version': 72, 'created_at': datetime.datetime(2026, 5, 27, 5, 52, 10, tzinfo=datetime.timezone.utc), 'updated_at': datetime.datetime(2026, 5, 27, 5, 54, 20, tzinfo=datetime.timezone.utc), 'deleted_at': None, 'deleted': False} {{(pid=95727) _locked_update /opt/stack/nova/nova/scheduler/host_manager.py:174}}
May 27 05:54:34.669060 np0000001493 nova-scheduler[95727]: DEBUG nova.scheduler.host_manager [None req-a3e3c4e7-588f-424a-8049-1ed3b9fd5463 tempest-ServerActionsTestOtherB-533636288 tempest-ServerActionsTestOtherB-533636288-project-member] Update host state with instances: [] {{(pid=95727) _locked_update /opt/stack/nova/nova/scheduler/host_manager.py:177}}
May 27 05:54:34.670068 np0000001493 nova-scheduler[95727]: DEBUG oslo_concurrency.lockutils [None req-a3e3c4e7-588f-424a-8049-1ed3b9fd5463 tempest-ServerActionsTestOtherB-533636288 tempest-ServerActionsTestOtherB-533636288-project-member] Lock "('np0000001493', 'np0000001493')" "released" by "nova.scheduler.host_manager.HostState.update.._locked_update" :: held 0.003s {{(pid=95727) inner /opt/stack/data/venv/lib/python3.12/site-packages/oslo_concurrency/lockutils.py:543}}
May 27 05:54:34.670514 np0000001493 nova-scheduler[95727]: DEBUG nova.filters [None req-a3e3c4e7-588f-424a-8049-1ed3b9fd5463 tempest-ServerActionsTestOtherB-533636288 tempest-ServerActionsTestOtherB-533636288-project-member] Starting with 1 host(s) {{(pid=95727) get_filtered_objects /opt/stack/nova/nova/filters.py:70}}
May 27 05:54:34.670788 np0000001493 nova-scheduler[95727]: DEBUG nova.filters [None req-a3e3c4e7-588f-424a-8049-1ed3b9fd5463 tempest-ServerActionsTestOtherB-533636288 tempest-ServerActionsTestOtherB-533636288-project-member] Filter ComputeFilter returned 1 host(s) {{(pid=95727) get_filtered_objects /opt/stack/nova/nova/filters.py:102}}
May 27 05:54:34.670987 np0000001493 nova-scheduler[95727]: DEBUG nova.filters [None req-a3e3c4e7-588f-424a-8049-1ed3b9fd5463 tempest-ServerActionsTestOtherB-533636288 tempest-ServerActionsTestOtherB-533636288-project-member] Filter ComputeCapabilitiesFilter returned 1 host(s) {{(pid=95727) get_filtered_objects /opt/stack/nova/nova/filters.py:102}}
May 27 05:54:34.671257 np0000001493 nova-scheduler[95727]: DEBUG nova.filters [None req-a3e3c4e7-588f-424a-8049-1ed3b9fd5463 tempest-ServerActionsTestOtherB-533636288 tempest-ServerActionsTestOtherB-533636288-project-member] Filter ImagePropertiesFilter returned 1 host(s) {{(pid=95727) get_filtered_objects /opt/stack/nova/nova/filters.py:102}}
May 27 05:54:34.671418 np0000001493 nova-scheduler[95727]: DEBUG nova.filters [None req-a3e3c4e7-588f-424a-8049-1ed3b9fd5463 tempest-ServerActionsTestOtherB-533636288 tempest-ServerActionsTestOtherB-533636288-project-member] Filter ServerGroupAntiAffinityFilter returned 1 host(s) {{(pid=95727) get_filtered_objects /opt/stack/nova/nova/filters.py:102}}
May 27 05:54:34.671585 np0000001493 nova-scheduler[95727]: DEBUG nova.filters [None req-a3e3c4e7-588f-424a-8049-1ed3b9fd5463 tempest-ServerActionsTestOtherB-533636288 tempest-ServerActionsTestOtherB-533636288-project-member] Filter ServerGroupAffinityFilter returned 1 host(s) {{(pid=95727) get_filtered_objects /opt/stack/nova/nova/filters.py:102}}
May 27 05:54:34.671801 np0000001493 nova-scheduler[95727]: DEBUG nova.filters [None req-a3e3c4e7-588f-424a-8049-1ed3b9fd5463 tempest-ServerActionsTestOtherB-533636288 tempest-ServerActionsTestOtherB-533636288-project-member] Filter SameHostFilter returned 1 host(s) {{(pid=95727) get_filtered_objects /opt/stack/nova/nova/filters.py:102}}
May 27 05:54:34.671971 np0000001493 nova-scheduler[95727]: DEBUG nova.filters [None req-a3e3c4e7-588f-424a-8049-1ed3b9fd5463 tempest-ServerActionsTestOtherB-533636288 tempest-ServerActionsTestOtherB-533636288-project-member] Filter DifferentHostFilter returned 1 host(s) {{(pid=95727) get_filtered_objects /opt/stack/nova/nova/filters.py:102}}
May 27 05:54:34.672111 np0000001493 nova-scheduler[95727]: DEBUG nova.scheduler.manager [None req-a3e3c4e7-588f-424a-8049-1ed3b9fd5463 tempest-ServerActionsTestOtherB-533636288 tempest-ServerActionsTestOtherB-533636288-project-member] Filtered [(np0000001493, np0000001493) ram: 23518MB disk: 75776MB io_ops: 0 instances: 0, allocation_candidates: 1] {{(pid=95727) _get_sorted_hosts /opt/stack/nova/nova/scheduler/manager.py:743}}
May 27 05:54:34.672288 np0000001493 nova-scheduler[95727]: DEBUG nova.scheduler.manager [None req-a3e3c4e7-588f-424a-8049-1ed3b9fd5463 tempest-ServerActionsTestOtherB-533636288 tempest-ServerActionsTestOtherB-533636288-project-member] Weighed [WeighedHost [host: (np0000001493, np0000001493) ram: 23518MB disk: 75776MB io_ops: 0 instances: 0, allocation_candidates: 1, weight: 0.0]] {{(pid=95727) _get_sorted_hosts /opt/stack/nova/nova/scheduler/manager.py:765}}
May 27 05:54:34.672456 np0000001493 nova-scheduler[95727]: DEBUG nova.scheduler.utils [None req-a3e3c4e7-588f-424a-8049-1ed3b9fd5463 tempest-ServerActionsTestOtherB-533636288 tempest-ServerActionsTestOtherB-533636288-project-member] Attempting to claim resources in the placement API for instance ebbbfd2b-4c71-4612-a3d6-2e1548b5802e {{(pid=95727) claim_resources /opt/stack/nova/nova/scheduler/utils.py:1304}}
May 27 05:54:34.807405 np0000001493 nova-scheduler[95727]: DEBUG nova.scheduler.manager [None req-a3e3c4e7-588f-424a-8049-1ed3b9fd5463 tempest-ServerActionsTestOtherB-533636288 tempest-ServerActionsTestOtherB-533636288-project-member] [instance: ebbbfd2b-4c71-4612-a3d6-2e1548b5802e] Selected host: (np0000001493, np0000001493) ram: 23518MB disk: 75776MB io_ops: 0 instances: 0, allocation_candidates: 1 {{(pid=95727) _consume_selected_host /opt/stack/nova/nova/scheduler/manager.py:625}}
May 27 05:54:34.807623 np0000001493 nova-scheduler[95727]: DEBUG oslo_concurrency.lockutils [None req-a3e3c4e7-588f-424a-8049-1ed3b9fd5463 tempest-ServerActionsTestOtherB-533636288 tempest-ServerActionsTestOtherB-533636288-project-member] Acquiring lock "('np0000001493', 'np0000001493')" by "nova.scheduler.host_manager.HostState.consume_from_request.._locked" {{(pid=95727) inner /opt/stack/data/venv/lib/python3.12/site-packages/oslo_concurrency/lockutils.py:511}}
May 27 05:54:34.807787 np0000001493 nova-scheduler[95727]: DEBUG oslo_concurrency.lockutils [None req-a3e3c4e7-588f-424a-8049-1ed3b9fd5463 tempest-ServerActionsTestOtherB-533636288 tempest-ServerActionsTestOtherB-533636288-project-member] Lock "('np0000001493', 'np0000001493')" acquired by "nova.scheduler.host_manager.HostState.consume_from_request.._locked" :: waited 0.000s {{(pid=95727) inner /opt/stack/data/venv/lib/python3.12/site-packages/oslo_concurrency/lockutils.py:524}}
May 27 05:54:34.807934 np0000001493 nova-scheduler[95727]: DEBUG oslo_concurrency.lockutils [None req-a3e3c4e7-588f-424a-8049-1ed3b9fd5463 tempest-ServerActionsTestOtherB-533636288 tempest-ServerActionsTestOtherB-533636288-project-member] Lock "('np0000001493', 'np0000001493')" "released" by "nova.scheduler.host_manager.HostState.consume_from_request.._locked" :: held 0.000s {{(pid=95727) inner /opt/stack/data/venv/lib/python3.12/site-packages/oslo_concurrency/lockutils.py:543}}
May 27 05:54:35.395557 np0000001493 nova-scheduler[95729]: DEBUG nova.scheduler.manager [None req-c3126401-ebaa-4b32-9ecb-795da1c50e75 tempest-ServerActionsTestOtherA-1134041723 tempest-ServerActionsTestOtherA-1134041723-project-member] Starting to schedule for instances: ['8b1f8c05-3876-4dc9-92e0-934c45d9e5f1'] {{(pid=95729) select_destinations /opt/stack/nova/nova/scheduler/manager.py:210}}
May 27 05:54:35.395997 np0000001493 nova-scheduler[95729]: DEBUG nova.scheduler.request_filter [None req-c3126401-ebaa-4b32-9ecb-795da1c50e75 tempest-ServerActionsTestOtherA-1134041723 tempest-ServerActionsTestOtherA-1134041723-project-member] compute_status_filter request filter added forbidden trait COMPUTE_STATUS_DISABLED {{(pid=95729) compute_status_filter /opt/stack/nova/nova/scheduler/request_filter.py:253}}
May 27 05:54:35.396048 np0000001493 nova-scheduler[95729]: DEBUG nova.scheduler.request_filter [None req-c3126401-ebaa-4b32-9ecb-795da1c50e75 tempest-ServerActionsTestOtherA-1134041723 tempest-ServerActionsTestOtherA-1134041723-project-member] Request filter 'compute_status_filter' took 0.0 seconds {{(pid=95729) wrapper /opt/stack/nova/nova/scheduler/request_filter.py:46}}
May 27 05:54:35.397084 np0000001493 nova-scheduler[95729]: DEBUG nova.scheduler.request_filter [None req-c3126401-ebaa-4b32-9ecb-795da1c50e75 tempest-ServerActionsTestOtherA-1134041723 tempest-ServerActionsTestOtherA-1134041723-project-member] Request filter 'accelerators_filter' took 0.0 seconds {{(pid=95729) wrapper /opt/stack/nova/nova/scheduler/request_filter.py:46}}
May 27 05:54:35.397860 np0000001493 nova-scheduler[95729]: DEBUG nova.scheduler.request_filter [None req-c3126401-ebaa-4b32-9ecb-795da1c50e75 tempest-ServerActionsTestOtherA-1134041723 tempest-ServerActionsTestOtherA-1134041723-project-member] Request filter 'packed_virtqueue_filter' took 0.0 seconds {{(pid=95729) wrapper /opt/stack/nova/nova/scheduler/request_filter.py:46}}
May 27 05:54:35.398310 np0000001493 nova-scheduler[95729]: DEBUG nova.scheduler.request_filter [None req-c3126401-ebaa-4b32-9ecb-795da1c50e75 tempest-ServerActionsTestOtherA-1134041723 tempest-ServerActionsTestOtherA-1134041723-project-member] Request filter 'remote_managed_ports_filter' took 0.0 seconds {{(pid=95729) wrapper /opt/stack/nova/nova/scheduler/request_filter.py:46}}
May 27 05:54:35.398525 np0000001493 nova-scheduler[95729]: DEBUG nova.scheduler.request_filter [None req-c3126401-ebaa-4b32-9ecb-795da1c50e75 tempest-ServerActionsTestOtherA-1134041723 tempest-ServerActionsTestOtherA-1134041723-project-member] ephemeral_encryption_filter skipped {{(pid=95729) ephemeral_encryption_filter /opt/stack/nova/nova/scheduler/request_filter.py:426}}
May 27 05:54:35.398815 np0000001493 nova-scheduler[95729]: DEBUG nova.scheduler.request_filter [None req-c3126401-ebaa-4b32-9ecb-795da1c50e75 tempest-ServerActionsTestOtherA-1134041723 tempest-ServerActionsTestOtherA-1134041723-project-member] virtio_sound_filter skipped {{(pid=95729) virtio_sound_filter /opt/stack/nova/nova/scheduler/request_filter.py:460}}
May 27 05:54:35.398915 np0000001493 nova-scheduler[95729]: DEBUG nova.scheduler.request_filter [None req-c3126401-ebaa-4b32-9ecb-795da1c50e75 tempest-ServerActionsTestOtherA-1134041723 tempest-ServerActionsTestOtherA-1134041723-project-member] tpm_secret_security_filter skipped {{(pid=95729) tpm_secret_security_filter /opt/stack/nova/nova/scheduler/request_filter.py:477}}
May 27 05:54:35.504420 np0000001493 nova-scheduler[95729]: INFO nova.utils [None req-c3126401-ebaa-4b32-9ecb-795da1c50e75 tempest-ServerActionsTestOtherA-1134041723 tempest-ServerActionsTestOtherA-1134041723-project-member] The cell worker thread pool ForkProcess-2.cell_worker is initialized
May 27 05:54:35.504811 np0000001493 nova-scheduler[95729]: DEBUG oslo_concurrency.lockutils [None req-c3126401-ebaa-4b32-9ecb-795da1c50e75 tempest-ServerActionsTestOtherA-1134041723 tempest-ServerActionsTestOtherA-1134041723-project-member] Acquiring lock "cba765c3-4243-4218-86a0-7da134dcecbb" by "nova.context.set_target_cell..get_or_set_cached_cell_and_set_connections" {{(pid=95729) inner /opt/stack/data/venv/lib/python3.12/site-packages/oslo_concurrency/lockutils.py:511}}
May 27 05:54:35.506372 np0000001493 nova-scheduler[95729]: DEBUG oslo_concurrency.lockutils [None req-c3126401-ebaa-4b32-9ecb-795da1c50e75 tempest-ServerActionsTestOtherA-1134041723 tempest-ServerActionsTestOtherA-1134041723-project-member] Lock "cba765c3-4243-4218-86a0-7da134dcecbb" acquired by "nova.context.set_target_cell..get_or_set_cached_cell_and_set_connections" :: waited 0.000s {{(pid=95729) inner /opt/stack/data/venv/lib/python3.12/site-packages/oslo_concurrency/lockutils.py:524}}
May 27 05:54:35.507868 np0000001493 nova-scheduler[95729]: DEBUG oslo_concurrency.lockutils [None req-c3126401-ebaa-4b32-9ecb-795da1c50e75 tempest-ServerActionsTestOtherA-1134041723 tempest-ServerActionsTestOtherA-1134041723-project-member] Lock "cba765c3-4243-4218-86a0-7da134dcecbb" "released" by "nova.context.set_target_cell..get_or_set_cached_cell_and_set_connections" :: held 0.003s {{(pid=95729) inner /opt/stack/data/venv/lib/python3.12/site-packages/oslo_concurrency/lockutils.py:543}}
May 27 05:54:35.509693 np0000001493 nova-scheduler[95729]: INFO dbcounter [None req-c3126401-ebaa-4b32-9ecb-795da1c50e75 tempest-ServerActionsTestOtherA-1134041723 tempest-ServerActionsTestOtherA-1134041723-project-member] Registered counter for database nova_cell1
May 27 05:54:35.549944 np0000001493 nova-scheduler[95729]: DEBUG oslo_db.sqlalchemy.engines [None req-c3126401-ebaa-4b32-9ecb-795da1c50e75 tempest-ServerActionsTestOtherA-1134041723 tempest-ServerActionsTestOtherA-1134041723-project-member] MySQL server mode set to STRICT_TRANS_TABLES,STRICT_ALL_TABLES,NO_ZERO_IN_DATE,NO_ZERO_DATE,ERROR_FOR_DIVISION_BY_ZERO,TRADITIONAL,NO_ENGINE_SUBSTITUTION {{(pid=95729) _check_effective_sql_mode /opt/stack/data/venv/lib/python3.12/site-packages/oslo_db/sqlalchemy/engines.py:325}}
May 27 05:54:35.555456 np0000001493 nova-scheduler[95729]: DEBUG dbcounter [-] [95729] Writer thread running {{(pid=95729) stat_writer /opt/stack/data/venv/lib/python3.12/site-packages/dbcounter.py:102}}
May 27 05:54:35.622062 np0000001493 nova-scheduler[95729]: DEBUG dbcounter [-] [95729] Writer thread running {{(pid=95729) stat_writer /opt/stack/data/venv/lib/python3.12/site-packages/dbcounter.py:102}}
May 27 05:54:35.625320 np0000001493 nova-scheduler[95729]: DEBUG oslo_concurrency.lockutils [None req-c3126401-ebaa-4b32-9ecb-795da1c50e75 tempest-ServerActionsTestOtherA-1134041723 tempest-ServerActionsTestOtherA-1134041723-project-member] Acquiring lock "cba765c3-4243-4218-86a0-7da134dcecbb" by "nova.context.set_target_cell..get_or_set_cached_cell_and_set_connections" {{(pid=95729) inner /opt/stack/data/venv/lib/python3.12/site-packages/oslo_concurrency/lockutils.py:511}}
May 27 05:54:35.625504 np0000001493 nova-scheduler[95729]: DEBUG oslo_concurrency.lockutils [None req-c3126401-ebaa-4b32-9ecb-795da1c50e75 tempest-ServerActionsTestOtherA-1134041723 tempest-ServerActionsTestOtherA-1134041723-project-member] Lock "cba765c3-4243-4218-86a0-7da134dcecbb" acquired by "nova.context.set_target_cell..get_or_set_cached_cell_and_set_connections" :: waited 0.000s {{(pid=95729) inner /opt/stack/data/venv/lib/python3.12/site-packages/oslo_concurrency/lockutils.py:524}}
May 27 05:54:35.625659 np0000001493 nova-scheduler[95729]: DEBUG oslo_concurrency.lockutils [None req-c3126401-ebaa-4b32-9ecb-795da1c50e75 tempest-ServerActionsTestOtherA-1134041723 tempest-ServerActionsTestOtherA-1134041723-project-member] Lock "cba765c3-4243-4218-86a0-7da134dcecbb" "released" by "nova.context.set_target_cell..get_or_set_cached_cell_and_set_connections" :: held 0.000s {{(pid=95729) inner /opt/stack/data/venv/lib/python3.12/site-packages/oslo_concurrency/lockutils.py:543}}
May 27 05:54:35.635718 np0000001493 nova-scheduler[95729]: DEBUG oslo_concurrency.lockutils [None req-c3126401-ebaa-4b32-9ecb-795da1c50e75 tempest-ServerActionsTestOtherA-1134041723 tempest-ServerActionsTestOtherA-1134041723-project-member] Acquiring lock "('np0000001493', 'np0000001493')" by "nova.scheduler.host_manager.HostState.update.._locked_update" {{(pid=95729) inner /opt/stack/data/venv/lib/python3.12/site-packages/oslo_concurrency/lockutils.py:511}}
May 27 05:54:35.635904 np0000001493 nova-scheduler[95729]: DEBUG oslo_concurrency.lockutils [None req-c3126401-ebaa-4b32-9ecb-795da1c50e75 tempest-ServerActionsTestOtherA-1134041723 tempest-ServerActionsTestOtherA-1134041723-project-member] Lock "('np0000001493', 'np0000001493')" acquired by "nova.scheduler.host_manager.HostState.update.._locked_update" :: waited 0.000s {{(pid=95729) inner /opt/stack/data/venv/lib/python3.12/site-packages/oslo_concurrency/lockutils.py:524}}
