May 27 20:58:37.818563 np0000001553 devstack@g-api.service[101870]: DEBUG glance_store.location [-] Registering scheme swift+config with {'store': , 'location_class': , 'store_entry': 'swift'} {{(pid=101870) register_scheme_map /opt/stack/data/venv/lib/python3.12/site-packages/glance_store/location.py:146}}
May 27 20:58:37.818613 np0000001553 devstack@g-api.service[101870]: DEBUG glance_store.backend [-] Attempting to import store file {{(pid=101870) _load_store /opt/stack/data/venv/lib/python3.12/site-packages/glance_store/backend.py:215}}
May 27 20:58:37.819248 np0000001553 devstack@g-api.service[101870]: DEBUG glance_store.capabilities [-] Store glance_store._drivers.filesystem.Store doesn't support updating dynamic storage capabilities. Please overwrite 'update_capabilities' method of the store to implement updating logics if needed. {{(pid=101870) update_capabilities /opt/stack/data/venv/lib/python3.12/site-packages/glance_store/capabilities.py:91}}
May 27 20:58:37.819248 np0000001553 devstack@g-api.service[101870]: DEBUG glance_store.backend [-] Registering store file with schemes ('file', 'filesystem') {{(pid=101870) create_stores /opt/stack/data/venv/lib/python3.12/site-packages/glance_store/backend.py:261}}
May 27 20:58:37.819248 np0000001553 devstack@g-api.service[101870]: DEBUG glance_store.driver [-] Late loading location class glance_store._drivers.filesystem.StoreLocation {{(pid=101870) get_store_location_class /opt/stack/data/venv/lib/python3.12/site-packages/glance_store/driver.py:134}}
May 27 20:58:37.819248 np0000001553 devstack@g-api.service[101870]: DEBUG glance_store.location [-] Registering scheme file with {'store': , 'location_class': , 'store_entry': 'file'} {{(pid=101870) register_scheme_map /opt/stack/data/venv/lib/python3.12/site-packages/glance_store/location.py:146}}
May 27 20:58:37.819411 np0000001553 devstack@g-api.service[101870]: DEBUG glance_store.location [-] Registering scheme filesystem with {'store': , 'location_class': , 'store_entry': 'file'} {{(pid=101870) register_scheme_map /opt/stack/data/venv/lib/python3.12/site-packages/glance_store/location.py:146}}
May 27 20:58:37.819411 np0000001553 devstack@g-api.service[101870]: DEBUG glance_store.backend [-] Attempting to import store http {{(pid=101870) _load_store /opt/stack/data/venv/lib/python3.12/site-packages/glance_store/backend.py:215}}
May 27 20:58:37.819553 np0000001553 devstack@g-api.service[101870]: DEBUG glance_store.capabilities [-] Store glance_store._drivers.http.Store doesn't support updating dynamic storage capabilities. Please overwrite 'update_capabilities' method of the store to implement updating logics if needed. {{(pid=101870) update_capabilities /opt/stack/data/venv/lib/python3.12/site-packages/glance_store/capabilities.py:91}}
May 27 20:58:37.819615 np0000001553 devstack@g-api.service[101870]: DEBUG glance_store.backend [-] Registering store http with schemes ('http', 'https') {{(pid=101870) create_stores /opt/stack/data/venv/lib/python3.12/site-packages/glance_store/backend.py:261}}
May 27 20:58:37.819663 np0000001553 devstack@g-api.service[101870]: DEBUG glance_store.driver [-] Late loading location class glance_store._drivers.http.StoreLocation {{(pid=101870) get_store_location_class /opt/stack/data/venv/lib/python3.12/site-packages/glance_store/driver.py:134}}
May 27 20:58:37.819721 np0000001553 devstack@g-api.service[101870]: DEBUG glance_store.location [-] Registering scheme http with {'store': , 'location_class': , 'store_entry': 'http'} {{(pid=101870) register_scheme_map /opt/stack/data/venv/lib/python3.12/site-packages/glance_store/location.py:146}}
May 27 20:58:37.819795 np0000001553 devstack@g-api.service[101870]: DEBUG glance_store.location [-] Registering scheme https with {'store': , 'location_class': , 'store_entry': 'http'} {{(pid=101870) register_scheme_map /opt/stack/data/venv/lib/python3.12/site-packages/glance_store/location.py:146}}
May 27 20:58:37.819906 np0000001553 devstack@g-api.service[101870]: DEBUG glance_store.backend [-] Attempting to import store swift {{(pid=101870) _load_store /opt/stack/data/venv/lib/python3.12/site-packages/glance_store/backend.py:215}}
May 27 20:58:37.820917 np0000001553 devstack@g-api.service[101870]: DEBUG glance_store.capabilities [-] Store glance_store._drivers.swift.store.SingleTenantStore doesn't support updating dynamic storage capabilities. Please overwrite 'update_capabilities' method of the store to implement updating logics if needed. {{(pid=101870) update_capabilities /opt/stack/data/venv/lib/python3.12/site-packages/glance_store/capabilities.py:91}}
May 27 20:58:37.821003 np0000001553 devstack@g-api.service[101870]: DEBUG glance_store.driver [-] Late loading location class glance_store._drivers.swift.store.StoreLocation {{(pid=101870) get_store_location_class /opt/stack/data/venv/lib/python3.12/site-packages/glance_store/driver.py:134}}
May 27 20:58:37.821087 np0000001553 devstack@g-api.service[101870]: DEBUG glance_store.location [-] Registering scheme swift+https with {'store': , 'location_class': , 'store_entry': 'swift'} {{(pid=101870) register_scheme_map /opt/stack/data/venv/lib/python3.12/site-packages/glance_store/location.py:146}}
May 27 20:58:37.821174 np0000001553 devstack@g-api.service[101870]: DEBUG glance_store.location [-] Registering scheme swift+https with {'store': , 'location_class': , 'store_entry': 'swift'} {{(pid=101870) register_scheme_map /opt/stack/data/venv/lib/python3.12/site-packages/glance_store/location.py:146}}
May 27 20:58:37.821258 np0000001553 devstack@g-api.service[101870]: DEBUG glance_store.location [-] Registering scheme swift with {'store': , 'location_class': , 'store_entry': 'swift'} {{(pid=101870) register_scheme_map /opt/stack/data/venv/lib/python3.12/site-packages/glance_store/location.py:146}}
May 27 20:58:37.821331 np0000001553 devstack@g-api.service[101870]: DEBUG glance_store.location [-] Registering scheme swift+https with {'store': , 'location_class': , 'store_entry': 'swift'} {{(pid=101870) register_scheme_map /opt/stack/data/venv/lib/python3.12/site-packages/glance_store/location.py:146}}
May 27 20:58:37.821383 np0000001553 devstack@g-api.service[101870]: DEBUG glance_store.location [-] Registering scheme swift with {'store': , 'location_class': , 'store_entry': 'swift'} {{(pid=101870) register_scheme_map /opt/stack/data/venv/lib/python3.12/site-packages/glance_store/location.py:146}}
May 27 20:58:37.821456 np0000001553 devstack@g-api.service[101870]: DEBUG glance_store.location [-] Registering scheme swift+http with {'store': , 'location_class': , 'store_entry': 'swift'} {{(pid=101870) register_scheme_map /opt/stack/data/venv/lib/python3.12/site-packages/glance_store/location.py:146}}
May 27 20:58:37.821508 np0000001553 devstack@g-api.service[101870]: DEBUG glance_store.location [-] Registering scheme swift+https with {'store': , 'location_class': , 'store_entry': 'swift'} {{(pid=101870) register_scheme_map /opt/stack/data/venv/lib/python3.12/site-packages/glance_store/location.py:146}}
May 27 20:58:37.821565 np0000001553 devstack@g-api.service[101870]: DEBUG glance_store.location [-] Registering scheme swift with {'store': , 'location_class': , 'store_entry': 'swift'} {{(pid=101870) register_scheme_map /opt/stack/data/venv/lib/python3.12/site-packages/glance_store/location.py:146}}
May 27 20:58:37.821621 np0000001553 devstack@g-api.service[101870]: DEBUG glance_store.location [-] Registering scheme swift+http with {'store': , 'location_class': , 'store_entry': 'swift'} {{(pid=101870) register_scheme_map /opt/stack/data/venv/lib/python3.12/site-packages/glance_store/location.py:146}}
May 27 20:58:37.821670 np0000001553 devstack@g-api.service[101870]: DEBUG glance_store.location [-] Registering scheme swift+config with {'store': , 'location_class': , 'store_entry': 'swift'} {{(pid=101870) register_scheme_map /opt/stack/data/venv/lib/python3.12/site-packages/glance_store/location.py:146}}
May 27 20:58:37.821928 np0000001553 devstack@g-api.service[101870]: DEBUG glance.sqlite_migration [-] SQLite caching database not located, skipping migration {{(pid=101870) get_db_path /opt/stack/glance/glance/sqlite_migration.py:68}}
May 27 20:58:37.822092 np0000001553 devstack@g-api.service[101870]: WARNING glance.common.wsgi_app [-] Import methods are enabled but staging directory /tmp/staging/ does not exist; Imports will fail!
May 27 20:58:38.026349 np0000001553 devstack@g-api.service[101871]: DEBUG glance.common.config [None req-826ac97f-96c2-494a-a9a0-88c07c4fbd4d None None] Loading glance-api-keystone+cachemanagement from /etc/glance/glance-api-paste.ini {{(pid=101871) load_paste_app /opt/stack/glance/glance/common/config.py:758}}
May 27 20:58:38.043493 np0000001553 devstack@g-api.service[101872]: DEBUG glance.common.config [None req-dcdf5281-04e6-45db-86c8-64f79fcfe4aa None None] Loading glance-api-keystone+cachemanagement from /etc/glance/glance-api-paste.ini {{(pid=101872) load_paste_app /opt/stack/glance/glance/common/config.py:758}}
May 27 20:58:38.091330 np0000001553 devstack@g-api.service[101870]: DEBUG glance.common.config [None req-1651ffa5-755c-47d3-9b18-a45ce724a11d None None] Loading glance-api-keystone+cachemanagement from /etc/glance/glance-api-paste.ini {{(pid=101870) load_paste_app /opt/stack/glance/glance/common/config.py:758}}
May 27 20:58:38.576588 np0000001553 devstack@g-api.service[101871]: INFO glance.image_cache [None req-826ac97f-96c2-494a-a9a0-88c07c4fbd4d None None] Image cache loaded driver 'centralized_db'.
May 27 20:58:38.608217 np0000001553 devstack@g-api.service[101870]: INFO glance.image_cache [None req-1651ffa5-755c-47d3-9b18-a45ce724a11d None None] Image cache loaded driver 'centralized_db'.
May 27 20:58:38.609673 np0000001553 devstack@g-api.service[101872]: INFO glance.image_cache [None req-dcdf5281-04e6-45db-86c8-64f79fcfe4aa None None] Image cache loaded driver 'centralized_db'.
May 27 20:58:38.621192 np0000001553 devstack@g-api.service[101871]: INFO dbcounter [None req-826ac97f-96c2-494a-a9a0-88c07c4fbd4d None None] Registered counter for database glance
May 27 20:58:38.649679 np0000001553 devstack@g-api.service[101870]: INFO dbcounter [None req-1651ffa5-755c-47d3-9b18-a45ce724a11d None None] Registered counter for database glance
May 27 20:58:38.656754 np0000001553 devstack@g-api.service[101872]: INFO dbcounter [None req-dcdf5281-04e6-45db-86c8-64f79fcfe4aa None None] Registered counter for database glance
May 27 20:58:38.665115 np0000001553 devstack@g-api.service[101871]: DEBUG oslo_db.sqlalchemy.engines [None req-826ac97f-96c2-494a-a9a0-88c07c4fbd4d None None] MySQL server mode set to STRICT_TRANS_TABLES,STRICT_ALL_TABLES,NO_ZERO_IN_DATE,NO_ZERO_DATE,ERROR_FOR_DIVISION_BY_ZERO,TRADITIONAL,NO_ENGINE_SUBSTITUTION {{(pid=101871) _check_effective_sql_mode /opt/stack/data/venv/lib/python3.12/site-packages/oslo_db/sqlalchemy/engines.py:325}}
May 27 20:58:38.685733 np0000001553 devstack@g-api.service[101871]: DEBUG dbcounter [-] [101871] Writer thread running {{(pid=101871) stat_writer /opt/stack/data/venv/lib/python3.12/site-packages/dbcounter.py:102}}
May 27 20:58:38.695328 np0000001553 devstack@g-api.service[101870]: DEBUG oslo_db.sqlalchemy.engines [None req-1651ffa5-755c-47d3-9b18-a45ce724a11d None None] MySQL server mode set to STRICT_TRANS_TABLES,STRICT_ALL_TABLES,NO_ZERO_IN_DATE,NO_ZERO_DATE,ERROR_FOR_DIVISION_BY_ZERO,TRADITIONAL,NO_ENGINE_SUBSTITUTION {{(pid=101870) _check_effective_sql_mode /opt/stack/data/venv/lib/python3.12/site-packages/oslo_db/sqlalchemy/engines.py:325}}
May 27 20:58:38.696827 np0000001553 devstack@g-api.service[101871]: INFO glance.image_cache [None req-826ac97f-96c2-494a-a9a0-88c07c4fbd4d None None] Image cache loaded driver 'centralized_db'.
May 27 20:58:38.701579 np0000001553 devstack@g-api.service[101872]: DEBUG oslo_db.sqlalchemy.engines [None req-dcdf5281-04e6-45db-86c8-64f79fcfe4aa None None] MySQL server mode set to STRICT_TRANS_TABLES,STRICT_ALL_TABLES,NO_ZERO_IN_DATE,NO_ZERO_DATE,ERROR_FOR_DIVISION_BY_ZERO,TRADITIONAL,NO_ENGINE_SUBSTITUTION {{(pid=101872) _check_effective_sql_mode /opt/stack/data/venv/lib/python3.12/site-packages/oslo_db/sqlalchemy/engines.py:325}}
May 27 20:58:38.704390 np0000001553 devstack@g-api.service[101871]: DEBUG glance.image_cache.drivers.centralized_db [None req-826ac97f-96c2-494a-a9a0-88c07c4fbd4d None None] Node reference is already recorded, ignoring it {{(pid=101871) configure /opt/stack/glance/glance/image_cache/drivers/centralized_db.py:71}}
May 27 20:58:38.708915 np0000001553 devstack@g-api.service[101871]: DEBUG glance.api.v2.cached_images [None req-826ac97f-96c2-494a-a9a0-88c07c4fbd4d None None] Started cache worker thread {{(pid=101871) __init__ /opt/stack/glance/glance/api/v2/cached_images.py:69}}
May 27 20:58:38.709551 np0000001553 devstack@g-api.service[101871]: INFO glance.image_cache [None req-826ac97f-96c2-494a-a9a0-88c07c4fbd4d None None] Image cache loaded driver 'centralized_db'.
May 27 20:58:38.717990 np0000001553 devstack@g-api.service[101871]: DEBUG glance.image_cache.drivers.centralized_db [None req-826ac97f-96c2-494a-a9a0-88c07c4fbd4d None None] Node reference is already recorded, ignoring it {{(pid=101871) configure /opt/stack/glance/glance/image_cache/drivers/centralized_db.py:71}}
May 27 20:58:38.718194 np0000001553 devstack@g-api.service[101870]: DEBUG dbcounter [-] [101870] Writer thread running {{(pid=101870) stat_writer /opt/stack/data/venv/lib/python3.12/site-packages/dbcounter.py:102}}
May 27 20:58:38.722869 np0000001553 devstack@g-api.service[101871]: INFO glance.api.middleware.cache_manage [None req-826ac97f-96c2-494a-a9a0-88c07c4fbd4d None None] Initialized image cache management middleware
May 27 20:58:38.722869 np0000001553 devstack@g-api.service[101871]: INFO glance.image_cache [None req-826ac97f-96c2-494a-a9a0-88c07c4fbd4d None None] Image cache loaded driver 'centralized_db'.
May 27 20:58:38.723742 np0000001553 devstack@g-api.service[101870]: DEBUG glance.image_cache.drivers.centralized_db [None req-1651ffa5-755c-47d3-9b18-a45ce724a11d None None] Node reference is already recorded, ignoring it {{(pid=101870) configure /opt/stack/glance/glance/image_cache/drivers/centralized_db.py:71}}
May 27 20:58:38.724323 np0000001553 devstack@g-api.service[101872]: DEBUG dbcounter [-] [101872] Writer thread running {{(pid=101872) stat_writer /opt/stack/data/venv/lib/python3.12/site-packages/dbcounter.py:102}}
May 27 20:58:38.727424 np0000001553 devstack@g-api.service[101872]: DEBUG glance.image_cache.drivers.centralized_db [None req-dcdf5281-04e6-45db-86c8-64f79fcfe4aa None None] Node reference is already recorded, ignoring it {{(pid=101872) configure /opt/stack/glance/glance/image_cache/drivers/centralized_db.py:71}}
May 27 20:58:38.729203 np0000001553 devstack@g-api.service[101870]: INFO glance.image_cache [None req-1651ffa5-755c-47d3-9b18-a45ce724a11d None None] Image cache loaded driver 'centralized_db'.
May 27 20:58:38.730096 np0000001553 devstack@g-api.service[101871]: DEBUG glance.image_cache.drivers.centralized_db [None req-826ac97f-96c2-494a-a9a0-88c07c4fbd4d None None] Node reference is already recorded, ignoring it {{(pid=101871) configure /opt/stack/glance/glance/image_cache/drivers/centralized_db.py:71}}
May 27 20:58:38.732952 np0000001553 devstack@g-api.service[101872]: INFO glance.image_cache [None req-dcdf5281-04e6-45db-86c8-64f79fcfe4aa None None] Image cache loaded driver 'centralized_db'.
May 27 20:58:38.733811 np0000001553 devstack@g-api.service[101871]: INFO glance.api.middleware.cache [None req-826ac97f-96c2-494a-a9a0-88c07c4fbd4d None None] Initialized image cache middleware
May 27 20:58:38.735905 np0000001553 devstack@g-api.service[101870]: DEBUG glance.image_cache.drivers.centralized_db [None req-1651ffa5-755c-47d3-9b18-a45ce724a11d None None] Node reference is already recorded, ignoring it {{(pid=101870) configure /opt/stack/glance/glance/image_cache/drivers/centralized_db.py:71}}
May 27 20:58:38.739872 np0000001553 devstack@g-api.service[101872]: DEBUG glance.image_cache.drivers.centralized_db [None req-dcdf5281-04e6-45db-86c8-64f79fcfe4aa None None] Node reference is already recorded, ignoring it {{(pid=101872) configure /opt/stack/glance/glance/image_cache/drivers/centralized_db.py:71}}
May 27 20:58:38.744533 np0000001553 devstack@g-api.service[101872]: DEBUG glance.api.v2.cached_images [None req-dcdf5281-04e6-45db-86c8-64f79fcfe4aa None None] Started cache worker thread {{(pid=101872) __init__ /opt/stack/glance/glance/api/v2/cached_images.py:69}}
May 27 20:58:38.745040 np0000001553 devstack@g-api.service[101870]: DEBUG glance.api.v2.cached_images [None req-1651ffa5-755c-47d3-9b18-a45ce724a11d None None] Started cache worker thread {{(pid=101870) __init__ /opt/stack/glance/glance/api/v2/cached_images.py:69}}
May 27 20:58:38.745148 np0000001553 devstack@g-api.service[101872]: INFO glance.image_cache [None req-dcdf5281-04e6-45db-86c8-64f79fcfe4aa None None] Image cache loaded driver 'centralized_db'.
May 27 20:58:38.745263 np0000001553 devstack@g-api.service[101871]: DEBUG glance.common.config [None req-826ac97f-96c2-494a-a9a0-88c07c4fbd4d None None] ******************************************************************************** {{(pid=101871) log_opt_values /opt/stack/data/venv/lib/python3.12/site-packages/oslo_config/cfg.py:3229}}
May 27 20:58:38.745384 np0000001553 devstack@g-api.service[101871]: DEBUG glance.common.config [None req-826ac97f-96c2-494a-a9a0-88c07c4fbd4d None None] Configuration options gathered from: {{(pid=101871) log_opt_values /opt/stack/data/venv/lib/python3.12/site-packages/oslo_config/cfg.py:3230}}
May 27 20:58:38.745790 np0000001553 devstack@g-api.service[101871]: DEBUG glance.common.config [None req-826ac97f-96c2-494a-a9a0-88c07c4fbd4d None None] command line args: [] {{(pid=101871) log_opt_values /opt/stack/data/venv/lib/python3.12/site-packages/oslo_config/cfg.py:3231}}
May 27 20:58:38.745940 np0000001553 devstack@g-api.service[101870]: INFO glance.image_cache [None req-1651ffa5-755c-47d3-9b18-a45ce724a11d None None] Image cache loaded driver 'centralized_db'.
May 27 20:58:38.745980 np0000001553 devstack@g-api.service[101871]: DEBUG glance.common.config [None req-826ac97f-96c2-494a-a9a0-88c07c4fbd4d None None] config files: ['/etc/glance/glance-image-import.conf', '/etc/glance/glance-api.conf'] {{(pid=101871) log_opt_values /opt/stack/data/venv/lib/python3.12/site-packages/oslo_config/cfg.py:3232}}
May 27 20:58:38.746059 np0000001553 devstack@g-api.service[101871]: DEBUG glance.common.config [None req-826ac97f-96c2-494a-a9a0-88c07c4fbd4d None None] ================================================================================ {{(pid=101871) log_opt_values /opt/stack/data/venv/lib/python3.12/site-packages/oslo_config/cfg.py:3237}}
May 27 20:58:38.746245 np0000001553 devstack@g-api.service[101871]: DEBUG glance.common.config [None req-826ac97f-96c2-494a-a9a0-88c07c4fbd4d None None] allow_anonymous_access = False {{(pid=101871) log_opt_values /opt/stack/data/venv/lib/python3.12/site-packages/oslo_config/cfg.py:3245}}
May 27 20:58:38.746390 np0000001553 devstack@g-api.service[101871]: DEBUG glance.common.config [None req-826ac97f-96c2-494a-a9a0-88c07c4fbd4d None None] api_limit_max = 1000 {{(pid=101871) log_opt_values /opt/stack/data/venv/lib/python3.12/site-packages/oslo_config/cfg.py:3245}}
May 27 20:58:38.746549 np0000001553 devstack@g-api.service[101871]: DEBUG glance.common.config [None req-826ac97f-96c2-494a-a9a0-88c07c4fbd4d None None] backlog = 4096 {{(pid=101871) log_opt_values /opt/stack/data/venv/lib/python3.12/site-packages/oslo_config/cfg.py:3245}}
May 27 20:58:38.746715 np0000001553 devstack@g-api.service[101871]: DEBUG glance.common.config [None req-826ac97f-96c2-494a-a9a0-88c07c4fbd4d None None] bind_host = 0.0.0.0 {{(pid=101871) log_opt_values /opt/stack/data/venv/lib/python3.12/site-packages/oslo_config/cfg.py:3245}}
May 27 20:58:38.746848 np0000001553 devstack@g-api.service[101871]: DEBUG glance.common.config [None req-826ac97f-96c2-494a-a9a0-88c07c4fbd4d None None] bind_port = 19292 {{(pid=101871) log_opt_values /opt/stack/data/venv/lib/python3.12/site-packages/oslo_config/cfg.py:3245}}
May 27 20:58:38.746947 np0000001553 devstack@g-api.service[101871]: DEBUG glance.common.config [None req-826ac97f-96c2-494a-a9a0-88c07c4fbd4d None None] client_socket_timeout = 900 {{(pid=101871) log_opt_values /opt/stack/data/venv/lib/python3.12/site-packages/oslo_config/cfg.py:3245}}
May 27 20:58:38.747061 np0000001553 devstack@g-api.service[101871]: DEBUG glance.common.config [None req-826ac97f-96c2-494a-a9a0-88c07c4fbd4d None None] config_dir = [] {{(pid=101871) log_opt_values /opt/stack/data/venv/lib/python3.12/site-packages/oslo_config/cfg.py:3245}}
May 27 20:58:38.747132 np0000001553 devstack@g-api.service[101871]: DEBUG glance.common.config [None req-826ac97f-96c2-494a-a9a0-88c07c4fbd4d None None] config_file = ['/etc/glance/glance-image-import.conf', '/etc/glance/glance-api.conf'] {{(pid=101871) log_opt_values /opt/stack/data/venv/lib/python3.12/site-packages/oslo_config/cfg.py:3245}}
May 27 20:58:38.747245 np0000001553 devstack@g-api.service[101871]: DEBUG glance.common.config [None req-826ac97f-96c2-494a-a9a0-88c07c4fbd4d None None] config_source = [] {{(pid=101871) log_opt_values /opt/stack/data/venv/lib/python3.12/site-packages/oslo_config/cfg.py:3245}}
May 27 20:58:38.747344 np0000001553 devstack@g-api.service[101871]: DEBUG glance.common.config [None req-826ac97f-96c2-494a-a9a0-88c07c4fbd4d None None] control_exchange = glance {{(pid=101871) log_opt_values /opt/stack/data/venv/lib/python3.12/site-packages/oslo_config/cfg.py:3245}}
May 27 20:58:38.747422 np0000001553 devstack@g-api.service[101871]: DEBUG glance.common.config [None req-826ac97f-96c2-494a-a9a0-88c07c4fbd4d None None] debug = True {{(pid=101871) log_opt_values /opt/stack/data/venv/lib/python3.12/site-packages/oslo_config/cfg.py:3245}}
May 27 20:58:38.747609 np0000001553 devstack@g-api.service[101871]: DEBUG glance.common.config [None req-826ac97f-96c2-494a-a9a0-88c07c4fbd4d None None] default_log_levels = ['amqp=WARN', 'boto=WARN', 'sqlalchemy=WARN', 'suds=INFO', 'oslo.messaging=INFO', 'oslo_messaging=INFO', 'iso8601=WARN', 'requests.packages.urllib3.connectionpool=WARN', 'urllib3.connectionpool=WARN', 'websocket=WARN', 'requests.packages.urllib3.util.retry=WARN', 'urllib3.util.retry=WARN', 'keystonemiddleware=WARN', 'routes.middleware=WARN', 'stevedore=WARN', 'taskflow=WARN', 'keystoneauth=WARN', 'oslo.cache=INFO', 'oslo_policy=INFO', 'dogpile.core.dogpile=INFO'] {{(pid=101871) log_opt_values /opt/stack/data/venv/lib/python3.12/site-packages/oslo_config/cfg.py:3245}}
May 27 20:58:38.747712 np0000001553 devstack@g-api.service[101871]: DEBUG glance.common.config [None req-826ac97f-96c2-494a-a9a0-88c07c4fbd4d None None] default_publisher_id = image.localhost {{(pid=101871) log_opt_values /opt/stack/data/venv/lib/python3.12/site-packages/oslo_config/cfg.py:3245}}
May 27 20:58:38.747801 np0000001553 devstack@g-api.service[101871]: DEBUG glance.common.config [None req-826ac97f-96c2-494a-a9a0-88c07c4fbd4d None None] delayed_delete = False {{(pid=101871) log_opt_values /opt/stack/data/venv/lib/python3.12/site-packages/oslo_config/cfg.py:3245}}
May 27 20:58:38.747892 np0000001553 devstack@g-api.service[101871]: DEBUG glance.common.config [None req-826ac97f-96c2-494a-a9a0-88c07c4fbd4d None None] digest_algorithm = sha256 {{(pid=101871) log_opt_values /opt/stack/data/venv/lib/python3.12/site-packages/oslo_config/cfg.py:3245}}
May 27 20:58:38.747983 np0000001553 devstack@g-api.service[101871]: DEBUG glance.common.config [None req-826ac97f-96c2-494a-a9a0-88c07c4fbd4d None None] disabled_notifications = [] {{(pid=101871) log_opt_values /opt/stack/data/venv/lib/python3.12/site-packages/oslo_config/cfg.py:3245}}
May 27 20:58:38.748068 np0000001553 devstack@g-api.service[101871]: DEBUG glance.common.config [None req-826ac97f-96c2-494a-a9a0-88c07c4fbd4d None None] do_secure_hash = True {{(pid=101871) log_opt_values /opt/stack/data/venv/lib/python3.12/site-packages/oslo_config/cfg.py:3245}}
May 27 20:58:38.748177 np0000001553 devstack@g-api.service[101871]: DEBUG glance.common.config [None req-826ac97f-96c2-494a-a9a0-88c07c4fbd4d None None] enabled_backends = None {{(pid=101871) log_opt_values /opt/stack/data/venv/lib/python3.12/site-packages/oslo_config/cfg.py:3245}}
May 27 20:58:38.748289 np0000001553 devstack@g-api.service[101871]: DEBUG glance.common.config [None req-826ac97f-96c2-494a-a9a0-88c07c4fbd4d None None] enabled_import_methods = ['glance-direct', 'web-download', 'copy-image'] {{(pid=101871) log_opt_values /opt/stack/data/venv/lib/python3.12/site-packages/oslo_config/cfg.py:3245}}
May 27 20:58:38.748376 np0000001553 devstack@g-api.service[101871]: DEBUG glance.common.config [None req-826ac97f-96c2-494a-a9a0-88c07c4fbd4d None None] fatal_deprecations = False {{(pid=101871) log_opt_values /opt/stack/data/venv/lib/python3.12/site-packages/oslo_config/cfg.py:3245}}
May 27 20:58:38.748486 np0000001553 devstack@g-api.service[101871]: DEBUG glance.common.config [None req-826ac97f-96c2-494a-a9a0-88c07c4fbd4d None None] hashing_algorithm = sha512 {{(pid=101871) log_opt_values /opt/stack/data/venv/lib/python3.12/site-packages/oslo_config/cfg.py:3245}}
May 27 20:58:38.748571 np0000001553 devstack@g-api.service[101871]: DEBUG glance.common.config [None req-826ac97f-96c2-494a-a9a0-88c07c4fbd4d None None] http_keepalive = True {{(pid=101871) log_opt_values /opt/stack/data/venv/lib/python3.12/site-packages/oslo_config/cfg.py:3245}}
May 27 20:58:38.748657 np0000001553 devstack@g-api.service[101871]: DEBUG glance.common.config [None req-826ac97f-96c2-494a-a9a0-88c07c4fbd4d None None] http_retries = 3 {{(pid=101871) log_opt_values /opt/stack/data/venv/lib/python3.12/site-packages/oslo_config/cfg.py:3245}}
May 27 20:58:38.748749 np0000001553 devstack@g-api.service[101871]: DEBUG glance.common.config [None req-826ac97f-96c2-494a-a9a0-88c07c4fbd4d None None] image_cache_dir = /opt/stack/data/glance/cache/ {{(pid=101871) log_opt_values /opt/stack/data/venv/lib/python3.12/site-packages/oslo_config/cfg.py:3245}}
May 27 20:58:38.748873 np0000001553 devstack@g-api.service[101871]: DEBUG glance.common.config [None req-826ac97f-96c2-494a-a9a0-88c07c4fbd4d None None] image_cache_driver = centralized_db {{(pid=101871) log_opt_values /opt/stack/data/venv/lib/python3.12/site-packages/oslo_config/cfg.py:3245}}
May 27 20:58:38.748963 np0000001553 devstack@g-api.service[101871]: DEBUG glance.common.config [None req-826ac97f-96c2-494a-a9a0-88c07c4fbd4d None None] image_cache_max_size = 10737418240 {{(pid=101871) log_opt_values /opt/stack/data/venv/lib/python3.12/site-packages/oslo_config/cfg.py:3245}}
May 27 20:58:38.749056 np0000001553 devstack@g-api.service[101871]: DEBUG glance.common.config [None req-826ac97f-96c2-494a-a9a0-88c07c4fbd4d None None] image_cache_sqlite_db = cache.db {{(pid=101871) log_opt_values /opt/stack/data/venv/lib/python3.12/site-packages/oslo_config/cfg.py:3245}}
May 27 20:58:38.749151 np0000001553 devstack@g-api.service[101871]: DEBUG glance.common.config [None req-826ac97f-96c2-494a-a9a0-88c07c4fbd4d None None] image_cache_stall_time = 86400 {{(pid=101871) log_opt_values /opt/stack/data/venv/lib/python3.12/site-packages/oslo_config/cfg.py:3245}}
May 27 20:58:38.749253 np0000001553 devstack@g-api.service[101871]: DEBUG glance.common.config [None req-826ac97f-96c2-494a-a9a0-88c07c4fbd4d None None] image_location_quota = 10 {{(pid=101871) log_opt_values /opt/stack/data/venv/lib/python3.12/site-packages/oslo_config/cfg.py:3245}}
May 27 20:58:38.749341 np0000001553 devstack@g-api.service[101871]: DEBUG glance.common.config [None req-826ac97f-96c2-494a-a9a0-88c07c4fbd4d None None] image_member_quota = 128 {{(pid=101871) log_opt_values /opt/stack/data/venv/lib/python3.12/site-packages/oslo_config/cfg.py:3245}}
May 27 20:58:38.749438 np0000001553 devstack@g-api.service[101871]: DEBUG glance.common.config [None req-826ac97f-96c2-494a-a9a0-88c07c4fbd4d None None] image_property_quota = 128 {{(pid=101871) log_opt_values /opt/stack/data/venv/lib/python3.12/site-packages/oslo_config/cfg.py:3245}}
May 27 20:58:38.749552 np0000001553 devstack@g-api.service[101871]: DEBUG glance.common.config [None req-826ac97f-96c2-494a-a9a0-88c07c4fbd4d None None] image_size_cap = 1099511627776 {{(pid=101871) log_opt_values /opt/stack/data/venv/lib/python3.12/site-packages/oslo_config/cfg.py:3245}}
May 27 20:58:38.749649 np0000001553 devstack@g-api.service[101871]: DEBUG glance.common.config [None req-826ac97f-96c2-494a-a9a0-88c07c4fbd4d None None] image_tag_quota = 128 {{(pid=101871) log_opt_values /opt/stack/data/venv/lib/python3.12/site-packages/oslo_config/cfg.py:3245}}
May 27 20:58:38.749742 np0000001553 devstack@g-api.service[101871]: DEBUG glance.common.config [None req-826ac97f-96c2-494a-a9a0-88c07c4fbd4d None None] instance_format = [instance: %(uuid)s] {{(pid=101871) log_opt_values /opt/stack/data/venv/lib/python3.12/site-packages/oslo_config/cfg.py:3245}}
May 27 20:58:38.749832 np0000001553 devstack@g-api.service[101871]: DEBUG glance.common.config [None req-826ac97f-96c2-494a-a9a0-88c07c4fbd4d None None] instance_uuid_format = [instance: %(uuid)s] {{(pid=101871) log_opt_values /opt/stack/data/venv/lib/python3.12/site-packages/oslo_config/cfg.py:3245}}
May 27 20:58:38.749917 np0000001553 devstack@g-api.service[101871]: DEBUG glance.common.config [None req-826ac97f-96c2-494a-a9a0-88c07c4fbd4d None None] limit_param_default = 25 {{(pid=101871) log_opt_values /opt/stack/data/venv/lib/python3.12/site-packages/oslo_config/cfg.py:3245}}
May 27 20:58:38.750013 np0000001553 devstack@g-api.service[101871]: DEBUG glance.common.config [None req-826ac97f-96c2-494a-a9a0-88c07c4fbd4d None None] log_color = False {{(pid=101871) log_opt_values /opt/stack/data/venv/lib/python3.12/site-packages/oslo_config/cfg.py:3245}}
May 27 20:58:38.750105 np0000001553 devstack@g-api.service[101871]: DEBUG glance.common.config [None req-826ac97f-96c2-494a-a9a0-88c07c4fbd4d None None] log_config_append = None {{(pid=101871) log_opt_values /opt/stack/data/venv/lib/python3.12/site-packages/oslo_config/cfg.py:3245}}
May 27 20:58:38.750214 np0000001553 devstack@g-api.service[101871]: DEBUG glance.common.config [None req-826ac97f-96c2-494a-a9a0-88c07c4fbd4d None None] log_date_format = %Y-%m-%d %H:%M:%S {{(pid=101871) log_opt_values /opt/stack/data/venv/lib/python3.12/site-packages/oslo_config/cfg.py:3245}}
May 27 20:58:38.750305 np0000001553 devstack@g-api.service[101871]: DEBUG glance.common.config [None req-826ac97f-96c2-494a-a9a0-88c07c4fbd4d None None] log_dir = None {{(pid=101871) log_opt_values /opt/stack/data/venv/lib/python3.12/site-packages/oslo_config/cfg.py:3245}}
May 27 20:58:38.750390 np0000001553 devstack@g-api.service[101871]: DEBUG glance.common.config [None req-826ac97f-96c2-494a-a9a0-88c07c4fbd4d None None] log_file = None {{(pid=101871) log_opt_values /opt/stack/data/venv/lib/python3.12/site-packages/oslo_config/cfg.py:3245}}
May 27 20:58:38.750490 np0000001553 devstack@g-api.service[101871]: DEBUG glance.common.config [None req-826ac97f-96c2-494a-a9a0-88c07c4fbd4d None None] log_rotate_interval = 1 {{(pid=101871) log_opt_values /opt/stack/data/venv/lib/python3.12/site-packages/oslo_config/cfg.py:3245}}
May 27 20:58:38.750577 np0000001553 devstack@g-api.service[101871]: DEBUG glance.common.config [None req-826ac97f-96c2-494a-a9a0-88c07c4fbd4d None None] log_rotate_interval_type = days {{(pid=101871) log_opt_values /opt/stack/data/venv/lib/python3.12/site-packages/oslo_config/cfg.py:3245}}
May 27 20:58:38.750667 np0000001553 devstack@g-api.service[101871]: DEBUG glance.common.config [None req-826ac97f-96c2-494a-a9a0-88c07c4fbd4d None None] log_rotation_type = none {{(pid=101871) log_opt_values /opt/stack/data/venv/lib/python3.12/site-packages/oslo_config/cfg.py:3245}}
May 27 20:58:38.750737 np0000001553 devstack@g-api.service[101871]: DEBUG glance.common.config [None req-826ac97f-96c2-494a-a9a0-88c07c4fbd4d None None] logging_context_format_string = %(color)s%(levelname)s %(name)s [%(global_request_id)s %(request_id)s %(project_name)s %(user_name)s%(color)s] %(instance)s%(color)s%(message)s {{(pid=101871) log_opt_values /opt/stack/data/venv/lib/python3.12/site-packages/oslo_config/cfg.py:3245}}
May 27 20:58:38.750863 np0000001553 devstack@g-api.service[101871]: DEBUG glance.common.config [None req-826ac97f-96c2-494a-a9a0-88c07c4fbd4d None None] logging_debug_format_suffix = {{(pid=%(process)d) %(funcName)s %(pathname)s:%(lineno)d}} {{(pid=101871) log_opt_values /opt/stack/data/venv/lib/python3.12/site-packages/oslo_config/cfg.py:3245}}
May 27 20:58:38.750931 np0000001553 devstack@g-api.service[101871]: DEBUG glance.common.config [None req-826ac97f-96c2-494a-a9a0-88c07c4fbd4d None None] logging_default_format_string = %(color)s%(levelname)s %(name)s [-%(color)s] %(instance)s%(color)s%(message)s {{(pid=101871) log_opt_values /opt/stack/data/venv/lib/python3.12/site-packages/oslo_config/cfg.py:3245}}
May 27 20:58:38.751022 np0000001553 devstack@g-api.service[101871]: DEBUG glance.common.config [None req-826ac97f-96c2-494a-a9a0-88c07c4fbd4d None None] logging_exception_prefix = ERROR %(name)s %(instance)s {{(pid=101871) log_opt_values /opt/stack/data/venv/lib/python3.12/site-packages/oslo_config/cfg.py:3245}}
May 27 20:58:38.751090 np0000001553 devstack@g-api.service[101871]: DEBUG glance.common.config [None req-826ac97f-96c2-494a-a9a0-88c07c4fbd4d None None] logging_user_identity_format = %(user)s %(project)s %(domain)s %(system_scope)s %(user_domain)s %(project_domain)s {{(pid=101871) log_opt_values /opt/stack/data/venv/lib/python3.12/site-packages/oslo_config/cfg.py:3245}}
May 27 20:58:38.751193 np0000001553 devstack@g-api.service[101871]: DEBUG glance.common.config [None req-826ac97f-96c2-494a-a9a0-88c07c4fbd4d None None] max_header_line = 16384 {{(pid=101871) log_opt_values /opt/stack/data/venv/lib/python3.12/site-packages/oslo_config/cfg.py:3245}}
May 27 20:58:38.751280 np0000001553 devstack@g-api.service[101871]: DEBUG glance.common.config [None req-826ac97f-96c2-494a-a9a0-88c07c4fbd4d None None] max_logfile_count = 30 {{(pid=101871) log_opt_values /opt/stack/data/venv/lib/python3.12/site-packages/oslo_config/cfg.py:3245}}
May 27 20:58:38.751365 np0000001553 devstack@g-api.service[101871]: DEBUG glance.common.config [None req-826ac97f-96c2-494a-a9a0-88c07c4fbd4d None None] max_logfile_size_mb = 200 {{(pid=101871) log_opt_values /opt/stack/data/venv/lib/python3.12/site-packages/oslo_config/cfg.py:3245}}
May 27 20:58:38.751458 np0000001553 devstack@g-api.service[101871]: DEBUG glance.common.config [None req-826ac97f-96c2-494a-a9a0-88c07c4fbd4d None None] max_request_id_length = 64 {{(pid=101871) log_opt_values /opt/stack/data/venv/lib/python3.12/site-packages/oslo_config/cfg.py:3245}}
May 27 20:58:38.751578 np0000001553 devstack@g-api.service[101871]: DEBUG glance.common.config [None req-826ac97f-96c2-494a-a9a0-88c07c4fbd4d None None] metadata_encryption_key = **** {{(pid=101871) log_opt_values /opt/stack/data/venv/lib/python3.12/site-packages/oslo_config/cfg.py:3245}}
May 27 20:58:38.751673 np0000001553 devstack@g-api.service[101871]: DEBUG glance.common.config [None req-826ac97f-96c2-494a-a9a0-88c07c4fbd4d None None] node_staging_uri = file:///tmp/staging/ {{(pid=101871) log_opt_values /opt/stack/data/venv/lib/python3.12/site-packages/oslo_config/cfg.py:3245}}
May 27 20:58:38.751761 np0000001553 devstack@g-api.service[101871]: DEBUG glance.common.config [None req-826ac97f-96c2-494a-a9a0-88c07c4fbd4d None None] property_protection_file = None {{(pid=101871) log_opt_values /opt/stack/data/venv/lib/python3.12/site-packages/oslo_config/cfg.py:3245}}
May 27 20:58:38.751852 np0000001553 devstack@g-api.service[101871]: DEBUG glance.common.config [None req-826ac97f-96c2-494a-a9a0-88c07c4fbd4d None None] property_protection_rule_format = roles {{(pid=101871) log_opt_values /opt/stack/data/venv/lib/python3.12/site-packages/oslo_config/cfg.py:3245}}
May 27 20:58:38.751944 np0000001553 devstack@g-api.service[101871]: DEBUG glance.common.config [None req-826ac97f-96c2-494a-a9a0-88c07c4fbd4d None None] public_endpoint = https://10.4.3.175/image {{(pid=101871) log_opt_values /opt/stack/data/venv/lib/python3.12/site-packages/oslo_config/cfg.py:3245}}
May 27 20:58:38.752030 np0000001553 devstack@g-api.service[101871]: DEBUG glance.common.config [None req-826ac97f-96c2-494a-a9a0-88c07c4fbd4d None None] publish_errors = False {{(pid=101871) log_opt_values /opt/stack/data/venv/lib/python3.12/site-packages/oslo_config/cfg.py:3245}}
May 27 20:58:38.752120 np0000001553 devstack@g-api.service[101871]: DEBUG glance.common.config [None req-826ac97f-96c2-494a-a9a0-88c07c4fbd4d None None] pydev_worker_debug_host = None {{(pid=101871) log_opt_values /opt/stack/data/venv/lib/python3.12/site-packages/oslo_config/cfg.py:3245}}
May 27 20:58:38.752228 np0000001553 devstack@g-api.service[101871]: DEBUG glance.common.config [None req-826ac97f-96c2-494a-a9a0-88c07c4fbd4d None None] pydev_worker_debug_port = 5678 {{(pid=101871) log_opt_values /opt/stack/data/venv/lib/python3.12/site-packages/oslo_config/cfg.py:3245}}
May 27 20:58:38.752311 np0000001553 devstack@g-api.service[101871]: DEBUG glance.common.config [None req-826ac97f-96c2-494a-a9a0-88c07c4fbd4d None None] rate_limit_burst = 0 {{(pid=101871) log_opt_values /opt/stack/data/venv/lib/python3.12/site-packages/oslo_config/cfg.py:3245}}
May 27 20:58:38.752409 np0000001553 devstack@g-api.service[101871]: DEBUG glance.common.config [None req-826ac97f-96c2-494a-a9a0-88c07c4fbd4d None None] rate_limit_except_level = CRITICAL {{(pid=101871) log_opt_values /opt/stack/data/venv/lib/python3.12/site-packages/oslo_config/cfg.py:3245}}
May 27 20:58:38.752502 np0000001553 devstack@g-api.service[101871]: DEBUG glance.common.config [None req-826ac97f-96c2-494a-a9a0-88c07c4fbd4d None None] rate_limit_interval = 0 {{(pid=101871) log_opt_values /opt/stack/data/venv/lib/python3.12/site-packages/oslo_config/cfg.py:3245}}
May 27 20:58:38.752584 np0000001553 devstack@g-api.service[101871]: DEBUG glance.common.config [None req-826ac97f-96c2-494a-a9a0-88c07c4fbd4d None None] scrub_pool_size = 1 {{(pid=101871) log_opt_values /opt/stack/data/venv/lib/python3.12/site-packages/oslo_config/cfg.py:3245}}
May 27 20:58:38.752711 np0000001553 devstack@g-api.service[101871]: DEBUG glance.common.config [None req-826ac97f-96c2-494a-a9a0-88c07c4fbd4d None None] scrub_time = 0 {{(pid=101871) log_opt_values /opt/stack/data/venv/lib/python3.12/site-packages/oslo_config/cfg.py:3245}}
May 27 20:58:38.752856 np0000001553 devstack@g-api.service[101871]: DEBUG glance.common.config [None req-826ac97f-96c2-494a-a9a0-88c07c4fbd4d None None] shell_completion = None {{(pid=101871) log_opt_values /opt/stack/data/venv/lib/python3.12/site-packages/oslo_config/cfg.py:3245}}
May 27 20:58:38.753004 np0000001553 devstack@g-api.service[101871]: DEBUG glance.common.config [None req-826ac97f-96c2-494a-a9a0-88c07c4fbd4d None None] show_image_direct_url = False {{(pid=101871) log_opt_values /opt/stack/data/venv/lib/python3.12/site-packages/oslo_config/cfg.py:3245}}
May 27 20:58:38.753324 np0000001553 devstack@g-api.service[101871]: WARNING oslo_config.cfg [None req-826ac97f-96c2-494a-a9a0-88c07c4fbd4d None None] Deprecated: Option "show_multiple_locations" from group "DEFAULT" is deprecated for removal (Use of this option, deprecated since Newton, is a security risk and will be removed once we figure out a way to satisfy those use cases that currently require it. An earlier announcement that the same functionality can be achieved with greater granularity by using policies is incorrect. You cannot work around this option via policy configuration at the present time, though that is the direction we believe the fix will take. Please keep an eye on the Glance release notes to stay up to date on progress in addressing this issue.). Its value may be silently ignored in the future.
May 27 20:58:38.753509 np0000001553 devstack@g-api.service[101871]: DEBUG glance.common.config [None req-826ac97f-96c2-494a-a9a0-88c07c4fbd4d None None] show_multiple_locations = False {{(pid=101871) log_opt_values /opt/stack/data/venv/lib/python3.12/site-packages/oslo_config/cfg.py:3245}}
May 27 20:58:38.753676 np0000001553 devstack@g-api.service[101871]: DEBUG glance.common.config [None req-826ac97f-96c2-494a-a9a0-88c07c4fbd4d None None] syslog_log_facility = LOG_USER {{(pid=101871) log_opt_values /opt/stack/data/venv/lib/python3.12/site-packages/oslo_config/cfg.py:3245}}
May 27 20:58:38.753803 np0000001553 devstack@g-api.service[101871]: DEBUG glance.common.config [None req-826ac97f-96c2-494a-a9a0-88c07c4fbd4d None None] tcp_keepidle = 600 {{(pid=101871) log_opt_values /opt/stack/data/venv/lib/python3.12/site-packages/oslo_config/cfg.py:3245}}
May 27 20:58:38.753938 np0000001553 devstack@g-api.service[101871]: DEBUG glance.common.config [None req-826ac97f-96c2-494a-a9a0-88c07c4fbd4d None None] transport_url = **** {{(pid=101871) log_opt_values /opt/stack/data/venv/lib/python3.12/site-packages/oslo_config/cfg.py:3245}}
May 27 20:58:38.753976 np0000001553 devstack@g-api.service[101870]: DEBUG glance.image_cache.drivers.centralized_db [None req-1651ffa5-755c-47d3-9b18-a45ce724a11d None None] Node reference is already recorded, ignoring it {{(pid=101870) configure /opt/stack/glance/glance/image_cache/drivers/centralized_db.py:71}}
May 27 20:58:38.754091 np0000001553 devstack@g-api.service[101871]: DEBUG glance.common.config [None req-826ac97f-96c2-494a-a9a0-88c07c4fbd4d None None] use_journal = False {{(pid=101871) log_opt_values /opt/stack/data/venv/lib/python3.12/site-packages/oslo_config/cfg.py:3245}}
May 27 20:58:38.754218 np0000001553 devstack@g-api.service[101871]: DEBUG glance.common.config [None req-826ac97f-96c2-494a-a9a0-88c07c4fbd4d None None] use_json = False {{(pid=101871) log_opt_values /opt/stack/data/venv/lib/python3.12/site-packages/oslo_config/cfg.py:3245}}
May 27 20:58:38.754315 np0000001553 devstack@g-api.service[101871]: DEBUG glance.common.config [None req-826ac97f-96c2-494a-a9a0-88c07c4fbd4d None None] use_keystone_limits = True {{(pid=101871) log_opt_values /opt/stack/data/venv/lib/python3.12/site-packages/oslo_config/cfg.py:3245}}
May 27 20:58:38.754443 np0000001553 devstack@g-api.service[101871]: DEBUG glance.common.config [None req-826ac97f-96c2-494a-a9a0-88c07c4fbd4d None None] use_stderr = False {{(pid=101871) log_opt_values /opt/stack/data/venv/lib/python3.12/site-packages/oslo_config/cfg.py:3245}}
May 27 20:58:38.754593 np0000001553 devstack@g-api.service[101871]: DEBUG glance.common.config [None req-826ac97f-96c2-494a-a9a0-88c07c4fbd4d None None] use_syslog = False {{(pid=101871) log_opt_values /opt/stack/data/venv/lib/python3.12/site-packages/oslo_config/cfg.py:3245}}
May 27 20:58:38.754725 np0000001553 devstack@g-api.service[101871]: DEBUG glance.common.config [None req-826ac97f-96c2-494a-a9a0-88c07c4fbd4d None None] user_storage_quota = 0 {{(pid=101871) log_opt_values /opt/stack/data/venv/lib/python3.12/site-packages/oslo_config/cfg.py:3245}}
May 27 20:58:38.754866 np0000001553 devstack@g-api.service[101871]: DEBUG glance.common.config [None req-826ac97f-96c2-494a-a9a0-88c07c4fbd4d None None] worker_self_reference_url = http://127.0.0.1:60999 {{(pid=101871) log_opt_values /opt/stack/data/venv/lib/python3.12/site-packages/oslo_config/cfg.py:3245}}
May 27 20:58:38.755021 np0000001553 devstack@g-api.service[101871]: DEBUG glance.common.config [None req-826ac97f-96c2-494a-a9a0-88c07c4fbd4d None None] workers = None {{(pid=101871) log_opt_values /opt/stack/data/venv/lib/python3.12/site-packages/oslo_config/cfg.py:3245}}
May 27 20:58:38.755111 np0000001553 devstack@g-api.service[101872]: DEBUG glance.image_cache.drivers.centralized_db [None req-dcdf5281-04e6-45db-86c8-64f79fcfe4aa None None] Node reference is already recorded, ignoring it {{(pid=101872) configure /opt/stack/glance/glance/image_cache/drivers/centralized_db.py:71}}
May 27 20:58:38.755205 np0000001553 devstack@g-api.service[101871]: DEBUG glance.common.config [None req-826ac97f-96c2-494a-a9a0-88c07c4fbd4d None None] oslo_concurrency.disable_process_locking = False {{(pid=101871) log_opt_values /opt/stack/data/venv/lib/python3.12/site-packages/oslo_config/cfg.py:3256}}
May 27 20:58:38.755367 np0000001553 devstack@g-api.service[101871]: DEBUG glance.common.config [None req-826ac97f-96c2-494a-a9a0-88c07c4fbd4d None None] oslo_concurrency.lock_path = /opt/stack/data/glance/locks {{(pid=101871) log_opt_values /opt/stack/data/venv/lib/python3.12/site-packages/oslo_config/cfg.py:3256}}
May 27 20:58:38.755524 np0000001553 devstack@g-api.service[101871]: DEBUG glance.common.config [None req-826ac97f-96c2-494a-a9a0-88c07c4fbd4d None None] oslo_middleware.enable_proxy_headers_parsing = False {{(pid=101871) log_opt_values /opt/stack/data/venv/lib/python3.12/site-packages/oslo_config/cfg.py:3256}}
May 27 20:58:38.755651 np0000001553 devstack@g-api.service[101871]: DEBUG glance.common.config [None req-826ac97f-96c2-494a-a9a0-88c07c4fbd4d None None] oslo_middleware.http_basic_auth_user_file = /etc/htpasswd {{(pid=101871) log_opt_values /opt/stack/data/venv/lib/python3.12/site-packages/oslo_config/cfg.py:3256}}
May 27 20:58:38.755773 np0000001553 devstack@g-api.service[101871]: DEBUG glance.common.config [None req-826ac97f-96c2-494a-a9a0-88c07c4fbd4d None None] paste_deploy.config_file = None {{(pid=101871) log_opt_values /opt/stack/data/venv/lib/python3.12/site-packages/oslo_config/cfg.py:3256}}
May 27 20:58:38.755897 np0000001553 devstack@g-api.service[101871]: DEBUG glance.common.config [None req-826ac97f-96c2-494a-a9a0-88c07c4fbd4d None None] paste_deploy.flavor = keystone+cachemanagement {{(pid=101871) log_opt_values /opt/stack/data/venv/lib/python3.12/site-packages/oslo_config/cfg.py:3256}}
May 27 20:58:38.756075 np0000001553 devstack@g-api.service[101871]: DEBUG glance.common.config [None req-826ac97f-96c2-494a-a9a0-88c07c4fbd4d None None] image_format.container_formats = ['ami', 'ari', 'aki', 'bare', 'ovf', 'ova', 'docker', 'compressed'] {{(pid=101871) log_opt_values /opt/stack/data/venv/lib/python3.12/site-packages/oslo_config/cfg.py:3256}}
May 27 20:58:38.756266 np0000001553 devstack@g-api.service[101871]: DEBUG glance.common.config [None req-826ac97f-96c2-494a-a9a0-88c07c4fbd4d None None] image_format.disk_formats = ['ami', 'ari', 'aki', 'vhd', 'vhdx', 'vmdk', 'raw', 'qcow2', 'vdi', 'iso', 'ploop'] {{(pid=101871) log_opt_values /opt/stack/data/venv/lib/python3.12/site-packages/oslo_config/cfg.py:3256}}
May 27 20:58:38.756427 np0000001553 devstack@g-api.service[101871]: DEBUG glance.common.config [None req-826ac97f-96c2-494a-a9a0-88c07c4fbd4d None None] image_format.gpt_safety_checks_nonfatal = [] {{(pid=101871) log_opt_values /opt/stack/data/venv/lib/python3.12/site-packages/oslo_config/cfg.py:3256}}
May 27 20:58:38.756582 np0000001553 devstack@g-api.service[101871]: DEBUG glance.common.config [None req-826ac97f-96c2-494a-a9a0-88c07c4fbd4d None None] image_format.require_image_format_match = True {{(pid=101871) log_opt_values /opt/stack/data/venv/lib/python3.12/site-packages/oslo_config/cfg.py:3256}}
May 27 20:58:38.756696 np0000001553 devstack@g-api.service[101871]: DEBUG glance.common.config [None req-826ac97f-96c2-494a-a9a0-88c07c4fbd4d None None] image_format.vmdk_allowed_types = ['streamOptimized', 'monolithicSparse'] {{(pid=101871) log_opt_values /opt/stack/data/venv/lib/python3.12/site-packages/oslo_config/cfg.py:3256}}
May 27 20:58:38.756801 np0000001553 devstack@g-api.service[101871]: DEBUG glance.common.config [None req-826ac97f-96c2-494a-a9a0-88c07c4fbd4d None None] task.task_executor = taskflow {{(pid=101871) log_opt_values /opt/stack/data/venv/lib/python3.12/site-packages/oslo_config/cfg.py:3256}}
May 27 20:58:38.756898 np0000001553 devstack@g-api.service[101871]: DEBUG glance.common.config [None req-826ac97f-96c2-494a-a9a0-88c07c4fbd4d None None] task.task_time_to_live = 48 {{(pid=101871) log_opt_values /opt/stack/data/venv/lib/python3.12/site-packages/oslo_config/cfg.py:3256}}
May 27 20:58:38.757005 np0000001553 devstack@g-api.service[101871]: DEBUG glance.common.config [None req-826ac97f-96c2-494a-a9a0-88c07c4fbd4d None None] task.work_dir = None {{(pid=101871) log_opt_values /opt/stack/data/venv/lib/python3.12/site-packages/oslo_config/cfg.py:3256}}
May 27 20:58:38.757187 np0000001553 devstack@g-api.service[101871]: DEBUG glance.common.config [None req-826ac97f-96c2-494a-a9a0-88c07c4fbd4d None None] wsgi.python_interpreter = /opt/stack/data/venv/bin/python3 {{(pid=101871) log_opt_values /opt/stack/data/venv/lib/python3.12/site-packages/oslo_config/cfg.py:3256}}
May 27 20:58:38.757320 np0000001553 devstack@g-api.service[101871]: DEBUG glance.common.config [None req-826ac97f-96c2-494a-a9a0-88c07c4fbd4d None None] wsgi.task_pool_threads = 16 {{(pid=101871) log_opt_values /opt/stack/data/venv/lib/python3.12/site-packages/oslo_config/cfg.py:3256}}
May 27 20:58:38.757474 np0000001553 devstack@g-api.service[101871]: DEBUG glance.common.config [None req-826ac97f-96c2-494a-a9a0-88c07c4fbd4d None None] profiler.connection_string = messaging:// {{(pid=101871) log_opt_values /opt/stack/data/venv/lib/python3.12/site-packages/oslo_config/cfg.py:3256}}
May 27 20:58:38.757618 np0000001553 devstack@g-api.service[101871]: DEBUG glance.common.config [None req-826ac97f-96c2-494a-a9a0-88c07c4fbd4d None None] profiler.enabled = False {{(pid=101871) log_opt_values /opt/stack/data/venv/lib/python3.12/site-packages/oslo_config/cfg.py:3256}}
May 27 20:58:38.757739 np0000001553 devstack@g-api.service[101871]: DEBUG glance.common.config [None req-826ac97f-96c2-494a-a9a0-88c07c4fbd4d None None] profiler.es_doc_type = notification {{(pid=101871) log_opt_values /opt/stack/data/venv/lib/python3.12/site-packages/oslo_config/cfg.py:3256}}
