May 27 20:58:15.583774 np0000001553 nova-scheduler[95640]: DEBUG cotyledon.oslo_config_glue [-] oslo_limit.endpoint_id = None {{(pid=95640) log_opt_values /opt/stack/data/venv/lib/python3.12/site-packages/oslo_config/cfg.py:3256}}
May 27 20:58:15.583774 np0000001553 nova-scheduler[95640]: DEBUG cotyledon.oslo_config_glue [-] oslo_limit.endpoint_interface = public {{(pid=95640) log_opt_values /opt/stack/data/venv/lib/python3.12/site-packages/oslo_config/cfg.py:3256}}
May 27 20:58:15.583774 np0000001553 nova-scheduler[95640]: DEBUG cotyledon.oslo_config_glue [-] oslo_limit.endpoint_override = None {{(pid=95640) log_opt_values /opt/stack/data/venv/lib/python3.12/site-packages/oslo_config/cfg.py:3256}}
May 27 20:58:15.583774 np0000001553 nova-scheduler[95640]: DEBUG cotyledon.oslo_config_glue [-] oslo_limit.endpoint_region_name = None {{(pid=95640) log_opt_values /opt/stack/data/venv/lib/python3.12/site-packages/oslo_config/cfg.py:3256}}
May 27 20:58:15.583774 np0000001553 nova-scheduler[95640]: DEBUG cotyledon.oslo_config_glue [-] oslo_limit.endpoint_service_name = None {{(pid=95640) log_opt_values /opt/stack/data/venv/lib/python3.12/site-packages/oslo_config/cfg.py:3256}}
May 27 20:58:15.583774 np0000001553 nova-scheduler[95640]: DEBUG cotyledon.oslo_config_glue [-] oslo_limit.endpoint_service_type = None {{(pid=95640) log_opt_values /opt/stack/data/venv/lib/python3.12/site-packages/oslo_config/cfg.py:3256}}
May 27 20:58:15.583774 np0000001553 nova-scheduler[95640]: DEBUG cotyledon.oslo_config_glue [-] oslo_limit.insecure = False {{(pid=95640) log_opt_values /opt/stack/data/venv/lib/python3.12/site-packages/oslo_config/cfg.py:3256}}
May 27 20:58:15.584025 np0000001553 nova-scheduler[95640]: DEBUG cotyledon.oslo_config_glue [-] oslo_limit.keyfile = None {{(pid=95640) log_opt_values /opt/stack/data/venv/lib/python3.12/site-packages/oslo_config/cfg.py:3256}}
May 27 20:58:15.584025 np0000001553 nova-scheduler[95640]: DEBUG cotyledon.oslo_config_glue [-] oslo_limit.max_version = None {{(pid=95640) log_opt_values /opt/stack/data/venv/lib/python3.12/site-packages/oslo_config/cfg.py:3256}}
May 27 20:58:15.584025 np0000001553 nova-scheduler[95640]: DEBUG cotyledon.oslo_config_glue [-] oslo_limit.min_version = None {{(pid=95640) log_opt_values /opt/stack/data/venv/lib/python3.12/site-packages/oslo_config/cfg.py:3256}}
May 27 20:58:15.584025 np0000001553 nova-scheduler[95640]: DEBUG cotyledon.oslo_config_glue [-] oslo_limit.region_name = None {{(pid=95640) log_opt_values /opt/stack/data/venv/lib/python3.12/site-packages/oslo_config/cfg.py:3256}}
May 27 20:58:15.584025 np0000001553 nova-scheduler[95640]: DEBUG cotyledon.oslo_config_glue [-] oslo_limit.retriable_status_codes = None {{(pid=95640) log_opt_values /opt/stack/data/venv/lib/python3.12/site-packages/oslo_config/cfg.py:3256}}
May 27 20:58:15.584025 np0000001553 nova-scheduler[95640]: DEBUG cotyledon.oslo_config_glue [-] oslo_limit.service_name = None {{(pid=95640) log_opt_values /opt/stack/data/venv/lib/python3.12/site-packages/oslo_config/cfg.py:3256}}
May 27 20:58:15.584025 np0000001553 nova-scheduler[95640]: DEBUG cotyledon.oslo_config_glue [-] oslo_limit.service_type = None {{(pid=95640) log_opt_values /opt/stack/data/venv/lib/python3.12/site-packages/oslo_config/cfg.py:3256}}
May 27 20:58:15.584025 np0000001553 nova-scheduler[95640]: DEBUG cotyledon.oslo_config_glue [-] oslo_limit.split_loggers = False {{(pid=95640) log_opt_values /opt/stack/data/venv/lib/python3.12/site-packages/oslo_config/cfg.py:3256}}
May 27 20:58:15.584025 np0000001553 nova-scheduler[95640]: DEBUG cotyledon.oslo_config_glue [-] oslo_limit.status_code_retries = None {{(pid=95640) log_opt_values /opt/stack/data/venv/lib/python3.12/site-packages/oslo_config/cfg.py:3256}}
May 27 20:58:15.584296 np0000001553 nova-scheduler[95640]: DEBUG cotyledon.oslo_config_glue [-] oslo_limit.status_code_retry_delay = None {{(pid=95640) log_opt_values /opt/stack/data/venv/lib/python3.12/site-packages/oslo_config/cfg.py:3256}}
May 27 20:58:15.584296 np0000001553 nova-scheduler[95640]: DEBUG cotyledon.oslo_config_glue [-] oslo_limit.timeout = None {{(pid=95640) log_opt_values /opt/stack/data/venv/lib/python3.12/site-packages/oslo_config/cfg.py:3256}}
May 27 20:58:15.584296 np0000001553 nova-scheduler[95640]: DEBUG cotyledon.oslo_config_glue [-] oslo_limit.valid_interfaces = None {{(pid=95640) log_opt_values /opt/stack/data/venv/lib/python3.12/site-packages/oslo_config/cfg.py:3256}}
May 27 20:58:15.584296 np0000001553 nova-scheduler[95640]: DEBUG cotyledon.oslo_config_glue [-] oslo_limit.version = None {{(pid=95640) log_opt_values /opt/stack/data/venv/lib/python3.12/site-packages/oslo_config/cfg.py:3256}}
May 27 20:58:15.584296 np0000001553 nova-scheduler[95640]: DEBUG cotyledon.oslo_config_glue [-] oslo_reports.file_event_handler = None {{(pid=95640) log_opt_values /opt/stack/data/venv/lib/python3.12/site-packages/oslo_config/cfg.py:3256}}
May 27 20:58:15.584296 np0000001553 nova-scheduler[95640]: DEBUG cotyledon.oslo_config_glue [-] oslo_reports.file_event_handler_interval = 1 {{(pid=95640) log_opt_values /opt/stack/data/venv/lib/python3.12/site-packages/oslo_config/cfg.py:3256}}
May 27 20:58:15.584296 np0000001553 nova-scheduler[95640]: DEBUG cotyledon.oslo_config_glue [-] oslo_reports.log_dir = None {{(pid=95640) log_opt_values /opt/stack/data/venv/lib/python3.12/site-packages/oslo_config/cfg.py:3256}}
May 27 20:58:15.584296 np0000001553 nova-scheduler[95640]: DEBUG cotyledon.oslo_config_glue [-] ******************************************************************************** {{(pid=95640) log_opt_values /opt/stack/data/venv/lib/python3.12/site-packages/oslo_config/cfg.py:3263}}
May 27 20:58:15.584296 np0000001553 nova-scheduler[95640]: DEBUG cotyledon._service_worker [-] Run service ServiceWrapper(2) [95640] {{(pid=95640) wait_forever /opt/stack/data/venv/lib/python3.12/site-packages/cotyledon/_service_worker.py:218}}
May 27 20:58:15.584566 np0000001553 nova-scheduler[95640]: INFO nova.service [-] Starting scheduler node (version 33.1.0)
May 27 20:58:15.584602 np0000001553 nova-scheduler[95636]: DEBUG oslo_db.sqlalchemy.engines [None req-4557de64-9f36-4cd9-95cc-3cffb605147d None None] MySQL server mode set to STRICT_TRANS_TABLES,STRICT_ALL_TABLES,NO_ZERO_IN_DATE,NO_ZERO_DATE,ERROR_FOR_DIVISION_BY_ZERO,TRADITIONAL,NO_ENGINE_SUBSTITUTION {{(pid=95636) _check_effective_sql_mode /opt/stack/data/venv/lib/python3.12/site-packages/oslo_db/sqlalchemy/engines.py:325}}
May 27 20:58:15.584651 np0000001553 nova-scheduler[95640]: INFO dbcounter [None req-bc1e82d2-526f-484c-9424-d04f9dcb6989 None None] Registered counter for database nova_cell0
May 27 20:58:15.596543 np0000001553 nova-scheduler[95636]: DEBUG dbcounter [-] [95636] Writer thread running {{(pid=95636) stat_writer /opt/stack/data/venv/lib/python3.12/site-packages/dbcounter.py:102}}
May 27 20:58:15.604297 np0000001553 nova-scheduler[95638]: DEBUG oslo_db.sqlalchemy.engines [None req-48573490-0b06-4e0b-bd32-f4758e65685f None None] MySQL server mode set to STRICT_TRANS_TABLES,STRICT_ALL_TABLES,NO_ZERO_IN_DATE,NO_ZERO_DATE,ERROR_FOR_DIVISION_BY_ZERO,TRADITIONAL,NO_ENGINE_SUBSTITUTION {{(pid=95638) _check_effective_sql_mode /opt/stack/data/venv/lib/python3.12/site-packages/oslo_db/sqlalchemy/engines.py:325}}
May 27 20:58:15.614802 np0000001553 nova-scheduler[95636]: DEBUG nova.service [None req-4557de64-9f36-4cd9-95cc-3cffb605147d None None] Creating RPC server for service: nova-scheduler on topic: scheduler {{(pid=95636) start /opt/stack/nova/nova/service.py:195}}
May 27 20:58:15.615790 np0000001553 nova-scheduler[95638]: DEBUG dbcounter [-] [95638] Writer thread running {{(pid=95638) stat_writer /opt/stack/data/venv/lib/python3.12/site-packages/dbcounter.py:102}}
May 27 20:58:15.618816 np0000001553 nova-scheduler[95638]: DEBUG nova.service [None req-48573490-0b06-4e0b-bd32-f4758e65685f None None] Creating RPC server for service: nova-scheduler on topic: scheduler {{(pid=95638) start /opt/stack/nova/nova/service.py:195}}
May 27 20:58:15.634312 np0000001553 nova-scheduler[95640]: DEBUG oslo_db.sqlalchemy.engines [None req-bc1e82d2-526f-484c-9424-d04f9dcb6989 None None] MySQL server mode set to STRICT_TRANS_TABLES,STRICT_ALL_TABLES,NO_ZERO_IN_DATE,NO_ZERO_DATE,ERROR_FOR_DIVISION_BY_ZERO,TRADITIONAL,NO_ENGINE_SUBSTITUTION {{(pid=95640) _check_effective_sql_mode /opt/stack/data/venv/lib/python3.12/site-packages/oslo_db/sqlalchemy/engines.py:325}}
May 27 20:58:15.639773 np0000001553 nova-scheduler[95638]: DEBUG nova.service [None req-48573490-0b06-4e0b-bd32-f4758e65685f None None] Join ServiceGroup membership for this service scheduler {{(pid=95638) start /opt/stack/nova/nova/service.py:221}}
May 27 20:58:15.640000 np0000001553 nova-scheduler[95638]: DEBUG nova.servicegroup.drivers.db [None req-48573490-0b06-4e0b-bd32-f4758e65685f None None] DB_Driver: join new ServiceGroup member np0000001553 to the scheduler group, service = {{(pid=95638) join /opt/stack/nova/nova/servicegroup/drivers/db.py:44}}
May 27 20:58:15.644709 np0000001553 nova-scheduler[95636]: DEBUG nova.service [None req-4557de64-9f36-4cd9-95cc-3cffb605147d None None] Join ServiceGroup membership for this service scheduler {{(pid=95636) start /opt/stack/nova/nova/service.py:221}}
May 27 20:58:15.644936 np0000001553 nova-scheduler[95636]: DEBUG nova.servicegroup.drivers.db [None req-4557de64-9f36-4cd9-95cc-3cffb605147d None None] DB_Driver: join new ServiceGroup member np0000001553 to the scheduler group, service = {{(pid=95636) join /opt/stack/nova/nova/servicegroup/drivers/db.py:44}}
May 27 20:58:15.645568 np0000001553 nova-scheduler[95640]: DEBUG dbcounter [-] [95640] Writer thread running {{(pid=95640) stat_writer /opt/stack/data/venv/lib/python3.12/site-packages/dbcounter.py:102}}
May 27 20:58:15.648611 np0000001553 nova-scheduler[95640]: DEBUG nova.service [None req-bc1e82d2-526f-484c-9424-d04f9dcb6989 None None] Creating RPC server for service: nova-scheduler on topic: scheduler {{(pid=95640) start /opt/stack/nova/nova/service.py:195}}
May 27 20:58:15.666817 np0000001553 nova-scheduler[95640]: DEBUG nova.service [None req-bc1e82d2-526f-484c-9424-d04f9dcb6989 None None] Join ServiceGroup membership for this service scheduler {{(pid=95640) start /opt/stack/nova/nova/service.py:221}}
May 27 20:58:15.667052 np0000001553 nova-scheduler[95640]: DEBUG nova.servicegroup.drivers.db [None req-bc1e82d2-526f-484c-9424-d04f9dcb6989 None None] DB_Driver: join new ServiceGroup member np0000001553 to the scheduler group, service = {{(pid=95640) join /opt/stack/nova/nova/servicegroup/drivers/db.py:44}}
May 27 20:58:20.660311 np0000001553 nova-scheduler[95638]: DEBUG oslo.service.backend._threading.loopingcall [-] Fixed interval looping call 'nova.servicegroup.drivers.db.DbDriver._report_state' sleeping for 119.98 seconds {{(pid=95638) _run_loop /opt/stack/data/venv/lib/python3.12/site-packages/oslo_service/backend/_threading/loopingcall.py:125}}
May 27 20:58:20.660982 np0000001553 nova-scheduler[95636]: DEBUG oslo.service.backend._threading.loopingcall [-] Fixed interval looping call 'nova.servicegroup.drivers.db.DbDriver._report_state' sleeping for 119.99 seconds {{(pid=95636) _run_loop /opt/stack/data/venv/lib/python3.12/site-packages/oslo_service/backend/_threading/loopingcall.py:125}}
May 27 20:58:20.677088 np0000001553 nova-scheduler[95640]: DEBUG oslo.service.backend._threading.loopingcall [-] Fixed interval looping call 'nova.servicegroup.drivers.db.DbDriver._report_state' sleeping for 119.99 seconds {{(pid=95640) _run_loop /opt/stack/data/venv/lib/python3.12/site-packages/oslo_service/backend/_threading/loopingcall.py:125}}
May 27 20:58:24.222707 np0000001553 nova-scheduler[94370]: DEBUG dbcounter [-] [94370] Writing DB stats nova_api:SELECT=3 {{(pid=94370) stat_writer /opt/stack/data/venv/lib/python3.12/site-packages/dbcounter.py:115}}
May 27 20:58:24.355197 np0000001553 nova-scheduler[94370]: DEBUG dbcounter [-] [94370] Writing DB stats nova_cell1:SELECT=1 {{(pid=94370) stat_writer /opt/stack/data/venv/lib/python3.12/site-packages/dbcounter.py:115}}
May 27 20:58:24.358332 np0000001553 nova-scheduler[94370]: DEBUG dbcounter [-] [94370] Writing DB stats nova_cell0:SELECT=1 {{(pid=94370) stat_writer /opt/stack/data/venv/lib/python3.12/site-packages/dbcounter.py:115}}
May 27 20:58:30.655006 np0000001553 nova-scheduler[95638]: DEBUG dbcounter [-] [95638] Writing DB stats nova_cell0:SELECT=3,nova_cell0:UPDATE=1 {{(pid=95638) stat_writer /opt/stack/data/venv/lib/python3.12/site-packages/dbcounter.py:115}}
May 27 20:58:30.655634 np0000001553 nova-scheduler[95636]: DEBUG dbcounter [-] [95636] Writing DB stats nova_cell0:SELECT=4,nova_cell0:INSERT=1,nova_cell0:UPDATE=1 {{(pid=95636) stat_writer /opt/stack/data/venv/lib/python3.12/site-packages/dbcounter.py:115}}
May 27 20:58:30.674549 np0000001553 nova-scheduler[95640]: DEBUG dbcounter [-] [95640] Writing DB stats nova_cell0:SELECT=3 {{(pid=95640) stat_writer /opt/stack/data/venv/lib/python3.12/site-packages/dbcounter.py:115}}
May 27 20:58:45.643495 np0000001553 nova-scheduler[95638]: DEBUG oslo.service.backend._threading.loopingcall [None req-dd1e71d4-cd9e-4940-a748-a4d3cf62ea0a None None] Dynamic interval looping call 'nova.service.Service.periodic_tasks' sleeping for 60.00 seconds {{(pid=95638) _run_loop /opt/stack/data/venv/lib/python3.12/site-packages/oslo_service/backend/_threading/loopingcall.py:125}}
May 27 20:58:59.647053 np0000001553 nova-scheduler[95636]: DEBUG oslo.service.backend._threading.loopingcall [None req-36731e03-7ed8-4754-a3e6-6005a0c802ae None None] Dynamic interval looping call 'nova.service.Service.periodic_tasks' sleeping for 60.00 seconds {{(pid=95636) _run_loop /opt/stack/data/venv/lib/python3.12/site-packages/oslo_service/backend/_threading/loopingcall.py:125}}
May 27 20:59:10.669428 np0000001553 nova-scheduler[95640]: DEBUG oslo.service.backend._threading.loopingcall [None req-d095e1f2-a0b8-4246-9aca-ff1a2991fedd None None] Dynamic interval looping call 'nova.service.Service.periodic_tasks' sleeping for 60.00 seconds {{(pid=95640) _run_loop /opt/stack/data/venv/lib/python3.12/site-packages/oslo_service/backend/_threading/loopingcall.py:125}}
May 27 20:59:45.644451 np0000001553 nova-scheduler[95638]: DEBUG oslo.service.backend._threading.loopingcall [None req-dd1e71d4-cd9e-4940-a748-a4d3cf62ea0a None None] Dynamic interval looping call 'nova.service.Service.periodic_tasks' sleeping for 60.00 seconds {{(pid=95638) _run_loop /opt/stack/data/venv/lib/python3.12/site-packages/oslo_service/backend/_threading/loopingcall.py:125}}
May 27 20:59:59.647548 np0000001553 nova-scheduler[95636]: DEBUG oslo.service.backend._threading.loopingcall [None req-36731e03-7ed8-4754-a3e6-6005a0c802ae None None] Dynamic interval looping call 'nova.service.Service.periodic_tasks' sleeping for 60.00 seconds {{(pid=95636) _run_loop /opt/stack/data/venv/lib/python3.12/site-packages/oslo_service/backend/_threading/loopingcall.py:125}}
May 27 21:00:10.670250 np0000001553 nova-scheduler[95640]: DEBUG oslo.service.backend._threading.loopingcall [None req-d095e1f2-a0b8-4246-9aca-ff1a2991fedd None None] Dynamic interval looping call 'nova.service.Service.periodic_tasks' sleeping for 60.00 seconds {{(pid=95640) _run_loop /opt/stack/data/venv/lib/python3.12/site-packages/oslo_service/backend/_threading/loopingcall.py:125}}
May 27 21:00:20.647243 np0000001553 nova-scheduler[95638]: DEBUG oslo.service.backend._threading.loopingcall [-] Fixed interval looping call 'nova.servicegroup.drivers.db.DbDriver._report_state' sleeping for 119.99 seconds {{(pid=95638) _run_loop /opt/stack/data/venv/lib/python3.12/site-packages/oslo_service/backend/_threading/loopingcall.py:125}}
May 27 21:00:20.654538 np0000001553 nova-scheduler[95636]: DEBUG oslo.service.backend._threading.loopingcall [-] Fixed interval looping call 'nova.servicegroup.drivers.db.DbDriver._report_state' sleeping for 120.00 seconds {{(pid=95636) _run_loop /opt/stack/data/venv/lib/python3.12/site-packages/oslo_service/backend/_threading/loopingcall.py:125}}
May 27 21:00:20.671136 np0000001553 nova-scheduler[95640]: DEBUG oslo.service.backend._threading.loopingcall [-] Fixed interval looping call 'nova.servicegroup.drivers.db.DbDriver._report_state' sleeping for 120.00 seconds {{(pid=95640) _run_loop /opt/stack/data/venv/lib/python3.12/site-packages/oslo_service/backend/_threading/loopingcall.py:125}}
May 27 21:00:30.644079 np0000001553 nova-scheduler[95638]: DEBUG dbcounter [-] [95638] Writing DB stats nova_cell0:SELECT=1,nova_cell0:UPDATE=1 {{(pid=95638) stat_writer /opt/stack/data/venv/lib/python3.12/site-packages/dbcounter.py:115}}
May 27 21:00:30.652781 np0000001553 nova-scheduler[95636]: DEBUG dbcounter [-] [95636] Writing DB stats nova_cell0:SELECT=1 {{(pid=95636) stat_writer /opt/stack/data/venv/lib/python3.12/site-packages/dbcounter.py:115}}
May 27 21:00:30.669507 np0000001553 nova-scheduler[95640]: DEBUG dbcounter [-] [95640] Writing DB stats nova_cell0:SELECT=1 {{(pid=95640) stat_writer /opt/stack/data/venv/lib/python3.12/site-packages/dbcounter.py:115}}
May 27 21:00:45.645003 np0000001553 nova-scheduler[95638]: DEBUG oslo.service.backend._threading.loopingcall [None req-dd1e71d4-cd9e-4940-a748-a4d3cf62ea0a None None] Dynamic interval looping call 'nova.service.Service.periodic_tasks' sleeping for 60.00 seconds {{(pid=95638) _run_loop /opt/stack/data/venv/lib/python3.12/site-packages/oslo_service/backend/_threading/loopingcall.py:125}}
May 27 21:00:59.647971 np0000001553 nova-scheduler[95636]: DEBUG oslo.service.backend._threading.loopingcall [None req-36731e03-7ed8-4754-a3e6-6005a0c802ae None None] Dynamic interval looping call 'nova.service.Service.periodic_tasks' sleeping for 60.00 seconds {{(pid=95636) _run_loop /opt/stack/data/venv/lib/python3.12/site-packages/oslo_service/backend/_threading/loopingcall.py:125}}
May 27 21:01:04.137184 np0000001553 nova-scheduler[95638]: DEBUG nova.scheduler.manager [None req-e025e67a-8b7d-462e-993d-98600ffb3f3a tempest-ServerBootFromVolumeStableRescueTest-1106755838 tempest-ServerBootFromVolumeStableRescueTest-1106755838-project-member] Starting to schedule for instances: ['f4397c41-4087-4367-b1ac-46e8cc475772'] {{(pid=95638) select_destinations /opt/stack/nova/nova/scheduler/manager.py:210}}
May 27 21:01:04.138443 np0000001553 nova-scheduler[95638]: DEBUG nova.scheduler.request_filter [None req-e025e67a-8b7d-462e-993d-98600ffb3f3a tempest-ServerBootFromVolumeStableRescueTest-1106755838 tempest-ServerBootFromVolumeStableRescueTest-1106755838-project-member] compute_status_filter request filter added forbidden trait COMPUTE_STATUS_DISABLED {{(pid=95638) compute_status_filter /opt/stack/nova/nova/scheduler/request_filter.py:253}}
May 27 21:01:04.138521 np0000001553 nova-scheduler[95638]: DEBUG nova.scheduler.request_filter [None req-e025e67a-8b7d-462e-993d-98600ffb3f3a tempest-ServerBootFromVolumeStableRescueTest-1106755838 tempest-ServerBootFromVolumeStableRescueTest-1106755838-project-member] Request filter 'compute_status_filter' took 0.0 seconds {{(pid=95638) wrapper /opt/stack/nova/nova/scheduler/request_filter.py:46}}
May 27 21:01:04.138950 np0000001553 nova-scheduler[95638]: DEBUG nova.scheduler.request_filter [None req-e025e67a-8b7d-462e-993d-98600ffb3f3a tempest-ServerBootFromVolumeStableRescueTest-1106755838 tempest-ServerBootFromVolumeStableRescueTest-1106755838-project-member] Request filter 'accelerators_filter' took 0.0 seconds {{(pid=95638) wrapper /opt/stack/nova/nova/scheduler/request_filter.py:46}}
May 27 21:01:04.138950 np0000001553 nova-scheduler[95638]: DEBUG nova.scheduler.request_filter [None req-e025e67a-8b7d-462e-993d-98600ffb3f3a tempest-ServerBootFromVolumeStableRescueTest-1106755838 tempest-ServerBootFromVolumeStableRescueTest-1106755838-project-member] Request filter 'packed_virtqueue_filter' took 0.0 seconds {{(pid=95638) wrapper /opt/stack/nova/nova/scheduler/request_filter.py:46}}
May 27 21:01:04.139325 np0000001553 nova-scheduler[95638]: DEBUG nova.scheduler.request_filter [None req-e025e67a-8b7d-462e-993d-98600ffb3f3a tempest-ServerBootFromVolumeStableRescueTest-1106755838 tempest-ServerBootFromVolumeStableRescueTest-1106755838-project-member] Request filter 'remote_managed_ports_filter' took 0.0 seconds {{(pid=95638) wrapper /opt/stack/nova/nova/scheduler/request_filter.py:46}}
May 27 21:01:04.139806 np0000001553 nova-scheduler[95638]: DEBUG nova.scheduler.request_filter [None req-e025e67a-8b7d-462e-993d-98600ffb3f3a tempest-ServerBootFromVolumeStableRescueTest-1106755838 tempest-ServerBootFromVolumeStableRescueTest-1106755838-project-member] ephemeral_encryption_filter skipped {{(pid=95638) ephemeral_encryption_filter /opt/stack/nova/nova/scheduler/request_filter.py:426}}
May 27 21:01:04.139806 np0000001553 nova-scheduler[95638]: DEBUG nova.scheduler.request_filter [None req-e025e67a-8b7d-462e-993d-98600ffb3f3a tempest-ServerBootFromVolumeStableRescueTest-1106755838 tempest-ServerBootFromVolumeStableRescueTest-1106755838-project-member] virtio_sound_filter skipped {{(pid=95638) virtio_sound_filter /opt/stack/nova/nova/scheduler/request_filter.py:460}}
May 27 21:01:04.139806 np0000001553 nova-scheduler[95638]: DEBUG nova.scheduler.request_filter [None req-e025e67a-8b7d-462e-993d-98600ffb3f3a tempest-ServerBootFromVolumeStableRescueTest-1106755838 tempest-ServerBootFromVolumeStableRescueTest-1106755838-project-member] tpm_secret_security_filter skipped {{(pid=95638) tpm_secret_security_filter /opt/stack/nova/nova/scheduler/request_filter.py:477}}
May 27 21:01:04.716956 np0000001553 nova-scheduler[95638]: INFO nova.utils [None req-e025e67a-8b7d-462e-993d-98600ffb3f3a tempest-ServerBootFromVolumeStableRescueTest-1106755838 tempest-ServerBootFromVolumeStableRescueTest-1106755838-project-member] The cell worker thread pool ForkProcess-2.cell_worker is initialized
May 27 21:01:04.717415 np0000001553 nova-scheduler[95638]: DEBUG oslo_concurrency.lockutils [None req-e025e67a-8b7d-462e-993d-98600ffb3f3a tempest-ServerBootFromVolumeStableRescueTest-1106755838 tempest-ServerBootFromVolumeStableRescueTest-1106755838-project-member] Acquiring lock "c3849be0-a710-4f0c-b488-9b6e2924c1dc" by "nova.context.set_target_cell..get_or_set_cached_cell_and_set_connections" {{(pid=95638) inner /opt/stack/data/venv/lib/python3.12/site-packages/oslo_concurrency/lockutils.py:511}}
May 27 21:01:04.717711 np0000001553 nova-scheduler[95638]: DEBUG oslo_concurrency.lockutils [None req-e025e67a-8b7d-462e-993d-98600ffb3f3a tempest-ServerBootFromVolumeStableRescueTest-1106755838 tempest-ServerBootFromVolumeStableRescueTest-1106755838-project-member] Lock "c3849be0-a710-4f0c-b488-9b6e2924c1dc" acquired by "nova.context.set_target_cell..get_or_set_cached_cell_and_set_connections" :: waited 0.000s {{(pid=95638) inner /opt/stack/data/venv/lib/python3.12/site-packages/oslo_concurrency/lockutils.py:524}}
May 27 21:01:04.719517 np0000001553 nova-scheduler[95638]: DEBUG oslo_concurrency.lockutils [None req-e025e67a-8b7d-462e-993d-98600ffb3f3a tempest-ServerBootFromVolumeStableRescueTest-1106755838 tempest-ServerBootFromVolumeStableRescueTest-1106755838-project-member] Lock "c3849be0-a710-4f0c-b488-9b6e2924c1dc" "released" by "nova.context.set_target_cell..get_or_set_cached_cell_and_set_connections" :: held 0.002s {{(pid=95638) inner /opt/stack/data/venv/lib/python3.12/site-packages/oslo_concurrency/lockutils.py:543}}
May 27 21:01:04.721348 np0000001553 nova-scheduler[95638]: INFO dbcounter [None req-e025e67a-8b7d-462e-993d-98600ffb3f3a tempest-ServerBootFromVolumeStableRescueTest-1106755838 tempest-ServerBootFromVolumeStableRescueTest-1106755838-project-member] Registered counter for database nova_cell1
May 27 21:01:04.764217 np0000001553 nova-scheduler[95638]: DEBUG oslo_db.sqlalchemy.engines [None req-e025e67a-8b7d-462e-993d-98600ffb3f3a tempest-ServerBootFromVolumeStableRescueTest-1106755838 tempest-ServerBootFromVolumeStableRescueTest-1106755838-project-member] MySQL server mode set to STRICT_TRANS_TABLES,STRICT_ALL_TABLES,NO_ZERO_IN_DATE,NO_ZERO_DATE,ERROR_FOR_DIVISION_BY_ZERO,TRADITIONAL,NO_ENGINE_SUBSTITUTION {{(pid=95638) _check_effective_sql_mode /opt/stack/data/venv/lib/python3.12/site-packages/oslo_db/sqlalchemy/engines.py:325}}
May 27 21:01:04.769850 np0000001553 nova-scheduler[95638]: DEBUG dbcounter [-] [95638] Writer thread running {{(pid=95638) stat_writer /opt/stack/data/venv/lib/python3.12/site-packages/dbcounter.py:102}}
May 27 21:01:04.779585 np0000001553 nova-scheduler[95638]: DEBUG oslo_db.sqlalchemy.engines [None req-e025e67a-8b7d-462e-993d-98600ffb3f3a tempest-ServerBootFromVolumeStableRescueTest-1106755838 tempest-ServerBootFromVolumeStableRescueTest-1106755838-project-member] Parent process 94370 forked (95638) with an open database connection, which is being discarded and recreated. {{(pid=95638) checkout /opt/stack/data/venv/lib/python3.12/site-packages/oslo_db/sqlalchemy/engines.py:402}}
May 27 21:01:04.817312 np0000001553 nova-scheduler[95638]: DEBUG dbcounter [-] [95638] Writer thread running {{(pid=95638) stat_writer /opt/stack/data/venv/lib/python3.12/site-packages/dbcounter.py:102}}
May 27 21:01:04.819892 np0000001553 nova-scheduler[95638]: DEBUG oslo_concurrency.lockutils [None req-e025e67a-8b7d-462e-993d-98600ffb3f3a tempest-ServerBootFromVolumeStableRescueTest-1106755838 tempest-ServerBootFromVolumeStableRescueTest-1106755838-project-member] Acquiring lock "c3849be0-a710-4f0c-b488-9b6e2924c1dc" by "nova.context.set_target_cell..get_or_set_cached_cell_and_set_connections" {{(pid=95638) inner /opt/stack/data/venv/lib/python3.12/site-packages/oslo_concurrency/lockutils.py:511}}
May 27 21:01:04.820164 np0000001553 nova-scheduler[95638]: DEBUG oslo_concurrency.lockutils [None req-e025e67a-8b7d-462e-993d-98600ffb3f3a tempest-ServerBootFromVolumeStableRescueTest-1106755838 tempest-ServerBootFromVolumeStableRescueTest-1106755838-project-member] Lock "c3849be0-a710-4f0c-b488-9b6e2924c1dc" acquired by "nova.context.set_target_cell..get_or_set_cached_cell_and_set_connections" :: waited 0.000s {{(pid=95638) inner /opt/stack/data/venv/lib/python3.12/site-packages/oslo_concurrency/lockutils.py:524}}
May 27 21:01:04.820325 np0000001553 nova-scheduler[95638]: DEBUG oslo_concurrency.lockutils [None req-e025e67a-8b7d-462e-993d-98600ffb3f3a tempest-ServerBootFromVolumeStableRescueTest-1106755838 tempest-ServerBootFromVolumeStableRescueTest-1106755838-project-member] Lock "c3849be0-a710-4f0c-b488-9b6e2924c1dc" "released" by "nova.context.set_target_cell..get_or_set_cached_cell_and_set_connections" :: held 0.000s {{(pid=95638) inner /opt/stack/data/venv/lib/python3.12/site-packages/oslo_concurrency/lockutils.py:543}}
May 27 21:01:04.824367 np0000001553 nova-scheduler[95638]: DEBUG oslo_concurrency.lockutils [None req-e025e67a-8b7d-462e-993d-98600ffb3f3a tempest-ServerBootFromVolumeStableRescueTest-1106755838 tempest-ServerBootFromVolumeStableRescueTest-1106755838-project-member] Acquiring lock "('np0000001553', 'np0000001553')" by "nova.scheduler.host_manager.HostState.update.._locked_update" {{(pid=95638) inner /opt/stack/data/venv/lib/python3.12/site-packages/oslo_concurrency/lockutils.py:511}}
May 27 21:01:04.825352 np0000001553 nova-scheduler[95638]: DEBUG oslo_concurrency.lockutils [None req-e025e67a-8b7d-462e-993d-98600ffb3f3a tempest-ServerBootFromVolumeStableRescueTest-1106755838 tempest-ServerBootFromVolumeStableRescueTest-1106755838-project-member] Lock "('np0000001553', 'np0000001553')" acquired by "nova.scheduler.host_manager.HostState.update.._locked_update" :: waited 0.000s {{(pid=95638) inner /opt/stack/data/venv/lib/python3.12/site-packages/oslo_concurrency/lockutils.py:524}}
May 27 21:01:04.826491 np0000001553 nova-scheduler[95638]: DEBUG nova.scheduler.host_manager [None req-e025e67a-8b7d-462e-993d-98600ffb3f3a tempest-ServerBootFromVolumeStableRescueTest-1106755838 tempest-ServerBootFromVolumeStableRescueTest-1106755838-project-member] Update host state from compute node: ComputeNode(cpu_allocation_ratio=4.0,cpu_info='{"arch": "x86_64", "model": "EPYC-Milan", "vendor": "AMD", "topology": {"cells": 1, "sockets": 12, "cores": 1, "threads": 1}, "maxphysaddr": {"mode": "emulate", "bits": 40}, "features": ["rdtscp", "stibp", "xgetbv1", "rdrand", "ssse3", "pdpe1gb", "lfence-always-serializing", "syscall", "osvw", "pae", "sse", "vmcb-clean", "rdseed", "amd-psfd", "clflushopt", "stibp-always-on", "cx8", "f16c", "x2apic", "popcnt", "tsc-deadline", "vaes", "umip", "v-vmsave-vmload", "virt-ssbd", "sse2", "pni", "pse", "apic", "xsavec", "de", "mce", "vgif", "pat", "aes", "ibrs", "skip-l1dfl-vmentry", "smep", "cr8legacy", "avx2", "vme", "rdctl-no", "cmov", "sha-ni", "xsaves", "ibpb", "svm", "fxsr_opt", "erms", "amd-stibp", "lbrv", "cx16", "smap", "null-sel-clr-base", "sep", "npt", "clwb", "nrip-save", "pclmuldq", "invpcid", "arat", "nx", "3dnowprefetch", "abm", "clflush", "fxsr", "misalignsse", "xsaveopt", "lahf_lm", "pse36", "cmp_legacy", "pfthreshold", "gds-no", "movbe", "mmx", "mca", "ssbd", "rdpid", "perfctr_core", "topoext", "fma", "msr", "pause-filter", "adx", "xsave", "xsaveerptr", "pge", "hypervisor", "pku", "svme-addr-chk", "fsrm", "tsc", "fpu", "spec-ctrl", "sse4.2", "mds-no", "amd-ssbd", "bmi1", "fsgsbase", "flushbyasid", "lm", "sse4.1", "bmi2", "clzero", "mmxext", "sse4a", "pcid", "arch-capabilities", "tsc-scale", "vpclmulqdq", "mtrr", "tsc_adjust", "no-nested-data-bp", "avx", "wbnoinvd", "pschange-mc-no"]}',created_at=2026-05-27T20:58:41Z,current_workload=0,deleted=False,deleted_at=None,disk_allocation_ratio=1.0,disk_available_least=74,free_disk_gb=95,free_ram_mb=23518,host='np0000001553',host_ip=10.4.3.175,hypervisor_hostname='np0000001553',hypervisor_type='QEMU',hypervisor_version=8002002,id=1,local_gb=95,local_gb_used=0,mapped=1,memory_mb=24030,memory_mb_used=512,metrics='[]',numa_topology='{"nova_object.name": "NUMATopology", "nova_object.namespace": "nova", "nova_object.version": "1.2", "nova_object.data": {"cells": [{"nova_object.name": "NUMACell", "nova_object.namespace": "nova", "nova_object.version": "1.5", "nova_object.data": {"id": 0, "cpuset": [0, 1, 2, 3, 4, 5, 6, 7, 8, 9, 10, 11], "pcpuset": [0, 1, 2, 3, 4, 5, 6, 7, 8, 9, 10, 11], "memory": 24030, "cpu_usage": 0, "memory_usage": 0, "pinned_cpus": [], "siblings": [[6], [2], [5], [11], [8], [4], [1], [7], [10], [0], [3], [9]], "mempages": [{"nova_object.name": "NUMAPagesTopology", "nova_object.namespace": "nova", "nova_object.version": "1.1", "nova_object.data": {"size_kb": 4, "total": 6151797, "used": 0, "reserved": 0}, "nova_object.changes": ["total", "used", "reserved", "size_kb"]}, {"nova_object.name": "NUMAPagesTopology", "nova_object.namespace": "nova", "nova_object.version": "1.1", "nova_object.data": {"size_kb": 2048, "total": 0, "used": 0, "reserved": 0}, "nova_object.changes": ["total", "used", "reserved", "size_kb"]}, {"nova_object.name": "NUMAPagesTopology", "nova_object.namespace": "nova", "nova_object.version": "1.1", "nova_object.data": {"size_kb": 1048576, "total": 0, "used": 0, "reserved": 0}, "nova_object.changes": ["total", "used", "reserved", "size_kb"]}], "network_metadata": {"nova_object.name": "NetworkMetadata", "nova_object.namespace": "nova", "nova_object.version": "1.0", "nova_object.data": {"physnets": [], "tunneled": false}, "nova_object.changes": ["tunneled", "physnets"]}, "socket": null}, "nova_object.changes": ["pcpuset", "network_metadata", "cpuset", "mempages", "memory_usage", "memory", "pinned_cpus", "siblings", "cpu_usage", "id", "socket"]}]}, "nova_object.changes": ["cells"]}',pci_device_pools=PciDevicePoolList,ram_allocation_ratio=1.0,running_vms=0,service_id=3,stats={failed_builds='0',uptime=' 21:00:27 up 26 min, 2 users, load average: 1.32, 1.38, 0.80
May 27 21:01:04.826491 np0000001553 nova-scheduler[95638]: '},supported_hv_specs=[HVSpec,HVSpec,HVSpec,HVSpec,HVSpec,HVSpec,HVSpec,HVSpec,HVSpec,HVSpec,HVSpec,HVSpec,HVSpec,HVSpec,HVSpec,HVSpec,HVSpec,HVSpec,HVSpec,HVSpec,HVSpec,HVSpec,HVSpec,HVSpec,HVSpec],updated_at=2026-05-27T21:00:29Z,uuid=486c0dc2-4a11-4ae8-b90f-d5afcfe85804,vcpus=12,vcpus_used=0) {{(pid=95638) _locked_update /opt/stack/nova/nova/scheduler/host_manager.py:168}}
May 27 21:01:04.827608 np0000001553 nova-scheduler[95638]: DEBUG nova.scheduler.host_manager [None req-e025e67a-8b7d-462e-993d-98600ffb3f3a tempest-ServerBootFromVolumeStableRescueTest-1106755838 tempest-ServerBootFromVolumeStableRescueTest-1106755838-project-member] Update host state with aggregates: [] {{(pid=95638) _locked_update /opt/stack/nova/nova/scheduler/host_manager.py:171}}
May 27 21:01:04.827774 np0000001553 nova-scheduler[95638]: DEBUG nova.scheduler.host_manager [None req-e025e67a-8b7d-462e-993d-98600ffb3f3a tempest-ServerBootFromVolumeStableRescueTest-1106755838 tempest-ServerBootFromVolumeStableRescueTest-1106755838-project-member] Update host state with service dict: {'id': 3, 'uuid': '3cd44c11-49ff-4150-b9de-a79500f9890e', 'host': 'np0000001553', 'binary': 'nova-compute', 'topic': 'compute', 'report_count': 2, 'disabled': False, 'disabled_reason': None, 'last_seen_up': datetime.datetime(2026, 5, 27, 21, 0, 50, tzinfo=datetime.timezone.utc), 'forced_down': False, 'version': 72, 'created_at': datetime.datetime(2026, 5, 27, 20, 58, 39, tzinfo=datetime.timezone.utc), 'updated_at': datetime.datetime(2026, 5, 27, 21, 0, 50, tzinfo=datetime.timezone.utc), 'deleted_at': None, 'deleted': False} {{(pid=95638) _locked_update /opt/stack/nova/nova/scheduler/host_manager.py:174}}
May 27 21:01:04.828227 np0000001553 nova-scheduler[95638]: DEBUG nova.scheduler.host_manager [None req-e025e67a-8b7d-462e-993d-98600ffb3f3a tempest-ServerBootFromVolumeStableRescueTest-1106755838 tempest-ServerBootFromVolumeStableRescueTest-1106755838-project-member] Update host state with instances: [] {{(pid=95638) _locked_update /opt/stack/nova/nova/scheduler/host_manager.py:177}}
May 27 21:01:04.828397 np0000001553 nova-scheduler[95638]: DEBUG oslo_concurrency.lockutils [None req-e025e67a-8b7d-462e-993d-98600ffb3f3a tempest-ServerBootFromVolumeStableRescueTest-1106755838 tempest-ServerBootFromVolumeStableRescueTest-1106755838-project-member] Lock "('np0000001553', 'np0000001553')" "released" by "nova.scheduler.host_manager.HostState.update.._locked_update" :: held 0.004s {{(pid=95638) inner /opt/stack/data/venv/lib/python3.12/site-packages/oslo_concurrency/lockutils.py:543}}
May 27 21:01:04.828955 np0000001553 nova-scheduler[95638]: DEBUG nova.filters [None req-e025e67a-8b7d-462e-993d-98600ffb3f3a tempest-ServerBootFromVolumeStableRescueTest-1106755838 tempest-ServerBootFromVolumeStableRescueTest-1106755838-project-member] Starting with 1 host(s) {{(pid=95638) get_filtered_objects /opt/stack/nova/nova/filters.py:70}}
May 27 21:01:04.829163 np0000001553 nova-scheduler[95638]: DEBUG nova.filters [None req-e025e67a-8b7d-462e-993d-98600ffb3f3a tempest-ServerBootFromVolumeStableRescueTest-1106755838 tempest-ServerBootFromVolumeStableRescueTest-1106755838-project-member] Filter ComputeFilter returned 1 host(s) {{(pid=95638) get_filtered_objects /opt/stack/nova/nova/filters.py:102}}
May 27 21:01:04.829308 np0000001553 nova-scheduler[95638]: DEBUG nova.filters [None req-e025e67a-8b7d-462e-993d-98600ffb3f3a tempest-ServerBootFromVolumeStableRescueTest-1106755838 tempest-ServerBootFromVolumeStableRescueTest-1106755838-project-member] Filter ComputeCapabilitiesFilter returned 1 host(s) {{(pid=95638) get_filtered_objects /opt/stack/nova/nova/filters.py:102}}
May 27 21:01:04.829495 np0000001553 nova-scheduler[95638]: DEBUG nova.filters [None req-e025e67a-8b7d-462e-993d-98600ffb3f3a tempest-ServerBootFromVolumeStableRescueTest-1106755838 tempest-ServerBootFromVolumeStableRescueTest-1106755838-project-member] Filter ImagePropertiesFilter returned 1 host(s) {{(pid=95638) get_filtered_objects /opt/stack/nova/nova/filters.py:102}}
May 27 21:01:04.829689 np0000001553 nova-scheduler[95638]: DEBUG nova.filters [None req-e025e67a-8b7d-462e-993d-98600ffb3f3a tempest-ServerBootFromVolumeStableRescueTest-1106755838 tempest-ServerBootFromVolumeStableRescueTest-1106755838-project-member] Filter ServerGroupAntiAffinityFilter returned 1 host(s) {{(pid=95638) get_filtered_objects /opt/stack/nova/nova/filters.py:102}}
May 27 21:01:04.829856 np0000001553 nova-scheduler[95638]: DEBUG nova.filters [None req-e025e67a-8b7d-462e-993d-98600ffb3f3a tempest-ServerBootFromVolumeStableRescueTest-1106755838 tempest-ServerBootFromVolumeStableRescueTest-1106755838-project-member] Filter ServerGroupAffinityFilter returned 1 host(s) {{(pid=95638) get_filtered_objects /opt/stack/nova/nova/filters.py:102}}
May 27 21:01:04.830020 np0000001553 nova-scheduler[95638]: DEBUG nova.filters [None req-e025e67a-8b7d-462e-993d-98600ffb3f3a tempest-ServerBootFromVolumeStableRescueTest-1106755838 tempest-ServerBootFromVolumeStableRescueTest-1106755838-project-member] Filter SameHostFilter returned 1 host(s) {{(pid=95638) get_filtered_objects /opt/stack/nova/nova/filters.py:102}}
May 27 21:01:04.830243 np0000001553 nova-scheduler[95638]: DEBUG nova.filters [None req-e025e67a-8b7d-462e-993d-98600ffb3f3a tempest-ServerBootFromVolumeStableRescueTest-1106755838 tempest-ServerBootFromVolumeStableRescueTest-1106755838-project-member] Filter DifferentHostFilter returned 1 host(s) {{(pid=95638) get_filtered_objects /opt/stack/nova/nova/filters.py:102}}
May 27 21:01:04.830357 np0000001553 nova-scheduler[95638]: DEBUG nova.scheduler.manager [None req-e025e67a-8b7d-462e-993d-98600ffb3f3a tempest-ServerBootFromVolumeStableRescueTest-1106755838 tempest-ServerBootFromVolumeStableRescueTest-1106755838-project-member] Filtered [(np0000001553, np0000001553) ram: 23518MB disk: 75776MB io_ops: 0 instances: 0, allocation_candidates: 1] {{(pid=95638) _get_sorted_hosts /opt/stack/nova/nova/scheduler/manager.py:743}}
May 27 21:01:04.830560 np0000001553 nova-scheduler[95638]: DEBUG nova.scheduler.manager [None req-e025e67a-8b7d-462e-993d-98600ffb3f3a tempest-ServerBootFromVolumeStableRescueTest-1106755838 tempest-ServerBootFromVolumeStableRescueTest-1106755838-project-member] Weighed [WeighedHost [host: (np0000001553, np0000001553) ram: 23518MB disk: 75776MB io_ops: 0 instances: 0, allocation_candidates: 1, weight: 0.0]] {{(pid=95638) _get_sorted_hosts /opt/stack/nova/nova/scheduler/manager.py:765}}
May 27 21:01:04.830771 np0000001553 nova-scheduler[95638]: DEBUG nova.scheduler.utils [None req-e025e67a-8b7d-462e-993d-98600ffb3f3a tempest-ServerBootFromVolumeStableRescueTest-1106755838 tempest-ServerBootFromVolumeStableRescueTest-1106755838-project-member] Attempting to claim resources in the placement API for instance f4397c41-4087-4367-b1ac-46e8cc475772 {{(pid=95638) claim_resources /opt/stack/nova/nova/scheduler/utils.py:1304}}
May 27 21:01:05.009457 np0000001553 nova-scheduler[95638]: DEBUG nova.scheduler.manager [None req-e025e67a-8b7d-462e-993d-98600ffb3f3a tempest-ServerBootFromVolumeStableRescueTest-1106755838 tempest-ServerBootFromVolumeStableRescueTest-1106755838-project-member] [instance: f4397c41-4087-4367-b1ac-46e8cc475772] Selected host: (np0000001553, np0000001553) ram: 23518MB disk: 75776MB io_ops: 0 instances: 0, allocation_candidates: 1 {{(pid=95638) _consume_selected_host /opt/stack/nova/nova/scheduler/manager.py:625}}
May 27 21:01:05.009837 np0000001553 nova-scheduler[95638]: DEBUG oslo_concurrency.lockutils [None req-e025e67a-8b7d-462e-993d-98600ffb3f3a tempest-ServerBootFromVolumeStableRescueTest-1106755838 tempest-ServerBootFromVolumeStableRescueTest-1106755838-project-member] Acquiring lock "('np0000001553', 'np0000001553')" by "nova.scheduler.host_manager.HostState.consume_from_request.._locked" {{(pid=95638) inner /opt/stack/data/venv/lib/python3.12/site-packages/oslo_concurrency/lockutils.py:511}}
May 27 21:01:05.010055 np0000001553 nova-scheduler[95638]: DEBUG oslo_concurrency.lockutils [None req-e025e67a-8b7d-462e-993d-98600ffb3f3a tempest-ServerBootFromVolumeStableRescueTest-1106755838 tempest-ServerBootFromVolumeStableRescueTest-1106755838-project-member] Lock "('np0000001553', 'np0000001553')" acquired by "nova.scheduler.host_manager.HostState.consume_from_request.._locked" :: waited 0.000s {{(pid=95638) inner /opt/stack/data/venv/lib/python3.12/site-packages/oslo_concurrency/lockutils.py:524}}
May 27 21:01:05.010200 np0000001553 nova-scheduler[95638]: DEBUG oslo_concurrency.lockutils [None req-e025e67a-8b7d-462e-993d-98600ffb3f3a tempest-ServerBootFromVolumeStableRescueTest-1106755838 tempest-ServerBootFromVolumeStableRescueTest-1106755838-project-member] Lock "('np0000001553', 'np0000001553')" "released" by "nova.scheduler.host_manager.HostState.consume_from_request.._locked" :: held 0.000s {{(pid=95638) inner /opt/stack/data/venv/lib/python3.12/site-packages/oslo_concurrency/lockutils.py:543}}
May 27 21:01:06.760579 np0000001553 nova-scheduler[95636]: DEBUG nova.scheduler.manager [None req-7b859197-1b05-4bd4-8975-c05e8a62c958 tempest-ServerStableDeviceRescueTest-382424917 tempest-ServerStableDeviceRescueTest-382424917-project-member] Starting to schedule for instances: ['22e422c7-47a4-4619-92a8-b05b73989943'] {{(pid=95636) select_destinations /opt/stack/nova/nova/scheduler/manager.py:210}}
May 27 21:01:06.761483 np0000001553 nova-scheduler[95636]: DEBUG nova.scheduler.request_filter [None req-7b859197-1b05-4bd4-8975-c05e8a62c958 tempest-ServerStableDeviceRescueTest-382424917 tempest-ServerStableDeviceRescueTest-382424917-project-member] compute_status_filter request filter added forbidden trait COMPUTE_STATUS_DISABLED {{(pid=95636) compute_status_filter /opt/stack/nova/nova/scheduler/request_filter.py:253}}
May 27 21:01:06.762632 np0000001553 nova-scheduler[95636]: DEBUG nova.scheduler.request_filter [None req-7b859197-1b05-4bd4-8975-c05e8a62c958 tempest-ServerStableDeviceRescueTest-382424917 tempest-ServerStableDeviceRescueTest-382424917-project-member] Request filter 'compute_status_filter' took 0.0 seconds {{(pid=95636) wrapper /opt/stack/nova/nova/scheduler/request_filter.py:46}}
May 27 21:01:06.763260 np0000001553 nova-scheduler[95636]: DEBUG nova.scheduler.request_filter [None req-7b859197-1b05-4bd4-8975-c05e8a62c958 tempest-ServerStableDeviceRescueTest-382424917 tempest-ServerStableDeviceRescueTest-382424917-project-member] Request filter 'accelerators_filter' took 0.0 seconds {{(pid=95636) wrapper /opt/stack/nova/nova/scheduler/request_filter.py:46}}
May 27 21:01:06.763543 np0000001553 nova-scheduler[95636]: DEBUG nova.scheduler.request_filter [None req-7b859197-1b05-4bd4-8975-c05e8a62c958 tempest-ServerStableDeviceRescueTest-382424917 tempest-ServerStableDeviceRescueTest-382424917-project-member] Request filter 'packed_virtqueue_filter' took 0.0 seconds {{(pid=95636) wrapper /opt/stack/nova/nova/scheduler/request_filter.py:46}}
May 27 21:01:06.763941 np0000001553 nova-scheduler[95636]: DEBUG nova.scheduler.request_filter [None req-7b859197-1b05-4bd4-8975-c05e8a62c958 tempest-ServerStableDeviceRescueTest-382424917 tempest-ServerStableDeviceRescueTest-382424917-project-member] Request filter 'remote_managed_ports_filter' took 0.0 seconds {{(pid=95636) wrapper /opt/stack/nova/nova/scheduler/request_filter.py:46}}
May 27 21:01:06.764162 np0000001553 nova-scheduler[95636]: DEBUG nova.scheduler.request_filter [None req-7b859197-1b05-4bd4-8975-c05e8a62c958 tempest-ServerStableDeviceRescueTest-382424917 tempest-ServerStableDeviceRescueTest-382424917-project-member] ephemeral_encryption_filter skipped {{(pid=95636) ephemeral_encryption_filter /opt/stack/nova/nova/scheduler/request_filter.py:426}}
May 27 21:01:06.765360 np0000001553 nova-scheduler[95636]: DEBUG nova.scheduler.request_filter [None req-7b859197-1b05-4bd4-8975-c05e8a62c958 tempest-ServerStableDeviceRescueTest-382424917 tempest-ServerStableDeviceRescueTest-382424917-project-member] virtio_sound_filter skipped {{(pid=95636) virtio_sound_filter /opt/stack/nova/nova/scheduler/request_filter.py:460}}
May 27 21:01:06.765360 np0000001553 nova-scheduler[95636]: DEBUG nova.scheduler.request_filter [None req-7b859197-1b05-4bd4-8975-c05e8a62c958 tempest-ServerStableDeviceRescueTest-382424917 tempest-ServerStableDeviceRescueTest-382424917-project-member] tpm_secret_security_filter skipped {{(pid=95636) tpm_secret_security_filter /opt/stack/nova/nova/scheduler/request_filter.py:477}}
May 27 21:01:06.801919 np0000001553 nova-scheduler[95640]: DEBUG nova.scheduler.manager [None req-05a97ec1-08be-43b6-b861-eb0240ed83d0 tempest-ServerActionsTestOtherA-113699651 tempest-ServerActionsTestOtherA-113699651-project-member] Starting to schedule for instances: ['f0c8ea02-9725-47ed-b34b-13ea3552d09b'] {{(pid=95640) select_destinations /opt/stack/nova/nova/scheduler/manager.py:210}}
May 27 21:01:06.803082 np0000001553 nova-scheduler[95640]: DEBUG nova.scheduler.request_filter [None req-05a97ec1-08be-43b6-b861-eb0240ed83d0 tempest-ServerActionsTestOtherA-113699651 tempest-ServerActionsTestOtherA-113699651-project-member] compute_status_filter request filter added forbidden trait COMPUTE_STATUS_DISABLED {{(pid=95640) compute_status_filter /opt/stack/nova/nova/scheduler/request_filter.py:253}}
May 27 21:01:06.805059 np0000001553 nova-scheduler[95640]: DEBUG nova.scheduler.request_filter [None req-05a97ec1-08be-43b6-b861-eb0240ed83d0 tempest-ServerActionsTestOtherA-113699651 tempest-ServerActionsTestOtherA-113699651-project-member] Request filter 'compute_status_filter' took 0.0 seconds {{(pid=95640) wrapper /opt/stack/nova/nova/scheduler/request_filter.py:46}}
May 27 21:01:06.805357 np0000001553 nova-scheduler[95640]: DEBUG nova.scheduler.request_filter [None req-05a97ec1-08be-43b6-b861-eb0240ed83d0 tempest-ServerActionsTestOtherA-113699651 tempest-ServerActionsTestOtherA-113699651-project-member] Request filter 'accelerators_filter' took 0.0 seconds {{(pid=95640) wrapper /opt/stack/nova/nova/scheduler/request_filter.py:46}}
May 27 21:01:06.805567 np0000001553 nova-scheduler[95640]: DEBUG nova.scheduler.request_filter [None req-05a97ec1-08be-43b6-b861-eb0240ed83d0 tempest-ServerActionsTestOtherA-113699651 tempest-ServerActionsTestOtherA-113699651-project-member] Request filter 'packed_virtqueue_filter' took 0.0 seconds {{(pid=95640) wrapper /opt/stack/nova/nova/scheduler/request_filter.py:46}}
May 27 21:01:06.805804 np0000001553 nova-scheduler[95640]: DEBUG nova.scheduler.request_filter [None req-05a97ec1-08be-43b6-b861-eb0240ed83d0 tempest-ServerActionsTestOtherA-113699651 tempest-ServerActionsTestOtherA-113699651-project-member] Request filter 'remote_managed_ports_filter' took 0.0 seconds {{(pid=95640) wrapper /opt/stack/nova/nova/scheduler/request_filter.py:46}}
May 27 21:01:06.805934 np0000001553 nova-scheduler[95640]: DEBUG nova.scheduler.request_filter [None req-05a97ec1-08be-43b6-b861-eb0240ed83d0 tempest-ServerActionsTestOtherA-113699651 tempest-ServerActionsTestOtherA-113699651-project-member] ephemeral_encryption_filter skipped {{(pid=95640) ephemeral_encryption_filter /opt/stack/nova/nova/scheduler/request_filter.py:426}}
May 27 21:01:06.806060 np0000001553 nova-scheduler[95640]: DEBUG nova.scheduler.request_filter [None req-05a97ec1-08be-43b6-b861-eb0240ed83d0 tempest-ServerActionsTestOtherA-113699651 tempest-ServerActionsTestOtherA-113699651-project-member] virtio_sound_filter skipped {{(pid=95640) virtio_sound_filter /opt/stack/nova/nova/scheduler/request_filter.py:460}}
May 27 21:01:06.806191 np0000001553 nova-scheduler[95640]: DEBUG nova.scheduler.request_filter [None req-05a97ec1-08be-43b6-b861-eb0240ed83d0 tempest-ServerActionsTestOtherA-113699651 tempest-ServerActionsTestOtherA-113699651-project-member] tpm_secret_security_filter skipped {{(pid=95640) tpm_secret_security_filter /opt/stack/nova/nova/scheduler/request_filter.py:477}}
May 27 21:01:06.937376 np0000001553 nova-scheduler[95640]: INFO nova.utils [None req-05a97ec1-08be-43b6-b861-eb0240ed83d0 tempest-ServerActionsTestOtherA-113699651 tempest-ServerActionsTestOtherA-113699651-project-member] The cell worker thread pool ForkProcess-3.cell_worker is initialized
May 27 21:01:06.937854 np0000001553 nova-scheduler[95640]: DEBUG oslo_concurrency.lockutils [None req-05a97ec1-08be-43b6-b861-eb0240ed83d0 tempest-ServerActionsTestOtherA-113699651 tempest-ServerActionsTestOtherA-113699651-project-member] Acquiring lock "c3849be0-a710-4f0c-b488-9b6e2924c1dc" by "nova.context.set_target_cell..get_or_set_cached_cell_and_set_connections" {{(pid=95640) inner /opt/stack/data/venv/lib/python3.12/site-packages/oslo_concurrency/lockutils.py:511}}
May 27 21:01:06.938135 np0000001553 nova-scheduler[95640]: DEBUG oslo_concurrency.lockutils [None req-05a97ec1-08be-43b6-b861-eb0240ed83d0 tempest-ServerActionsTestOtherA-113699651 tempest-ServerActionsTestOtherA-113699651-project-member] Lock "c3849be0-a710-4f0c-b488-9b6e2924c1dc" acquired by "nova.context.set_target_cell..get_or_set_cached_cell_and_set_connections" :: waited 0.000s {{(pid=95640) inner /opt/stack/data/venv/lib/python3.12/site-packages/oslo_concurrency/lockutils.py:524}}
May 27 21:01:06.939846 np0000001553 nova-scheduler[95640]: DEBUG oslo_concurrency.lockutils [None req-05a97ec1-08be-43b6-b861-eb0240ed83d0 tempest-ServerActionsTestOtherA-113699651 tempest-ServerActionsTestOtherA-113699651-project-member] Lock "c3849be0-a710-4f0c-b488-9b6e2924c1dc" "released" by "nova.context.set_target_cell..get_or_set_cached_cell_and_set_connections" :: held 0.002s {{(pid=95640) inner /opt/stack/data/venv/lib/python3.12/site-packages/oslo_concurrency/lockutils.py:543}}
May 27 21:01:06.942020 np0000001553 nova-scheduler[95640]: INFO dbcounter [None req-05a97ec1-08be-43b6-b861-eb0240ed83d0 tempest-ServerActionsTestOtherA-113699651 tempest-ServerActionsTestOtherA-113699651-project-member] Registered counter for database nova_cell1
