May 27 20:57:49.828419 np0000001553 neutron-periodic-workers[91912]: DEBUG cotyledon.oslo_config_glue [-] database.connection_parameters = {{(pid=91912) log_opt_values /opt/stack/data/venv/lib/python3.12/site-packages/oslo_config/cfg.py:3256}}
May 27 20:57:49.828419 np0000001553 neutron-periodic-workers[91912]: DEBUG cotyledon.oslo_config_glue [-] database.connection_recycle_time = 3600 {{(pid=91912) log_opt_values /opt/stack/data/venv/lib/python3.12/site-packages/oslo_config/cfg.py:3256}}
May 27 20:57:49.828700 np0000001553 neutron-periodic-workers[91912]: DEBUG cotyledon.oslo_config_glue [-] database.connection_trace = False {{(pid=91912) log_opt_values /opt/stack/data/venv/lib/python3.12/site-packages/oslo_config/cfg.py:3256}}
May 27 20:57:49.828700 np0000001553 neutron-periodic-workers[91912]: DEBUG cotyledon.oslo_config_glue [-] database.db_inc_retry_interval = True {{(pid=91912) log_opt_values /opt/stack/data/venv/lib/python3.12/site-packages/oslo_config/cfg.py:3256}}
May 27 20:57:49.828700 np0000001553 neutron-periodic-workers[91912]: DEBUG cotyledon.oslo_config_glue [-] database.db_max_retries = 20 {{(pid=91912) log_opt_values /opt/stack/data/venv/lib/python3.12/site-packages/oslo_config/cfg.py:3256}}
May 27 20:57:49.828700 np0000001553 neutron-periodic-workers[91912]: DEBUG cotyledon.oslo_config_glue [-] database.db_max_retry_interval = 10 {{(pid=91912) log_opt_values /opt/stack/data/venv/lib/python3.12/site-packages/oslo_config/cfg.py:3256}}
May 27 20:57:49.828700 np0000001553 neutron-periodic-workers[91912]: DEBUG cotyledon.oslo_config_glue [-] database.db_retry_interval = 1 {{(pid=91912) log_opt_values /opt/stack/data/venv/lib/python3.12/site-packages/oslo_config/cfg.py:3256}}
May 27 20:57:49.828700 np0000001553 neutron-periodic-workers[91912]: DEBUG cotyledon.oslo_config_glue [-] database.max_overflow = 50 {{(pid=91912) log_opt_values /opt/stack/data/venv/lib/python3.12/site-packages/oslo_config/cfg.py:3256}}
May 27 20:57:49.828700 np0000001553 neutron-periodic-workers[91912]: DEBUG cotyledon.oslo_config_glue [-] database.max_pool_size = 5 {{(pid=91912) log_opt_values /opt/stack/data/venv/lib/python3.12/site-packages/oslo_config/cfg.py:3256}}
May 27 20:57:49.828700 np0000001553 neutron-periodic-workers[91912]: DEBUG cotyledon.oslo_config_glue [-] database.max_retries = 10 {{(pid=91912) log_opt_values /opt/stack/data/venv/lib/python3.12/site-packages/oslo_config/cfg.py:3256}}
May 27 20:57:49.828700 np0000001553 neutron-periodic-workers[91912]: DEBUG cotyledon.oslo_config_glue [-] database.mysql_sql_mode = TRADITIONAL {{(pid=91912) log_opt_values /opt/stack/data/venv/lib/python3.12/site-packages/oslo_config/cfg.py:3256}}
May 27 20:57:49.829014 np0000001553 neutron-periodic-workers[91912]: DEBUG cotyledon.oslo_config_glue [-] database.mysql_wsrep_sync_wait = None {{(pid=91912) log_opt_values /opt/stack/data/venv/lib/python3.12/site-packages/oslo_config/cfg.py:3256}}
May 27 20:57:49.829014 np0000001553 neutron-periodic-workers[91912]: DEBUG cotyledon.oslo_config_glue [-] database.pool_timeout = None {{(pid=91912) log_opt_values /opt/stack/data/venv/lib/python3.12/site-packages/oslo_config/cfg.py:3256}}
May 27 20:57:49.829014 np0000001553 neutron-periodic-workers[91912]: DEBUG cotyledon.oslo_config_glue [-] database.retry_interval = 10 {{(pid=91912) log_opt_values /opt/stack/data/venv/lib/python3.12/site-packages/oslo_config/cfg.py:3256}}
May 27 20:57:49.829014 np0000001553 neutron-periodic-workers[91912]: DEBUG cotyledon.oslo_config_glue [-] database.slave_connection = **** {{(pid=91912) log_opt_values /opt/stack/data/venv/lib/python3.12/site-packages/oslo_config/cfg.py:3256}}
May 27 20:57:49.829014 np0000001553 neutron-periodic-workers[91912]: DEBUG cotyledon.oslo_config_glue [-] database.sqlite_synchronous = True {{(pid=91912) log_opt_values /opt/stack/data/venv/lib/python3.12/site-packages/oslo_config/cfg.py:3256}}
May 27 20:57:49.829014 np0000001553 neutron-periodic-workers[91912]: DEBUG cotyledon.oslo_config_glue [-] database.synchronous_reader = True {{(pid=91912) log_opt_values /opt/stack/data/venv/lib/python3.12/site-packages/oslo_config/cfg.py:3256}}
May 27 20:57:49.829014 np0000001553 neutron-periodic-workers[91912]: DEBUG cotyledon.oslo_config_glue [-] database.use_db_reconnect = False {{(pid=91912) log_opt_values /opt/stack/data/venv/lib/python3.12/site-packages/oslo_config/cfg.py:3256}}
May 27 20:57:49.829014 np0000001553 neutron-periodic-workers[91912]: DEBUG cotyledon.oslo_config_glue [-] ovn.bfd_min_rx = 1000 {{(pid=91912) log_opt_values /opt/stack/data/venv/lib/python3.12/site-packages/oslo_config/cfg.py:3256}}
May 27 20:57:49.829014 np0000001553 neutron-periodic-workers[91912]: DEBUG cotyledon.oslo_config_glue [-] ovn.bfd_min_tx = 100 {{(pid=91912) log_opt_values /opt/stack/data/venv/lib/python3.12/site-packages/oslo_config/cfg.py:3256}}
May 27 20:57:49.829365 np0000001553 neutron-periodic-workers[91912]: DEBUG cotyledon.oslo_config_glue [-] ovn.bfd_mult = 3 {{(pid=91912) log_opt_values /opt/stack/data/venv/lib/python3.12/site-packages/oslo_config/cfg.py:3256}}
May 27 20:57:49.829365 np0000001553 neutron-periodic-workers[91912]: DEBUG cotyledon.oslo_config_glue [-] ovn.broadcast_arps_to_all_routers = True {{(pid=91912) log_opt_values /opt/stack/data/venv/lib/python3.12/site-packages/oslo_config/cfg.py:3256}}
May 27 20:57:49.829365 np0000001553 neutron-periodic-workers[91912]: DEBUG cotyledon.oslo_config_glue [-] ovn.dhcp_default_lease_time = 43200 {{(pid=91912) log_opt_values /opt/stack/data/venv/lib/python3.12/site-packages/oslo_config/cfg.py:3256}}
May 27 20:57:49.829365 np0000001553 neutron-periodic-workers[91912]: DEBUG cotyledon.oslo_config_glue [-] ovn.disable_ovn_dhcp_for_baremetal_ports = False {{(pid=91912) log_opt_values /opt/stack/data/venv/lib/python3.12/site-packages/oslo_config/cfg.py:3256}}
May 27 20:57:49.829365 np0000001553 neutron-periodic-workers[91912]: DEBUG cotyledon.oslo_config_glue [-] ovn.dns_records_ovn_owned = False {{(pid=91912) log_opt_values /opt/stack/data/venv/lib/python3.12/site-packages/oslo_config/cfg.py:3256}}
May 27 20:57:49.829365 np0000001553 neutron-periodic-workers[91912]: DEBUG cotyledon.oslo_config_glue [-] ovn.dns_servers = [] {{(pid=91912) log_opt_values /opt/stack/data/venv/lib/python3.12/site-packages/oslo_config/cfg.py:3256}}
May 27 20:57:49.829365 np0000001553 neutron-periodic-workers[91912]: DEBUG cotyledon.oslo_config_glue [-] ovn.enable_distributed_floating_ip = False {{(pid=91912) log_opt_values /opt/stack/data/venv/lib/python3.12/site-packages/oslo_config/cfg.py:3256}}
May 27 20:57:49.829365 np0000001553 neutron-periodic-workers[91912]: DEBUG cotyledon.oslo_config_glue [-] ovn.fdb_age_threshold = 300 {{(pid=91912) log_opt_values /opt/stack/data/venv/lib/python3.12/site-packages/oslo_config/cfg.py:3256}}
May 27 20:57:49.829365 np0000001553 neutron-periodic-workers[91912]: DEBUG cotyledon.oslo_config_glue [-] ovn.ha_failover_strategy = normal {{(pid=91912) log_opt_values /opt/stack/data/venv/lib/python3.12/site-packages/oslo_config/cfg.py:3256}}
May 27 20:57:49.829734 np0000001553 neutron-periodic-workers[91912]: DEBUG cotyledon.oslo_config_glue [-] ovn.live_migration_activation_strategy = rarp {{(pid=91912) log_opt_values /opt/stack/data/venv/lib/python3.12/site-packages/oslo_config/cfg.py:3256}}
May 27 20:57:49.829734 np0000001553 neutron-periodic-workers[91912]: DEBUG cotyledon.oslo_config_glue [-] ovn.localnet_learn_fdb = False {{(pid=91912) log_opt_values /opt/stack/data/venv/lib/python3.12/site-packages/oslo_config/cfg.py:3256}}
May 27 20:57:49.829734 np0000001553 neutron-periodic-workers[91912]: DEBUG cotyledon.oslo_config_glue [-] ovn.mac_binding_age_threshold = 300 {{(pid=91912) log_opt_values /opt/stack/data/venv/lib/python3.12/site-packages/oslo_config/cfg.py:3256}}
May 27 20:57:49.829734 np0000001553 neutron-periodic-workers[91912]: DEBUG cotyledon.oslo_config_glue [-] ovn.neutron_sync_mode = log {{(pid=91912) log_opt_values /opt/stack/data/venv/lib/python3.12/site-packages/oslo_config/cfg.py:3256}}
May 27 20:57:49.829734 np0000001553 neutron-periodic-workers[91912]: DEBUG cotyledon.oslo_config_glue [-] ovn.ovn_dhcp4_global_options = {} {{(pid=91912) log_opt_values /opt/stack/data/venv/lib/python3.12/site-packages/oslo_config/cfg.py:3256}}
May 27 20:57:49.829734 np0000001553 neutron-periodic-workers[91912]: DEBUG cotyledon.oslo_config_glue [-] ovn.ovn_dhcp6_global_options = {} {{(pid=91912) log_opt_values /opt/stack/data/venv/lib/python3.12/site-packages/oslo_config/cfg.py:3256}}
May 27 20:57:49.829734 np0000001553 neutron-periodic-workers[91912]: DEBUG cotyledon.oslo_config_glue [-] ovn.ovn_l3_scheduler = leastloaded {{(pid=91912) log_opt_values /opt/stack/data/venv/lib/python3.12/site-packages/oslo_config/cfg.py:3256}}
May 27 20:57:49.829734 np0000001553 neutron-periodic-workers[91912]: DEBUG cotyledon.oslo_config_glue [-] ovn.ovn_metadata_enabled = True {{(pid=91912) log_opt_values /opt/stack/data/venv/lib/python3.12/site-packages/oslo_config/cfg.py:3256}}
May 27 20:57:49.829734 np0000001553 neutron-periodic-workers[91912]: DEBUG cotyledon.oslo_config_glue [-] ovn.ovn_nb_ca_cert = /opt/stack/data/CA/int-ca/ca-chain.pem {{(pid=91912) log_opt_values /opt/stack/data/venv/lib/python3.12/site-packages/oslo_config/cfg.py:3256}}
May 27 20:57:49.830046 np0000001553 neutron-periodic-workers[91912]: DEBUG cotyledon.oslo_config_glue [-] ovn.ovn_nb_certificate = /opt/stack/data/CA/int-ca/devstack-cert.crt {{(pid=91912) log_opt_values /opt/stack/data/venv/lib/python3.12/site-packages/oslo_config/cfg.py:3256}}
May 27 20:57:49.830046 np0000001553 neutron-periodic-workers[91912]: DEBUG cotyledon.oslo_config_glue [-] ovn.ovn_nb_connection = ['ssl:10.4.3.175:6641'] {{(pid=91912) log_opt_values /opt/stack/data/venv/lib/python3.12/site-packages/oslo_config/cfg.py:3256}}
May 27 20:57:49.830046 np0000001553 neutron-periodic-workers[91912]: DEBUG cotyledon.oslo_config_glue [-] ovn.ovn_nb_private_key = /opt/stack/data/CA/int-ca/private/devstack-cert.key {{(pid=91912) log_opt_values /opt/stack/data/venv/lib/python3.12/site-packages/oslo_config/cfg.py:3256}}
May 27 20:57:49.830046 np0000001553 neutron-periodic-workers[91912]: DEBUG cotyledon.oslo_config_glue [-] ovn.ovn_router_indirect_snat = False {{(pid=91912) log_opt_values /opt/stack/data/venv/lib/python3.12/site-packages/oslo_config/cfg.py:3256}}
May 27 20:57:49.830046 np0000001553 neutron-periodic-workers[91912]: DEBUG cotyledon.oslo_config_glue [-] ovn.ovn_sb_ca_cert = /opt/stack/data/CA/int-ca/ca-chain.pem {{(pid=91912) log_opt_values /opt/stack/data/venv/lib/python3.12/site-packages/oslo_config/cfg.py:3256}}
May 27 20:57:49.830046 np0000001553 neutron-periodic-workers[91912]: DEBUG cotyledon.oslo_config_glue [-] ovn.ovn_sb_certificate = /opt/stack/data/CA/int-ca/devstack-cert.crt {{(pid=91912) log_opt_values /opt/stack/data/venv/lib/python3.12/site-packages/oslo_config/cfg.py:3256}}
May 27 20:57:49.830046 np0000001553 neutron-periodic-workers[91912]: DEBUG cotyledon.oslo_config_glue [-] ovn.ovn_sb_connection = ['ssl:10.4.3.175:6642'] {{(pid=91912) log_opt_values /opt/stack/data/venv/lib/python3.12/site-packages/oslo_config/cfg.py:3256}}
May 27 20:57:49.830046 np0000001553 neutron-periodic-workers[91912]: DEBUG cotyledon.oslo_config_glue [-] ovn.ovn_sb_private_key = /opt/stack/data/CA/int-ca/private/devstack-cert.key {{(pid=91912) log_opt_values /opt/stack/data/venv/lib/python3.12/site-packages/oslo_config/cfg.py:3256}}
May 27 20:57:49.830365 np0000001553 neutron-periodic-workers[91912]: DEBUG cotyledon.oslo_config_glue [-] ovn.ovs_create_tap = False {{(pid=91912) log_opt_values /opt/stack/data/venv/lib/python3.12/site-packages/oslo_config/cfg.py:3256}}
May 27 20:57:49.830365 np0000001553 neutron-periodic-workers[91912]: DEBUG cotyledon.oslo_config_glue [-] ovn.ovsdb_connection_timeout = 180 {{(pid=91912) log_opt_values /opt/stack/data/venv/lib/python3.12/site-packages/oslo_config/cfg.py:3256}}
May 27 20:57:49.830365 np0000001553 neutron-periodic-workers[91912]: DEBUG cotyledon.oslo_config_glue [-] ovn.ovsdb_log_level = INFO {{(pid=91912) log_opt_values /opt/stack/data/venv/lib/python3.12/site-packages/oslo_config/cfg.py:3256}}
May 27 20:57:49.830365 np0000001553 neutron-periodic-workers[91912]: DEBUG cotyledon.oslo_config_glue [-] ovn.ovsdb_probe_interval = 60000 {{(pid=91912) log_opt_values /opt/stack/data/venv/lib/python3.12/site-packages/oslo_config/cfg.py:3256}}
May 27 20:57:49.830365 np0000001553 neutron-periodic-workers[91912]: DEBUG cotyledon.oslo_config_glue [-] ovn.ovsdb_retry_max_interval = 180 {{(pid=91912) log_opt_values /opt/stack/data/venv/lib/python3.12/site-packages/oslo_config/cfg.py:3256}}
May 27 20:57:49.830365 np0000001553 neutron-periodic-workers[91912]: DEBUG cotyledon.oslo_config_glue [-] ovn.stateless_nat_enabled = False {{(pid=91912) log_opt_values /opt/stack/data/venv/lib/python3.12/site-packages/oslo_config/cfg.py:3256}}
May 27 20:57:49.830365 np0000001553 neutron-periodic-workers[91912]: DEBUG cotyledon.oslo_config_glue [-] ovn.vhost_sock_dir = /var/run/openvswitch {{(pid=91912) log_opt_values /opt/stack/data/venv/lib/python3.12/site-packages/oslo_config/cfg.py:3256}}
May 27 20:57:49.830365 np0000001553 neutron-periodic-workers[91912]: DEBUG cotyledon.oslo_config_glue [-] OVS.bridge_mac_table_size = 50000 {{(pid=91912) log_opt_values /opt/stack/data/venv/lib/python3.12/site-packages/oslo_config/cfg.py:3256}}
May 27 20:57:49.830365 np0000001553 neutron-periodic-workers[91912]: DEBUG cotyledon.oslo_config_glue [-] OVS.igmp_flood = False {{(pid=91912) log_opt_values /opt/stack/data/venv/lib/python3.12/site-packages/oslo_config/cfg.py:3256}}
May 27 20:57:49.830690 np0000001553 neutron-periodic-workers[91912]: DEBUG cotyledon.oslo_config_glue [-] OVS.igmp_flood_reports = True {{(pid=91912) log_opt_values /opt/stack/data/venv/lib/python3.12/site-packages/oslo_config/cfg.py:3256}}
May 27 20:57:49.830690 np0000001553 neutron-periodic-workers[91912]: DEBUG cotyledon.oslo_config_glue [-] OVS.igmp_flood_unregistered = False {{(pid=91912) log_opt_values /opt/stack/data/venv/lib/python3.12/site-packages/oslo_config/cfg.py:3256}}
May 27 20:57:49.830690 np0000001553 neutron-periodic-workers[91912]: DEBUG cotyledon.oslo_config_glue [-] OVS.igmp_snooping_enable = False {{(pid=91912) log_opt_values /opt/stack/data/venv/lib/python3.12/site-packages/oslo_config/cfg.py:3256}}
May 27 20:57:49.830690 np0000001553 neutron-periodic-workers[91912]: DEBUG cotyledon.oslo_config_glue [-] OVS.ovsdb_timeout = 10 {{(pid=91912) log_opt_values /opt/stack/data/venv/lib/python3.12/site-packages/oslo_config/cfg.py:3256}}
May 27 20:57:49.830690 np0000001553 neutron-periodic-workers[91912]: DEBUG cotyledon.oslo_config_glue [-] ovn_nb_global.fdb_removal_limit = 0 {{(pid=91912) log_opt_values /opt/stack/data/venv/lib/python3.12/site-packages/oslo_config/cfg.py:3256}}
May 27 20:57:49.830690 np0000001553 neutron-periodic-workers[91912]: DEBUG cotyledon.oslo_config_glue [-] ovn_nb_global.ignore_lsp_down = False {{(pid=91912) log_opt_values /opt/stack/data/venv/lib/python3.12/site-packages/oslo_config/cfg.py:3256}}
May 27 20:57:49.830690 np0000001553 neutron-periodic-workers[91912]: DEBUG cotyledon.oslo_config_glue [-] ovn_nb_global.mac_binding_removal_limit = 0 {{(pid=91912) log_opt_values /opt/stack/data/venv/lib/python3.12/site-packages/oslo_config/cfg.py:3256}}
May 27 20:57:49.830690 np0000001553 neutron-periodic-workers[91912]: DEBUG cotyledon.oslo_config_glue [-] ******************************************************************************** {{(pid=91912) log_opt_values /opt/stack/data/venv/lib/python3.12/site-packages/oslo_config/cfg.py:3263}}
May 27 20:57:49.830690 np0000001553 neutron-periodic-workers[91912]: DEBUG cotyledon._service_worker [-] Run service ServiceWrapper(0) [91912] {{(pid=91912) wait_forever /opt/stack/data/venv/lib/python3.12/site-packages/cotyledon/_service_worker.py:218}}
May 27 20:57:49.830996 np0000001553 neutron-periodic-workers[91912]: DEBUG neutron.worker [-] PeriodicWorker start called, description: Periodic worker for "DbQuotaNoLockDriver" {{(pid=91912) wrapper /opt/stack/neutron/neutron/common/utils.py:197}}
May 27 20:57:49.830996 np0000001553 neutron-periodic-workers[91912]: DEBUG neutron.worker [-] PeriodicWorker start finished, description: Periodic worker for "DbQuotaNoLockDriver" {{(pid=91912) wrapper /opt/stack/neutron/neutron/common/utils.py:200}}
May 27 20:57:49.830996 np0000001553 neutron-periodic-workers[91912]: DEBUG neutron.worker [-] PeriodicWorker wait called, description: Periodic worker for "DbQuotaNoLockDriver" {{(pid=91912) wrapper /opt/stack/neutron/neutron/common/utils.py:197}}
May 27 20:57:59.448805 np0000001553 neutron-periodic-workers[90848]: DEBUG dbcounter [-] [90848] Writing DB stats neutron:SELECT=4 {{(pid=90848) stat_writer /opt/stack/data/venv/lib/python3.12/site-packages/dbcounter.py:115}}
May 27 20:58:37.818917 np0000001553 neutron-periodic-workers[91895]: DEBUG oslo_db.sqlalchemy.engines [None req-a8f45352-c332-4cb9-a3c3-09e7c07ef0bf None None] Parent process 90848 forked (91895) with an open database connection, which is being discarded and recreated. {{(pid=91895) checkout /opt/stack/data/venv/lib/python3.12/site-packages/oslo_db/sqlalchemy/engines.py:402}}
May 27 20:58:37.863295 np0000001553 neutron-periodic-workers[91895]: DEBUG dbcounter [-] [91895] Writer thread running {{(pid=91895) stat_writer /opt/stack/data/venv/lib/python3.12/site-packages/dbcounter.py:102}}
May 27 20:58:37.866490 np0000001553 neutron-periodic-workers[91895]: DEBUG neutron.db.agents_db [None req-a8f45352-c332-4cb9-a3c3-09e7c07ef0bf None None] Agent healthcheck: found 0 active agents {{(pid=91895) agent_health_check /opt/stack/neutron/neutron/db/agents_db.py:322}}
May 27 20:58:37.866672 np0000001553 neutron-periodic-workers[91895]: DEBUG oslo.service.backend._threading.loopingcall [None req-a8f45352-c332-4cb9-a3c3-09e7c07ef0bf None None] Fixed interval looping call 'neutron.plugins.ml2.plugin.AgentDbMixin.agent_health_check' sleeping for 36.95 seconds {{(pid=91895) _run_loop /opt/stack/data/venv/lib/python3.12/site-packages/oslo_service/backend/_threading/loopingcall.py:125}}
May 27 20:58:47.863791 np0000001553 neutron-periodic-workers[91895]: DEBUG dbcounter [-] [91895] Writing DB stats neutron:SELECT=1 {{(pid=91895) stat_writer /opt/stack/data/venv/lib/python3.12/site-packages/dbcounter.py:115}}
May 27 20:58:48.842815 np0000001553 neutron-periodic-workers[91883]: DEBUG dbcounter [-] [91883] Writer thread running {{(pid=91883) stat_writer /opt/stack/data/venv/lib/python3.12/site-packages/dbcounter.py:102}}
May 27 20:58:48.852370 np0000001553 neutron-periodic-workers[91883]: DEBUG oslo.service.backend._threading.loopingcall [None req-e01af82f-e2a2-4b0b-8e59-7831809bb68c None None] Fixed interval looping call 'neutron.plugins.ml2.plugin.DhcpAgentSchedulerDbMixin.remove_networks_from_down_agents' sleeping for 36.94 seconds {{(pid=91883) _run_loop /opt/stack/data/venv/lib/python3.12/site-packages/oslo_service/backend/_threading/loopingcall.py:125}}
May 27 20:58:58.851105 np0000001553 neutron-periodic-workers[91883]: DEBUG dbcounter [-] [91883] Writing DB stats neutron:SELECT=3 {{(pid=91883) stat_writer /opt/stack/data/venv/lib/python3.12/site-packages/dbcounter.py:115}}
May 27 20:59:14.821182 np0000001553 neutron-periodic-workers[91895]: DEBUG neutron.db.agents_db [None req-a8f45352-c332-4cb9-a3c3-09e7c07ef0bf None None] Agent healthcheck: found 0 active agents {{(pid=91895) agent_health_check /opt/stack/neutron/neutron/db/agents_db.py:322}}
May 27 20:59:14.821631 np0000001553 neutron-periodic-workers[91895]: DEBUG oslo.service.backend._threading.loopingcall [None req-a8f45352-c332-4cb9-a3c3-09e7c07ef0bf None None] Fixed interval looping call 'neutron.plugins.ml2.plugin.AgentDbMixin.agent_health_check' sleeping for 37.00 seconds {{(pid=91895) _run_loop /opt/stack/data/venv/lib/python3.12/site-packages/oslo_service/backend/_threading/loopingcall.py:125}}
May 27 20:59:24.819096 np0000001553 neutron-periodic-workers[91895]: DEBUG dbcounter [-] [91895] Writing DB stats neutron:SELECT=1 {{(pid=91895) stat_writer /opt/stack/data/venv/lib/python3.12/site-packages/dbcounter.py:115}}
May 27 20:59:25.801322 np0000001553 neutron-periodic-workers[91883]: DEBUG oslo.service.backend._threading.loopingcall [None req-e01af82f-e2a2-4b0b-8e59-7831809bb68c None None] Fixed interval looping call 'neutron.plugins.ml2.plugin.DhcpAgentSchedulerDbMixin.remove_networks_from_down_agents' sleeping for 36.99 seconds {{(pid=91883) _run_loop /opt/stack/data/venv/lib/python3.12/site-packages/oslo_service/backend/_threading/loopingcall.py:125}}
May 27 20:59:35.798077 np0000001553 neutron-periodic-workers[91883]: DEBUG dbcounter [-] [91883] Writing DB stats neutron:SELECT=3 {{(pid=91883) stat_writer /opt/stack/data/venv/lib/python3.12/site-packages/dbcounter.py:115}}
May 27 20:59:49.868036 np0000001553 neutron-periodic-workers[91912]: DEBUG dbcounter [-] [91912] Writer thread running {{(pid=91912) stat_writer /opt/stack/data/venv/lib/python3.12/site-packages/dbcounter.py:102}}
May 27 20:59:49.869644 np0000001553 neutron-periodic-workers[91912]: DEBUG oslo.service.backend._threading.loopingcall [None req-b349d52b-3d5f-41e5-930e-73d39173c7e1 None None] Fixed interval looping call 'neutron.db.quota.driver_nolock.DbQuotaNoLockDriver._remove_expired_reservations' sleeping for 119.96 seconds {{(pid=91912) _run_loop /opt/stack/data/venv/lib/python3.12/site-packages/oslo_service/backend/_threading/loopingcall.py:125}}
May 27 20:59:51.824746 np0000001553 neutron-periodic-workers[91895]: DEBUG neutron.db.agents_db [None req-a8f45352-c332-4cb9-a3c3-09e7c07ef0bf None None] Agent healthcheck: found 0 active agents {{(pid=91895) agent_health_check /opt/stack/neutron/neutron/db/agents_db.py:322}}
May 27 20:59:51.825420 np0000001553 neutron-periodic-workers[91895]: DEBUG oslo.service.backend._threading.loopingcall [None req-a8f45352-c332-4cb9-a3c3-09e7c07ef0bf None None] Fixed interval looping call 'neutron.plugins.ml2.plugin.AgentDbMixin.agent_health_check' sleeping for 37.00 seconds {{(pid=91895) _run_loop /opt/stack/data/venv/lib/python3.12/site-packages/oslo_service/backend/_threading/loopingcall.py:125}}
May 27 20:59:59.868443 np0000001553 neutron-periodic-workers[91912]: DEBUG dbcounter [-] [91912] Writing DB stats neutron:DELETE=1 {{(pid=91912) stat_writer /opt/stack/data/venv/lib/python3.12/site-packages/dbcounter.py:115}}
May 27 21:00:01.824260 np0000001553 neutron-periodic-workers[91895]: DEBUG dbcounter [-] [91895] Writing DB stats neutron:SELECT=1 {{(pid=91895) stat_writer /opt/stack/data/venv/lib/python3.12/site-packages/dbcounter.py:115}}
May 27 21:00:02.797608 np0000001553 neutron-periodic-workers[91883]: DEBUG oslo.service.backend._threading.loopingcall [None req-e01af82f-e2a2-4b0b-8e59-7831809bb68c None None] Fixed interval looping call 'neutron.plugins.ml2.plugin.DhcpAgentSchedulerDbMixin.remove_networks_from_down_agents' sleeping for 36.99 seconds {{(pid=91883) _run_loop /opt/stack/data/venv/lib/python3.12/site-packages/oslo_service/backend/_threading/loopingcall.py:125}}
May 27 21:00:12.796678 np0000001553 neutron-periodic-workers[91883]: DEBUG dbcounter [-] [91883] Writing DB stats neutron:SELECT=3 {{(pid=91883) stat_writer /opt/stack/data/venv/lib/python3.12/site-packages/dbcounter.py:115}}
May 27 21:00:28.828444 np0000001553 neutron-periodic-workers[91895]: DEBUG neutron.db.agents_db [None req-a8f45352-c332-4cb9-a3c3-09e7c07ef0bf None None] Agent healthcheck: found 0 active agents {{(pid=91895) agent_health_check /opt/stack/neutron/neutron/db/agents_db.py:322}}
May 27 21:00:28.828444 np0000001553 neutron-periodic-workers[91895]: DEBUG oslo.service.backend._threading.loopingcall [None req-a8f45352-c332-4cb9-a3c3-09e7c07ef0bf None None] Fixed interval looping call 'neutron.plugins.ml2.plugin.AgentDbMixin.agent_health_check' sleeping for 37.00 seconds {{(pid=91895) _run_loop /opt/stack/data/venv/lib/python3.12/site-packages/oslo_service/backend/_threading/loopingcall.py:125}}
May 27 21:00:38.827181 np0000001553 neutron-periodic-workers[91895]: DEBUG dbcounter [-] [91895] Writing DB stats neutron:SELECT=1 {{(pid=91895) stat_writer /opt/stack/data/venv/lib/python3.12/site-packages/dbcounter.py:115}}
May 27 21:00:39.795889 np0000001553 neutron-periodic-workers[91883]: DEBUG oslo.service.backend._threading.loopingcall [None req-e01af82f-e2a2-4b0b-8e59-7831809bb68c None None] Fixed interval looping call 'neutron.plugins.ml2.plugin.DhcpAgentSchedulerDbMixin.remove_networks_from_down_agents' sleeping for 36.99 seconds {{(pid=91883) _run_loop /opt/stack/data/venv/lib/python3.12/site-packages/oslo_service/backend/_threading/loopingcall.py:125}}
May 27 21:00:49.794730 np0000001553 neutron-periodic-workers[91883]: DEBUG dbcounter [-] [91883] Writing DB stats neutron:SELECT=3 {{(pid=91883) stat_writer /opt/stack/data/venv/lib/python3.12/site-packages/dbcounter.py:115}}
May 27 21:01:05.833451 np0000001553 neutron-periodic-workers[91895]: DEBUG neutron.db.agents_db [None req-a8f45352-c332-4cb9-a3c3-09e7c07ef0bf None None] Agent healthcheck: found 0 active agents {{(pid=91895) agent_health_check /opt/stack/neutron/neutron/db/agents_db.py:322}}
May 27 21:01:05.833963 np0000001553 neutron-periodic-workers[91895]: DEBUG oslo.service.backend._threading.loopingcall [None req-a8f45352-c332-4cb9-a3c3-09e7c07ef0bf None None] Fixed interval looping call 'neutron.plugins.ml2.plugin.AgentDbMixin.agent_health_check' sleeping for 37.00 seconds {{(pid=91895) _run_loop /opt/stack/data/venv/lib/python3.12/site-packages/oslo_service/backend/_threading/loopingcall.py:125}}
May 27 21:01:11.858913 np0000001553 neutron-periodic-workers[91876]: DEBUG dbcounter [-] [91876] Writer thread running {{(pid=91876) stat_writer /opt/stack/data/venv/lib/python3.12/site-packages/dbcounter.py:102}}
May 27 21:01:11.869468 np0000001553 neutron-periodic-workers[91876]: DEBUG oslo.service.backend._threading.loopingcall [None req-a7e33cb4-5eb9-4f56-9d7b-1b3c6c1cedf7 None None] Fixed interval looping call 'neutron.services.ovn_l3.plugin.L3_NAT_dbonly_mixin._clean_garbage' sleeping for 299.90 seconds {{(pid=91876) _run_loop /opt/stack/data/venv/lib/python3.12/site-packages/oslo_service/backend/_threading/loopingcall.py:125}}
May 27 21:01:15.832105 np0000001553 neutron-periodic-workers[91895]: DEBUG dbcounter [-] [91895] Writing DB stats neutron:SELECT=1 {{(pid=91895) stat_writer /opt/stack/data/venv/lib/python3.12/site-packages/dbcounter.py:115}}
May 27 21:01:16.793483 np0000001553 neutron-periodic-workers[91883]: DEBUG oslo.service.backend._threading.loopingcall [None req-e01af82f-e2a2-4b0b-8e59-7831809bb68c None None] Fixed interval looping call 'neutron.plugins.ml2.plugin.DhcpAgentSchedulerDbMixin.remove_networks_from_down_agents' sleeping for 36.99 seconds {{(pid=91883) _run_loop /opt/stack/data/venv/lib/python3.12/site-packages/oslo_service/backend/_threading/loopingcall.py:125}}
May 27 21:01:22.291085 np0000001553 neutron-periodic-workers[91876]: DEBUG dbcounter [-] [91876] Writing DB stats neutron:SELECT=1 {{(pid=91876) stat_writer /opt/stack/data/venv/lib/python3.12/site-packages/dbcounter.py:115}}
May 27 21:01:26.794440 np0000001553 neutron-periodic-workers[91883]: DEBUG dbcounter [-] [91883] Writing DB stats neutron:SELECT=3 {{(pid=91883) stat_writer /opt/stack/data/venv/lib/python3.12/site-packages/dbcounter.py:115}}
May 27 21:01:42.841667 np0000001553 neutron-periodic-workers[91895]: DEBUG neutron.db.agents_db [None req-a8f45352-c332-4cb9-a3c3-09e7c07ef0bf None None] Agent healthcheck: found 0 active agents {{(pid=91895) agent_health_check /opt/stack/neutron/neutron/db/agents_db.py:322}}
May 27 21:01:42.841667 np0000001553 neutron-periodic-workers[91895]: DEBUG oslo.service.backend._threading.loopingcall [None req-a8f45352-c332-4cb9-a3c3-09e7c07ef0bf None None] Fixed interval looping call 'neutron.plugins.ml2.plugin.AgentDbMixin.agent_health_check' sleeping for 36.99 seconds {{(pid=91895) _run_loop /opt/stack/data/venv/lib/python3.12/site-packages/oslo_service/backend/_threading/loopingcall.py:125}}
May 27 21:01:49.835196 np0000001553 neutron-periodic-workers[91912]: DEBUG oslo.service.backend._threading.loopingcall [None req-b349d52b-3d5f-41e5-930e-73d39173c7e1 None None] Fixed interval looping call 'neutron.db.quota.driver_nolock.DbQuotaNoLockDriver._remove_expired_reservations' sleeping for 120.00 seconds {{(pid=91912) _run_loop /opt/stack/data/venv/lib/python3.12/site-packages/oslo_service/backend/_threading/loopingcall.py:125}}
May 27 21:01:52.839568 np0000001553 neutron-periodic-workers[91895]: DEBUG dbcounter [-] [91895] Writing DB stats neutron:SELECT=1 {{(pid=91895) stat_writer /opt/stack/data/venv/lib/python3.12/site-packages/dbcounter.py:115}}
May 27 21:01:53.792921 np0000001553 neutron-periodic-workers[91883]: DEBUG oslo.service.backend._threading.loopingcall [None req-e01af82f-e2a2-4b0b-8e59-7831809bb68c None None] Fixed interval looping call 'neutron.plugins.ml2.plugin.DhcpAgentSchedulerDbMixin.remove_networks_from_down_agents' sleeping for 36.99 seconds {{(pid=91883) _run_loop /opt/stack/data/venv/lib/python3.12/site-packages/oslo_service/backend/_threading/loopingcall.py:125}}
May 27 21:01:59.833575 np0000001553 neutron-periodic-workers[91912]: DEBUG dbcounter [-] [91912] Writing DB stats neutron:DELETE=1 {{(pid=91912) stat_writer /opt/stack/data/venv/lib/python3.12/site-packages/dbcounter.py:115}}
May 27 21:02:03.791611 np0000001553 neutron-periodic-workers[91883]: DEBUG dbcounter [-] [91883] Writing DB stats neutron:SELECT=3 {{(pid=91883) stat_writer /opt/stack/data/venv/lib/python3.12/site-packages/dbcounter.py:115}}
May 27 21:02:19.836221 np0000001553 neutron-periodic-workers[91895]: DEBUG neutron.db.agents_db [None req-a8f45352-c332-4cb9-a3c3-09e7c07ef0bf None None] Agent healthcheck: found 0 active agents {{(pid=91895) agent_health_check /opt/stack/neutron/neutron/db/agents_db.py:322}}
May 27 21:02:19.836221 np0000001553 neutron-periodic-workers[91895]: DEBUG oslo.service.backend._threading.loopingcall [None req-a8f45352-c332-4cb9-a3c3-09e7c07ef0bf None None] Fixed interval looping call 'neutron.plugins.ml2.plugin.AgentDbMixin.agent_health_check' sleeping for 37.00 seconds {{(pid=91895) _run_loop /opt/stack/data/venv/lib/python3.12/site-packages/oslo_service/backend/_threading/loopingcall.py:125}}
May 27 21:02:29.834316 np0000001553 neutron-periodic-workers[91895]: DEBUG dbcounter [-] [91895] Writing DB stats neutron:SELECT=1 {{(pid=91895) stat_writer /opt/stack/data/venv/lib/python3.12/site-packages/dbcounter.py:115}}
May 27 21:02:30.790873 np0000001553 neutron-periodic-workers[91883]: DEBUG oslo.service.backend._threading.loopingcall [None req-e01af82f-e2a2-4b0b-8e59-7831809bb68c None None] Fixed interval looping call 'neutron.plugins.ml2.plugin.DhcpAgentSchedulerDbMixin.remove_networks_from_down_agents' sleeping for 36.99 seconds {{(pid=91883) _run_loop /opt/stack/data/venv/lib/python3.12/site-packages/oslo_service/backend/_threading/loopingcall.py:125}}
May 27 21:02:40.789919 np0000001553 neutron-periodic-workers[91883]: DEBUG dbcounter [-] [91883] Writing DB stats neutron:SELECT=3 {{(pid=91883) stat_writer /opt/stack/data/venv/lib/python3.12/site-packages/dbcounter.py:115}}
May 27 21:02:56.840454 np0000001553 neutron-periodic-workers[91895]: DEBUG neutron.db.agents_db [None req-a8f45352-c332-4cb9-a3c3-09e7c07ef0bf None None] Agent healthcheck: found 0 active agents {{(pid=91895) agent_health_check /opt/stack/neutron/neutron/db/agents_db.py:322}}
May 27 21:02:56.841237 np0000001553 neutron-periodic-workers[91895]: DEBUG oslo.service.backend._threading.loopingcall [None req-a8f45352-c332-4cb9-a3c3-09e7c07ef0bf None None] Fixed interval looping call 'neutron.plugins.ml2.plugin.AgentDbMixin.agent_health_check' sleeping for 36.99 seconds {{(pid=91895) _run_loop /opt/stack/data/venv/lib/python3.12/site-packages/oslo_service/backend/_threading/loopingcall.py:125}}
May 27 21:03:06.838414 np0000001553 neutron-periodic-workers[91895]: DEBUG dbcounter [-] [91895] Writing DB stats neutron:SELECT=1 {{(pid=91895) stat_writer /opt/stack/data/venv/lib/python3.12/site-packages/dbcounter.py:115}}
May 27 21:03:07.794276 np0000001553 neutron-periodic-workers[91883]: DEBUG oslo.service.backend._threading.loopingcall [None req-e01af82f-e2a2-4b0b-8e59-7831809bb68c None None] Fixed interval looping call 'neutron.plugins.ml2.plugin.DhcpAgentSchedulerDbMixin.remove_networks_from_down_agents' sleeping for 36.99 seconds {{(pid=91883) _run_loop /opt/stack/data/venv/lib/python3.12/site-packages/oslo_service/backend/_threading/loopingcall.py:125}}
May 27 21:03:17.791278 np0000001553 neutron-periodic-workers[91883]: DEBUG dbcounter [-] [91883] Writing DB stats neutron:SELECT=3 {{(pid=91883) stat_writer /opt/stack/data/venv/lib/python3.12/site-packages/dbcounter.py:115}}
May 27 21:03:33.835012 np0000001553 neutron-periodic-workers[91895]: DEBUG neutron.db.agents_db [None req-a8f45352-c332-4cb9-a3c3-09e7c07ef0bf None None] Agent healthcheck: found 0 active agents {{(pid=91895) agent_health_check /opt/stack/neutron/neutron/db/agents_db.py:322}}
May 27 21:03:33.835420 np0000001553 neutron-periodic-workers[91895]: DEBUG oslo.service.backend._threading.loopingcall [None req-a8f45352-c332-4cb9-a3c3-09e7c07ef0bf None None] Fixed interval looping call 'neutron.plugins.ml2.plugin.AgentDbMixin.agent_health_check' sleeping for 37.00 seconds {{(pid=91895) _run_loop /opt/stack/data/venv/lib/python3.12/site-packages/oslo_service/backend/_threading/loopingcall.py:125}}
May 27 21:03:43.833844 np0000001553 neutron-periodic-workers[91895]: DEBUG dbcounter [-] [91895] Writing DB stats neutron:SELECT=1 {{(pid=91895) stat_writer /opt/stack/data/venv/lib/python3.12/site-packages/dbcounter.py:115}}
May 27 21:03:44.791664 np0000001553 neutron-periodic-workers[91883]: DEBUG oslo.service.backend._threading.loopingcall [None req-e01af82f-e2a2-4b0b-8e59-7831809bb68c None None] Fixed interval looping call 'neutron.plugins.ml2.plugin.DhcpAgentSchedulerDbMixin.remove_networks_from_down_agents' sleeping for 36.99 seconds {{(pid=91883) _run_loop /opt/stack/data/venv/lib/python3.12/site-packages/oslo_service/backend/_threading/loopingcall.py:125}}
May 27 21:03:49.852907 np0000001553 neutron-periodic-workers[91912]: DEBUG oslo.service.backend._threading.loopingcall [None req-b349d52b-3d5f-41e5-930e-73d39173c7e1 None None] Fixed interval looping call 'neutron.db.quota.driver_nolock.DbQuotaNoLockDriver._remove_expired_reservations' sleeping for 119.98 seconds {{(pid=91912) _run_loop /opt/stack/data/venv/lib/python3.12/site-packages/oslo_service/backend/_threading/loopingcall.py:125}}
May 27 21:03:54.790639 np0000001553 neutron-periodic-workers[91883]: DEBUG dbcounter [-] [91883] Writing DB stats neutron:SELECT=3 {{(pid=91883) stat_writer /opt/stack/data/venv/lib/python3.12/site-packages/dbcounter.py:115}}
May 27 21:03:59.849859 np0000001553 neutron-periodic-workers[91912]: DEBUG dbcounter [-] [91912] Writing DB stats neutron:DELETE=1 {{(pid=91912) stat_writer /opt/stack/data/venv/lib/python3.12/site-packages/dbcounter.py:115}}
May 27 21:04:10.839345 np0000001553 neutron-periodic-workers[91895]: DEBUG neutron.db.agents_db [None req-a8f45352-c332-4cb9-a3c3-09e7c07ef0bf None None] Agent healthcheck: found 0 active agents {{(pid=91895) agent_health_check /opt/stack/neutron/neutron/db/agents_db.py:322}}
May 27 21:04:10.839706 np0000001553 neutron-periodic-workers[91895]: DEBUG oslo.service.backend._threading.loopingcall [None req-a8f45352-c332-4cb9-a3c3-09e7c07ef0bf None None] Fixed interval looping call 'neutron.plugins.ml2.plugin.AgentDbMixin.agent_health_check' sleeping for 37.00 seconds {{(pid=91895) _run_loop /opt/stack/data/venv/lib/python3.12/site-packages/oslo_service/backend/_threading/loopingcall.py:125}}
May 27 21:04:20.838176 np0000001553 neutron-periodic-workers[91895]: DEBUG dbcounter [-] [91895] Writing DB stats neutron:SELECT=1 {{(pid=91895) stat_writer /opt/stack/data/venv/lib/python3.12/site-packages/dbcounter.py:115}}
May 27 21:04:21.796981 np0000001553 neutron-periodic-workers[91883]: DEBUG oslo.service.backend._threading.loopingcall [None req-e01af82f-e2a2-4b0b-8e59-7831809bb68c None None] Fixed interval looping call 'neutron.plugins.ml2.plugin.DhcpAgentSchedulerDbMixin.remove_networks_from_down_agents' sleeping for 36.99 seconds {{(pid=91883) _run_loop /opt/stack/data/venv/lib/python3.12/site-packages/oslo_service/backend/_threading/loopingcall.py:125}}
May 27 21:04:31.794733 np0000001553 neutron-periodic-workers[91883]: DEBUG dbcounter [-] [91883] Writing DB stats neutron:SELECT=3 {{(pid=91883) stat_writer /opt/stack/data/venv/lib/python3.12/site-packages/dbcounter.py:115}}
May 27 21:04:47.843893 np0000001553 neutron-periodic-workers[91895]: DEBUG neutron.db.agents_db [None req-a8f45352-c332-4cb9-a3c3-09e7c07ef0bf None None] Agent healthcheck: found 0 active agents {{(pid=91895) agent_health_check /opt/stack/neutron/neutron/db/agents_db.py:322}}
May 27 21:04:47.845100 np0000001553 neutron-periodic-workers[91895]: DEBUG oslo.service.backend._threading.loopingcall [None req-a8f45352-c332-4cb9-a3c3-09e7c07ef0bf None None] Fixed interval looping call 'neutron.plugins.ml2.plugin.AgentDbMixin.agent_health_check' sleeping for 37.00 seconds {{(pid=91895) _run_loop /opt/stack/data/venv/lib/python3.12/site-packages/oslo_service/backend/_threading/loopingcall.py:125}}
May 27 21:04:57.842302 np0000001553 neutron-periodic-workers[91895]: DEBUG dbcounter [-] [91895] Writing DB stats neutron:SELECT=1 {{(pid=91895) stat_writer /opt/stack/data/venv/lib/python3.12/site-packages/dbcounter.py:115}}
May 27 21:04:58.797681 np0000001553 neutron-periodic-workers[91883]: DEBUG oslo.service.backend._threading.loopingcall [None req-e01af82f-e2a2-4b0b-8e59-7831809bb68c None None] Fixed interval looping call 'neutron.plugins.ml2.plugin.DhcpAgentSchedulerDbMixin.remove_networks_from_down_agents' sleeping for 36.99 seconds {{(pid=91883) _run_loop /opt/stack/data/venv/lib/python3.12/site-packages/oslo_service/backend/_threading/loopingcall.py:125}}
May 27 21:05:08.795487 np0000001553 neutron-periodic-workers[91883]: DEBUG dbcounter [-] [91883] Writing DB stats neutron:SELECT=3 {{(pid=91883) stat_writer /opt/stack/data/venv/lib/python3.12/site-packages/dbcounter.py:115}}
May 27 21:05:24.850966 np0000001553 neutron-periodic-workers[91895]: DEBUG neutron.db.agents_db [None req-a8f45352-c332-4cb9-a3c3-09e7c07ef0bf None None] Agent healthcheck: found 0 active agents {{(pid=91895) agent_health_check /opt/stack/neutron/neutron/db/agents_db.py:322}}
May 27 21:05:24.851903 np0000001553 neutron-periodic-workers[91895]: DEBUG oslo.service.backend._threading.loopingcall [None req-a8f45352-c332-4cb9-a3c3-09e7c07ef0bf None None] Fixed interval looping call 'neutron.plugins.ml2.plugin.AgentDbMixin.agent_health_check' sleeping for 36.99 seconds {{(pid=91895) _run_loop /opt/stack/data/venv/lib/python3.12/site-packages/oslo_service/backend/_threading/loopingcall.py:125}}
May 27 21:05:34.848542 np0000001553 neutron-periodic-workers[91895]: DEBUG dbcounter [-] [91895] Writing DB stats neutron:SELECT=1 {{(pid=91895) stat_writer /opt/stack/data/venv/lib/python3.12/site-packages/dbcounter.py:115}}
May 27 21:05:35.802859 np0000001553 neutron-periodic-workers[91883]: DEBUG oslo.service.backend._threading.loopingcall [None req-e01af82f-e2a2-4b0b-8e59-7831809bb68c None None] Fixed interval looping call 'neutron.plugins.ml2.plugin.DhcpAgentSchedulerDbMixin.remove_networks_from_down_agents' sleeping for 36.99 seconds {{(pid=91883) _run_loop /opt/stack/data/venv/lib/python3.12/site-packages/oslo_service/backend/_threading/loopingcall.py:125}}
May 27 21:05:45.801834 np0000001553 neutron-periodic-workers[91883]: DEBUG dbcounter [-] [91883] Writing DB stats neutron:SELECT=3 {{(pid=91883) stat_writer /opt/stack/data/venv/lib/python3.12/site-packages/dbcounter.py:115}}
May 27 21:05:49.834461 np0000001553 neutron-periodic-workers[91912]: DEBUG oslo.service.backend._threading.loopingcall [None req-b349d52b-3d5f-41e5-930e-73d39173c7e1 None None] Fixed interval looping call 'neutron.db.quota.driver_nolock.DbQuotaNoLockDriver._remove_expired_reservations' sleeping for 120.00 seconds {{(pid=91912) _run_loop /opt/stack/data/venv/lib/python3.12/site-packages/oslo_service/backend/_threading/loopingcall.py:125}}
May 27 21:05:59.833776 np0000001553 neutron-periodic-workers[91912]: DEBUG dbcounter [-] [91912] Writing DB stats neutron:DELETE=1 {{(pid=91912) stat_writer /opt/stack/data/venv/lib/python3.12/site-packages/dbcounter.py:115}}
May 27 21:06:01.846854 np0000001553 neutron-periodic-workers[91895]: DEBUG neutron.db.agents_db [None req-a8f45352-c332-4cb9-a3c3-09e7c07ef0bf None None] Agent healthcheck: found 0 active agents {{(pid=91895) agent_health_check /opt/stack/neutron/neutron/db/agents_db.py:322}}
May 27 21:06:01.847234 np0000001553 neutron-periodic-workers[91895]: DEBUG oslo.service.backend._threading.loopingcall [None req-a8f45352-c332-4cb9-a3c3-09e7c07ef0bf None None] Fixed interval looping call 'neutron.plugins.ml2.plugin.AgentDbMixin.agent_health_check' sleeping for 36.99 seconds {{(pid=91895) _run_loop /opt/stack/data/venv/lib/python3.12/site-packages/oslo_service/backend/_threading/loopingcall.py:125}}
May 27 21:06:11.787546 np0000001553 neutron-periodic-workers[91876]: DEBUG oslo.service.backend._threading.loopingcall [None req-a7e33cb4-5eb9-4f56-9d7b-1b3c6c1cedf7 None None] Fixed interval looping call 'neutron.services.ovn_l3.plugin.L3_NAT_dbonly_mixin._clean_garbage' sleeping for 299.98 seconds {{(pid=91876) _run_loop /opt/stack/data/venv/lib/python3.12/site-packages/oslo_service/backend/_threading/loopingcall.py:125}}
May 27 21:06:11.844464 np0000001553 neutron-periodic-workers[91895]: DEBUG dbcounter [-] [91895] Writing DB stats neutron:SELECT=1 {{(pid=91895) stat_writer /opt/stack/data/venv/lib/python3.12/site-packages/dbcounter.py:115}}
May 27 21:06:12.802827 np0000001553 neutron-periodic-workers[91883]: DEBUG oslo.service.backend._threading.loopingcall [None req-e01af82f-e2a2-4b0b-8e59-7831809bb68c None None] Fixed interval looping call 'neutron.plugins.ml2.plugin.DhcpAgentSchedulerDbMixin.remove_networks_from_down_agents' sleeping for 36.99 seconds {{(pid=91883) _run_loop /opt/stack/data/venv/lib/python3.12/site-packages/oslo_service/backend/_threading/loopingcall.py:125}}
May 27 21:06:21.774522 np0000001553 neutron-periodic-workers[91876]: DEBUG dbcounter [-] [91876] Writing DB stats neutron:SELECT=1 {{(pid=91876) stat_writer /opt/stack/data/venv/lib/python3.12/site-packages/dbcounter.py:115}}
May 27 21:06:22.805411 np0000001553 neutron-periodic-workers[91883]: DEBUG dbcounter [-] [91883] Writing DB stats neutron:SELECT=3 {{(pid=91883) stat_writer /opt/stack/data/venv/lib/python3.12/site-packages/dbcounter.py:115}}
May 27 21:06:38.847385 np0000001553 neutron-periodic-workers[91895]: DEBUG neutron.db.agents_db [None req-a8f45352-c332-4cb9-a3c3-09e7c07ef0bf None None] Agent healthcheck: found 0 active agents {{(pid=91895) agent_health_check /opt/stack/neutron/neutron/db/agents_db.py:322}}
May 27 21:06:38.847672 np0000001553 neutron-periodic-workers[91895]: DEBUG oslo.service.backend._threading.loopingcall [None req-a8f45352-c332-4cb9-a3c3-09e7c07ef0bf None None] Fixed interval looping call 'neutron.plugins.ml2.plugin.AgentDbMixin.agent_health_check' sleeping for 36.99 seconds {{(pid=91895) _run_loop /opt/stack/data/venv/lib/python3.12/site-packages/oslo_service/backend/_threading/loopingcall.py:125}}
May 27 21:06:48.842533 np0000001553 neutron-periodic-workers[91895]: DEBUG dbcounter [-] [91895] Writing DB stats neutron:SELECT=1 {{(pid=91895) stat_writer /opt/stack/data/venv/lib/python3.12/site-packages/dbcounter.py:115}}
May 27 21:06:49.803091 np0000001553 neutron-periodic-workers[91883]: DEBUG oslo.service.backend._threading.loopingcall [None req-e01af82f-e2a2-4b0b-8e59-7831809bb68c None None] Fixed interval looping call 'neutron.plugins.ml2.plugin.DhcpAgentSchedulerDbMixin.remove_networks_from_down_agents' sleeping for 36.99 seconds {{(pid=91883) _run_loop /opt/stack/data/venv/lib/python3.12/site-packages/oslo_service/backend/_threading/loopingcall.py:125}}
May 27 21:06:59.805069 np0000001553 neutron-periodic-workers[91883]: DEBUG dbcounter [-] [91883] Writing DB stats neutron:SELECT=3 {{(pid=91883) stat_writer /opt/stack/data/venv/lib/python3.12/site-packages/dbcounter.py:115}}
May 27 21:07:15.841310 np0000001553 neutron-periodic-workers[91895]: DEBUG neutron.db.agents_db [None req-a8f45352-c332-4cb9-a3c3-09e7c07ef0bf None None] Agent healthcheck: found 0 active agents {{(pid=91895) agent_health_check /opt/stack/neutron/neutron/db/agents_db.py:322}}
May 27 21:07:15.841310 np0000001553 neutron-periodic-workers[91895]: DEBUG oslo.service.backend._threading.loopingcall [None req-a8f45352-c332-4cb9-a3c3-09e7c07ef0bf None None] Fixed interval looping call 'neutron.plugins.ml2.plugin.AgentDbMixin.agent_health_check' sleeping for 37.00 seconds {{(pid=91895) _run_loop /opt/stack/data/venv/lib/python3.12/site-packages/oslo_service/backend/_threading/loopingcall.py:125}}
May 27 21:07:25.839990 np0000001553 neutron-periodic-workers[91895]: DEBUG dbcounter [-] [91895] Writing DB stats neutron:SELECT=1 {{(pid=91895) stat_writer /opt/stack/data/venv/lib/python3.12/site-packages/dbcounter.py:115}}
May 27 21:07:26.800377 np0000001553 neutron-periodic-workers[91883]: DEBUG oslo.service.backend._threading.loopingcall [None req-e01af82f-e2a2-4b0b-8e59-7831809bb68c None None] Fixed interval looping call 'neutron.plugins.ml2.plugin.DhcpAgentSchedulerDbMixin.remove_networks_from_down_agents' sleeping for 36.99 seconds {{(pid=91883) _run_loop /opt/stack/data/venv/lib/python3.12/site-packages/oslo_service/backend/_threading/loopingcall.py:125}}
May 27 21:07:36.799209 np0000001553 neutron-periodic-workers[91883]: DEBUG dbcounter [-] [91883] Writing DB stats neutron:SELECT=3 {{(pid=91883) stat_writer /opt/stack/data/venv/lib/python3.12/site-packages/dbcounter.py:115}}
May 27 21:07:50.441657 np0000001553 neutron-periodic-workers[91912]: DEBUG oslo.service.backend._threading.loopingcall [None req-b349d52b-3d5f-41e5-930e-73d39173c7e1 None None] Fixed interval looping call 'neutron.db.quota.driver_nolock.DbQuotaNoLockDriver._remove_expired_reservations' sleeping for 120.00 seconds {{(pid=91912) _run_loop /opt/stack/data/venv/lib/python3.12/site-packages/oslo_service/backend/_threading/loopingcall.py:125}}
May 27 21:07:52.847722 np0000001553 neutron-periodic-workers[91895]: DEBUG neutron.db.agents_db [None req-a8f45352-c332-4cb9-a3c3-09e7c07ef0bf None None] Agent healthcheck: found 0 active agents {{(pid=91895) agent_health_check /opt/stack/neutron/neutron/db/agents_db.py:322}}
May 27 21:07:52.848365 np0000001553 neutron-periodic-workers[91895]: DEBUG oslo.service.backend._threading.loopingcall [None req-a8f45352-c332-4cb9-a3c3-09e7c07ef0bf None None] Fixed interval looping call 'neutron.plugins.ml2.plugin.AgentDbMixin.agent_health_check' sleeping for 36.99 seconds {{(pid=91895) _run_loop /opt/stack/data/venv/lib/python3.12/site-packages/oslo_service/backend/_threading/loopingcall.py:125}}
May 27 21:07:59.838049 np0000001553 neutron-periodic-workers[91912]: DEBUG dbcounter [-] [91912] Writing DB stats neutron:DELETE=1 {{(pid=91912) stat_writer /opt/stack/data/venv/lib/python3.12/site-packages/dbcounter.py:115}}
May 27 21:08:02.848016 np0000001553 neutron-periodic-workers[91895]: DEBUG dbcounter [-] [91895] Writing DB stats neutron:SELECT=1 {{(pid=91895) stat_writer /opt/stack/data/venv/lib/python3.12/site-packages/dbcounter.py:115}}
May 27 21:08:03.798792 np0000001553 neutron-periodic-workers[91883]: DEBUG oslo.service.backend._threading.loopingcall [None req-e01af82f-e2a2-4b0b-8e59-7831809bb68c None None] Fixed interval looping call 'neutron.plugins.ml2.plugin.DhcpAgentSchedulerDbMixin.remove_networks_from_down_agents' sleeping for 36.99 seconds {{(pid=91883) _run_loop /opt/stack/data/venv/lib/python3.12/site-packages/oslo_service/backend/_threading/loopingcall.py:125}}
May 27 21:08:13.798609 np0000001553 neutron-periodic-workers[91883]: DEBUG dbcounter [-] [91883] Writing DB stats neutron:SELECT=3 {{(pid=91883) stat_writer /opt/stack/data/venv/lib/python3.12/site-packages/dbcounter.py:115}}
May 27 21:08:29.843661 np0000001553 neutron-periodic-workers[91895]: DEBUG neutron.db.agents_db [None req-a8f45352-c332-4cb9-a3c3-09e7c07ef0bf None None] Agent healthcheck: found 0 active agents {{(pid=91895) agent_health_check /opt/stack/neutron/neutron/db/agents_db.py:322}}
May 27 21:08:29.844615 np0000001553 neutron-periodic-workers[91895]: DEBUG oslo.service.backend._threading.loopingcall [None req-a8f45352-c332-4cb9-a3c3-09e7c07ef0bf None None] Fixed interval looping call 'neutron.plugins.ml2.plugin.AgentDbMixin.agent_health_check' sleeping for 36.99 seconds {{(pid=91895) _run_loop /opt/stack/data/venv/lib/python3.12/site-packages/oslo_service/backend/_threading/loopingcall.py:125}}
May 27 21:08:39.843516 np0000001553 neutron-periodic-workers[91895]: DEBUG dbcounter [-] [91895] Writing DB stats neutron:SELECT=1 {{(pid=91895) stat_writer /opt/stack/data/venv/lib/python3.12/site-packages/dbcounter.py:115}}
May 27 21:08:40.796260 np0000001553 neutron-periodic-workers[91883]: DEBUG oslo.service.backend._threading.loopingcall [None req-e01af82f-e2a2-4b0b-8e59-7831809bb68c None None] Fixed interval looping call 'neutron.plugins.ml2.plugin.DhcpAgentSchedulerDbMixin.remove_networks_from_down_agents' sleeping for 36.99 seconds {{(pid=91883) _run_loop /opt/stack/data/venv/lib/python3.12/site-packages/oslo_service/backend/_threading/loopingcall.py:125}}
May 27 21:08:50.795464 np0000001553 neutron-periodic-workers[91883]: DEBUG dbcounter [-] [91883] Writing DB stats neutron:SELECT=3 {{(pid=91883) stat_writer /opt/stack/data/venv/lib/python3.12/site-packages/dbcounter.py:115}}
