Aug 25 10:11:41.203078 np0000008060 devstack@g-api.service[99909]: DEBUG glance_store.backend [-] Attempting to import store file {{(pid=99909) _load_store /opt/stack/data/venv/lib/python3.12/site-packages/glance_store/backend.py:215}}
Aug 25 10:11:41.203694 np0000008060 devstack@g-api.service[99909]: DEBUG glance_store.capabilities [-] Store glance_store._drivers.filesystem.Store doesn't support updating dynamic storage capabilities. Please overwrite 'update_capabilities' method of the store to implement updating logics if needed. {{(pid=99909) update_capabilities /opt/stack/data/venv/lib/python3.12/site-packages/glance_store/capabilities.py:91}}
Aug 25 10:11:41.203777 np0000008060 devstack@g-api.service[99909]: DEBUG glance_store.backend [-] Registering store file with schemes ('file', 'filesystem') {{(pid=99909) create_stores /opt/stack/data/venv/lib/python3.12/site-packages/glance_store/backend.py:261}}
Aug 25 10:11:41.203866 np0000008060 devstack@g-api.service[99909]: DEBUG glance_store.driver [-] Late loading location class glance_store._drivers.filesystem.StoreLocation {{(pid=99909) get_store_location_class /opt/stack/data/venv/lib/python3.12/site-packages/glance_store/driver.py:134}}
Aug 25 10:11:41.203946 np0000008060 devstack@g-api.service[99909]: DEBUG glance_store.location [-] Registering scheme file with {'store': , 'location_class': , 'store_entry': 'file'} {{(pid=99909) register_scheme_map /opt/stack/data/venv/lib/python3.12/site-packages/glance_store/location.py:146}}
Aug 25 10:11:41.204027 np0000008060 devstack@g-api.service[99909]: DEBUG glance_store.location [-] Registering scheme filesystem with {'store': , 'location_class': , 'store_entry': 'file'} {{(pid=99909) register_scheme_map /opt/stack/data/venv/lib/python3.12/site-packages/glance_store/location.py:146}}
Aug 25 10:11:41.204117 np0000008060 devstack@g-api.service[99909]: DEBUG glance_store.backend [-] Attempting to import store http {{(pid=99909) _load_store /opt/stack/data/venv/lib/python3.12/site-packages/glance_store/backend.py:215}}
Aug 25 10:11:41.204352 np0000008060 devstack@g-api.service[99909]: DEBUG glance_store.capabilities [-] Store glance_store._drivers.http.Store doesn't support updating dynamic storage capabilities. Please overwrite 'update_capabilities' method of the store to implement updating logics if needed. {{(pid=99909) update_capabilities /opt/stack/data/venv/lib/python3.12/site-packages/glance_store/capabilities.py:91}}
Aug 25 10:11:41.204413 np0000008060 devstack@g-api.service[99909]: DEBUG glance_store.backend [-] Registering store http with schemes ('http', 'https') {{(pid=99909) create_stores /opt/stack/data/venv/lib/python3.12/site-packages/glance_store/backend.py:261}}
Aug 25 10:11:41.204477 np0000008060 devstack@g-api.service[99909]: DEBUG glance_store.driver [-] Late loading location class glance_store._drivers.http.StoreLocation {{(pid=99909) get_store_location_class /opt/stack/data/venv/lib/python3.12/site-packages/glance_store/driver.py:134}}
Aug 25 10:11:41.204563 np0000008060 devstack@g-api.service[99909]: DEBUG glance_store.location [-] Registering scheme http with {'store': , 'location_class': , 'store_entry': 'http'} {{(pid=99909) register_scheme_map /opt/stack/data/venv/lib/python3.12/site-packages/glance_store/location.py:146}}
Aug 25 10:11:41.204645 np0000008060 devstack@g-api.service[99909]: DEBUG glance_store.location [-] Registering scheme https with {'store': , 'location_class': , 'store_entry': 'http'} {{(pid=99909) register_scheme_map /opt/stack/data/venv/lib/python3.12/site-packages/glance_store/location.py:146}}
Aug 25 10:11:41.204796 np0000008060 devstack@g-api.service[99909]: DEBUG glance_store.backend [-] Attempting to import store swift {{(pid=99909) _load_store /opt/stack/data/venv/lib/python3.12/site-packages/glance_store/backend.py:215}}
Aug 25 10:11:41.206335 np0000008060 devstack@g-api.service[99909]: DEBUG glance_store.capabilities [-] Store glance_store._drivers.swift.store.SingleTenantStore doesn't support updating dynamic storage capabilities. Please overwrite 'update_capabilities' method of the store to implement updating logics if needed. {{(pid=99909) update_capabilities /opt/stack/data/venv/lib/python3.12/site-packages/glance_store/capabilities.py:91}}
Aug 25 10:11:41.206410 np0000008060 devstack@g-api.service[99909]: DEBUG glance_store.driver [-] Late loading location class glance_store._drivers.swift.store.StoreLocation {{(pid=99909) get_store_location_class /opt/stack/data/venv/lib/python3.12/site-packages/glance_store/driver.py:134}}
Aug 25 10:11:41.206500 np0000008060 devstack@g-api.service[99909]: DEBUG glance_store.location [-] Registering scheme swift+https with {'store': , 'location_class': , 'store_entry': 'swift'} {{(pid=99909) register_scheme_map /opt/stack/data/venv/lib/python3.12/site-packages/glance_store/location.py:146}}
Aug 25 10:11:41.206556 np0000008060 devstack@g-api.service[99909]: DEBUG glance_store.location [-] Registering scheme swift+https with {'store': , 'location_class': , 'store_entry': 'swift'} {{(pid=99909) register_scheme_map /opt/stack/data/venv/lib/python3.12/site-packages/glance_store/location.py:146}}
Aug 25 10:11:41.206614 np0000008060 devstack@g-api.service[99909]: DEBUG glance_store.location [-] Registering scheme swift with {'store': , 'location_class': , 'store_entry': 'swift'} {{(pid=99909) register_scheme_map /opt/stack/data/venv/lib/python3.12/site-packages/glance_store/location.py:146}}
Aug 25 10:11:41.206685 np0000008060 devstack@g-api.service[99909]: DEBUG glance_store.location [-] Registering scheme swift+https with {'store': , 'location_class': , 'store_entry': 'swift'} {{(pid=99909) register_scheme_map /opt/stack/data/venv/lib/python3.12/site-packages/glance_store/location.py:146}}
Aug 25 10:11:41.206765 np0000008060 devstack@g-api.service[99909]: DEBUG glance_store.location [-] Registering scheme swift with {'store': , 'location_class': , 'store_entry': 'swift'} {{(pid=99909) register_scheme_map /opt/stack/data/venv/lib/python3.12/site-packages/glance_store/location.py:146}}
Aug 25 10:11:41.206854 np0000008060 devstack@g-api.service[99909]: DEBUG glance_store.location [-] Registering scheme swift+http with {'store': , 'location_class': , 'store_entry': 'swift'} {{(pid=99909) register_scheme_map /opt/stack/data/venv/lib/python3.12/site-packages/glance_store/location.py:146}}
Aug 25 10:11:41.206927 np0000008060 devstack@g-api.service[99909]: DEBUG glance_store.location [-] Registering scheme swift+https with {'store': , 'location_class': , 'store_entry': 'swift'} {{(pid=99909) register_scheme_map /opt/stack/data/venv/lib/python3.12/site-packages/glance_store/location.py:146}}
Aug 25 10:11:41.207012 np0000008060 devstack@g-api.service[99909]: DEBUG glance_store.location [-] Registering scheme swift with {'store': , 'location_class': , 'store_entry': 'swift'} {{(pid=99909) register_scheme_map /opt/stack/data/venv/lib/python3.12/site-packages/glance_store/location.py:146}}
Aug 25 10:11:41.207090 np0000008060 devstack@g-api.service[99909]: DEBUG glance_store.location [-] Registering scheme swift+http with {'store': , 'location_class': , 'store_entry': 'swift'} {{(pid=99909) register_scheme_map /opt/stack/data/venv/lib/python3.12/site-packages/glance_store/location.py:146}}
Aug 25 10:11:41.207171 np0000008060 devstack@g-api.service[99909]: DEBUG glance_store.location [-] Registering scheme swift+config with {'store': , 'location_class': , 'store_entry': 'swift'} {{(pid=99909) register_scheme_map /opt/stack/data/venv/lib/python3.12/site-packages/glance_store/location.py:146}}
Aug 25 10:11:41.207511 np0000008060 devstack@g-api.service[99909]: DEBUG glance.sqlite_migration [-] SQLite caching database not located, skipping migration {{(pid=99909) get_db_path /opt/stack/glance/glance/sqlite_migration.py:68}}
Aug 25 10:11:41.207753 np0000008060 devstack@g-api.service[99909]: WARNING glance.common.wsgi_app [-] Import methods are enabled but staging directory /tmp/staging/ does not exist; Imports will fail!
Aug 25 10:11:41.249300 np0000008060 devstack@g-api.service[99910]: DEBUG glance.common.config [None req-b073e884-46e3-45d7-8b1b-e884ba9e7bf3 None None] Loading glance-api-keystone+cachemanagement from /etc/glance/glance-api-paste.ini {{(pid=99910) load_paste_app /opt/stack/glance/glance/common/config.py:772}}
Aug 25 10:11:41.261680 np0000008060 devstack@g-api.service[99911]: DEBUG glance.common.config [None req-e030d7a9-dd14-4f80-9036-2772da2a0a1f None None] Loading glance-api-keystone+cachemanagement from /etc/glance/glance-api-paste.ini {{(pid=99911) load_paste_app /opt/stack/glance/glance/common/config.py:772}}
Aug 25 10:11:41.380574 np0000008060 devstack@g-api.service[99909]: DEBUG glance.common.config [None req-082b47bd-2f01-4bbd-8170-84fc2606369a None None] Loading glance-api-keystone+cachemanagement from /etc/glance/glance-api-paste.ini {{(pid=99909) load_paste_app /opt/stack/glance/glance/common/config.py:772}}
Aug 25 10:11:41.912266 np0000008060 devstack@g-api.service[99910]: INFO glance.image_cache [None req-b073e884-46e3-45d7-8b1b-e884ba9e7bf3 None None] Image cache loaded driver 'centralized_db'.
Aug 25 10:11:41.921428 np0000008060 devstack@g-api.service[99911]: INFO glance.image_cache [None req-e030d7a9-dd14-4f80-9036-2772da2a0a1f None None] Image cache loaded driver 'centralized_db'.
Aug 25 10:11:41.963810 np0000008060 devstack@g-api.service[99910]: INFO dbcounter [None req-b073e884-46e3-45d7-8b1b-e884ba9e7bf3 None None] Registered counter for database glance
Aug 25 10:11:41.964485 np0000008060 devstack@g-api.service[99909]: INFO glance.image_cache [None req-082b47bd-2f01-4bbd-8170-84fc2606369a None None] Image cache loaded driver 'centralized_db'.
Aug 25 10:11:41.973382 np0000008060 devstack@g-api.service[99911]: INFO dbcounter [None req-e030d7a9-dd14-4f80-9036-2772da2a0a1f None None] Registered counter for database glance
Aug 25 10:11:42.011724 np0000008060 devstack@g-api.service[99910]: DEBUG oslo_db.sqlalchemy.engines [None req-b073e884-46e3-45d7-8b1b-e884ba9e7bf3 None None] MySQL server mode set to STRICT_TRANS_TABLES,STRICT_ALL_TABLES,NO_ZERO_IN_DATE,NO_ZERO_DATE,ERROR_FOR_DIVISION_BY_ZERO,TRADITIONAL,NO_ENGINE_SUBSTITUTION {{(pid=99910) _check_effective_sql_mode /opt/stack/data/venv/lib/python3.12/site-packages/oslo_db/sqlalchemy/engines.py:325}}
Aug 25 10:11:42.017403 np0000008060 devstack@g-api.service[99909]: INFO dbcounter [None req-082b47bd-2f01-4bbd-8170-84fc2606369a None None] Registered counter for database glance
Aug 25 10:11:42.017565 np0000008060 devstack@g-api.service[99911]: DEBUG oslo_db.sqlalchemy.engines [None req-e030d7a9-dd14-4f80-9036-2772da2a0a1f None None] MySQL server mode set to STRICT_TRANS_TABLES,STRICT_ALL_TABLES,NO_ZERO_IN_DATE,NO_ZERO_DATE,ERROR_FOR_DIVISION_BY_ZERO,TRADITIONAL,NO_ENGINE_SUBSTITUTION {{(pid=99911) _check_effective_sql_mode /opt/stack/data/venv/lib/python3.12/site-packages/oslo_db/sqlalchemy/engines.py:325}}
Aug 25 10:11:42.036858 np0000008060 devstack@g-api.service[99910]: DEBUG dbcounter [-] [99910] Writer thread running {{(pid=99910) stat_writer /opt/stack/data/venv/lib/python3.12/site-packages/dbcounter.py:102}}
Aug 25 10:11:42.050713 np0000008060 devstack@g-api.service[99910]: INFO glance.image_cache [None req-b073e884-46e3-45d7-8b1b-e884ba9e7bf3 None None] Image cache loaded driver 'centralized_db'.
Aug 25 10:11:42.051468 np0000008060 devstack@g-api.service[99911]: DEBUG dbcounter [-] [99911] Writer thread running {{(pid=99911) stat_writer /opt/stack/data/venv/lib/python3.12/site-packages/dbcounter.py:102}}
Aug 25 10:11:42.054455 np0000008060 devstack@g-api.service[99911]: DEBUG glance.image_cache.drivers.centralized_db [None req-e030d7a9-dd14-4f80-9036-2772da2a0a1f None None] Node reference is already recorded, ignoring it {{(pid=99911) configure /opt/stack/glance/glance/image_cache/drivers/centralized_db.py:71}}
Aug 25 10:11:42.059944 np0000008060 devstack@g-api.service[99910]: DEBUG glance.image_cache.drivers.centralized_db [None req-b073e884-46e3-45d7-8b1b-e884ba9e7bf3 None None] Node reference is already recorded, ignoring it {{(pid=99910) configure /opt/stack/glance/glance/image_cache/drivers/centralized_db.py:71}}
Aug 25 10:11:42.063448 np0000008060 devstack@g-api.service[99911]: INFO glance.image_cache [None req-e030d7a9-dd14-4f80-9036-2772da2a0a1f None None] Image cache loaded driver 'centralized_db'.
Aug 25 10:11:42.065200 np0000008060 devstack@g-api.service[99909]: DEBUG oslo_db.sqlalchemy.engines [None req-082b47bd-2f01-4bbd-8170-84fc2606369a None None] MySQL server mode set to STRICT_TRANS_TABLES,STRICT_ALL_TABLES,NO_ZERO_IN_DATE,NO_ZERO_DATE,ERROR_FOR_DIVISION_BY_ZERO,TRADITIONAL,NO_ENGINE_SUBSTITUTION {{(pid=99909) _check_effective_sql_mode /opt/stack/data/venv/lib/python3.12/site-packages/oslo_db/sqlalchemy/engines.py:325}}
Aug 25 10:11:42.065425 np0000008060 devstack@g-api.service[99910]: DEBUG glance.api.v2.cached_images [None req-b073e884-46e3-45d7-8b1b-e884ba9e7bf3 None None] Started cache worker thread {{(pid=99910) __init__ /opt/stack/glance/glance/api/v2/cached_images.py:71}}
Aug 25 10:11:42.066366 np0000008060 devstack@g-api.service[99910]: INFO glance.image_cache [None req-b073e884-46e3-45d7-8b1b-e884ba9e7bf3 None None] Image cache loaded driver 'centralized_db'.
Aug 25 10:11:42.073359 np0000008060 devstack@g-api.service[99911]: DEBUG glance.image_cache.drivers.centralized_db [None req-e030d7a9-dd14-4f80-9036-2772da2a0a1f None None] Node reference is already recorded, ignoring it {{(pid=99911) configure /opt/stack/glance/glance/image_cache/drivers/centralized_db.py:71}}
Aug 25 10:11:42.078170 np0000008060 devstack@g-api.service[99910]: DEBUG glance.image_cache.drivers.centralized_db [None req-b073e884-46e3-45d7-8b1b-e884ba9e7bf3 None None] Node reference is already recorded, ignoring it {{(pid=99910) configure /opt/stack/glance/glance/image_cache/drivers/centralized_db.py:71}}
Aug 25 10:11:42.081524 np0000008060 devstack@g-api.service[99911]: DEBUG glance.api.v2.cached_images [None req-e030d7a9-dd14-4f80-9036-2772da2a0a1f None None] Started cache worker thread {{(pid=99911) __init__ /opt/stack/glance/glance/api/v2/cached_images.py:71}}
Aug 25 10:11:42.082474 np0000008060 devstack@g-api.service[99911]: INFO glance.image_cache [None req-e030d7a9-dd14-4f80-9036-2772da2a0a1f None None] Image cache loaded driver 'centralized_db'.
Aug 25 10:11:42.091419 np0000008060 devstack@g-api.service[99909]: DEBUG dbcounter [-] [99909] Writer thread running {{(pid=99909) stat_writer /opt/stack/data/venv/lib/python3.12/site-packages/dbcounter.py:102}}
Aug 25 10:11:42.094369 np0000008060 devstack@g-api.service[99909]: DEBUG glance.image_cache.drivers.centralized_db [None req-082b47bd-2f01-4bbd-8170-84fc2606369a None None] Node reference is already recorded, ignoring it {{(pid=99909) configure /opt/stack/glance/glance/image_cache/drivers/centralized_db.py:71}}
Aug 25 10:11:42.102720 np0000008060 devstack@g-api.service[99909]: INFO glance.image_cache [None req-082b47bd-2f01-4bbd-8170-84fc2606369a None None] Image cache loaded driver 'centralized_db'.
Aug 25 10:11:42.112436 np0000008060 devstack@g-api.service[99909]: DEBUG glance.image_cache.drivers.centralized_db [None req-082b47bd-2f01-4bbd-8170-84fc2606369a None None] Node reference is already recorded, ignoring it {{(pid=99909) configure /opt/stack/glance/glance/image_cache/drivers/centralized_db.py:71}}
Aug 25 10:11:42.185268 np0000008060 devstack@g-api.service[99910]: INFO glance.api.middleware.cache_manage [None req-b073e884-46e3-45d7-8b1b-e884ba9e7bf3 None None] Initialized image cache management middleware
Aug 25 10:11:42.185458 np0000008060 devstack@g-api.service[99910]: INFO glance.image_cache [None req-b073e884-46e3-45d7-8b1b-e884ba9e7bf3 None None] Image cache loaded driver 'centralized_db'.
Aug 25 10:11:42.193518 np0000008060 devstack@g-api.service[99910]: DEBUG glance.image_cache.drivers.centralized_db [None req-b073e884-46e3-45d7-8b1b-e884ba9e7bf3 None None] Node reference is already recorded, ignoring it {{(pid=99910) configure /opt/stack/glance/glance/image_cache/drivers/centralized_db.py:71}}
Aug 25 10:11:42.197927 np0000008060 devstack@g-api.service[99910]: INFO glance.api.middleware.cache [None req-b073e884-46e3-45d7-8b1b-e884ba9e7bf3 None None] Initialized image cache middleware
Aug 25 10:11:42.205454 np0000008060 devstack@g-api.service[99911]: DEBUG glance.image_cache.drivers.centralized_db [None req-e030d7a9-dd14-4f80-9036-2772da2a0a1f None None] Node reference is already recorded, ignoring it {{(pid=99911) configure /opt/stack/glance/glance/image_cache/drivers/centralized_db.py:71}}
Aug 25 10:11:42.210208 np0000008060 devstack@g-api.service[99910]: DEBUG glance.common.config [None req-b073e884-46e3-45d7-8b1b-e884ba9e7bf3 None None] ******************************************************************************** {{(pid=99910) log_opt_values /opt/stack/data/venv/lib/python3.12/site-packages/oslo_config/cfg.py:3533}}
Aug 25 10:11:42.210331 np0000008060 devstack@g-api.service[99910]: DEBUG glance.common.config [None req-b073e884-46e3-45d7-8b1b-e884ba9e7bf3 None None] Configuration options gathered from: {{(pid=99910) log_opt_values /opt/stack/data/venv/lib/python3.12/site-packages/oslo_config/cfg.py:3534}}
Aug 25 10:11:42.210894 np0000008060 devstack@g-api.service[99910]: DEBUG glance.common.config [None req-b073e884-46e3-45d7-8b1b-e884ba9e7bf3 None None] command line args: [] {{(pid=99910) log_opt_values /opt/stack/data/venv/lib/python3.12/site-packages/oslo_config/cfg.py:3535}}
Aug 25 10:11:42.211084 np0000008060 devstack@g-api.service[99910]: DEBUG glance.common.config [None req-b073e884-46e3-45d7-8b1b-e884ba9e7bf3 None None] config files: ['/etc/glance/glance-image-import.conf', '/etc/glance/glance-api.conf'] {{(pid=99910) log_opt_values /opt/stack/data/venv/lib/python3.12/site-packages/oslo_config/cfg.py:3536}}
Aug 25 10:11:42.211164 np0000008060 devstack@g-api.service[99910]: DEBUG glance.common.config [None req-b073e884-46e3-45d7-8b1b-e884ba9e7bf3 None None] ================================================================================ {{(pid=99910) log_opt_values /opt/stack/data/venv/lib/python3.12/site-packages/oslo_config/cfg.py:3541}}
Aug 25 10:11:42.211332 np0000008060 devstack@g-api.service[99910]: DEBUG glance.common.config [None req-b073e884-46e3-45d7-8b1b-e884ba9e7bf3 None None] allow_anonymous_access = False {{(pid=99910) log_opt_values /opt/stack/data/venv/lib/python3.12/site-packages/oslo_config/cfg.py:3549}}
Aug 25 10:11:42.211388 np0000008060 devstack@g-api.service[99911]: INFO glance.api.middleware.cache_manage [None req-e030d7a9-dd14-4f80-9036-2772da2a0a1f None None] Initialized image cache management middleware
Aug 25 10:11:42.211445 np0000008060 devstack@g-api.service[99910]: DEBUG glance.common.config [None req-b073e884-46e3-45d7-8b1b-e884ba9e7bf3 None None] api_limit_max = 1000 {{(pid=99910) log_opt_values /opt/stack/data/venv/lib/python3.12/site-packages/oslo_config/cfg.py:3549}}
Aug 25 10:11:42.211494 np0000008060 devstack@g-api.service[99911]: INFO glance.image_cache [None req-e030d7a9-dd14-4f80-9036-2772da2a0a1f None None] Image cache loaded driver 'centralized_db'.
Aug 25 10:11:42.211571 np0000008060 devstack@g-api.service[99910]: DEBUG glance.common.config [None req-b073e884-46e3-45d7-8b1b-e884ba9e7bf3 None None] config_dir = [] {{(pid=99910) log_opt_values /opt/stack/data/venv/lib/python3.12/site-packages/oslo_config/cfg.py:3549}}
Aug 25 10:11:42.211678 np0000008060 devstack@g-api.service[99910]: DEBUG glance.common.config [None req-b073e884-46e3-45d7-8b1b-e884ba9e7bf3 None None] config_file = ['/etc/glance/glance-image-import.conf', '/etc/glance/glance-api.conf'] {{(pid=99910) log_opt_values /opt/stack/data/venv/lib/python3.12/site-packages/oslo_config/cfg.py:3549}}
Aug 25 10:11:42.211935 np0000008060 devstack@g-api.service[99910]: DEBUG glance.common.config [None req-b073e884-46e3-45d7-8b1b-e884ba9e7bf3 None None] config_source = [] {{(pid=99910) log_opt_values /opt/stack/data/venv/lib/python3.12/site-packages/oslo_config/cfg.py:3549}}
Aug 25 10:11:42.212039 np0000008060 devstack@g-api.service[99910]: DEBUG glance.common.config [None req-b073e884-46e3-45d7-8b1b-e884ba9e7bf3 None None] control_exchange = glance {{(pid=99910) log_opt_values /opt/stack/data/venv/lib/python3.12/site-packages/oslo_config/cfg.py:3549}}
Aug 25 10:11:42.212111 np0000008060 devstack@g-api.service[99910]: DEBUG glance.common.config [None req-b073e884-46e3-45d7-8b1b-e884ba9e7bf3 None None] debug = True {{(pid=99910) log_opt_values /opt/stack/data/venv/lib/python3.12/site-packages/oslo_config/cfg.py:3549}}
Aug 25 10:11:42.212290 np0000008060 devstack@g-api.service[99910]: DEBUG glance.common.config [None req-b073e884-46e3-45d7-8b1b-e884ba9e7bf3 None None] default_log_levels = ['amqp=WARN', 'boto=WARN', 'sqlalchemy=WARN', 'suds=INFO', 'oslo.messaging=INFO', 'oslo_messaging=INFO', 'iso8601=WARN', 'requests.packages.urllib3.connectionpool=WARN', 'urllib3.connectionpool=WARN', 'websocket=WARN', 'requests.packages.urllib3.util.retry=WARN', 'urllib3.util.retry=WARN', 'keystonemiddleware=WARN', 'routes.middleware=WARN', 'stevedore=WARN', 'taskflow=WARN', 'keystoneauth=WARN', 'oslo.cache=INFO', 'oslo_policy=INFO', 'dogpile.core.dogpile=INFO'] {{(pid=99910) log_opt_values /opt/stack/data/venv/lib/python3.12/site-packages/oslo_config/cfg.py:3549}}
Aug 25 10:11:42.212403 np0000008060 devstack@g-api.service[99910]: DEBUG glance.common.config [None req-b073e884-46e3-45d7-8b1b-e884ba9e7bf3 None None] default_publisher_id = image.localhost {{(pid=99910) log_opt_values /opt/stack/data/venv/lib/python3.12/site-packages/oslo_config/cfg.py:3549}}
Aug 25 10:11:42.212533 np0000008060 devstack@g-api.service[99910]: DEBUG glance.common.config [None req-b073e884-46e3-45d7-8b1b-e884ba9e7bf3 None None] delayed_delete = False {{(pid=99910) log_opt_values /opt/stack/data/venv/lib/python3.12/site-packages/oslo_config/cfg.py:3549}}
Aug 25 10:11:42.212634 np0000008060 devstack@g-api.service[99910]: DEBUG glance.common.config [None req-b073e884-46e3-45d7-8b1b-e884ba9e7bf3 None None] digest_algorithm = sha256 {{(pid=99910) log_opt_values /opt/stack/data/venv/lib/python3.12/site-packages/oslo_config/cfg.py:3549}}
Aug 25 10:11:42.212739 np0000008060 devstack@g-api.service[99910]: DEBUG glance.common.config [None req-b073e884-46e3-45d7-8b1b-e884ba9e7bf3 None None] disabled_notifications = [] {{(pid=99910) log_opt_values /opt/stack/data/venv/lib/python3.12/site-packages/oslo_config/cfg.py:3549}}
Aug 25 10:11:42.212963 np0000008060 devstack@g-api.service[99910]: DEBUG glance.common.config [None req-b073e884-46e3-45d7-8b1b-e884ba9e7bf3 None None] do_secure_hash = True {{(pid=99910) log_opt_values /opt/stack/data/venv/lib/python3.12/site-packages/oslo_config/cfg.py:3549}}
Aug 25 10:11:42.213102 np0000008060 devstack@g-api.service[99910]: DEBUG glance.common.config [None req-b073e884-46e3-45d7-8b1b-e884ba9e7bf3 None None] enabled_backends = None {{(pid=99910) log_opt_values /opt/stack/data/venv/lib/python3.12/site-packages/oslo_config/cfg.py:3549}}
Aug 25 10:11:42.213229 np0000008060 devstack@g-api.service[99910]: DEBUG glance.common.config [None req-b073e884-46e3-45d7-8b1b-e884ba9e7bf3 None None] enabled_import_methods = ['glance-direct', 'web-download', 'copy-image'] {{(pid=99910) log_opt_values /opt/stack/data/venv/lib/python3.12/site-packages/oslo_config/cfg.py:3549}}
Aug 25 10:11:42.213358 np0000008060 devstack@g-api.service[99910]: DEBUG glance.common.config [None req-b073e884-46e3-45d7-8b1b-e884ba9e7bf3 None None] fatal_deprecations = False {{(pid=99910) log_opt_values /opt/stack/data/venv/lib/python3.12/site-packages/oslo_config/cfg.py:3549}}
Aug 25 10:11:42.213482 np0000008060 devstack@g-api.service[99910]: DEBUG glance.common.config [None req-b073e884-46e3-45d7-8b1b-e884ba9e7bf3 None None] hashing_algorithm = sha512 {{(pid=99910) log_opt_values /opt/stack/data/venv/lib/python3.12/site-packages/oslo_config/cfg.py:3549}}
Aug 25 10:11:42.213599 np0000008060 devstack@g-api.service[99910]: DEBUG glance.common.config [None req-b073e884-46e3-45d7-8b1b-e884ba9e7bf3 None None] http_retries = 3 {{(pid=99910) log_opt_values /opt/stack/data/venv/lib/python3.12/site-packages/oslo_config/cfg.py:3549}}
Aug 25 10:11:42.213754 np0000008060 devstack@g-api.service[99910]: DEBUG glance.common.config [None req-b073e884-46e3-45d7-8b1b-e884ba9e7bf3 None None] image_cache_dir = /opt/stack/data/glance/cache/ {{(pid=99910) log_opt_values /opt/stack/data/venv/lib/python3.12/site-packages/oslo_config/cfg.py:3549}}
Aug 25 10:11:42.213861 np0000008060 devstack@g-api.service[99910]: DEBUG glance.common.config [None req-b073e884-46e3-45d7-8b1b-e884ba9e7bf3 None None] image_cache_driver = centralized_db {{(pid=99910) log_opt_values /opt/stack/data/venv/lib/python3.12/site-packages/oslo_config/cfg.py:3549}}
Aug 25 10:11:42.213996 np0000008060 devstack@g-api.service[99910]: DEBUG glance.common.config [None req-b073e884-46e3-45d7-8b1b-e884ba9e7bf3 None None] image_cache_max_size = 10737418240 {{(pid=99910) log_opt_values /opt/stack/data/venv/lib/python3.12/site-packages/oslo_config/cfg.py:3549}}
Aug 25 10:11:42.214115 np0000008060 devstack@g-api.service[99910]: DEBUG glance.common.config [None req-b073e884-46e3-45d7-8b1b-e884ba9e7bf3 None None] image_cache_sqlite_db = cache.db {{(pid=99910) log_opt_values /opt/stack/data/venv/lib/python3.12/site-packages/oslo_config/cfg.py:3549}}
Aug 25 10:11:42.214186 np0000008060 devstack@g-api.service[99910]: DEBUG glance.common.config [None req-b073e884-46e3-45d7-8b1b-e884ba9e7bf3 None None] image_cache_stall_time = 86400 {{(pid=99910) log_opt_values /opt/stack/data/venv/lib/python3.12/site-packages/oslo_config/cfg.py:3549}}
Aug 25 10:11:42.214311 np0000008060 devstack@g-api.service[99910]: DEBUG glance.common.config [None req-b073e884-46e3-45d7-8b1b-e884ba9e7bf3 None None] image_location_quota = 10 {{(pid=99910) log_opt_values /opt/stack/data/venv/lib/python3.12/site-packages/oslo_config/cfg.py:3549}}
Aug 25 10:11:42.214428 np0000008060 devstack@g-api.service[99910]: DEBUG glance.common.config [None req-b073e884-46e3-45d7-8b1b-e884ba9e7bf3 None None] image_member_quota = 128 {{(pid=99910) log_opt_values /opt/stack/data/venv/lib/python3.12/site-packages/oslo_config/cfg.py:3549}}
Aug 25 10:11:42.214540 np0000008060 devstack@g-api.service[99910]: DEBUG glance.common.config [None req-b073e884-46e3-45d7-8b1b-e884ba9e7bf3 None None] image_property_quota = 128 {{(pid=99910) log_opt_values /opt/stack/data/venv/lib/python3.12/site-packages/oslo_config/cfg.py:3549}}
Aug 25 10:11:42.214642 np0000008060 devstack@g-api.service[99910]: DEBUG glance.common.config [None req-b073e884-46e3-45d7-8b1b-e884ba9e7bf3 None None] image_size_cap = 1099511627776 {{(pid=99910) log_opt_values /opt/stack/data/venv/lib/python3.12/site-packages/oslo_config/cfg.py:3549}}
Aug 25 10:11:42.214744 np0000008060 devstack@g-api.service[99910]: DEBUG glance.common.config [None req-b073e884-46e3-45d7-8b1b-e884ba9e7bf3 None None] image_tag_quota = 128 {{(pid=99910) log_opt_values /opt/stack/data/venv/lib/python3.12/site-packages/oslo_config/cfg.py:3549}}
Aug 25 10:11:42.214835 np0000008060 devstack@g-api.service[99910]: DEBUG glance.common.config [None req-b073e884-46e3-45d7-8b1b-e884ba9e7bf3 None None] instance_format = [instance: %(uuid)s] {{(pid=99910) log_opt_values /opt/stack/data/venv/lib/python3.12/site-packages/oslo_config/cfg.py:3549}}
Aug 25 10:11:42.214926 np0000008060 devstack@g-api.service[99910]: DEBUG glance.common.config [None req-b073e884-46e3-45d7-8b1b-e884ba9e7bf3 None None] instance_uuid_format = [instance: %(uuid)s] {{(pid=99910) log_opt_values /opt/stack/data/venv/lib/python3.12/site-packages/oslo_config/cfg.py:3549}}
Aug 25 10:11:42.215095 np0000008060 devstack@g-api.service[99910]: DEBUG glance.common.config [None req-b073e884-46e3-45d7-8b1b-e884ba9e7bf3 None None] limit_param_default = 25 {{(pid=99910) log_opt_values /opt/stack/data/venv/lib/python3.12/site-packages/oslo_config/cfg.py:3549}}
Aug 25 10:11:42.215219 np0000008060 devstack@g-api.service[99910]: DEBUG glance.common.config [None req-b073e884-46e3-45d7-8b1b-e884ba9e7bf3 None None] log_color = False {{(pid=99910) log_opt_values /opt/stack/data/venv/lib/python3.12/site-packages/oslo_config/cfg.py:3549}}
Aug 25 10:11:42.215321 np0000008060 devstack@g-api.service[99910]: DEBUG glance.common.config [None req-b073e884-46e3-45d7-8b1b-e884ba9e7bf3 None None] log_config_append = None {{(pid=99910) log_opt_values /opt/stack/data/venv/lib/python3.12/site-packages/oslo_config/cfg.py:3549}}
Aug 25 10:11:42.215418 np0000008060 devstack@g-api.service[99910]: DEBUG glance.common.config [None req-b073e884-46e3-45d7-8b1b-e884ba9e7bf3 None None] log_date_format = %Y-%m-%d %H:%M:%S {{(pid=99910) log_opt_values /opt/stack/data/venv/lib/python3.12/site-packages/oslo_config/cfg.py:3549}}
Aug 25 10:11:42.215506 np0000008060 devstack@g-api.service[99910]: DEBUG glance.common.config [None req-b073e884-46e3-45d7-8b1b-e884ba9e7bf3 None None] log_dir = None {{(pid=99910) log_opt_values /opt/stack/data/venv/lib/python3.12/site-packages/oslo_config/cfg.py:3549}}
Aug 25 10:11:42.215622 np0000008060 devstack@g-api.service[99910]: DEBUG glance.common.config [None req-b073e884-46e3-45d7-8b1b-e884ba9e7bf3 None None] log_file = None {{(pid=99910) log_opt_values /opt/stack/data/venv/lib/python3.12/site-packages/oslo_config/cfg.py:3549}}
Aug 25 10:11:42.215732 np0000008060 devstack@g-api.service[99910]: DEBUG glance.common.config [None req-b073e884-46e3-45d7-8b1b-e884ba9e7bf3 None None] log_rotate_interval = 1 {{(pid=99910) log_opt_values /opt/stack/data/venv/lib/python3.12/site-packages/oslo_config/cfg.py:3549}}
Aug 25 10:11:42.215831 np0000008060 devstack@g-api.service[99910]: DEBUG glance.common.config [None req-b073e884-46e3-45d7-8b1b-e884ba9e7bf3 None None] log_rotate_interval_type = days {{(pid=99910) log_opt_values /opt/stack/data/venv/lib/python3.12/site-packages/oslo_config/cfg.py:3549}}
Aug 25 10:11:42.215923 np0000008060 devstack@g-api.service[99910]: DEBUG glance.common.config [None req-b073e884-46e3-45d7-8b1b-e884ba9e7bf3 None None] log_rotation_type = none {{(pid=99910) log_opt_values /opt/stack/data/venv/lib/python3.12/site-packages/oslo_config/cfg.py:3549}}
Aug 25 10:11:42.216033 np0000008060 devstack@g-api.service[99910]: DEBUG glance.common.config [None req-b073e884-46e3-45d7-8b1b-e884ba9e7bf3 None None] logging_context_format_string = %(color)s%(levelname)s %(name)s [%(global_request_id)s %(request_id)s %(project_name)s %(user_name)s%(color)s] %(instance)s%(color)s%(message)s {{(pid=99910) log_opt_values /opt/stack/data/venv/lib/python3.12/site-packages/oslo_config/cfg.py:3549}}
Aug 25 10:11:42.216104 np0000008060 devstack@g-api.service[99910]: DEBUG glance.common.config [None req-b073e884-46e3-45d7-8b1b-e884ba9e7bf3 None None] logging_debug_format_suffix = {{(pid=%(process)d) %(funcName)s %(pathname)s:%(lineno)d}} {{(pid=99910) log_opt_values /opt/stack/data/venv/lib/python3.12/site-packages/oslo_config/cfg.py:3549}}
Aug 25 10:11:42.216268 np0000008060 devstack@g-api.service[99910]: DEBUG glance.common.config [None req-b073e884-46e3-45d7-8b1b-e884ba9e7bf3 None None] logging_default_format_string = %(color)s%(levelname)s %(name)s [-%(color)s] %(instance)s%(color)s%(message)s {{(pid=99910) log_opt_values /opt/stack/data/venv/lib/python3.12/site-packages/oslo_config/cfg.py:3549}}
Aug 25 10:11:42.216394 np0000008060 devstack@g-api.service[99910]: DEBUG glance.common.config [None req-b073e884-46e3-45d7-8b1b-e884ba9e7bf3 None None] logging_exception_prefix = ERROR %(name)s %(instance)s {{(pid=99910) log_opt_values /opt/stack/data/venv/lib/python3.12/site-packages/oslo_config/cfg.py:3549}}
Aug 25 10:11:42.216487 np0000008060 devstack@g-api.service[99910]: DEBUG glance.common.config [None req-b073e884-46e3-45d7-8b1b-e884ba9e7bf3 None None] logging_user_identity_format = %(user)s %(project)s %(domain)s %(system_scope)s %(user_domain)s %(project_domain)s {{(pid=99910) log_opt_values /opt/stack/data/venv/lib/python3.12/site-packages/oslo_config/cfg.py:3549}}
Aug 25 10:11:42.216612 np0000008060 devstack@g-api.service[99910]: DEBUG glance.common.config [None req-b073e884-46e3-45d7-8b1b-e884ba9e7bf3 None None] max_logfile_count = 30 {{(pid=99910) log_opt_values /opt/stack/data/venv/lib/python3.12/site-packages/oslo_config/cfg.py:3549}}
Aug 25 10:11:42.216720 np0000008060 devstack@g-api.service[99910]: DEBUG glance.common.config [None req-b073e884-46e3-45d7-8b1b-e884ba9e7bf3 None None] max_logfile_size_mb = 200 {{(pid=99910) log_opt_values /opt/stack/data/venv/lib/python3.12/site-packages/oslo_config/cfg.py:3549}}
Aug 25 10:11:42.216810 np0000008060 devstack@g-api.service[99910]: DEBUG glance.common.config [None req-b073e884-46e3-45d7-8b1b-e884ba9e7bf3 None None] max_request_id_length = 64 {{(pid=99910) log_opt_values /opt/stack/data/venv/lib/python3.12/site-packages/oslo_config/cfg.py:3549}}
Aug 25 10:11:42.216906 np0000008060 devstack@g-api.service[99910]: DEBUG glance.common.config [None req-b073e884-46e3-45d7-8b1b-e884ba9e7bf3 None None] metadata_encryption_key = **** {{(pid=99910) log_opt_values /opt/stack/data/venv/lib/python3.12/site-packages/oslo_config/cfg.py:3549}}
Aug 25 10:11:42.217026 np0000008060 devstack@g-api.service[99910]: DEBUG glance.common.config [None req-b073e884-46e3-45d7-8b1b-e884ba9e7bf3 None None] node_staging_uri = file:///tmp/staging/ {{(pid=99910) log_opt_values /opt/stack/data/venv/lib/python3.12/site-packages/oslo_config/cfg.py:3549}}
Aug 25 10:11:42.217140 np0000008060 devstack@g-api.service[99910]: DEBUG glance.common.config [None req-b073e884-46e3-45d7-8b1b-e884ba9e7bf3 None None] property_protection_file = None {{(pid=99910) log_opt_values /opt/stack/data/venv/lib/python3.12/site-packages/oslo_config/cfg.py:3549}}
Aug 25 10:11:42.217237 np0000008060 devstack@g-api.service[99910]: DEBUG glance.common.config [None req-b073e884-46e3-45d7-8b1b-e884ba9e7bf3 None None] property_protection_rule_format = roles {{(pid=99910) log_opt_values /opt/stack/data/venv/lib/python3.12/site-packages/oslo_config/cfg.py:3549}}
Aug 25 10:11:42.217332 np0000008060 devstack@g-api.service[99910]: DEBUG glance.common.config [None req-b073e884-46e3-45d7-8b1b-e884ba9e7bf3 None None] public_endpoint = https://10.4.3.99/image {{(pid=99910) log_opt_values /opt/stack/data/venv/lib/python3.12/site-packages/oslo_config/cfg.py:3549}}
Aug 25 10:11:42.217410 np0000008060 devstack@g-api.service[99910]: DEBUG glance.common.config [None req-b073e884-46e3-45d7-8b1b-e884ba9e7bf3 None None] publish_errors = False {{(pid=99910) log_opt_values /opt/stack/data/venv/lib/python3.12/site-packages/oslo_config/cfg.py:3549}}
Aug 25 10:11:42.217501 np0000008060 devstack@g-api.service[99910]: DEBUG glance.common.config [None req-b073e884-46e3-45d7-8b1b-e884ba9e7bf3 None None] pydev_worker_debug_host = None {{(pid=99910) log_opt_values /opt/stack/data/venv/lib/python3.12/site-packages/oslo_config/cfg.py:3549}}
Aug 25 10:11:42.217620 np0000008060 devstack@g-api.service[99910]: DEBUG glance.common.config [None req-b073e884-46e3-45d7-8b1b-e884ba9e7bf3 None None] pydev_worker_debug_port = 5678 {{(pid=99910) log_opt_values /opt/stack/data/venv/lib/python3.12/site-packages/oslo_config/cfg.py:3549}}
Aug 25 10:11:42.217729 np0000008060 devstack@g-api.service[99910]: DEBUG glance.common.config [None req-b073e884-46e3-45d7-8b1b-e884ba9e7bf3 None None] rate_limit_burst = 0 {{(pid=99910) log_opt_values /opt/stack/data/venv/lib/python3.12/site-packages/oslo_config/cfg.py:3549}}
Aug 25 10:11:42.217821 np0000008060 devstack@g-api.service[99910]: DEBUG glance.common.config [None req-b073e884-46e3-45d7-8b1b-e884ba9e7bf3 None None] rate_limit_except_level = CRITICAL {{(pid=99910) log_opt_values /opt/stack/data/venv/lib/python3.12/site-packages/oslo_config/cfg.py:3549}}
Aug 25 10:11:42.217907 np0000008060 devstack@g-api.service[99910]: DEBUG glance.common.config [None req-b073e884-46e3-45d7-8b1b-e884ba9e7bf3 None None] rate_limit_interval = 0 {{(pid=99910) log_opt_values /opt/stack/data/venv/lib/python3.12/site-packages/oslo_config/cfg.py:3549}}
Aug 25 10:11:42.218013 np0000008060 devstack@g-api.service[99910]: DEBUG glance.common.config [None req-b073e884-46e3-45d7-8b1b-e884ba9e7bf3 None None] scrub_pool_size = 1 {{(pid=99910) log_opt_values /opt/stack/data/venv/lib/python3.12/site-packages/oslo_config/cfg.py:3549}}
Aug 25 10:11:42.218100 np0000008060 devstack@g-api.service[99910]: DEBUG glance.common.config [None req-b073e884-46e3-45d7-8b1b-e884ba9e7bf3 None None] scrub_time = 0 {{(pid=99910) log_opt_values /opt/stack/data/venv/lib/python3.12/site-packages/oslo_config/cfg.py:3549}}
Aug 25 10:11:42.218200 np0000008060 devstack@g-api.service[99910]: DEBUG glance.common.config [None req-b073e884-46e3-45d7-8b1b-e884ba9e7bf3 None None] shell_completion = None {{(pid=99910) log_opt_values /opt/stack/data/venv/lib/python3.12/site-packages/oslo_config/cfg.py:3549}}
Aug 25 10:11:42.218304 np0000008060 devstack@g-api.service[99910]: DEBUG glance.common.config [None req-b073e884-46e3-45d7-8b1b-e884ba9e7bf3 None None] show_image_direct_url = False {{(pid=99910) log_opt_values /opt/stack/data/venv/lib/python3.12/site-packages/oslo_config/cfg.py:3549}}
Aug 25 10:11:42.218589 np0000008060 devstack@g-api.service[99910]: WARNING oslo_config.cfg [None req-b073e884-46e3-45d7-8b1b-e884ba9e7bf3 None None] Deprecated: Option "show_multiple_locations" from group "DEFAULT" is deprecated for removal (Use of this option, deprecated since Newton, is a security risk and will be removed once we figure out a way to satisfy those use cases that currently require it. An earlier announcement that the same functionality can be achieved with greater granularity by using policies is incorrect. You cannot work around this option via policy configuration at the present time, though that is the direction we believe the fix will take. Please keep an eye on the Glance release notes to stay up to date on progress in addressing this issue.). Its value may be silently ignored in the future.
Aug 25 10:11:42.218732 np0000008060 devstack@g-api.service[99910]: DEBUG glance.common.config [None req-b073e884-46e3-45d7-8b1b-e884ba9e7bf3 None None] show_multiple_locations = False {{(pid=99910) log_opt_values /opt/stack/data/venv/lib/python3.12/site-packages/oslo_config/cfg.py:3549}}
Aug 25 10:11:42.218833 np0000008060 devstack@g-api.service[99910]: DEBUG glance.common.config [None req-b073e884-46e3-45d7-8b1b-e884ba9e7bf3 None None] syslog_log_facility = LOG_USER {{(pid=99910) log_opt_values /opt/stack/data/venv/lib/python3.12/site-packages/oslo_config/cfg.py:3549}}
Aug 25 10:11:42.218989 np0000008060 devstack@g-api.service[99910]: DEBUG glance.common.config [None req-b073e884-46e3-45d7-8b1b-e884ba9e7bf3 None None] transport_url = **** {{(pid=99910) log_opt_values /opt/stack/data/venv/lib/python3.12/site-packages/oslo_config/cfg.py:3549}}
Aug 25 10:11:42.219049 np0000008060 devstack@g-api.service[99910]: DEBUG glance.common.config [None req-b073e884-46e3-45d7-8b1b-e884ba9e7bf3 None None] use_journal = False {{(pid=99910) log_opt_values /opt/stack/data/venv/lib/python3.12/site-packages/oslo_config/cfg.py:3549}}
Aug 25 10:11:42.219172 np0000008060 devstack@g-api.service[99910]: DEBUG glance.common.config [None req-b073e884-46e3-45d7-8b1b-e884ba9e7bf3 None None] use_json = False {{(pid=99910) log_opt_values /opt/stack/data/venv/lib/python3.12/site-packages/oslo_config/cfg.py:3549}}
Aug 25 10:11:42.219290 np0000008060 devstack@g-api.service[99910]: DEBUG glance.common.config [None req-b073e884-46e3-45d7-8b1b-e884ba9e7bf3 None None] use_keystone_limits = True {{(pid=99910) log_opt_values /opt/stack/data/venv/lib/python3.12/site-packages/oslo_config/cfg.py:3549}}
Aug 25 10:11:42.219383 np0000008060 devstack@g-api.service[99910]: DEBUG glance.common.config [None req-b073e884-46e3-45d7-8b1b-e884ba9e7bf3 None None] use_stderr = False {{(pid=99910) log_opt_values /opt/stack/data/venv/lib/python3.12/site-packages/oslo_config/cfg.py:3549}}
Aug 25 10:11:42.219472 np0000008060 devstack@g-api.service[99910]: DEBUG glance.common.config [None req-b073e884-46e3-45d7-8b1b-e884ba9e7bf3 None None] use_syslog = False {{(pid=99910) log_opt_values /opt/stack/data/venv/lib/python3.12/site-packages/oslo_config/cfg.py:3549}}
Aug 25 10:11:42.219563 np0000008060 devstack@g-api.service[99910]: DEBUG glance.common.config [None req-b073e884-46e3-45d7-8b1b-e884ba9e7bf3 None None] user_storage_quota = 0 {{(pid=99910) log_opt_values /opt/stack/data/venv/lib/python3.12/site-packages/oslo_config/cfg.py:3549}}
Aug 25 10:11:42.219683 np0000008060 devstack@g-api.service[99910]: DEBUG glance.common.config [None req-b073e884-46e3-45d7-8b1b-e884ba9e7bf3 None None] worker_self_reference_url = http://127.0.0.1:60999 {{(pid=99910) log_opt_values /opt/stack/data/venv/lib/python3.12/site-packages/oslo_config/cfg.py:3549}}
Aug 25 10:11:42.219812 np0000008060 devstack@g-api.service[99910]: DEBUG glance.common.config [None req-b073e884-46e3-45d7-8b1b-e884ba9e7bf3 None None] oslo_concurrency.disable_process_locking = False {{(pid=99910) log_opt_values /opt/stack/data/venv/lib/python3.12/site-packages/oslo_config/cfg.py:3560}}
Aug 25 10:11:42.219911 np0000008060 devstack@g-api.service[99910]: DEBUG glance.common.config [None req-b073e884-46e3-45d7-8b1b-e884ba9e7bf3 None None] oslo_concurrency.lock_path = /opt/stack/data/glance/locks {{(pid=99910) log_opt_values /opt/stack/data/venv/lib/python3.12/site-packages/oslo_config/cfg.py:3560}}
Aug 25 10:11:42.220025 np0000008060 devstack@g-api.service[99910]: DEBUG glance.common.config [None req-b073e884-46e3-45d7-8b1b-e884ba9e7bf3 None None] oslo_middleware.enable_proxy_headers_parsing = False {{(pid=99910) log_opt_values /opt/stack/data/venv/lib/python3.12/site-packages/oslo_config/cfg.py:3560}}
Aug 25 10:11:42.220118 np0000008060 devstack@g-api.service[99910]: DEBUG glance.common.config [None req-b073e884-46e3-45d7-8b1b-e884ba9e7bf3 None None] oslo_middleware.http_basic_auth_user_file = /etc/htpasswd {{(pid=99910) log_opt_values /opt/stack/data/venv/lib/python3.12/site-packages/oslo_config/cfg.py:3560}}
Aug 25 10:11:42.220216 np0000008060 devstack@g-api.service[99910]: DEBUG glance.common.config [None req-b073e884-46e3-45d7-8b1b-e884ba9e7bf3 None None] paste_deploy.config_file = None {{(pid=99910) log_opt_values /opt/stack/data/venv/lib/python3.12/site-packages/oslo_config/cfg.py:3560}}
Aug 25 10:11:42.220378 np0000008060 devstack@g-api.service[99910]: DEBUG glance.common.config [None req-b073e884-46e3-45d7-8b1b-e884ba9e7bf3 None None] paste_deploy.flavor = keystone+cachemanagement {{(pid=99910) log_opt_values /opt/stack/data/venv/lib/python3.12/site-packages/oslo_config/cfg.py:3560}}
Aug 25 10:11:42.220498 np0000008060 devstack@g-api.service[99910]: DEBUG glance.common.config [None req-b073e884-46e3-45d7-8b1b-e884ba9e7bf3 None None] image_format.container_formats = ['ami', 'ari', 'aki', 'bare', 'ovf', 'ova', 'docker', 'compressed'] {{(pid=99910) log_opt_values /opt/stack/data/venv/lib/python3.12/site-packages/oslo_config/cfg.py:3560}}
Aug 25 10:11:42.220639 np0000008060 devstack@g-api.service[99909]: DEBUG glance.api.v2.cached_images [None req-082b47bd-2f01-4bbd-8170-84fc2606369a None None] Started cache worker thread {{(pid=99909) __init__ /opt/stack/glance/glance/api/v2/cached_images.py:71}}
Aug 25 10:11:42.220687 np0000008060 devstack@g-api.service[99910]: DEBUG glance.common.config [None req-b073e884-46e3-45d7-8b1b-e884ba9e7bf3 None None] image_format.disk_formats = ['ami', 'ari', 'aki', 'vhd', 'vhdx', 'vmdk', 'raw', 'qcow2', 'vdi', 'iso', 'ploop'] {{(pid=99910) log_opt_values /opt/stack/data/venv/lib/python3.12/site-packages/oslo_config/cfg.py:3560}}
Aug 25 10:11:42.220802 np0000008060 devstack@g-api.service[99910]: DEBUG glance.common.config [None req-b073e884-46e3-45d7-8b1b-e884ba9e7bf3 None None] image_format.gpt_safety_checks_nonfatal = [] {{(pid=99910) log_opt_values /opt/stack/data/venv/lib/python3.12/site-packages/oslo_config/cfg.py:3560}}
Aug 25 10:11:42.220907 np0000008060 devstack@g-api.service[99910]: DEBUG glance.common.config [None req-b073e884-46e3-45d7-8b1b-e884ba9e7bf3 None None] image_format.require_image_format_match = True {{(pid=99910) log_opt_values /opt/stack/data/venv/lib/python3.12/site-packages/oslo_config/cfg.py:3560}}
Aug 25 10:11:42.221042 np0000008060 devstack@g-api.service[99910]: DEBUG glance.common.config [None req-b073e884-46e3-45d7-8b1b-e884ba9e7bf3 None None] image_format.vmdk_allowed_types = ['streamOptimized', 'monolithicSparse'] {{(pid=99910) log_opt_values /opt/stack/data/venv/lib/python3.12/site-packages/oslo_config/cfg.py:3560}}
Aug 25 10:11:42.221149 np0000008060 devstack@g-api.service[99911]: DEBUG glance.image_cache.drivers.centralized_db [None req-e030d7a9-dd14-4f80-9036-2772da2a0a1f None None] Node reference is already recorded, ignoring it {{(pid=99911) configure /opt/stack/glance/glance/image_cache/drivers/centralized_db.py:71}}
Aug 25 10:11:42.221192 np0000008060 devstack@g-api.service[99910]: DEBUG glance.common.config [None req-b073e884-46e3-45d7-8b1b-e884ba9e7bf3 None None] task.task_executor = taskflow {{(pid=99910) log_opt_values /opt/stack/data/venv/lib/python3.12/site-packages/oslo_config/cfg.py:3560}}
Aug 25 10:11:42.221279 np0000008060 devstack@g-api.service[99910]: DEBUG glance.common.config [None req-b073e884-46e3-45d7-8b1b-e884ba9e7bf3 None None] task.task_time_to_live = 48 {{(pid=99910) log_opt_values /opt/stack/data/venv/lib/python3.12/site-packages/oslo_config/cfg.py:3560}}
Aug 25 10:11:42.221369 np0000008060 devstack@g-api.service[99910]: DEBUG glance.common.config [None req-b073e884-46e3-45d7-8b1b-e884ba9e7bf3 None None] task.work_dir = None {{(pid=99910) log_opt_values /opt/stack/data/venv/lib/python3.12/site-packages/oslo_config/cfg.py:3560}}
Aug 25 10:11:42.221466 np0000008060 devstack@g-api.service[99910]: DEBUG glance.common.config [None req-b073e884-46e3-45d7-8b1b-e884ba9e7bf3 None None] wsgi.python_interpreter = /opt/stack/data/venv/bin/python3 {{(pid=99910) log_opt_values /opt/stack/data/venv/lib/python3.12/site-packages/oslo_config/cfg.py:3560}}
Aug 25 10:11:42.221543 np0000008060 devstack@g-api.service[99909]: INFO glance.image_cache [None req-082b47bd-2f01-4bbd-8170-84fc2606369a None None] Image cache loaded driver 'centralized_db'.
Aug 25 10:11:42.221582 np0000008060 devstack@g-api.service[99910]: DEBUG glance.common.config [None req-b073e884-46e3-45d7-8b1b-e884ba9e7bf3 None None] wsgi.task_pool_threads = 16 {{(pid=99910) log_opt_values /opt/stack/data/venv/lib/python3.12/site-packages/oslo_config/cfg.py:3560}}
Aug 25 10:11:42.221659 np0000008060 devstack@g-api.service[99910]: DEBUG glance.common.config [None req-b073e884-46e3-45d7-8b1b-e884ba9e7bf3 None None] import_filtering_opts.allowed_hosts = [] {{(pid=99910) log_opt_values /opt/stack/data/venv/lib/python3.12/site-packages/oslo_config/cfg.py:3560}}
Aug 25 10:11:42.221795 np0000008060 devstack@g-api.service[99910]: DEBUG glance.common.config [None req-b073e884-46e3-45d7-8b1b-e884ba9e7bf3 None None] import_filtering_opts.allowed_ports = [80, 443] {{(pid=99910) log_opt_values /opt/stack/data/venv/lib/python3.12/site-packages/oslo_config/cfg.py:3560}}
Aug 25 10:11:42.221902 np0000008060 devstack@g-api.service[99910]: DEBUG glance.common.config [None req-b073e884-46e3-45d7-8b1b-e884ba9e7bf3 None None] import_filtering_opts.allowed_schemes = ['http', 'https'] {{(pid=99910) log_opt_values /opt/stack/data/venv/lib/python3.12/site-packages/oslo_config/cfg.py:3560}}
Aug 25 10:11:42.222027 np0000008060 devstack@g-api.service[99910]: DEBUG glance.common.config [None req-b073e884-46e3-45d7-8b1b-e884ba9e7bf3 None None] import_filtering_opts.disallowed_hosts = [] {{(pid=99910) log_opt_values /opt/stack/data/venv/lib/python3.12/site-packages/oslo_config/cfg.py:3560}}
Aug 25 10:11:42.222124 np0000008060 devstack@g-api.service[99910]: DEBUG glance.common.config [None req-b073e884-46e3-45d7-8b1b-e884ba9e7bf3 None None] import_filtering_opts.disallowed_ports = [] {{(pid=99910) log_opt_values /opt/stack/data/venv/lib/python3.12/site-packages/oslo_config/cfg.py:3560}}
Aug 25 10:11:42.222224 np0000008060 devstack@g-api.service[99910]: DEBUG glance.common.config [None req-b073e884-46e3-45d7-8b1b-e884ba9e7bf3 None None] import_filtering_opts.disallowed_schemes = [] {{(pid=99910) log_opt_values /opt/stack/data/venv/lib/python3.12/site-packages/oslo_config/cfg.py:3560}}
Aug 25 10:11:42.222356 np0000008060 devstack@g-api.service[99910]: DEBUG glance.common.config [None req-b073e884-46e3-45d7-8b1b-e884ba9e7bf3 None None] oslo_messaging_metrics.metrics_buffer_size = 1000 {{(pid=99910) log_opt_values /opt/stack/data/venv/lib/python3.12/site-packages/oslo_config/cfg.py:3560}}
Aug 25 10:11:42.222443 np0000008060 devstack@g-api.service[99910]: DEBUG glance.common.config [None req-b073e884-46e3-45d7-8b1b-e884ba9e7bf3 None None] oslo_messaging_metrics.metrics_enabled = False {{(pid=99910) log_opt_values /opt/stack/data/venv/lib/python3.12/site-packages/oslo_config/cfg.py:3560}}
Aug 25 10:11:42.222560 np0000008060 devstack@g-api.service[99910]: DEBUG glance.common.config [None req-b073e884-46e3-45d7-8b1b-e884ba9e7bf3 None None] oslo_messaging_metrics.metrics_process_name = {{(pid=99910) log_opt_values /opt/stack/data/venv/lib/python3.12/site-packages/oslo_config/cfg.py:3560}}
Aug 25 10:11:42.222680 np0000008060 devstack@g-api.service[99910]: DEBUG glance.common.config [None req-b073e884-46e3-45d7-8b1b-e884ba9e7bf3 None None] oslo_messaging_metrics.metrics_socket_file = /var/tmp/metrics_collector.sock {{(pid=99910) log_opt_values /opt/stack/data/venv/lib/python3.12/site-packages/oslo_config/cfg.py:3560}}
